-- Table structure for table `event_log`
--

CREATE TABLE `event_log` (
  `log_id` bigint(20) NOT NULL AUTO_INCREMENT,
  `assoc_type` bigint(20) DEFAULT NULL,
  `assoc_id` bigint(20) DEFAULT NULL,
  `user_id` bigint(20) NOT NULL,
  `date_logged` datetime NOT NULL,
  `ip_address` varchar(39) NOT NULL,
  `event_type` bigint(20) DEFAULT NULL,
  `message` text,
  `is_translated` tinyint(4) DEFAULT NULL,
  PRIMARY KEY (`log_id`),
  KEY `event_log_assoc` (`assoc_type`,`assoc_id`)
) ENGINE=InnoDB AUTO_INCREMENT=134 DEFAULT CHARSET=utf8;

--
-- Dumping data for table `event_log`
--

INSERT INTO `event_log` VALUES (1,1048585,1,1,'2017-06-05 08:33:59','36.67.114.66',805306375,'log.editor.submissionExpedited',0),(2,1048585,1,1,'2017-06-05 08:33:59','36.67.114.66',805306369,'log.editor.editorAssigned',0),(3,1048585,1,1,'2017-06-05 08:34:00','36.67.114.66',805306371,'log.editor.decision',0),(4,1048585,1,1,'2017-06-05 08:34:00','36.67.114.66',1342177287,'log.copyedit.copyeditFileSet',0),(5,1048585,2,1,'2017-06-05 08:38:58','36.67.114.66',805306375,'log.editor.submissionExpedited',0),(6,1048585,2,1,'2017-06-05 08:38:58','36.67.114.66',805306369,'log.editor.editorAssigned',0),(7,1048585,2,1,'2017-06-05 08:38:59','36.67.114.66',805306371,'log.editor.decision',0),(8,1048585,2,1,'2017-06-05 08:39:00','36.67.114.66',1342177287,'log.copyedit.copyeditFileSet',0),(9,1048585,3,1,'2017-06-05 08:43:40','36.67.114.66',805306375,'log.editor.submissionExpedited',0),(10,1048585,3,1,'2017-06-05 08:43:41','36.67.114.66',805306369,'log.editor.editorAssigned',0),(11,1048585,3,1,'2017-06-05 08:43:42','36.67.114.66',805306371,'log.editor.decision',0),(12,1048585,3,1,'2017-06-05 08:43:42','36.67.114.66',1342177287,'log.copyedit.copyeditFileSet',0),(13,1048585,4,1,'2017-06-05 08:46:35','36.67.114.66',805306375,'log.editor.submissionExpedited',0),(14,1048585,4,1,'2017-06-05 08:46:35','36.67.114.66',805306369,'log.editor.editorAssigned',0),(15,1048585,4,1,'2017-06-05 08:46:36','36.67.114.66',805306371,'log.editor.decision',0),(16,1048585,4,1,'2017-06-05 08:46:37','36.67.114.66',1342177287,'log.copyedit.copyeditFileSet',0),(17,1048585,5,1,'2017-06-05 08:53:02','36.67.114.66',805306375,'log.editor.submissionExpedited',0),(18,1048585,5,1,'2017-06-05 08:53:03','36.67.114.66',805306369,'log.editor.editorAssigned',0),(19,1048585,5,1,'2017-06-05 08:53:05','36.67.114.66',805306371,'log.editor.decision',0),(20,1048585,5,1,'2017-06-05 08:53:06','36.67.114.66',1342177287,'log.copyedit.copyeditFileSet',0),(21,1048585,6,1,'2017-06-05 09:01:48','36.67.114.66',805306375,'log.editor.submissionExpedited',0),(22,1048585,6,1,'2017-06-05 09:01:48','36.67.114.66',805306369,'log.editor.editorAssigned',0),(23,1048585,6,1,'2017-06-05 09:01:49','36.67.114.66',805306371,'log.editor.decision',0),(24,1048585,6,1,'2017-06-05 09:01:50','36.67.114.66',1342177287,'log.copyedit.copyeditFileSet',0),(25,1048585,7,1,'2017-06-05 09:04:35','36.67.114.66',805306375,'log.editor.submissionExpedited',0),(26,1048585,7,1,'2017-06-05 09:04:36','36.67.114.66',805306369,'log.editor.editorAssigned',0),(27,1048585,7,1,'2017-06-05 09:04:36','36.67.114.66',805306371,'log.editor.decision',0),(28,1048585,7,1,'2017-06-05 09:04:37','36.67.114.66',1342177287,'log.copyedit.copyeditFileSet',0),(29,1048585,1,3,'2017-06-05 09:07:48','36.67.114.66',1342177285,'log.copyedit.initialEditComplete',0),(30,1048585,1,3,'2017-06-05 09:09:26','36.67.114.66',1342177286,'log.copyedit.finalEditComplete',0),(31,1048585,2,3,'2017-06-05 09:13:59','36.67.114.66',1342177285,'log.copyedit.initialEditComplete',0),(32,1048585,2,3,'2017-06-05 09:14:15','36.67.114.66',1342177286,'log.copyedit.finalEditComplete',0),(33,1048585,3,3,'2017-06-05 09:36:01','36.67.114.66',1342177285,'log.copyedit.initialEditComplete',0),(34,1048585,3,3,'2017-06-05 09:36:35','36.67.114.66',1342177286,'log.copyedit.finalEditComplete',0),(35,1048585,4,3,'2017-06-05 09:39:32','36.67.114.66',1342177285,'log.copyedit.initialEditComplete',0),(36,1048585,4,3,'2017-06-05 09:39:39','36.67.114.66',1342177286,'log.copyedit.finalEditComplete',0),(37,1048585,4,3,'2017-06-05 09:39:43','36.67.114.66',1342177286,'log.copyedit.finalEditComplete',0),(38,1048585,4,3,'2017-06-05 09:39:44','36.67.114.66',1342177286,'log.copyedit.finalEditComplete',0),(39,1048585,4,3,'2017-06-05 09:39:45','36.67.114.66',1342177286,'log.copyedit.finalEditComplete',0),(40,1048585,5,3,'2017-06-05 09:42:11','36.67.114.66',1342177285,'log.copyedit.initialEditComplete',0),(41,1048585,5,3,'2017-06-05 09:42:18','36.67.114.66',1342177286,'log.copyedit.finalEditComplete',0),(42,1048585,6,3,'2017-06-05 09:46:33','36.67.114.66',1342177285,'log.copyedit.initialEditComplete',0),(43,1048585,6,3,'2017-06-05 09:46:40','36.67.114.66',1342177286,'log.copyedit.finalEditComplete',0),(44,1048585,7,13,'2017-06-05 09:59:32','36.67.114.66',1342177285,'log.copyedit.initialEditComplete',0),(45,1048585,7,13,'2017-06-05 10:00:21','36.67.114.66',1342177286,'log.copyedit.finalEditComplete',0),(46,1048585,7,13,'2017-06-05 10:02:54','36.67.114.66',1073741825,'log.review.reviewerAssigned',0),(47,1048585,7,13,'2017-06-05 10:03:18','36.67.114.66',805306371,'log.editor.decision',0),(48,1048585,8,14,'2017-11-15 10:30:44','36.67.117.250',268435457,'submission.event.submissionSubmitted',0),(49,1048585,9,24,'2018-03-26 15:41:59','36.84.1.152',268435457,'submission.event.submissionSubmitted',0),(50,1048585,9,24,'2018-03-28 05:35:25','36.84.64.117',268435458,'log.editor.metadataModified',0),(51,1048585,11,26,'2018-12-26 14:43:11','112.215.242.31',268435457,'submission.event.submissionSubmitted',0),(52,1048585,12,18,'2019-03-26 10:16:26','110.139.120.74',268435457,'submission.event.submissionSubmitted',0),(53,1048585,13,6,'2019-03-27 11:50:52','110.139.120.74',268435457,'submission.event.submissionSubmitted',0),(54,1048585,14,25,'2019-04-01 09:23:06','180.246.150.54',268435457,'submission.event.submissionSubmitted',0),(55,1048585,15,19,'2019-04-11 11:18:44','110.138.126.115',268435457,'submission.event.submissionSubmitted',0),(56,1048585,16,18,'2019-04-11 11:30:27','110.138.126.115',268435457,'submission.event.submissionSubmitted',0),(57,1048585,18,42,'2019-08-02 09:13:05','180.246.148.113',268435457,'submission.event.submissionSubmitted',0),(58,1048585,18,4,'2019-08-02 09:21:18','180.246.148.113',805306369,'log.editor.editorAssigned',0),(59,1048585,19,40,'2019-08-02 09:33:25','203.78.117.125',268435457,'submission.event.submissionSubmitted',0),(60,1048585,18,42,'2019-08-02 09:39:14','180.246.148.113',536870913,'log.author.documentRevised',0),(61,1048585,18,28,'2019-08-02 09:41:37','180.246.148.113',1073741825,'log.review.reviewerAssigned',0),(62,1048585,18,2,'2019-08-02 09:47:45','180.246.148.113',805306372,'log.editor.editorFile',0),(63,1048585,18,2,'2019-08-02 09:50:22','180.246.148.113',805306371,'log.editor.decision',0),(64,1048585,19,5,'2019-08-02 10:20:41','203.78.117.125',1073741825,'log.review.reviewerAssigned',0),(65,1048585,8,5,'2019-08-02 10:29:47','203.78.117.125',805306373,'log.editor.archived',0),(66,1048585,19,5,'2019-08-02 10:30:55','203.78.117.125',805306373,'log.editor.archived',0),(67,1048585,21,46,'2019-08-06 14:29:28','180.246.149.228',268435457,'submission.event.submissionSubmitted',0),(68,1048585,12,28,'2019-09-04 09:45:24','180.246.150.36',805306369,'log.editor.editorAssigned',0),(69,1048585,12,28,'2019-09-04 09:51:39','180.246.150.36',1073741825,'log.review.reviewerAssigned',0),(70,1048585,12,2,'2019-09-04 10:03:54','180.246.150.36',1073741830,'log.review.reviewAccepted',0),(71,1048585,12,2,'2019-09-04 10:08:07','180.246.150.36',1073741843,'log.review.reviewerFile',0),(72,1048585,12,2,'2019-09-04 10:09:20','180.246.150.36',1073741833,'log.review.reviewRecommendationSet',0),(73,1048585,12,28,'2019-09-04 10:11:20','180.246.150.36',805306371,'log.editor.decision',0),(74,1048585,12,28,'2019-09-04 10:12:45','180.246.150.36',805306371,'log.editor.decision',0),(75,1048585,12,28,'2019-09-04 10:14:08','180.246.150.36',1342177287,'log.copyedit.copyeditFileSet',0),(76,1048585,12,28,'2019-09-04 10:14:48','180.246.150.36',1342177285,'log.copyedit.initialEditComplete',0),(77,1048585,12,28,'2019-09-04 10:20:02','180.246.150.36',1342177286,'log.copyedit.finalEditComplete',0),(78,1048585,24,26,'2019-09-04 11:22:27','180.246.149.97',268435457,'submission.event.submissionSubmitted',0),(80,1048585,22,40,'2019-09-04 11:32:38','180.246.148.6',268435457,'submission.event.submissionSubmitted',0),(81,1048585,25,52,'2019-09-04 11:33:16','180.246.151.129',268435457,'submission.event.submissionSubmitted',0),(84,1048585,26,50,'2019-09-04 12:50:58','180.246.150.186',268435457,'submission.event.submissionSubmitted',0),(86,1048585,26,50,'2019-09-04 13:10:37','180.246.150.186',536870913,'log.author.documentRevised',0),(97,1048585,22,41,'2019-09-04 13:47:02','180.246.150.36',805306369,'log.editor.editorAssigned',0),(98,1048585,22,52,'2019-09-04 13:48:19','180.246.150.36',1073741825,'log.review.reviewerAssigned',0),(99,1048585,22,2,'2019-09-04 13:51:53','180.246.150.36',1073741830,'log.review.reviewAccepted',0),(100,1048585,22,2,'2019-09-04 13:52:48','180.246.150.36',1073741843,'log.review.reviewerFile',0),(101,1048585,22,2,'2019-09-04 13:54:11','180.246.150.36',1073741833,'log.review.reviewRecommendationSet',0),(102,1048585,22,52,'2019-09-04 13:58:19','222.124.49.110',805306371,'log.editor.decision',0),(103,1048585,22,52,'2019-09-04 14:09:02','222.124.49.110',1342177287,'log.copyedit.copyeditFileSet',0),(104,1048585,22,52,'2019-09-04 14:09:35','222.124.49.110',1342177285,'log.copyedit.initialEditComplete',0),(105,1048585,22,26,'2019-09-04 14:09:58','222.124.49.110',1342177285,'log.copyedit.initialEditComplete',0),(106,1048585,22,26,'2019-09-04 14:09:59','222.124.49.110',1342177285,'log.copyedit.initialEditComplete',0),(107,1048585,22,40,'2019-09-04 14:12:46','222.124.49.110',1342177284,'log.copyedit.authorFile',0),(108,1048585,18,18,'2019-09-04 14:27:35','222.124.49.110',1073741825,'log.review.reviewerAssigned',0),(109,1048585,18,26,'2019-09-04 14:32:43','222.124.49.110',805306373,'log.editor.archived',0),(110,1048585,18,26,'2019-09-04 14:35:22','222.124.49.110',805306373,'log.editor.archived',0),(111,1048585,24,50,'2019-09-04 14:36:28','222.124.49.110',805306369,'log.editor.editorAssigned',0),(112,1048585,24,50,'2019-09-04 14:37:01','222.124.49.110',805306369,'log.editor.editorAssigned',0),(117,1048585,24,18,'2019-09-04 14:43:00','222.124.49.110',1073741825,'log.review.reviewerAssigned',0),(122,1048585,24,51,'2019-09-04 14:50:26','222.124.49.110',1073741825,'log.review.reviewerAssigned',0),(123,1048585,24,52,'2019-09-04 14:50:27','180.246.151.129',1073741825,'log.review.reviewerAssigned',0),(124,1048585,14,52,'2019-09-05 09:28:03','125.160.61.2',805306373,'log.editor.archived',0),(125,1048585,25,52,'2019-09-05 09:32:45','125.160.61.2',805306373,'log.editor.archived',0),(126,1048585,13,52,'2019-09-05 09:45:30','125.160.61.2',805306369,'log.editor.editorAssigned',0),(127,1048585,21,50,'2019-09-05 09:54:49','125.160.61.2',805306369,'log.editor.editorAssigned',0),(128,1048585,26,41,'2019-09-05 12:32:06','125.160.61.2',805306369,'log.editor.editorAssigned',0),(129,1048585,26,41,'2019-09-05 12:32:49','125.160.61.2',805306369,'log.editor.editorAssigned',0),(130,1048585,16,41,'2019-09-05 12:38:53','125.160.61.2',805306369,'log.editor.editorAssigned',0),(131,1048585,11,51,'2019-10-03 14:46:06','110.139.118.38',805306369,'log.editor.editorAssigned',0),(132,1048585,9,51,'2019-10-03 14:49:40','110.139.118.38',805306369,'log.editor.editorAssigned',0),(133,1048585,27,50,'2019-10-03 15:35:04','36.75.22.160',1073741828,'log.review.reviewCancelled',0);

--
-- Table structure for table `event_log_settings`
--

CREATE TABLE `event_log_settings` (
  `log_id` bigint(20) NOT NULL,
  `setting_name` varchar(255) NOT NULL,
  `setting_value` text,
  `setting_type` varchar(6) NOT NULL,
  UNIQUE KEY `event_log_settings_pkey` (`log_id`,`setting_name`),
  KEY `event_log_settings_log_id` (`log_id`)
) ENGINE=InnoDB DEFAULT CHARSET=utf8;

--
-- Dumping data for table `event_log_settings`
--

INSERT INTO `event_log_settings` VALUES (1,'editorName','admin admin','string'),(2,'editorId','1','string'),(2,'editorName','admin admin','string'),(3,'decision','Accept Submission','string'),(3,'editorName','admin admin','string'),(5,'editorName','admin admin','string'),(6,'editorId','1','string'),(6,'editorName','admin admin','string'),(7,'decision','Accept Submission','string'),(7,'editorName','admin admin','string'),(9,'editorName','admin admin','string'),(10,'editorId','1','string'),(10,'editorName','admin admin','string'),(11,'decision','Accept Submission','string'),(11,'editorName','admin admin','string'),(13,'editorName','admin admin','string'),(14,'editorId','1','string'),(14,'editorName','admin admin','string'),(15,'decision','Accept Submission','string'),(15,'editorName','admin admin','string'),(17,'editorName','admin admin','string'),(18,'editorId','1','string'),(18,'editorName','admin admin','string'),(19,'decision','Accept Submission','string'),(19,'editorName','admin admin','string'),(21,'editorName','admin admin','string'),(22,'editorId','1','string'),(22,'editorName','admin admin','string'),(23,'decision','Accept Submission','string'),(23,'editorName','admin admin','string'),(25,'editorName','admin admin','string'),(26,'editorId','1','string'),(26,'editorName','admin admin','string'),(27,'decision','Accept Submission','string'),(27,'editorName','admin admin','string'),(29,'copyeditorName','Nirwana Per-Angin2','string'),(30,'copyeditorName','Nirwana Per-Angin2','string'),(31,'copyeditorName','Nirwana Per-Angin2','string'),(32,'copyeditorName','Nirwana Per-Angin2','string'),(33,'copyeditorName','Nirwana Per-Angin2','string'),(34,'copyeditorName','Nirwana Per-Angin2','string'),(35,'copyeditorName','Nirwana Per-Angin2','string'),(36,'copyeditorName','Nirwana Per-Angin2','string'),(37,'copyeditorName','Nirwana Per-Angin2','string'),(38,'copyeditorName','Nirwana Per-Angin2','string'),(39,'copyeditorName','Nirwana Per-Angin2','string'),(40,'copyeditorName','Nirwana Per-Angin2','string'),(41,'copyeditorName','Nirwana Per-Angin2','string'),(42,'copyeditorName','Nirwana Per-Angin2','string'),(43,'copyeditorName','Nirwana Per-Angin2','string'),(44,'copyeditorName','ian Fahrian','string'),(45,'copyeditorName','ian Fahrian','string'),(46,'reviewerName','2.	Devi Arzeti, SST, M.Keb 2.	Devi Arzeti, SST, M.Keb','string'),(46,'reviewId','1','string'),(46,'round','1','string'),(47,'decision','Accept Submission','string'),(47,'editorName','ian Fahrian','string'),(48,'authorName','januarsih sugeng','string'),(49,'authorName','Rizki Amartani','string'),(50,'editorName','Rizki Amartani','string'),(51,'authorName','yuniarti yuniarti','string'),(52,'authorName','rusmilawaty fauji','string'),(53,'authorName','Suhrawardi Suhrawardi','string'),(54,'authorName','Poltekkes Kemenkes Banjarmasin RUBIATI HIPNI','string'),(55,'authorName','erni yuliastuti','string'),(56,'authorName','rusmilawaty fauji','string'),(57,'authorName','poltekkes banjarmasin Rusmilawaty Rusmilawaty Fauzi','string'),(58,'editorId','28','string'),(58,'editorName','serilaila serilaila','string'),(59,'authorName','zakiah zakiah','string'),(60,'authorName','poltekkes banjarmasin Rusmilawaty Rusmilawaty Fauzi','string'),(60,'fileId','54','string'),(61,'reviewerName','darmayanti darmayanti','string'),(61,'reviewId','2','string'),(61,'round','1','string'),(62,'fileId','53','string'),(63,'decision','Revisions Required','string'),(63,'editorName','darmayanti darmayanti','string'),(64,'reviewerName','2.	Devi Arzeti, SST, M.Keb 2.	Devi Arzeti, SST, M.Keb','string'),(64,'reviewId','3','string'),(64,'round','1','string'),(67,'authorName','purnama sari kurniawati','string'),(68,'editorId','28','string'),(68,'editorName','serilaila serilaila','string'),(69,'reviewerName','darmayanti darmayanti','string'),(69,'reviewId','4','string'),(69,'round','1','string'),(70,'articleId','12','string'),(70,'reviewerName','darmayanti darmayanti','string'),(70,'reviewId','4','string'),(70,'round','1','string'),(71,'reviewId','4','string'),(72,'articleId','12','string'),(72,'reviewerName','darmayanti darmayanti','string'),(72,'reviewId','4','string'),(72,'round','1','string'),(73,'decision','Revisions Required','string'),(73,'editorName','serilaila serilaila','string'),(74,'decision','Accept Submission','string'),(74,'editorName','serilaila serilaila','string'),(76,'copyeditorName','serilaila serilaila','string'),(77,'copyeditorName','serilaila serilaila','string'),(78,'authorName','yuniarti yuniarti','string'),(80,'authorName','zakiah zakiah','string'),(81,'authorName','isro daiyah','string'),(84,'authorName','Poltekkes Kemenkes Banjarmasin rubiati hipni','string'),(86,'authorName','Poltekkes Kemenkes Banjarmasin rubiati hipni','string'),(86,'fileId','78','string'),(97,'editorId','52','string'),(97,'editorName','isro daiyah','string'),(98,'reviewerName','darmayanti darmayanti','string'),(98,'reviewId','6','string'),(98,'round','1','string'),(99,'articleId','22','string'),(99,'reviewerName','darmayanti darmayanti','string'),(99,'reviewId','6','string'),(99,'round','1','string'),(100,'reviewId','6','string'),(101,'articleId','22','string'),(101,'reviewerName','darmayanti darmayanti','string'),(101,'reviewId','6','string'),(101,'round','1','string'),(102,'decision','Revisions Required','string'),(102,'editorName','isro daiyah','string'),(104,'copyeditorName','isro daiyah','string'),(105,'copyeditorName','yuniarti yuniarti','string'),(106,'copyeditorName','yuniarti yuniarti','string'),(108,'reviewerName','Hapisah Hapisah','string'),(108,'reviewId','7','string'),(108,'round','1','string'),(111,'editorId','51','string'),(111,'editorName','Poltekkes Kemenkes Banjarmasin Fitria Jannatul Laili','string'),(112,'editorId','4','string'),(112,'editorName','Rafidah Rafidah','string'),(117,'reviewerName','Hapisah Hapisah','string'),(117,'reviewId','8','string'),(117,'round','1','string'),(122,'reviewerName','darmayanti darmayanti','string'),(122,'reviewId','10','string'),(122,'round','1','string'),(123,'reviewerName','2.	Devi Arzeti, SST, M.Keb 2.	Devi Arzeti, SST, M.Keb','string'),(123,'reviewId','11','string'),(123,'round','1','string'),(126,'editorId','52','string'),(126,'editorName','isro daiyah','string'),(127,'editorId','51','string'),(127,'editorName','Poltekkes Kemenkes Banjarmasin Fitria Jannatul Laili','string'),(128,'editorId','40','string'),(128,'editorName','zakiah zakiah','string'),(129,'editorId','18','string'),(129,'editorName','rusmilawaty rusmilawaty','string'),(130,'editorId','50','string'),(130,'editorName','Poltekkes Kemenkes Banjarmasin rubiati hipni','string'),(131,'editorId','51','string'),(131,'editorName','Fitria Jannatul Laili','string'),(132,'editorId','41','string'),(132,'editorName','Serilaila Serilaila','string'),(133,'articleId','27','string'),(133,'reviewerName','darmayanti darmayanti','string'),(133,'round','1','string');

--
-- Table structure for table `external_feed_settings`
--

CREATE TABLE `external_feed_settings` (
  `feed_id` bigint(20) NOT NULL,
  `locale` varchar(5) NOT NULL DEFAULT '',
  `setting_name` varchar(255) NOT NULL,
  `setting_value` text,
  `setting_type` varchar(6) NOT NULL,
  UNIQUE KEY `external_feed_settings_pkey` (`feed_id`,`locale`,`setting_name`)
) ENGINE=InnoDB DEFAULT CHARSET=utf8;

--
-- Dumping data for table `external_feed_settings`
--


--
-- Table structure for table `external_feeds`
--

CREATE TABLE `external_feeds` (
  `feed_id` bigint(20) NOT NULL AUTO_INCREMENT,
  `journal_id` bigint(20) NOT NULL,
  `url` varchar(255) NOT NULL,
  `seq` double NOT NULL DEFAULT '0',
  `display_homepage` tinyint(4) NOT NULL DEFAULT '0',
  `display_block` smallint(6) NOT NULL DEFAULT '0',
  `limit_items` tinyint(4) DEFAULT '0',
  `recent_items` smallint(6) DEFAULT NULL,
  PRIMARY KEY (`feed_id`),
  KEY `external_feeds_journal_id` (`journal_id`)
) ENGINE=InnoDB DEFAULT CHARSET=utf8;

--
-- Dumping data for table `external_feeds`
--


--
-- Table structure for table `filter_groups`
--

CREATE TABLE `filter_groups` (
  `filter_group_id` bigint(20) NOT NULL AUTO_INCREMENT,
  `symbolic` varchar(255) DEFAULT NULL,
  `display_name` varchar(255) DEFAULT NULL,
  `description` varchar(255) DEFAULT NULL,
  `input_type` varchar(255) DEFAULT NULL,
  `output_type` varchar(255) DEFAULT NULL,
  PRIMARY KEY (`filter_group_id`),
  UNIQUE KEY `filter_groups_symbolic` (`symbolic`)
) ENGINE=InnoDB AUTO_INCREMENT=47 DEFAULT CHARSET=utf8;

--
-- Dumping data for table `filter_groups`
--

INSERT INTO `filter_groups` VALUES (1,'citation=>nlm30','plugins.metadata.nlm30.citationAdapter.displayName','plugins.metadata.nlm30.citationAdapter.description','class::lib.pkp.classes.citation.Citation','metadata::lib.pkp.plugins.metadata.nlm30.schema.Nlm30CitationSchema(CITATION)'),(2,'nlm30=>citation','plugins.metadata.nlm30.citationAdapter.displayName','plugins.metadata.nlm30.citationAdapter.description','metadata::lib.pkp.plugins.metadata.nlm30.schema.Nlm30CitationSchema(CITATION)','class::lib.pkp.classes.citation.Citation'),(3,'plaintext=>nlm30-element-citation','plugins.metadata.nlm30.citationParsers.displayName','plugins.metadata.nlm30.citationParsers.description','primitive::string','metadata::lib.pkp.plugins.metadata.nlm30.schema.Nlm30CitationSchema(CITATION)'),(4,'nlm30-element-citation=>nlm30-element-citation','plugins.metadata.nlm30.citationLookup.displayName','plugins.metadata.nlm30.citationLookup.description','metadata::lib.pkp.plugins.metadata.nlm30.schema.Nlm30CitationSchema(CITATION)','metadata::lib.pkp.plugins.metadata.nlm30.schema.Nlm30CitationSchema(CITATION)'),(5,'nlm30-element-citation=>plaintext','plugins.metadata.nlm30.citationOutput.displayName','plugins.metadata.nlm30.citationOutput.description','metadata::lib.pkp.plugins.metadata.nlm30.schema.Nlm30CitationSchema(CITATION)','primitive::string'),(6,'nlm30-element-citation=>nlm30-xml','plugins.metadata.nlm30Xml.citationOutput.displayName','plugins.metadata.nlm30Xml.citationOutput.description','metadata::lib.pkp.plugins.metadata.nlm30.schema.Nlm30CitationSchema(CITATION)','xml::*'),(7,'submission=>nlm30-article-xml','plugins.metadata.nlm30.nlm30XmlOutput.displayName','plugins.metadata.nlm30.nlm30XmlOutput.description','class::lib.pkp.classes.submission.Submission','xml::*'),(8,'submission=>nlm23-article-xml','plugins.metadata.nlm30.nlm23XmlOutput.displayName','plugins.metadata.nlm30.nlm23XmlOutput.description','class::lib.pkp.classes.submission.Submission','xml::*'),(9,'nlm30-article-xml=>nlm23-article-xml','plugins.metadata.nlm30.nlm30ToNlm23Xml.displayName','plugins.metadata.nlm30.nlm30ToNlm23Xml.description','xml::*','xml::*'),(10,'submission=>reference-list','plugins.metadata.nlm30.refList.displayName','plugins.metadata.nlm30.refList.description','class::lib.pkp.classes.submission.Submission','class::lib.pkp.classes.citation.PlainTextReferencesList'),(11,'mods34=>mods34-xml','plugins.metadata.mods34.mods34XmlOutput.displayName','plugins.metadata.mods34.mods34XmlOutput.description','metadata::plugins.metadata.mods34.schema.Mods34Schema(*)','xml::schema(lib/pkp/plugins/metadata/mods34/filter/mods34.xsd)'),(12,'article=>mods34','plugins.metadata.mods34.articleAdapter.displayName','plugins.metadata.mods34.articleAdapter.description','class::classes.article.Article','metadata::plugins.metadata.mods34.schema.Mods34Schema(ARTICLE)'),(13,'mods34=>article','plugins.metadata.mods34.articleAdapter.displayName','plugins.metadata.mods34.articleAdapter.description','metadata::plugins.metadata.mods34.schema.Mods34Schema(ARTICLE)','class::classes.article.Article'),(14,'article=>dc11','plugins.metadata.dc11.articleAdapter.displayName','plugins.metadata.dc11.articleAdapter.description','class::classes.article.Article','metadata::plugins.metadata.dc11.schema.Dc11Schema(ARTICLE)'),(15,'nlm30-element-citation=>isbn','plugins.citationLookup.isbndbExtraction.displayName','plugins.citationLookup.isbndbExtraction.description','metadata::lib.pkp.plugins.metadata.nlm30.schema.Nlm30CitationSchema(CITATION)','primitive::string'),(16,'isbn=>nlm30-element-citation','plugins.citationLookup.isbndbLookup.displayName','plugins.citationLookup.isbndbLookup.description','primitive::string','metadata::lib.pkp.plugins.metadata.nlm30.schema.Nlm30CitationSchema(CITATION)'),(17,'user=>user-xml','plugins.importexport.users.displayName','plugins.importexport.users.description','class::classes.user.User[]','xml::schema(lib/pkp/plugins/importexport/users/pkp-users.xsd)'),(18,'user-xml=>user','plugins.importexport.users.displayName','plugins.importexport.users.description','xml::schema(lib/pkp/plugins/importexport/users/pkp-users.xsd)','class::classes.users.User[]'),(19,'usergroup=>user-xml','plugins.importexport.users.displayName','plugins.importexport.users.description','class::lib.pkp.classes.security.UserGroup[]','xml::schema(lib/pkp/plugins/importexport/users/pkp-users.xsd)'),(20,'user-xml=>usergroup','plugins.importexport.native.displayName','plugins.importexport.native.description','xml::schema(lib/pkp/plugins/importexport/users/pkp-users.xsd)','class::lib.pkp.classes.security.UserGroup[]'),(21,'issue=>crossref-xml','plugins.importexport.crossref.displayName','plugins.importexport.crossref.description','class::classes.issue.Issue[]','xml::schema(http://www.crossref.org/schema/deposit/crossref4.3.6.xsd)'),(22,'article=>crossref-xml','plugins.importexport.crossref.displayName','plugins.importexport.crossref.description','class::classes.article.Article[]','xml::schema(http://www.crossref.org/schema/deposit/crossref4.3.6.xsd)'),(23,'article=>doaj-xml','plugins.importexport.doaj.displayName','plugins.importexport.doaj.description','class::classes.article.Article[]','xml::schema(plugins/importexport/doaj/doajArticles.xsd)'),(24,'article=>doaj-json','plugins.importexport.doaj.displayName','plugins.importexport.doaj.description','class::classes.article.Article[]','primitive::string'),(25,'issue=>medra-xml','plugins.importexport.medra.displayName','plugins.importexport.medra.description','class::classes.issue.Issue[]','xml::schema(http://www.medra.org/schema/onix/DOIMetadata/2.0/ONIX_DOIMetadata_2.0.xsd)'),(26,'article=>medra-xml','plugins.importexport.medra.displayName','plugins.importexport.medra.description','class::classes.article.Article[]','xml::schema(http://www.medra.org/schema/onix/DOIMetadata/2.0/ONIX_DOIMetadata_2.0.xsd)'),(27,'galley=>medra-xml','plugins.importexport.medra.displayName','plugins.importexport.medra.description','class::classes.article.ArticleGalley[]','xml::schema(http://www.medra.org/schema/onix/DOIMetadata/2.0/ONIX_DOIMetadata_2.0.xsd)'),(28,'issue=>datacite-xml','plugins.importexport.datacite.displayName','plugins.importexport.datacite.description','class::classes.issue.Issue','xml::schema(http://schema.datacite.org/meta/kernel-3/metadata.xsd)'),(29,'article=>datacite-xml','plugins.importexport.datacite.displayName','plugins.importexport.datacite.description','class::classes.article.Article','xml::schema(http://schema.datacite.org/meta/kernel-3/metadata.xsd)'),(30,'galley=>datacite-xml','plugins.importexport.datacite.displayName','plugins.importexport.datacite.description','class::classes.article.ArticleGalley','xml::schema(http://schema.datacite.org/meta/kernel-3/metadata.xsd)'),(31,'article=>native-xml','plugins.importexport.native.displayName','plugins.importexport.native.description','class::classes.article.Article[]','xml::schema(plugins/importexport/native/native.xsd)'),(32,'native-xml=>article','plugins.importexport.native.displayName','plugins.importexport.native.description','xml::schema(plugins/importexport/native/native.xsd)','class::classes.article.Article[]'),(33,'issue=>native-xml','plugins.importexport.native.displayName','plugins.importexport.native.description','class::classes.issue.Issue[]','xml::schema(plugins/importexport/native/native.xsd)'),(34,'native-xml=>issue','plugins.importexport.native.displayName','plugins.importexport.native.description','xml::schema(plugins/importexport/native/native.xsd)','class::classes.issue.Issue[]'),(35,'issuegalley=>native-xml','plugins.importexport.native.displayName','plugins.importexport.native.description','class::classes.issue.IssueGalley[]','xml::schema(plugins/importexport/native/native.xsd)'),(36,'native-xml=>issuegalley','plugins.importexport.native.displayName','plugins.importexport.native.description','xml::schema(plugins/importexport/native/native.xsd)','class::classes.issue.IssueGalley[]'),(37,'author=>native-xml','plugins.importexport.native.displayName','plugins.importexport.native.description','class::classes.article.Author[]','xml::schema(plugins/importexport/native/native.xsd)'),(38,'native-xml=>author','plugins.importexport.native.displayName','plugins.importexport.native.description','xml::schema(plugins/importexport/native/native.xsd)','class::classes.article.Author[]'),(39,'SubmissionFile=>native-xml','plugins.importexport.native.displayName','plugins.importexport.native.description','class::lib.pkp.classes.submission.SubmissionFile','xml::schema(plugins/importexport/native/native.xsd)'),(40,'SubmissionArtworkFile=>native-xml','plugins.importexport.native.displayName','plugins.importexport.native.description','class::lib.pkp.classes.submission.SubmissionArtworkFile','xml::schema(plugins/importexport/native/native.xsd)'),(41,'SupplementaryFile=>native-xml','plugins.importexport.native.displayName','plugins.importexport.native.description','class::lib.pkp.classes.submission.SupplementaryFile','xml::schema(plugins/importexport/native/native.xsd)'),(42,'native-xml=>SubmissionFile','plugins.importexport.native.displayName','plugins.importexport.native.description','xml::schema(plugins/importexport/native/native.xsd)','class::lib.pkp.classes.submission.SubmissionFile'),(43,'native-xml=>SubmissionArtworkFile','plugins.importexport.native.displayName','plugins.importexport.native.description','xml::schema(plugins/importexport/native/native.xsd)','class::lib.pkp.classes.submission.SubmissionArtworkFile'),(44,'native-xml=>SupplementaryFile','plugins.importexport.native.displayName','plugins.importexport.native.description','xml::schema(plugins/importexport/native/native.xsd)','class::lib.pkp.classes.submission.SupplementaryFile'),(45,'article-galley=>native-xml','plugins.importexport.native.displayName','plugins.importexport.native.description','class::classes.article.ArticleGalley','xml::schema(plugins/importexport/native/native.xsd)'),(46,'native-xml=>ArticleGalley','plugins.importexport.native.displayName','plugins.importexport.native.description','xml::schema(plugins/importexport/native/native.xsd)','class::classes.article.ArticleGalley[]');

--
-- Table structure for table `filter_settings`
--

CREATE TABLE `filter_settings` (
  `filter_id` bigint(20) NOT NULL,
  `locale` varchar(5) NOT NULL DEFAULT '',
  `setting_name` varchar(255) NOT NULL,
  `setting_value` text,
  `setting_type` varchar(6) NOT NULL,
  UNIQUE KEY `filter_settings_pkey` (`filter_id`,`locale`,`setting_name`),
  KEY `filter_settings_id` (`filter_id`)
) ENGINE=InnoDB DEFAULT CHARSET=utf8;

--
-- Dumping data for table `filter_settings`
--

INSERT INTO `filter_settings` VALUES (4,'','citationOutputFilterName','lib.pkp.plugins.metadata.nlm30.filter.Nlm30CitationSchemaNlm30XmlFilter','string'),(4,'','metadataSchemaName','lib.pkp.plugins.metadata.nlm30.schema.Nlm30CitationSchema','string'),(5,'','settingsMapping','a:2:{s:6:\"apiKey\";a:2:{i:0;s:11:\"seq1_apiKey\";i:1;s:11:\"seq2_apiKey\";}s:10:\"isOptional\";a:2:{i:0;s:15:\"seq1_isOptional\";i:1;s:15:\"seq2_isOptional\";}}','object'),(6,'','citationOutputFilterName','lib.pkp.plugins.metadata.nlm30.filter.Nlm30CitationSchemaNlm30XmlFilter','string'),(6,'','metadataSchemaName','lib.pkp.plugins.metadata.nlm30.schema.Nlm30CitationSchema','string'),(7,'','xsl','lib/pkp/plugins/metadata/nlm30/filter/nlm30-to-23-ref-list.xsl','string'),(7,'','xslType','2','int'),(12,'','phpVersionMin','5.0.0','string'),(13,'','phpVersionMin','5.0.0','string'),(14,'','phpVersionMin','5.0.0','string'),(15,'','settingsMapping','a:2:{s:6:\"apiKey\";a:2:{i:0;s:11:\"seq1_apiKey\";i:1;s:11:\"seq2_apiKey\";}s:10:\"isOptional\";a:2:{i:0;s:15:\"seq1_isOptional\";i:1;s:15:\"seq2_isOptional\";}}','object'),(16,'','phpVersionMin','5.0.0','string'),(17,'','phpVersionMin','5.0.0','string'),(19,'','citationOutputFilterName','lib.pkp.plugins.citationOutput.apa.filter.Nlm30CitationSchemaApaFilter','string'),(19,'','metadataSchemaName','lib.pkp.plugins.metadata.nlm30.schema.Nlm30CitationSchema','string'),(19,'','ordering','2','int'),(21,'','citationOutputFilterName','lib.pkp.plugins.citationOutput.mla.filter.Nlm30CitationSchemaMlaFilter','string'),(21,'','metadataSchemaName','lib.pkp.plugins.metadata.nlm30.schema.Nlm30CitationSchema','string'),(21,'','ordering','2','int'),(23,'','citationOutputFilterName','lib.pkp.plugins.citationOutput.abnt.filter.Nlm30CitationSchemaAbntFilter','string'),(23,'','metadataSchemaName','lib.pkp.plugins.metadata.nlm30.schema.Nlm30CitationSchema','string'),(23,'','ordering','2','int'),(25,'','citationOutputFilterName','lib.pkp.plugins.citationOutput.vancouver.filter.Nlm30CitationSchemaVancouverFilter','string'),(25,'','metadataSchemaName','lib.pkp.plugins.metadata.nlm30.schema.Nlm30CitationSchema','string'),(25,'','ordering','1','int'),(26,'','phpVersionMin','5.0.0','string'),(27,'','phpVersionMin','5.0.0','string'),(28,'','phpVersionMin','5.0.0','string'),(29,'','phpVersionMin','5.0.0','string'),(30,'','settingsMapping','a:2:{s:6:\"apiKey\";a:2:{i:0;s:11:\"seq1_apiKey\";i:1;s:11:\"seq2_apiKey\";}s:10:\"isOptional\";a:2:{i:0;s:15:\"seq1_isOptional\";i:1;s:15:\"seq2_isOptional\";}}','object'),(31,'','citationOutputFilterName','lib.pkp.plugins.metadata.nlm30.filter.Nlm30CitationSchemaNlm30XmlFilter','string'),(31,'','metadataSchemaName','lib.pkp.plugins.metadata.nlm30.schema.Nlm30CitationSchema','string'),(32,'','xsl','lib/pkp/plugins/metadata/nlm30/filter/nlm30-to-23-ref-list.xsl','string'),(32,'','xslType','2','int'),(33,'','settingsMapping','a:2:{s:6:\"apiKey\";a:2:{i:0;s:11:\"seq1_apiKey\";i:1;s:11:\"seq2_apiKey\";}s:10:\"isOptional\";a:2:{i:0;s:15:\"seq1_isOptional\";i:1;s:15:\"seq2_isOptional\";}}','object'),(34,'','phpVersionMin','5.0.0','string'),(35,'','phpVersionMin','5.0.0','string');

--
-- Table structure for table `filters`
--

CREATE TABLE `filters` (
  `filter_id` bigint(20) NOT NULL AUTO_INCREMENT,
  `filter_group_id` bigint(20) NOT NULL DEFAULT '0',
  `context_id` bigint(20) NOT NULL DEFAULT '0',
  `display_name` varchar(255) DEFAULT NULL,
  `class_name` varchar(255) DEFAULT NULL,
  `is_template` tinyint(4) NOT NULL DEFAULT '0',
  `parent_filter_id` bigint(20) NOT NULL DEFAULT '0',
  `seq` bigint(20) NOT NULL DEFAULT '0',
  PRIMARY KEY (`filter_id`)
) ENGINE=InnoDB AUTO_INCREMENT=66 DEFAULT CHARSET=utf8;

--
-- Dumping data for table `filters`
--

INSERT INTO `filters` VALUES (1,1,0,'Extract metadata from a(n) Citation','lib.pkp.plugins.metadata.nlm30.filter.Nlm30CitationSchemaCitationAdapter',0,0,0),(2,2,0,'Inject metadata into a(n) Citation','lib.pkp.plugins.metadata.nlm30.filter.Nlm30CitationSchemaCitationAdapter',0,0,0),(3,6,0,'NLM 3.0 XML Citation Output','lib.pkp.plugins.metadata.nlm30.filter.Nlm30CitationSchemaNlm30XmlFilter',0,0,0),(4,7,0,'NLM Journal Publishing V3.0 ref-list','lib.pkp.plugins.metadata.nlm30.filter.PKPSubmissionNlm30XmlFilter',0,0,0),(5,8,0,'NLM Journal Publishing V2.3 ref-list','lib.pkp.classes.filter.GenericSequencerFilter',0,0,0),(6,7,0,'NLM 2.3: NLM 3.0','lib.pkp.plugins.metadata.nlm30.filter.PKPSubmissionNlm30XmlFilter',0,5,1),(7,9,0,'NLM 2.3: NLM 3.0 to 2.3','lib.pkp.classes.xslt.XSLTransformationFilter',0,5,2),(8,11,0,'MODS 3.4','lib.pkp.plugins.metadata.mods34.filter.Mods34DescriptionXmlFilter',0,0,0),(9,12,0,'Extract metadata from a(n) Article','plugins.metadata.mods34.filter.Mods34SchemaArticleAdapter',0,0,0),(10,13,0,'Inject metadata into a(n) Article','plugins.metadata.mods34.filter.Mods34SchemaArticleAdapter',0,0,0),(11,14,0,'Extract metadata from a(n) Article','plugins.metadata.dc11.filter.Dc11SchemaArticleAdapter',0,0,0),(12,4,0,'CrossRef','lib.pkp.plugins.citationLookup.crossref.filter.CrossrefNlm30CitationSchemaFilter',1,0,0),(13,4,0,'PubMed','lib.pkp.plugins.citationLookup.pubmed.filter.PubmedNlm30CitationSchemaFilter',1,0,0),(14,4,0,'WorldCat','lib.pkp.plugins.citationLookup.worldcat.filter.WorldcatNlm30CitationSchemaFilter',1,0,0),(15,4,0,'ISBNdb','lib.pkp.classes.filter.GenericSequencerFilter',1,0,0),(16,15,0,'ISBNdb (from NLM)','lib.pkp.plugins.citationLookup.isbndb.filter.IsbndbNlm30CitationSchemaIsbnFilter',0,15,1),(17,16,0,'ISBNdb','lib.pkp.plugins.citationLookup.isbndb.filter.IsbndbIsbnNlm30CitationSchemaFilter',0,15,2),(18,5,0,'APA Citation Output','lib.pkp.plugins.citationOutput.apa.filter.Nlm30CitationSchemaApaFilter',0,0,0),(19,10,0,'APA Reference List','lib.pkp.classes.citation.PlainTextReferencesListFilter',0,0,0),(20,5,0,'MLA Citation Output','lib.pkp.plugins.citationOutput.mla.filter.Nlm30CitationSchemaMlaFilter',0,0,0),(21,10,0,'MLA Reference List','lib.pkp.classes.citation.PlainTextReferencesListFilter',0,0,0),(22,5,0,'ABNT Citation Output','lib.pkp.plugins.citationOutput.abnt.filter.Nlm30CitationSchemaAbntFilter',0,0,0),(23,10,0,'ABNT Reference List','lib.pkp.classes.citation.PlainTextReferencesListFilter',0,0,0),(24,5,0,'Vancouver Citation Output','lib.pkp.plugins.citationOutput.vancouver.filter.Nlm30CitationSchemaVancouverFilter',0,0,0),(25,10,0,'Vancouver Reference List','lib.pkp.classes.citation.PlainTextReferencesListFilter',0,0,0),(26,3,0,'RegEx','lib.pkp.plugins.citationParser.regex.filter.RegexRawCitationNlm30CitationSchemaFilter',1,0,0),(27,3,0,'ParaCite','lib.pkp.plugins.citationParser.paracite.filter.ParaciteRawCitationNlm30CitationSchemaFilter',1,0,0),(28,3,0,'ParsCit','lib.pkp.plugins.citationParser.parscit.filter.ParscitRawCitationNlm30CitationSchemaFilter',1,0,0),(29,3,0,'FreeCite','lib.pkp.plugins.citationParser.freecite.filter.FreeciteRawCitationNlm30CitationSchemaFilter',1,0,0),(30,8,0,'NLM Journal Publishing V2.3 ref-list','lib.pkp.classes.filter.GenericSequencerFilter',0,0,0),(31,7,0,'NLM 2.3: NLM 3.0','lib.pkp.plugins.metadata.nlm30.filter.PKPSubmissionNlm30XmlFilter',0,30,1),(32,9,0,'NLM 2.3: NLM 3.0 to 2.3','lib.pkp.classes.xslt.XSLTransformationFilter',0,30,2),(33,4,0,'ISBNdb','lib.pkp.classes.filter.GenericSequencerFilter',1,0,0),(34,15,0,'ISBNdb (from NLM)','lib.pkp.plugins.citationLookup.isbndb.filter.IsbndbNlm30CitationSchemaIsbnFilter',0,33,1),(35,16,0,'ISBNdb','lib.pkp.plugins.citationLookup.isbndb.filter.IsbndbIsbnNlm30CitationSchemaFilter',0,33,2),(36,17,0,'User XML user export','lib.pkp.plugins.importexport.users.filter.PKPUserUserXmlFilter',0,0,0),(37,18,0,'User XML user import','lib.pkp.plugins.importexport.users.filter.UserXmlPKPUserFilter',0,0,0),(38,19,0,'Native XML user group export','lib.pkp.plugins.importexport.users.filter.UserGroupNativeXmlFilter',0,0,0),(39,20,0,'Native XML user group import','lib.pkp.plugins.importexport.users.filter.NativeXmlUserGroupFilter',0,0,0),(40,21,0,'Crossref XML issue export','plugins.importexport.crossref.filter.IssueCrossrefXmlFilter',0,0,0),(41,22,0,'Crossref XML issue export','plugins.importexport.crossref.filter.ArticleCrossrefXmlFilter',0,0,0),(42,23,0,'DOAJ XML export','plugins.importexport.doaj.filter.DOAJXmlFilter',0,0,0),(43,24,0,'DOAJ JSON export','plugins.importexport.doaj.filter.DOAJJsonFilter',0,0,0),(44,25,0,'mEDRA XML issue export','plugins.importexport.medra.filter.IssueMedraXmlFilter',0,0,0),(45,26,0,'mEDRA XML article export','plugins.importexport.medra.filter.ArticleMedraXmlFilter',0,0,0),(46,27,0,'mEDRA XML article export','plugins.importexport.medra.filter.GalleyMedraXmlFilter',0,0,0),(47,28,0,'DataCite XML export','plugins.importexport.datacite.filter.DataciteXmlFilter',0,0,0),(48,29,0,'DataCite XML export','plugins.importexport.datacite.filter.DataciteXmlFilter',0,0,0),(49,30,0,'DataCite XML export','plugins.importexport.datacite.filter.DataciteXmlFilter',0,0,0),(50,31,0,'Native XML submission export','plugins.importexport.native.filter.ArticleNativeXmlFilter',0,0,0),(51,32,0,'Native XML submission import','plugins.importexport.native.filter.NativeXmlArticleFilter',0,0,0),(52,33,0,'Native XML issue export','plugins.importexport.native.filter.IssueNativeXmlFilter',0,0,0),(53,34,0,'Native XML issue import','plugins.importexport.native.filter.NativeXmlIssueFilter',0,0,0),(54,35,0,'Native XML issue galley export','plugins.importexport.native.filter.IssueGalleyNativeXmlFilter',0,0,0),(55,36,0,'Native XML issue galley import','plugins.importexport.native.filter.NativeXmlIssueGalleyFilter',0,0,0),(56,37,0,'Native XML author export','plugins.importexport.native.filter.AuthorNativeXmlFilter',0,0,0),(57,38,0,'Native XML author import','plugins.importexport.native.filter.NativeXmlAuthorFilter',0,0,0),(58,42,0,'Native XML submission file import','plugins.importexport.native.filter.NativeXmlArticleFileFilter',0,0,0),(59,43,0,'Native XML submission file import','plugins.importexport.native.filter.NativeXmlArtworkFileFilter',0,0,0),(60,44,0,'Native XML submission file import','plugins.importexport.native.filter.NativeXmlSupplementaryFileFilter',0,0,0),(61,39,0,'Native XML submission file export','lib.pkp.plugins.importexport.native.filter.SubmissionFileNativeXmlFilter',0,0,0),(62,40,0,'Native XML submission file export','plugins.importexport.native.filter.ArtworkFileNativeXmlFilter',0,0,0),(63,41,0,'Native XML submission file export','plugins.importexport.native.filter.SupplementaryFileNativeXmlFilter',0,0,0),(64,45,0,'Native XML representation export','plugins.importexport.native.filter.ArticleGalleyNativeXmlFilter',0,0,0),(65,46,0,'Native XML representation import','plugins.importexport.native.filter.NativeXmlArticleGalleyFilter',0,0,0);

--
-- Table structure for table `genre_settings`
--

CREATE TABLE `genre_settings` (
  `genre_id` bigint(20) NOT NULL,
  `locale` varchar(5) NOT NULL DEFAULT '',
  `setting_name` varchar(255) NOT NULL,
  `setting_value` text,
  `setting_type` varchar(6) NOT NULL,
  UNIQUE KEY `genre_settings_pkey` (`genre_id`,`locale`,`setting_name`),
  KEY `genre_settings_genre_id` (`genre_id`)
) ENGINE=MyISAM DEFAULT CHARSET=latin1;

--
-- Dumping data for table `genre_settings`
--

INSERT INTO `genre_settings` VALUES (1,'en_US','name','Article Text','string'),(1,'id_ID','name','##default.genres.article##','string'),(1,'','designation','99Z','string'),(2,'en_US','name','Research Instrument','string'),(2,'id_ID','name','##default.genres.researchInstrument##','string'),(2,'','designation','##','string'),(3,'en_US','name','Research Materials','string'),(3,'id_ID','name','##default.genres.researchMaterials##','string'),(3,'','designation','##','string'),(4,'en_US','name','Research Results','string'),(4,'id_ID','name','##default.genres.researchResults##','string'),(4,'','designation','##','string'),(5,'en_US','name','Transcripts','string'),(5,'id_ID','name','##default.genres.transcripts##','string'),(5,'','designation','##','string'),(6,'en_US','name','Data Analysis','string'),(6,'id_ID','name','##default.genres.dataAnalysis##','string'),(6,'','designation','##','string'),(7,'en_US','name','Data Set','string'),(7,'id_ID','name','##default.genres.dataSet##','string'),(7,'','designation','##','string'),(8,'en_US','name','Source Texts','string'),(8,'id_ID','name','##default.genres.sourceTexts##','string'),(8,'','designation','##','string'),(9,'en_US','name','Multimedia','string'),(9,'id_ID','name','##default.genres.multimedia##','string'),(9,'','designation','##','string'),(10,'en_US','name','Image','string'),(10,'id_ID','name','##default.genres.image##','string'),(10,'','designation','##','string'),(11,'en_US','name','HTML Stylesheet','string'),(11,'id_ID','name','##default.genres.styleSheet##','string'),(11,'','designation','##','string'),(12,'en_US','name','Other','string'),(12,'id_ID','name','##default.genres.other##','string'),(12,'','designation','##','string');

--
-- Table structure for table `genres`
--

CREATE TABLE `genres` (
  `genre_id` bigint(20) NOT NULL AUTO_INCREMENT,
  `context_id` bigint(20) NOT NULL,
  `seq` bigint(20) DEFAULT NULL,
  `sortable` tinyint(4) NOT NULL DEFAULT '1',
  `enabled` tinyint(4) NOT NULL DEFAULT '1',
  `category` bigint(20) NOT NULL DEFAULT '1',
  `dependent` tinyint(4) NOT NULL DEFAULT '0',
  `supplementary` tinyint(4) DEFAULT '0',
  `entry_key` varchar(30) DEFAULT NULL,
  PRIMARY KEY (`genre_id`)
) ENGINE=MyISAM AUTO_INCREMENT=13 DEFAULT CHARSET=latin1;

--
-- Dumping data for table `genres`
--

INSERT INTO `genres` VALUES (1,2,0,0,1,1,0,0,'SUBMISSION'),(2,2,1,0,1,3,0,1,'RESEARCHINSTRUMENT'),(3,2,2,0,1,3,0,1,'RESEARCHMATERIALS'),(4,2,3,0,1,3,0,1,'RESEARCHRESULTS'),(5,2,4,0,1,3,0,1,'TRANSCRIPTS'),(6,2,5,0,1,3,0,1,'DATAANALYSIS'),(7,2,6,0,1,3,0,1,'DATASET'),(8,2,7,0,1,3,0,1,'SOURCETEXTS'),(9,2,8,0,1,1,1,1,'MULTIMEDIA'),(10,2,9,0,1,2,1,0,'IMAGE'),(11,2,10,0,1,1,1,0,'STYLE'),(12,2,11,1,1,3,0,1,'OTHER');

--
-- Table structure for table `gifts`
--

CREATE TABLE `gifts` (
  `gift_id` bigint(20) NOT NULL AUTO_INCREMENT,
  `assoc_type` smallint(6) NOT NULL,
  `assoc_id` bigint(20) NOT NULL,
  `status` tinyint(4) NOT NULL,
  `gift_type` smallint(6) NOT NULL,
  `gift_assoc_id` bigint(20) NOT NULL,
  `buyer_first_name` varchar(40) NOT NULL,
  `buyer_middle_name` varchar(40) DEFAULT NULL,
  `buyer_last_name` varchar(90) NOT NULL,
  `buyer_email` varchar(90) NOT NULL,
  `buyer_user_id` bigint(20) DEFAULT NULL,
  `recipient_first_name` varchar(40) NOT NULL,
  `recipient_middle_name` varchar(40) DEFAULT NULL,
  `recipient_last_name` varchar(90) NOT NULL,
  `recipient_email` varchar(90) NOT NULL,
  `recipient_user_id` bigint(20) DEFAULT NULL,
  `date_redeemed` datetime DEFAULT NULL,
  `locale` varchar(5) NOT NULL DEFAULT '',
  `gift_note_title` varchar(90) DEFAULT NULL,
  `gift_note` text,
  `notes` text,
  PRIMARY KEY (`gift_id`),
  KEY `gifts_assoc` (`assoc_type`,`assoc_id`)
) ENGINE=InnoDB DEFAULT CHARSET=utf8;

--
-- Dumping data for table `gifts`
--


--
-- Table structure for table `group_memberships`
--

CREATE TABLE `group_memberships` (
  `user_id` bigint(20) NOT NULL,
  `group_id` bigint(20) NOT NULL,
  `about_displayed` tinyint(4) NOT NULL DEFAULT '1',
  `seq` double NOT NULL DEFAULT '0',
  UNIQUE KEY `group_memberships_pkey` (`user_id`,`group_id`)
) ENGINE=InnoDB DEFAULT CHARSET=utf8;

--
-- Dumping data for table `group_memberships`
--

INSERT INTO `group_memberships` VALUES (40,1,1,0),(52,1,1,0);

--
-- Table structure for table `group_settings`
--

CREATE TABLE `group_settings` (
  `group_id` bigint(20) NOT NULL,
  `locale` varchar(5) NOT NULL DEFAULT '',
  `setting_name` varchar(255) NOT NULL,
  `setting_value` text,
  `setting_type` varchar(6) NOT NULL,
  UNIQUE KEY `group_settings_pkey` (`group_id`,`locale`,`setting_name`),
  KEY `group_settings_group_id` (`group_id`)
) ENGINE=InnoDB DEFAULT CHARSET=utf8;

--
-- Dumping data for table `group_settings`
--

INSERT INTO `group_settings` VALUES (1,'en_US','title','Editor','string');

--
-- Table structure for table `groups`
--

CREATE TABLE `groups` (
  `group_id` bigint(20) NOT NULL AUTO_INCREMENT,
  `assoc_type` smallint(6) DEFAULT NULL,
  `publish_email` smallint(6) DEFAULT NULL,
  `assoc_id` bigint(20) DEFAULT NULL,
  `context` bigint(20) DEFAULT NULL,
  `about_displayed` tinyint(4) NOT NULL DEFAULT '0',
  `seq` double NOT NULL DEFAULT '0',
  PRIMARY KEY (`group_id`),
  KEY `groups_assoc` (`assoc_type`,`assoc_id`)
) ENGINE=InnoDB AUTO_INCREMENT=2 DEFAULT CHARSET=utf8;

--
-- Dumping data for table `groups`
--

INSERT INTO `groups` VALUES (1,256,1,2,2,1,1);

--
-- Table structure for table `institutional_subscription_ip`
--

CREATE TABLE `institutional_subscription_ip` (
  `institutional_subscription_ip_id` bigint(20) NOT NULL AUTO_INCREMENT,
  `subscription_id` bigint(20) NOT NULL,
  `ip_string` varchar(40) NOT NULL,
  `ip_start` bigint(20) NOT NULL,
  `ip_end` bigint(20) DEFAULT NULL,
  PRIMARY KEY (`institutional_subscription_ip_id`),
  KEY `institutional_subscription_ip_subscription_id` (`subscription_id`),
  KEY `institutional_subscription_ip_start` (`ip_start`),
  KEY `institutional_subscription_ip_end` (`ip_end`)
) ENGINE=InnoDB DEFAULT CHARSET=utf8;

--
-- Dumping data for table `institutional_subscription_ip`
--


--
-- Table structure for table `institutional_subscriptions`
--

CREATE TABLE `institutional_subscriptions` (
  `institutional_subscription_id` bigint(20) NOT NULL AUTO_INCREMENT,
  `subscription_id` bigint(20) NOT NULL,
  `institution_name` varchar(255) NOT NULL,
  `mailing_address` varchar(255) DEFAULT NULL,
  `domain` varchar(255) DEFAULT NULL,
  PRIMARY KEY (`institutional_subscription_id`),
  KEY `institutional_subscriptions_subscription_id` (`subscription_id`),
  KEY `institutional_subscriptions_domain` (`domain`)
) ENGINE=InnoDB DEFAULT CHARSET=utf8;

--
-- Dumping data for table `institutional_subscriptions`
--


--
-- Table structure for table `issue_files`
--

CREATE TABLE `issue_files` (
  `file_id` bigint(20) NOT NULL AUTO_INCREMENT,
  `issue_id` bigint(20) NOT NULL,
  `file_name` varchar(90) NOT NULL,
  `file_type` varchar(255) NOT NULL,
  `file_size` bigint(20) NOT NULL,
  `content_type` bigint(20) NOT NULL,
  `original_file_name` varchar(127) DEFAULT NULL,
  `date_uploaded` datetime NOT NULL,
  `date_modified` datetime NOT NULL,
  PRIMARY KEY (`file_id`),
  KEY `issue_files_issue_id` (`issue_id`)
) ENGINE=InnoDB DEFAULT CHARSET=utf8;

--
-- Dumping data for table `issue_files`
--


--
-- Table structure for table `issue_galley_settings`
--

CREATE TABLE `issue_galley_settings` (
  `galley_id` bigint(20) NOT NULL,
  `locale` varchar(5) NOT NULL DEFAULT '',
  `setting_name` varchar(255) NOT NULL,
  `setting_value` text,
  `setting_type` varchar(6) NOT NULL,
  UNIQUE KEY `issue_galley_settings_pkey` (`galley_id`,`locale`,`setting_name`),
  KEY `issue_galley_settings_galley_id` (`galley_id`)
) ENGINE=InnoDB DEFAULT CHARSET=utf8;

--
-- Dumping data for table `issue_galley_settings`
--


--
-- Table structure for table `issue_galleys`
--

CREATE TABLE `issue_galleys` (
  `galley_id` bigint(20) NOT NULL AUTO_INCREMENT,
  `locale` varchar(5) DEFAULT NULL,
  `issue_id` bigint(20) NOT NULL,
  `file_id` bigint(20) NOT NULL,
  `label` varchar(32) DEFAULT NULL,
  `seq` double NOT NULL DEFAULT '0',
  PRIMARY KEY (`galley_id`),
  KEY `issue_galleys_issue_id` (`issue_id`)
) ENGINE=InnoDB DEFAULT CHARSET=utf8;

--
-- Dumping data for table `issue_galleys`
--


--
-- Table structure for table `issue_settings`
--

CREATE TABLE `issue_settings` (
  `issue_id` bigint(20) NOT NULL,
  `locale` varchar(5) NOT NULL DEFAULT '',
  `setting_name` varchar(255) NOT NULL,
  `setting_value` text,
  `setting_type` varchar(6) NOT NULL,
  UNIQUE KEY `issue_settings_pkey` (`issue_id`,`locale`,`setting_name`),
  KEY `issue_settings_issue_id` (`issue_id`),
  KEY `issue_settings_name_value` (`setting_name`(50),`setting_value`(150))
) ENGINE=InnoDB DEFAULT CHARSET=utf8;

--
-- Dumping data for table `issue_settings`
--

INSERT INTO `issue_settings` VALUES (5,'','pub-id::doi','10.31964/jkb.v1i1','string'),(5,'','pub-id::publisher-id','','string'),(5,'en_US','coverPageDescription','','string'),(5,'en_US','description','','string'),(5,'en_US','hideCoverPageArchives','0','int'),(5,'en_US','hideCoverPageCover','0','int'),(5,'en_US','showCoverPage','0','int'),(5,'en_US','title','Jurnal Kebidanan Bestari','string'),(6,'','pub-id::publisher-id','','string'),(6,'en_US','coverPageDescription','','string'),(6,'en_US','description','','string'),(6,'en_US','hideCoverPageArchives','0','int'),(6,'en_US','hideCoverPageCover','0','int'),(6,'en_US','showCoverPage','0','int'),(6,'en_US','title','JURNAL KEBIDANAN BESTARI','string'),(7,'','pub-id::publisher-id','','string'),(7,'en_US','coverPageDescription','','string'),(7,'en_US','description','','string'),(7,'en_US','hideCoverPageArchives','0','int'),(7,'en_US','hideCoverPageCover','0','int'),(7,'en_US','showCoverPage','0','int'),(7,'en_US','title','coba','string');

--
-- Table structure for table `issues`
--

CREATE TABLE `issues` (
  `issue_id` bigint(20) NOT NULL AUTO_INCREMENT,
  `journal_id` bigint(20) NOT NULL,
  `volume` smallint(6) DEFAULT NULL,
  `number` varchar(10) DEFAULT NULL,
  `year` smallint(6) DEFAULT NULL,
  `published` tinyint(4) NOT NULL DEFAULT '0',
  `current` tinyint(4) NOT NULL DEFAULT '0',
  `date_published` datetime DEFAULT NULL,
  `date_notified` datetime DEFAULT NULL,
  `last_modified` datetime DEFAULT NULL,
  `access_status` tinyint(4) NOT NULL DEFAULT '1',
  `open_access_date` datetime DEFAULT NULL,
  `show_volume` tinyint(4) NOT NULL DEFAULT '0',
  `show_number` tinyint(4) NOT NULL DEFAULT '0',
  `show_year` tinyint(4) NOT NULL DEFAULT '0',
  `show_title` tinyint(4) NOT NULL DEFAULT '0',
  `style_file_name` varchar(90) DEFAULT NULL,
  `original_style_file_name` varchar(255) DEFAULT NULL,
  PRIMARY KEY (`issue_id`),
  KEY `issues_journal_id` (`journal_id`)
) ENGINE=InnoDB AUTO_INCREMENT=8 DEFAULT CHARSET=utf8;

--
-- Dumping data for table `issues`
--

INSERT INTO `issues` VALUES (5,2,1,'1',2017,1,1,'2019-03-26 09:20:19',NULL,'2019-03-26 09:20:19',1,NULL,1,1,1,1,NULL,NULL),(6,2,2,'2',2017,0,0,NULL,NULL,NULL,1,NULL,1,1,1,1,NULL,NULL),(7,2,2,'1',2019,0,0,NULL,NULL,NULL,1,NULL,1,1,1,1,NULL,NULL);

--
-- Table structure for table `item_views`
--

CREATE TABLE `item_views` (
  `assoc_type` bigint(20) NOT NULL,
  `assoc_id` varchar(32) NOT NULL,
  `user_id` bigint(20) DEFAULT NULL,
  `date_last_viewed` datetime DEFAULT NULL,
  UNIQUE KEY `item_views_pkey` (`assoc_type`,`assoc_id`,`user_id`)
) ENGINE=MyISAM DEFAULT CHARSET=latin1;

--
-- Dumping data for table `item_views`
--


--
-- Table structure for table `journal_settings`
--

CREATE TABLE `journal_settings` (
  `journal_id` bigint(20) NOT NULL,
  `locale` varchar(5) NOT NULL DEFAULT '',
  `setting_name` varchar(255) NOT NULL,
  `setting_value` text,
  `setting_type` varchar(6) NOT NULL,
  UNIQUE KEY `journal_settings_pkey` (`journal_id`,`locale`,`setting_name`),
  KEY `journal_settings_journal_id` (`journal_id`)
) ENGINE=InnoDB DEFAULT CHARSET=utf8;

--
-- Dumping data for table `journal_settings`
--

INSERT INTO `journal_settings` VALUES (2,'','allowRegAuthor','1','bool'),(2,'','allowRegReader','1','bool'),(2,'','allowRegReviewer','0','bool'),(2,'','authorSelectsEditor','0','bool'),(2,'','boardEnabled','0','bool'),(2,'','categories','N;','object'),(2,'','contactEmail','serilaila11@yahoo.co.id','string'),(2,'','contactFax','','string'),(2,'','contactName','Serilaila, M.PH','string'),(2,'','contactPhone','081905347931','string'),(2,'','contributors','a:0:{}','object'),(2,'','copyrightHolderType','journal','string'),(2,'','copyrightNoticeAgree','1','bool'),(2,'','copyrightYearBasis','','string'),(2,'','copySubmissionAckAddress','ejurnalbidbestari.poltekkesbjm@gmail.com','string'),(2,'','copySubmissionAckPrimaryContact','0','bool'),(2,'','copySubmissionAckSpecified','1','bool'),(2,'','disableUserReg','0','bool'),(2,'','displayCurrentIssue','1','bool'),(2,'','emailFooter','The following message is being delivered on behalf of Jurnal Kebidanan Bestari.\r\n________________________________________________________________________','string'),(2,'','emailHeader','The following message is being delivered on behalf of Jurnal Kebidanan Bestari.\r\n________________________________________________________________________','string'),(2,'','emailSignature','The following message is being delivered on behalf of Jurnal Kebidanan Bestari.\r\n________________________________________________________________________','string'),(2,'','enableAnnouncements','1','bool'),(2,'','enableAnnouncementsHomepage','1','bool'),(2,'','enableLockss','0','bool'),(2,'','envelopeSender','','string'),(2,'','fastTrackFee','0','int'),(2,'','includeCopyrightStatement','1','bool'),(2,'','includeLicense','0','bool'),(2,'','initialNumber','1','int'),(2,'','initialVolume','1','int'),(2,'','initialYear','2015','int'),(2,'','issuePerVolume','1','int'),(2,'','itemsPerPage','0','int'),(2,'','journalTheme','','string'),(2,'','licenseURL','','string'),(2,'','mailingAddress','Jurusan Kebidanan Poltekkes Kemenkes Banjarmasin Jl. Mistar Cokrokusumo No. 1A Banjarbaru <iframe style=\"border: 0;\" src=\"https://www.google.com/maps/embed?pb=!1m18!1m12!1m3!1d2561.7262932889867!2d114.8455483131375!3d-3.446352997491543!2m3!1f0!2f0!3f0!3m2!1i1024!2i768!4f13.1!3m3!1m2!1s0x2de6811afe289083%3A0x26774315a779d36a!2sPoltekkes+Kemenkes+Banjarmasin!5e1!3m2!1sen!2sid!4v1517535554744\" frameborder=\"0\" width=\"830\" height=\"200\"></iframe>','string'),(2,'','mailSubmissionsToReviewers','0','bool'),(2,'','membershipFee','0','int'),(2,'','metaCitationOutputFilterId','18','int'),(2,'','metaCitations','1','bool'),(2,'','metaCoverage','0','bool'),(2,'','metaDiscipline','0','bool'),(2,'','metaSubject','1','bool'),(2,'','metaSubjectClass','0','bool'),(2,'','metaType','0','bool'),(2,'','notifyAllAuthorsOnDecision','0','bool'),(2,'','numAnnouncementsHomepage','3','int'),(2,'','numDaysBeforeInviteReminder','0','int'),(2,'','numDaysBeforeSubmitReminder','0','int'),(2,'','numPageLinks','0','int'),(2,'','numWeeksPerReview','2','int'),(2,'','onlineIssn','2656-2251','string'),(2,'','printIssn','','string'),(2,'','provideRefLinkInstructions','0','bool'),(2,'','publicationFee','0','int'),(2,'','publicationFormatNumber','1','bool'),(2,'','publicationFormatTitle','1','bool'),(2,'','publicationFormatVolume','1','bool'),(2,'','publicationFormatYear','1','bool'),(2,'','publisherInstitution','Poltekkes Kemenkes Banjarmasin','string'),(2,'','publisherUrl','poltekkes-banjarmasin.ac.id','string'),(2,'','publishingMode','0','int'),(2,'','purchaseArticleFee','0','int'),(2,'','rateReviewerOnQuality','0','bool'),(2,'','remindForInvite','0','bool'),(2,'','remindForSubmit','0','bool'),(2,'','requireAuthorCompetingInterests','0','bool'),(2,'','requireReviewerCompetingInterests','0','bool'),(2,'','restrictArticleAccess','0','bool'),(2,'','restrictReviewerFileAccess','1','bool'),(2,'','restrictSiteAccess','0','bool'),(2,'','reviewerAccessKeysEnabled','0','bool'),(2,'','reviewerDatabaseLinks','a:1:{i:0;a:2:{s:5:\"title\";s:24:\"Jurnal Kebidanan Bestari\";s:3:\"url\";s:44:\"http://ejurnalbidanbestari-poltekkesbjm.com/\";}}','object'),(2,'','rtAbstract','1','bool'),(2,'','rtAddComment','1','bool'),(2,'','rtCaptureCite','1','bool'),(2,'','rtDefineTerms','1','bool'),(2,'','rtEmailAuthor','1','bool'),(2,'','rtEmailOthers','1','bool'),(2,'','rtPrinterFriendly','1','bool'),(2,'','rtSupplementaryFiles','1','bool'),(2,'','rtViewMetadata','1','bool'),(2,'','showEnsuringLink','0','bool'),(2,'','showGalleyLinks','0','bool'),(2,'','sponsors','a:1:{i:0;a:2:{s:11:\"institution\";s:30:\"poltekkes kemenkes banjarmasin\";s:3:\"url\";s:27:\"poltekkes-banjarmasin.ac.id\";}}','object'),(2,'','submissionFee','0','int'),(2,'','supportedFormLocales','a:2:{i:0;s:5:\"id_ID\";i:1;s:5:\"en_US\";}','object'),(2,'','supportedLocales','a:2:{i:0;s:5:\"id_ID\";i:1;s:5:\"en_US\";}','object'),(2,'','supportedSubmissionLocales','a:2:{i:0;s:5:\"id_ID\";i:1;s:5:\"en_US\";}','object'),(2,'','supportEmail','fitria.jlaili@gmail.com','string'),(2,'','supportName','Fitria Jannatul Laili, S.Keb., Bd., M.Keb','string'),(2,'','supportPhone','082225272888','string'),(2,'','themePluginPath','default','string'),(2,'','useCopyeditors','0','bool'),(2,'','useEditorialBoard','0','bool'),(2,'','useLayoutEditors','0','bool'),(2,'','useProofreaders','0','bool'),(2,'','volumePerYear','2','int'),(2,'en_US','acronym','JKB','string'),(2,'en_US','authorGuidelines','a.	Jurnal hanya menerima artikel yang belum pernah dipublikasikan pada media lain. Artikel dapat berupa hasil penelitian, artikel ilmiah konsep, orbituari, resensi buku. \r\nb.	Artikel dapat ditulis dalam bahasa Indonesia atau bahasa Inggris. Redaksi berhak memperbaiki susunan bahasa tanpa mengubah isinya. \r\nc.	Artikel diketik rapi dengan menggunakan perangkat lunak MS Word (.doc), menggunakan ukuran kertas A4, huruf Times New Roman ukuran 12 pts dengan spasi tunggal (1 spasi), gunakan Justify (rata kanan-kiri)\r\nd.	Sistematika penulisan adalah judul, nama penulis, abstrak disertai kata kunci, pendahuluan (meliputi latar belakang masalah, rumusan masalah, tujuan penelitian, manfaat), bahan dan metode, hasil, pembahasan, kesimpulan dan saran serta daftar pustaka.\r\ne.	Judul, harus singkat, jelas dan informatif, serta menggunakan huruf besar (Caps Lock) dan tebal (Bold) dengan ukuran huruf 14 pts dan rata tengah. \r\nf.	Abstrak, dibuat satu paragraf, memuat unsur latar belakang, tujuan, metode penelitian, hasil penelitian, dan kesimpulan. Kata kunci terdiri dari 3-10 kata, dipisahkan dengan tanda (;).\r\ng.	Nama penulis, ditempatkan di bawah judul artikel tanpa mencantumkan gelar, diberi nomor yang dituliskan sebagai  superscript untuk nama instansi, alamat instansi dan email. Nama instansi, alamat instansi dan email dituliskan sesuai dengan nomor urutan penulisan nama pengarang.\r\nh.	Peringkat bagian dinyatakan dengan jenis huruf yang berbeda.','string'),(2,'en_US','authorSelfArchivePolicy','This journal permits and encourages authors to post items submitted to the journal on personal websites or institutional repositories both prior to and after publication, while providing bibliographic details that credit, if applicable, its publication in this journal.','string'),(2,'en_US','contactAffiliation','Jurusan Kebidanan Poltekkes Kemenkes Banjarmasin','string'),(2,'en_US','contactMailingAddress','Jl. H. Mistar Cokrokusumo No. 1A Banjarbaru, Kalimantan Selatan','string'),(2,'en_US','copyeditInstructions','The copyediting stage is intended to improve the flow, clarity, grammar, wording, and formatting of the article. It represents the last chance for the author to make any substantial changes to the text because the next stage is restricted to typos and formatting corrections. The file to be copyedited is in Word or .rtf format and therefore can easily be edited as a word processing document. The set of instructions displayed here proposes two approaches to copyediting. One is based on Microsoft Word\'s Track Changes feature and requires that the copy editor, editor, and author have access to this program. A second system, which is software independent, has been borrowed, with permission, from the Harvard Educational Review. The journal editor is in a position to modify these instructions, so suggestions can be made to improve the process for this journal.<h4>Copyediting Systems</h4><strong>1. Microsoft Word\'s Track Changes</strong> Under Tools in the menu bar, the feature Track Changes enables the copy editor to make insertions (text appears in color) and deletions (text appears crossed out in color or in the margins as deleted). The copy editor can posit queries to both the author (Author Queries) and to the editor (Editor Queries) by inserting these queries in square brackets. The copyedited version is then uploaded, and the editor is notified. The editor then reviews the text and notifies the author. The editor and author should leave those changes with which they are satisfied. If further changes are necessary, the editor and author can make changes to the initial insertions or deletions, as well as make new insertions or deletions elsewhere in the text. Authors and editors should respond to each of the queries addressed to them, with responses placed inside the square brackets. After the text has been reviewed by editor and author, the copy editor will make a final pass over the text accepting the changes in preparation for the layout and galley stage. <strong>2. Harvard Educational Review </strong> <strong>Instructions for Making Electronic Revisions to the Manuscript</strong> Please follow the following protocol for making electronic revisions to your manuscript: <strong>Responding to suggested changes.</strong>   For each of the suggested changes that you accept, unbold the text.   For each of the suggested changes that you do not accept, re-enter the original text and <strong>bold</strong> it. <strong>Making additions and deletions.</strong>   Indicate additions by <strong>bolding</strong> the new text.   Replace deleted sections with: <strong>[deleted text]</strong>.   If you delete one or more sentence, please indicate with a note, e.g., <strong>[deleted 2 sentences]</strong>. <strong>Responding to Queries to the Author (QAs).</strong>   Keep all QAs intact and bolded within the text. Do not delete them.   To reply to a QA, add a comment after it. Comments should be delimited using: <strong>[Comment:]</strong>   e.g., <strong>[Comment: Expanded discussion of methodology as you suggested]</strong>. <strong>Making comments.</strong>   Use comments to explain organizational changes or major revisions   e.g., <strong>[Comment: Moved the above paragraph from p. 5 to p. 7].</strong>  Note: When referring to page numbers, please use the page numbers from the printed copy of the manuscript that was sent to you. This is important since page numbers may change as a document is revised electronically.<h4>An Illustration of an Electronic Revision</h4><ol><li><strong>Initial copyedit.</strong> The journal copy editor will edit the text to improve flow, clarity, grammar, wording, and formatting, as well as including author queries as necessary. Once the initial edit is complete, the copy editor will upload the revised document through the journal Web site and notify the author that the edited manuscript is available for review.</li><li><strong>Author copyedit.</strong> Before making dramatic departures from the structure and organization of the edited manuscript, authors must check in with the editors who are co-chairing the piece. Authors should accept/reject any changes made during the initial copyediting, as appropriate, and respond to all author queries. When finished with the revisions, authors should rename the file from AuthorNameQA.doc to AuthorNameQAR.doc (e.g., from LeeQA.doc to LeeQAR.doc) and upload the revised document through the journal Web site as directed.</li><li><strong>Final copyedit.</strong> The journal copy editor will verify changes made by the author and incorporate the responses to the author queries to create a final manuscript. When finished, the copy editor will upload the final document through the journal Web site and alert the layout editor to complete formatting.</li></ol>','string'),(2,'en_US','copyrightNotice','Hak Cipta artikel dimiliki oleh Jurnal Kebidanan Bestari','string'),(2,'en_US','customAboutItems','a:1:{i:0;a:2:{s:5:\"title\";s:22:\"Kebijakan Plagiatrisme\";s:7:\"content\";s:61:\"Setiap manuscript akan dikroscek dengan software plagiatrisme\";}}','object'),(2,'en_US','donationFeeDescription','Donations of any amount to this journal are gratefully received and provide a means for the editors to continue to provide a journal of the highest quality to its readers.','string'),(2,'en_US','donationFeeName','Donations to journal','string'),(2,'en_US','fastTrackFeeDescription','With the payment of this fee, the review, editorial decision, and author notification on this manuscript is guaranteed to take place within 4 weeks.','string'),(2,'en_US','fastTrackFeeName','Fast-Track Review','string'),(2,'en_US','focusScopeDesc','a.	Fokus\r\nFokus materi jurnal adalah Kebidanan\r\nb.	Ruang Lingkup Jurnal \r\nRuang lingkup materi adalah Kesehatan Ibu dan Anak, Pelayanan Kebidanan Komunitas, Kesehatan Reproduksi, Pelayanan Keluarga Berencana, Promosi Kesehatan, dan Epidemiologi','string'),(2,'en_US','homeHeaderTitleImage','a:6:{s:4:\"name\";s:10:\"banner.png\";s:10:\"uploadName\";s:30:\"homeHeaderTitleImage_en_US.png\";s:5:\"width\";i:517;s:6:\"height\";i:102;s:8:\"mimeType\";s:9:\"image/png\";s:12:\"dateUploaded\";s:19:\"2019-08-19 11:12:14\";}','object'),(2,'en_US','homeHeaderTitleType','1','string'),(2,'en_US','homepageImage','a:6:{s:4:\"name\";s:5:\"1.png\";s:10:\"uploadName\";s:23:\"homepageImage_en_US.png\";s:5:\"width\";i:602;s:6:\"height\";i:1006;s:8:\"mimeType\";s:9:\"image/png\";s:12:\"dateUploaded\";s:19:\"2019-08-19 11:13:23\";}','object'),(2,'en_US','journalFavicon','a:6:{s:4:\"name\";s:11:\"favicon.ico\";s:10:\"uploadName\";s:24:\"journalFavicon_en_US.ico\";s:5:\"width\";i:32;s:6:\"height\";i:32;s:8:\"mimeType\";s:12:\"image/x-icon\";s:12:\"dateUploaded\";s:19:\"2016-06-14 12:33:01\";}','object'),(2,'en_US','lockssLicense','This journal utilizes the LOCKSS system to create a distributed archiving system among participating libraries and permits those libraries to create permanent archives of the journal for purposes of preservation and restoration. <a href=\"http://www.lockss.org/\">More...</a>','string'),(2,'en_US','membershipFeeDescription','The payment of this fee will enroll you as a member in this association for one year and provide you with free access to this journal.','string'),(2,'en_US','membershipFeeName','Association Membership','string'),(2,'en_US','name','JURNAL KEBIDANAN BESTARI','string'),(2,'en_US','navItems','a:1:{i:0;a:2:{s:4:\"name\";s:0:\"\";s:3:\"url\";s:0:\"\";}}','object'),(2,'en_US','openAccessPolicy','This journal provides immediate open access to its content on the principle that making research freely available to the public supports a greater global exchange of knowledge.','string'),(2,'en_US','pageHeaderTitleImage','a:6:{s:4:\"name\";s:10:\"banner.png\";s:10:\"uploadName\";s:30:\"pageHeaderTitleImage_en_US.png\";s:5:\"width\";i:517;s:6:\"height\";i:102;s:8:\"mimeType\";s:9:\"image/png\";s:12:\"dateUploaded\";s:19:\"2019-08-19 11:12:43\";}','object'),(2,'en_US','privacyStatement','Nama dan alamat Email yang digunakan dalam jurnal ini hanya untuk kepentingan jurnal ini dan tidak boleh dipergunakan untuk tujuan lain atau oleh orang lain.','string'),(2,'en_US','proofInstructions','The proofreading stage is intended to catch any errors in the galley\'s spelling, grammar, and formatting. More substantial changes cannot be made at this stage, unless discussed with the Section Editor. In Layout, click on VIEW PROOF to see the HTML, PDF, and other available file formats used in publishing this item. For Spelling and Grammar Errors Copy the problem word or groups of words and paste them into the Proofreading Corrections box with \"CHANGE-TO\" instructions to the editor as follows: 1. CHANGE... then the others TO... than the others 2. CHANGE... Malinowsky TO... Malinowski For Formatting Errors Describe the location and nature of the problem in the Proofreading Corrections box after typing in the title \"FORMATTING\" as follows: 3. FORMATTING The numbers in Table 3 are not aligned in the third column. 4. FORMATTING The paragraph that begins \"This last topic...\" is not indented.','string'),(2,'en_US','pubFreqPolicy','Terbid 2 kali setahun yaitu pada bulan Maret dan September','string'),(2,'en_US','publicationFeeDescription','If this paper is accepted for publication, you will be asked to pay an Article Publication Fee to cover publications costs.','string'),(2,'en_US','publicationFeeName','Article Publication','string'),(2,'en_US','publisherNote','Jurusan Kebidanan Poltekkes Kemenkes Banjarmasin','string'),(2,'en_US','purchaseArticleFeeDescription','The payment of this fee will enable you to view, download, and print this article.','string'),(2,'en_US','purchaseArticleFeeName','Purchase Article','string'),(2,'en_US','refLinkInstructions','To Add Reference Linking to the Layout Process When turning a submission into HTML or PDF, make sure that all hyperlinks in the submission are active. A. When the Author Provides a Link with the Reference While the submission is still in its word processing format (e.g., Word), add the phrase VIEW ITEM to the end of the reference that has a URL. Turn that phrase into a hyperlink by highlighting it and using Word\'s Insert Hyperlink tool and the URL prepared above. B. Enabling Readers to Search Google Scholar For References While the submission is still in its word processing format (e.g., Word), copy the title of the work referenced in the References list (if it appears to be too common a title—e.g., \"Peace\"—then copy author and title). Paste the reference\'s title between the %22\'s, placing a + between each word: http://scholar.google.com/scholar?q=%22PASTE+TITLE+HERE%22 Add the phrase GS SEARCH to the end of each citation in the submission\'s References list. Turn that phrase into a hyperlink by highlighting it and using Word\'s Insert Hyperlink tool and the URL prepared in #2. C. Enabling Readers to Search for References with a DOI While the submission is still in Word, copy a batch of references into CrossRef Text Query http://www.crossref.org/freeTextQuery/. Paste each DOI that the Query provides in the following URL (between = and &amp;): http://www.cmaj.ca/cgi/external_ref?access_num=PASTE DOI#HERE&amp;link_type=DOI. Add the phrase CrossRef to the end of each citation in the submission\'s References list. Turn that phrase into a hyperlink by highlighting the phrase and using Word\'s Insert Hyperlink tool and the appropriate URL prepared in #2.','string'),(2,'en_US','reviewPolicy','Setiap artikel akan direview minimal 2 (dua) orang peer reviwer; pengelola jurnal menjamin bahwa setiap proses review penulis tidak mengetahui siapa reviwernya. waktu yang diperlukan untuk review adalah 2 (dua) minggu setelah artikel diterima reviewer','string'),(2,'en_US','searchDescription','kebidanan bestari;antenatal;kelahiran;persalinan','string'),(2,'en_US','searchKeywords','kebidanan;kebidanan bestari;bestari;poltekkes;poltekkes banjarmasin;kehamilan;antenatal;persalinan;menyusui;nifas;kesehatan;kb;kespro;reproduksi;bayi baru lahir;bbl;tumbuh kembang anak','string'),(2,'en_US','sponsorNote','Poltekkes Kemenkes Banjarmasin','string'),(2,'en_US','submissionChecklist','a:4:{i:0;a:2:{s:5:\"order\";s:1:\"1\";s:7:\"content\";s:114:\"yang berkaitan dengan rumpun ilmu keperawatan. dan pembaca yang belum pernah dipublikasikan pada media cetak lain.\";}i:1;a:2:{s:5:\"order\";s:1:\"2\";s:7:\"content\";s:256:\"Naskah diketik pada kertas A4 dengan margin : atas 4cm, kiri 4cm, kanan 3cm, dan bawah 3 cm. dengan Fonts Times new roman uk.12 pts dengan spasi 1,5. dan panjang naskah maksimal 10 hlm A4 dengan format two collums dengan width : 6.5 cm dan spacing:0.99 cm.\";}i:2;a:2:{s:5:\"order\";s:1:\"3\";s:7:\"content\";s:346:\"Judul Artikel bahasa indonesia tidak boleh lebih dari 14 Kata, sedangkan judul dalam bahasa inggris tidak boleh lebih dari 12 kata. Abstrak dan kata kunci ditulis dalam bahasa Indonesia dan Inggris. Panjang masing-masing abstrak 75-100 Kata, sedangkan jumlah kata kunci 3-5 kata. abstrak minimal berisi judul, tujuan, metode dan hasil penelitian.\";}i:3;a:2:{s:5:\"order\";s:1:\"4\";s:7:\"content\";s:62:\"Dalam proses review penulis tidak mengetahui siapa reviewernya\";}}','object'),(2,'en_US','submissionFeeDescription','Authors are required to pay an Article Submission Fee as part of the submission process to contribute to review costs.','string'),(2,'en_US','submissionFeeName','Article Submission','string'),(2,'en_US','waiverPolicy','If you do not have funds to pay such fees, you will have an opportunity to waive each fee. We do not want fees to prevent the publication of worthy work.','string');

--
-- Table structure for table `journals`
--

CREATE TABLE `journals` (
  `journal_id` bigint(20) NOT NULL AUTO_INCREMENT,
  `path` varchar(32) NOT NULL,
  `seq` double NOT NULL DEFAULT '0',
  `primary_locale` varchar(5) NOT NULL,
  `enabled` tinyint(4) NOT NULL DEFAULT '1',
  PRIMARY KEY (`journal_id`),
  UNIQUE KEY `journals_path` (`path`)
) ENGINE=InnoDB AUTO_INCREMENT=3 DEFAULT CHARSET=utf8;

--
-- Dumping data for table `journals`
--

INSERT INTO `journals` VALUES (2,'JKB',2,'en_US',1);

--
-- Table structure for table `library_file_settings`
--

CREATE TABLE `library_file_settings` (
  `file_id` bigint(20) NOT NULL,
  `locale` varchar(5) NOT NULL DEFAULT '',
  `setting_name` varchar(255) NOT NULL,
  `setting_value` text,
  `setting_type` varchar(6) NOT NULL,
  UNIQUE KEY `library_file_settings_pkey` (`file_id`,`locale`,`setting_name`),
  KEY `library_file_settings_id` (`file_id`)
) ENGINE=MyISAM DEFAULT CHARSET=latin1;

--
-- Dumping data for table `library_file_settings`
--


--
-- Table structure for table `library_files`
--

CREATE TABLE `library_files` (
  `file_id` bigint(20) NOT NULL AUTO_INCREMENT,
  `context_id` bigint(20) NOT NULL,
  `file_name` varchar(255) NOT NULL,
  `original_file_name` varchar(255) NOT NULL,
  `file_type` varchar(255) NOT NULL,
  `file_size` bigint(20) NOT NULL,
  `type` tinyint(4) NOT NULL,
  `date_uploaded` datetime NOT NULL,
  `date_modified` datetime NOT NULL,
  `submission_id` bigint(20) NOT NULL,
  PRIMARY KEY (`file_id`),
  KEY `library_files_submission_id` (`submission_id`)
) ENGINE=MyISAM DEFAULT CHARSET=latin1;

--
-- Dumping data for table `library_files`
--


--
-- Table structure for table `metadata_description_settings`
--

CREATE TABLE `metadata_description_settings` (
  `metadata_description_id` bigint(20) NOT NULL,
  `locale` varchar(5) NOT NULL DEFAULT '',
  `setting_name` varchar(255) NOT NULL,
  `setting_value` text,
  `setting_type` varchar(6) NOT NULL,
  UNIQUE KEY `metadata_descripton_settings_pkey` (`metadata_description_id`,`locale`,`setting_name`),
  KEY `metadata_description_settings_id` (`metadata_description_id`)
) ENGINE=InnoDB DEFAULT CHARSET=utf8;

--
-- Dumping data for table `metadata_description_settings`
--


--
-- Table structure for table `metadata_descriptions`
--

CREATE TABLE `metadata_descriptions` (
  `metadata_description_id` bigint(20) NOT NULL AUTO_INCREMENT,
  `assoc_type` bigint(20) NOT NULL DEFAULT '0',
  `assoc_id` bigint(20) NOT NULL DEFAULT '0',
  `schema_namespace` varchar(255) NOT NULL,
  `schema_name` varchar(255) NOT NULL,
  `display_name` varchar(255) DEFAULT NULL,
  `seq` bigint(20) NOT NULL DEFAULT '0',
  PRIMARY KEY (`metadata_description_id`),
  KEY `metadata_descriptions_assoc` (`assoc_type`,`assoc_id`)
) ENGINE=InnoDB DEFAULT CHARSET=utf8;

--
-- Dumping data for table `metadata_descriptions`
--


--
-- Table structure for table `metrics`
--

CREATE TABLE `metrics` (
  `load_id` varchar(255) NOT NULL,
  `assoc_type` bigint(20) NOT NULL,
  `context_id` bigint(20) NOT NULL,
  `submission_id` bigint(20) DEFAULT NULL,
  `assoc_id` bigint(20) NOT NULL,
  `day` varchar(8) DEFAULT NULL,
  `month` varchar(6) DEFAULT NULL,
  `file_type` tinyint(4) DEFAULT NULL,
  `country_id` varchar(2) DEFAULT NULL,
  `region` varchar(2) DEFAULT NULL,
  `city` varchar(255) DEFAULT NULL,
  `metric_type` varchar(255) NOT NULL,
  `metric` int(11) NOT NULL,
  `pkp_section_id` bigint(20) DEFAULT NULL,
  `assoc_object_type` bigint(20) DEFAULT NULL,
  `assoc_object_id` bigint(20) DEFAULT NULL,
  `representation_id` bigint(20) DEFAULT NULL,
  KEY `metrics_load_id` (`load_id`),
  KEY `metrics_metric_type_context_id` (`metric_type`,`context_id`),
  KEY `metrics_metric_type_submission_id_assoc_type` (`metric_type`,`submission_id`,`assoc_type`)
) ENGINE=InnoDB DEFAULT CHARSET=utf8;

--
-- Dumping data for table `metrics`
--

INSERT INTO `metrics` VALUES ('usage_events_20160609.log',256,2,NULL,2,'20160609','201606',NULL,NULL,NULL,NULL,'ojs::counter',7,NULL,NULL,NULL,NULL),('usage_events_20160610.log',256,2,NULL,2,'20160610','201606',NULL,NULL,NULL,NULL,'ojs::counter',2,NULL,NULL,NULL,NULL),('usage_events_20160614.log',256,2,NULL,2,'20160614','201606',NULL,NULL,NULL,NULL,'ojs::counter',2,NULL,NULL,NULL,NULL),('usage_events_20160615.log',256,2,NULL,2,'20160615','201606',NULL,NULL,NULL,NULL,'ojs::counter',1,NULL,NULL,NULL,NULL),('usage_events_20160617.log',256,2,NULL,2,'20160617','201606',NULL,NULL,NULL,NULL,'ojs::counter',4,NULL,NULL,NULL,NULL),('usage_events_20160617.log',256,2,NULL,2,'20160617','201606',NULL,NULL,NULL,NULL,'ojs::counter',4,NULL,NULL,NULL,NULL),('usage_events_20160619.log',256,2,NULL,2,'20160619','201606',NULL,NULL,NULL,NULL,'ojs::counter',1,NULL,NULL,NULL,NULL),('usage_events_20160621.log',256,2,NULL,2,'20160621','201606',NULL,NULL,NULL,NULL,'ojs::counter',3,NULL,NULL,NULL,NULL),('usage_events_20160622.log',256,2,NULL,2,'20160622','201606',NULL,NULL,NULL,NULL,'ojs::counter',6,NULL,NULL,NULL,NULL),('usage_events_20160623.log',256,2,NULL,2,'20160623','201606',NULL,NULL,NULL,NULL,'ojs::counter',1,NULL,NULL,NULL,NULL),('usage_events_20160624.log',256,2,NULL,2,'20160624','201606',NULL,NULL,NULL,NULL,'ojs::counter',1,NULL,NULL,NULL,NULL),('usage_events_20160627.log',256,2,NULL,2,'20160627','201606',NULL,NULL,NULL,NULL,'ojs::counter',1,NULL,NULL,NULL,NULL),('usage_events_20160626.log',256,2,NULL,2,'20160626','201606',NULL,NULL,NULL,NULL,'ojs::counter',1,NULL,NULL,NULL,NULL),('usage_events_20160629.log',256,2,NULL,2,'20160629','201606',NULL,NULL,NULL,NULL,'ojs::counter',3,NULL,NULL,NULL,NULL),('usage_events_20160630.log',256,2,NULL,2,'20160630','201606',NULL,NULL,NULL,NULL,'ojs::counter',1,NULL,NULL,NULL,NULL),('usage_events_20160710.log',256,2,NULL,2,'20160710','201607',NULL,NULL,NULL,NULL,'ojs::counter',1,NULL,NULL,NULL,NULL),('usage_events_20160712.log',256,2,NULL,2,'20160712','201607',NULL,NULL,NULL,NULL,'ojs::counter',3,NULL,NULL,NULL,NULL),('usage_events_20160715.log',256,2,NULL,2,'20160715','201607',NULL,NULL,NULL,NULL,'ojs::counter',1,NULL,NULL,NULL,NULL),('usage_events_20160721.log',256,2,NULL,2,'20160721','201607',NULL,NULL,NULL,NULL,'ojs::counter',1,NULL,NULL,NULL,NULL),('usage_events_20160724.log',256,2,NULL,2,'20160724','201607',NULL,NULL,NULL,NULL,'ojs::counter',1,NULL,NULL,NULL,NULL),('usage_events_20160725.log',256,2,NULL,2,'20160725','201607',NULL,NULL,NULL,NULL,'ojs::counter',5,NULL,NULL,NULL,NULL),('usage_events_20160809.log',256,2,NULL,2,'20160809','201608',NULL,NULL,NULL,NULL,'ojs::counter',2,NULL,NULL,NULL,NULL),('usage_events_20160810.log',256,2,NULL,2,'20160810','201608',NULL,NULL,NULL,NULL,'ojs::counter',1,NULL,NULL,NULL,NULL),('usage_events_20160814.log',256,2,NULL,2,'20160814','201608',NULL,NULL,NULL,NULL,'ojs::counter',1,NULL,NULL,NULL,NULL),('usage_events_20160914.log',256,2,NULL,2,'20160914','201609',NULL,NULL,NULL,NULL,'ojs::counter',1,NULL,NULL,NULL,NULL),('usage_events_20161010.log',256,2,NULL,2,'20161010','201610',NULL,NULL,NULL,NULL,'ojs::counter',1,NULL,NULL,NULL,NULL),('usage_events_20161015.log',256,2,NULL,2,'20161015','201610',NULL,NULL,NULL,NULL,'ojs::counter',1,NULL,NULL,NULL,NULL),('usage_events_20161017.log',256,2,NULL,2,'20161017','201610',NULL,NULL,NULL,NULL,'ojs::counter',1,NULL,NULL,NULL,NULL),('usage_events_20161114.log',256,2,NULL,2,'20161114','201611',NULL,NULL,NULL,NULL,'ojs::counter',1,NULL,NULL,NULL,NULL),('usage_events_20161124.log',256,2,NULL,2,'20161124','201611',NULL,NULL,NULL,NULL,'ojs::counter',3,NULL,NULL,NULL,NULL),('usage_events_20161128.log',256,2,NULL,2,'20161128','201611',NULL,NULL,NULL,NULL,'ojs::counter',1,NULL,NULL,NULL,NULL),('usage_events_20161129.log',256,2,NULL,2,'20161129','201611',NULL,NULL,NULL,NULL,'ojs::counter',1,NULL,NULL,NULL,NULL),('usage_events_20161202.log',256,2,NULL,2,'20161202','201612',NULL,NULL,NULL,NULL,'ojs::counter',1,NULL,NULL,NULL,NULL),('usage_events_20161205.log',256,2,NULL,2,'20161205','201612',NULL,NULL,NULL,NULL,'ojs::counter',1,NULL,NULL,NULL,NULL),('usage_events_20161209.log',256,2,NULL,2,'20161209','201612',NULL,NULL,NULL,NULL,'ojs::counter',1,NULL,NULL,NULL,NULL),('usage_events_20161214.log',256,2,NULL,2,'20161214','201612',NULL,NULL,NULL,NULL,'ojs::counter',1,NULL,NULL,NULL,NULL),('usage_events_20161222.log',256,2,NULL,2,'20161222','201612',NULL,NULL,NULL,NULL,'ojs::counter',3,NULL,NULL,NULL,NULL),('usage_events_20170110.log',256,2,NULL,2,'20170110','201701',NULL,NULL,NULL,NULL,'ojs::counter',1,NULL,NULL,NULL,NULL),('usage_events_20170114.log',256,2,NULL,2,'20170114','201701',NULL,NULL,NULL,NULL,'ojs::counter',1,NULL,NULL,NULL,NULL),('usage_events_20170210.log',256,2,NULL,2,'20170210','201702',NULL,NULL,NULL,NULL,'ojs::counter',1,NULL,NULL,NULL,NULL),('usage_events_20170214.log',256,2,NULL,2,'20170214','201702',NULL,NULL,NULL,NULL,'ojs::counter',1,NULL,NULL,NULL,NULL),('usage_events_20170228.log',256,2,NULL,2,'20170228','201702',NULL,NULL,NULL,NULL,'ojs::counter',4,NULL,NULL,NULL,NULL),('usage_events_20170303.log',256,2,NULL,2,'20170303','201703',NULL,NULL,NULL,NULL,'ojs::counter',7,NULL,NULL,NULL,NULL),('usage_events_20170312.log',256,2,NULL,2,'20170312','201703',NULL,NULL,NULL,NULL,'ojs::counter',1,NULL,NULL,NULL,NULL),('usage_events_20170322.log',256,2,NULL,2,'20170322','201703',NULL,NULL,NULL,NULL,'ojs::counter',1,NULL,NULL,NULL,NULL),('usage_events_20170323.log',256,2,NULL,2,'20170323','201703',NULL,NULL,NULL,NULL,'ojs::counter',1,NULL,NULL,NULL,NULL),('usage_events_20170324.log',256,2,NULL,2,'20170324','201703',NULL,NULL,NULL,NULL,'ojs::counter',3,NULL,NULL,NULL,NULL),('usage_events_20170406.log',256,2,NULL,2,'20170406','201704',NULL,NULL,NULL,NULL,'ojs::counter',3,NULL,NULL,NULL,NULL),('usage_events_20170407.log',256,2,NULL,2,'20170407','201704',NULL,NULL,NULL,NULL,'ojs::counter',1,NULL,NULL,NULL,NULL),('usage_events_20170423.log',256,2,NULL,2,'20170423','201704',NULL,NULL,NULL,NULL,'ojs::counter',1,NULL,NULL,NULL,NULL),('usage_events_20170425.log',256,2,NULL,2,'20170425','201704',NULL,NULL,NULL,NULL,'ojs::counter',1,NULL,NULL,NULL,NULL),('usage_events_20170513.log',256,2,NULL,2,'20170513','201705',NULL,NULL,NULL,NULL,'ojs::counter',1,NULL,NULL,NULL,NULL),('usage_events_20170524.log',256,2,NULL,2,'20170524','201705',NULL,NULL,NULL,NULL,'ojs::counter',1,NULL,NULL,NULL,NULL),('usage_events_20170528.log',256,2,NULL,2,'20170528','201705',NULL,NULL,NULL,NULL,'ojs::counter',1,NULL,NULL,NULL,NULL),('usage_events_20170531.log',256,2,NULL,2,'20170531','201705',NULL,NULL,NULL,NULL,'ojs::counter',1,NULL,NULL,NULL,NULL),('usage_events_20170605.log',256,2,NULL,2,'20170605','201706',NULL,NULL,NULL,NULL,'ojs::counter',2,NULL,NULL,NULL,NULL),('usage_events_20170606.log',256,2,NULL,2,'20170606','201706',NULL,NULL,NULL,NULL,'ojs::counter',3,NULL,NULL,NULL,NULL),('usage_events_20170606.log',259,2,NULL,1,'20170606','201706',NULL,NULL,NULL,NULL,'ojs::counter',1,NULL,NULL,NULL,NULL),('usage_events_20170606.log',259,2,NULL,5,'20170606','201706',NULL,NULL,NULL,NULL,'ojs::counter',7,NULL,NULL,NULL,NULL),('usage_events_20170608.log',256,2,NULL,2,'20170608','201706',NULL,NULL,NULL,NULL,'ojs::counter',1,NULL,NULL,NULL,NULL),('usage_events_20170608.log',259,2,NULL,5,'20170608','201706',NULL,NULL,NULL,NULL,'ojs::counter',1,NULL,NULL,NULL,NULL),('usage_events_20170610.log',256,2,NULL,2,'20170610','201706',NULL,NULL,NULL,NULL,'ojs::counter',1,NULL,NULL,NULL,NULL),('usage_events_20170612.log',256,2,NULL,2,'20170612','201706',NULL,NULL,NULL,NULL,'ojs::counter',1,NULL,NULL,NULL,NULL),('usage_events_20170612.log',259,2,NULL,5,'20170612','201706',NULL,NULL,NULL,NULL,'ojs::counter',2,NULL,NULL,NULL,NULL),('usage_events_20170619.log',256,2,NULL,2,'20170619','201706',NULL,NULL,NULL,NULL,'ojs::counter',1,NULL,NULL,NULL,NULL),('usage_events_20170623.log',256,2,NULL,2,'20170623','201706',NULL,NULL,NULL,NULL,'ojs::counter',1,NULL,NULL,NULL,NULL),('usage_events_20170704.log',256,2,NULL,2,'20170704','201707',NULL,NULL,NULL,NULL,'ojs::counter',1,NULL,NULL,NULL,NULL),('usage_events_20170704.log',259,2,NULL,5,'20170704','201707',NULL,NULL,NULL,NULL,'ojs::counter',1,NULL,NULL,NULL,NULL),('usage_events_20170707.log',256,2,NULL,2,'20170707','201707',NULL,NULL,NULL,NULL,'ojs::counter',2,NULL,NULL,NULL,NULL),('usage_events_20170707.log',259,2,NULL,5,'20170707','201707',NULL,NULL,NULL,NULL,'ojs::counter',2,NULL,NULL,NULL,NULL),('usage_events_20170711.log',256,2,NULL,2,'20170711','201707',NULL,NULL,NULL,NULL,'ojs::counter',1,NULL,NULL,NULL,NULL),('usage_events_20170711.log',259,2,NULL,5,'20170711','201707',NULL,NULL,NULL,NULL,'ojs::counter',1,NULL,NULL,NULL,NULL),('usage_events_20170715.log',256,2,NULL,2,'20170715','201707',NULL,NULL,NULL,NULL,'ojs::counter',1,NULL,NULL,NULL,NULL),('usage_events_20170717.log',1048585,2,7,7,'20170717','201707',NULL,NULL,NULL,NULL,'ojs::counter',1,1,259,5,NULL),('usage_events_20170723.log',256,2,NULL,2,'20170723','201707',NULL,NULL,NULL,NULL,'ojs::counter',1,NULL,NULL,NULL,NULL),('usage_events_20170724.log',256,2,NULL,2,'20170724','201707',NULL,NULL,NULL,NULL,'ojs::counter',2,NULL,NULL,NULL,NULL),('usage_events_20170724.log',1048585,2,1,1,'20170724','201707',NULL,NULL,NULL,NULL,'ojs::counter',1,1,259,5,NULL),('usage_events_20170724.log',1048585,2,2,2,'20170724','201707',NULL,NULL,NULL,NULL,'ojs::counter',1,1,259,5,NULL),('usage_events_20170724.log',1048585,2,3,3,'20170724','201707',NULL,NULL,NULL,NULL,'ojs::counter',1,1,259,5,NULL),('usage_events_20170724.log',1048585,2,4,4,'20170724','201707',NULL,NULL,NULL,NULL,'ojs::counter',2,1,259,5,NULL),('usage_events_20170724.log',1048585,2,5,5,'20170724','201707',NULL,NULL,NULL,NULL,'ojs::counter',1,1,NULL,NULL,NULL),('usage_events_20170724.log',1048585,2,6,6,'20170724','201707',NULL,NULL,NULL,NULL,'ojs::counter',1,1,259,5,NULL),('usage_events_20170724.log',1048585,2,7,7,'20170724','201707',NULL,NULL,NULL,NULL,'ojs::counter',2,1,259,5,NULL),('usage_events_20170724.log',259,2,NULL,5,'20170724','201707',NULL,NULL,NULL,NULL,'ojs::counter',9,NULL,NULL,NULL,NULL),('usage_events_20170819.log',1048585,2,7,7,'20170819','201708',NULL,NULL,NULL,NULL,'ojs::counter',1,1,259,5,NULL),('usage_events_20170822.log',256,2,NULL,2,'20170822','201708',NULL,NULL,NULL,NULL,'ojs::counter',1,NULL,NULL,NULL,NULL),('usage_events_20170823.log',256,2,NULL,2,'20170823','201708',NULL,NULL,NULL,NULL,'ojs::counter',3,NULL,NULL,NULL,NULL),('usage_events_20170823.log',1048585,2,5,5,'20170823','201708',NULL,NULL,NULL,NULL,'ojs::counter',1,1,NULL,NULL,NULL),('usage_events_20170823.log',259,2,NULL,5,'20170823','201708',NULL,NULL,NULL,NULL,'ojs::counter',4,NULL,NULL,NULL,NULL),('usage_events_20170824.log',256,2,NULL,2,'20170824','201708',NULL,NULL,NULL,NULL,'ojs::counter',2,NULL,NULL,NULL,NULL),('usage_events_20170824.log',1048585,2,7,7,'20170824','201708',NULL,NULL,NULL,NULL,'ojs::counter',2,1,259,5,NULL),('usage_events_20170824.log',259,2,NULL,5,'20170824','201708',NULL,NULL,NULL,NULL,'ojs::counter',5,NULL,NULL,NULL,NULL),('usage_events_20170825.log',1048585,2,7,7,'20170825','201708',NULL,NULL,NULL,NULL,'ojs::counter',1,1,259,5,NULL),('usage_events_20170827.log',256,2,NULL,2,'20170827','201708',NULL,NULL,NULL,NULL,'ojs::counter',1,NULL,NULL,NULL,NULL),('usage_events_20170827.log',259,2,NULL,5,'20170827','201708',NULL,NULL,NULL,NULL,'ojs::counter',1,NULL,NULL,NULL,NULL),('usage_events_20170901.log',256,2,NULL,2,'20170901','201709',NULL,NULL,NULL,NULL,'ojs::counter',2,NULL,NULL,NULL,NULL),('usage_events_20170901.log',1048585,2,5,5,'20170901','201709',NULL,NULL,NULL,NULL,'ojs::counter',1,1,NULL,NULL,NULL),('usage_events_20170901.log',259,2,NULL,5,'20170901','201709',NULL,NULL,NULL,NULL,'ojs::counter',2,NULL,NULL,NULL,NULL),('usage_events_20170902.log',256,2,NULL,2,'20170902','201709',NULL,NULL,NULL,NULL,'ojs::counter',1,NULL,NULL,NULL,NULL),('usage_events_20170902.log',1048585,2,5,5,'20170902','201709',NULL,NULL,NULL,NULL,'ojs::counter',1,1,NULL,NULL,NULL),('usage_events_20170902.log',259,2,NULL,5,'20170902','201709',NULL,NULL,NULL,NULL,'ojs::counter',2,NULL,NULL,NULL,NULL),('usage_events_20170907.log',256,2,NULL,2,'20170907','201709',NULL,NULL,NULL,NULL,'ojs::counter',1,NULL,NULL,NULL,NULL),('usage_events_20170907.log',259,2,NULL,5,'20170907','201709',NULL,NULL,NULL,NULL,'ojs::counter',1,NULL,NULL,NULL,NULL),('usage_events_20170910.log',1048585,2,7,7,'20170910','201709',NULL,NULL,NULL,NULL,'ojs::counter',1,1,259,5,NULL),('usage_events_20170921.log',256,2,NULL,2,'20170921','201709',NULL,NULL,NULL,NULL,'ojs::counter',2,NULL,NULL,NULL,NULL),('usage_events_20170921.log',259,2,NULL,5,'20170921','201709',NULL,NULL,NULL,NULL,'ojs::counter',1,NULL,NULL,NULL,NULL),('usage_events_20170928.log',256,2,NULL,2,'20170928','201709',NULL,NULL,NULL,NULL,'ojs::counter',1,NULL,NULL,NULL,NULL),('usage_events_20170928.log',259,2,NULL,5,'20170928','201709',NULL,NULL,NULL,NULL,'ojs::counter',1,NULL,NULL,NULL,NULL),('usage_events_20170930.log',1048585,2,3,3,'20170930','201709',NULL,NULL,NULL,NULL,'ojs::counter',2,1,259,5,NULL),('usage_events_20170930.log',1048585,2,6,6,'20170930','201709',NULL,NULL,NULL,NULL,'ojs::counter',1,1,259,5,NULL),('usage_events_20171004.log',256,2,NULL,2,'20171004','201710',NULL,NULL,NULL,NULL,'ojs::counter',1,NULL,NULL,NULL,NULL),('usage_events_20171004.log',1048585,2,4,4,'20171004','201710',NULL,NULL,NULL,NULL,'ojs::counter',1,1,259,5,NULL),('usage_events_20171006.log',1048585,2,7,7,'20171006','201710',NULL,NULL,NULL,NULL,'ojs::counter',5,1,259,5,NULL),('usage_events_20171011.log',1048585,2,6,6,'20171011','201710',NULL,NULL,NULL,NULL,'ojs::counter',1,1,259,5,NULL),('usage_events_20171013.log',256,2,NULL,2,'20171013','201710',NULL,NULL,NULL,NULL,'ojs::counter',1,NULL,NULL,NULL,NULL),('usage_events_20171013.log',259,2,NULL,5,'20171013','201710',NULL,NULL,NULL,NULL,'ojs::counter',1,NULL,NULL,NULL,NULL),('usage_events_20171015.log',256,2,NULL,2,'20171015','201710',NULL,NULL,NULL,NULL,'ojs::counter',1,NULL,NULL,NULL,NULL),('usage_events_20171015.log',1048585,2,6,6,'20171015','201710',NULL,NULL,NULL,NULL,'ojs::counter',1,1,259,5,NULL),('usage_events_20171017.log',259,2,NULL,5,'20171017','201710',NULL,NULL,NULL,NULL,'ojs::counter',2,NULL,NULL,NULL,NULL),('usage_events_20171019.log',259,2,NULL,5,'20171019','201710',NULL,NULL,NULL,NULL,'ojs::counter',1,NULL,NULL,NULL,NULL),('usage_events_20171020.log',1048585,2,3,3,'20171020','201710',NULL,NULL,NULL,NULL,'ojs::counter',1,1,259,5,NULL),('usage_events_20171022.log',256,2,NULL,2,'20171022','201710',NULL,NULL,NULL,NULL,'ojs::counter',1,NULL,NULL,NULL,NULL),('usage_events_20171023.log',1048585,2,6,6,'20171023','201710',NULL,NULL,NULL,NULL,'ojs::counter',2,1,259,5,NULL),('usage_events_20171025.log',256,2,NULL,2,'20171025','201710',NULL,NULL,NULL,NULL,'ojs::counter',1,NULL,NULL,NULL,NULL),('usage_events_20171025.log',259,2,NULL,5,'20171025','201710',NULL,NULL,NULL,NULL,'ojs::counter',1,NULL,NULL,NULL,NULL),('usage_events_20171024.log',256,2,NULL,2,'20171024','201710',NULL,NULL,NULL,NULL,'ojs::counter',4,NULL,NULL,NULL,NULL),('usage_events_20171024.log',259,2,NULL,5,'20171024','201710',NULL,NULL,NULL,NULL,'ojs::counter',2,NULL,NULL,NULL,NULL),('usage_events_20171030.log',1048585,2,6,6,'20171030','201710',NULL,NULL,NULL,NULL,'ojs::counter',1,1,259,5,NULL),('usage_events_20171031.log',256,2,NULL,2,'20171031','201710',NULL,NULL,NULL,NULL,'ojs::counter',2,NULL,NULL,NULL,NULL),('usage_events_20171031.log',1048585,2,1,1,'20171031','201710',NULL,NULL,NULL,NULL,'ojs::counter',2,1,259,5,NULL),('usage_events_20171031.log',1048585,2,3,3,'20171031','201710',NULL,NULL,NULL,NULL,'ojs::counter',2,1,259,5,NULL),('usage_events_20171031.log',1048585,2,4,4,'20171031','201710',NULL,NULL,NULL,NULL,'ojs::counter',1,1,259,5,NULL),('usage_events_20171031.log',1048585,2,6,6,'20171031','201710',NULL,NULL,NULL,NULL,'ojs::counter',3,1,259,5,NULL),('usage_events_20171031.log',1048585,2,7,7,'20171031','201710',NULL,NULL,NULL,NULL,'ojs::counter',1,1,259,5,NULL),('usage_events_20171031.log',259,2,NULL,5,'20171031','201710',NULL,NULL,NULL,NULL,'ojs::counter',4,NULL,NULL,NULL,NULL),('usage_events_20171101.log',1048585,2,6,6,'20171101','201711',NULL,NULL,NULL,NULL,'ojs::counter',4,1,259,5,NULL),('usage_events_20171108.log',1048585,2,4,4,'20171108','201711',NULL,NULL,NULL,NULL,'ojs::counter',3,1,259,5,NULL),('usage_events_20171109.log',1048585,2,7,7,'20171109','201711',NULL,NULL,NULL,NULL,'ojs::counter',1,1,259,5,NULL),('usage_events_20171115.log',256,2,NULL,2,'20171115','201711',NULL,NULL,NULL,NULL,'ojs::counter',1,NULL,NULL,NULL,NULL),('usage_events_20171121.log',256,2,NULL,2,'20171121','201711',NULL,NULL,NULL,NULL,'ojs::counter',1,NULL,NULL,NULL,NULL),('usage_events_20171121.log',1048585,2,3,3,'20171121','201711',NULL,NULL,NULL,NULL,'ojs::counter',1,1,259,5,NULL),('usage_events_20171126.log',1048585,2,6,6,'20171126','201711',NULL,NULL,NULL,NULL,'ojs::counter',1,1,259,5,NULL),('usage_events_20171207.log',256,2,NULL,2,'20171207','201712',NULL,NULL,NULL,NULL,'ojs::counter',1,NULL,NULL,NULL,NULL),('usage_events_20171207.log',1048585,2,3,3,'20171207','201712',NULL,NULL,NULL,NULL,'ojs::counter',2,1,259,5,NULL),('usage_events_20171207.log',259,2,NULL,5,'20171207','201712',NULL,NULL,NULL,NULL,'ojs::counter',2,NULL,NULL,NULL,NULL),('usage_events_20171211.log',256,2,NULL,2,'20171211','201712',NULL,NULL,NULL,NULL,'ojs::counter',5,NULL,NULL,NULL,NULL),('usage_events_20171211.log',1048585,2,5,5,'20171211','201712',NULL,NULL,NULL,NULL,'ojs::counter',1,1,NULL,NULL,NULL),('usage_events_20171211.log',259,2,NULL,5,'20171211','201712',NULL,NULL,NULL,NULL,'ojs::counter',4,NULL,NULL,NULL,NULL),('usage_events_20171213.log',256,2,NULL,2,'20171213','201712',NULL,NULL,NULL,NULL,'ojs::counter',5,NULL,NULL,NULL,NULL),('usage_events_20171216.log',256,2,NULL,2,'20171216','201712',NULL,NULL,NULL,NULL,'ojs::counter',1,NULL,NULL,NULL,NULL),('usage_events_20171221.log',256,2,NULL,2,'20171221','201712',NULL,NULL,NULL,NULL,'ojs::counter',1,NULL,NULL,NULL,NULL),('usage_events_20171229.log',1048585,2,7,7,'20171229','201712',NULL,NULL,NULL,NULL,'ojs::counter',1,1,259,5,NULL),('usage_events_20171230.log',1048585,2,4,4,'20171230','201712',NULL,NULL,NULL,NULL,'ojs::counter',1,1,259,5,NULL),('usage_events_20171231.log',256,2,NULL,2,'20171231','201712',NULL,NULL,NULL,NULL,'ojs::counter',1,NULL,NULL,NULL,NULL),('usage_events_20171231.log',259,2,NULL,5,'20171231','201712',NULL,NULL,NULL,NULL,'ojs::counter',1,NULL,NULL,NULL,NULL),('usage_events_20180102.log',1048585,2,6,6,'20180102','201801',NULL,NULL,NULL,NULL,'ojs::counter',1,1,259,5,NULL),('usage_events_20180103.log',1048585,2,2,2,'20180103','201801',NULL,NULL,NULL,NULL,'ojs::counter',2,1,259,5,NULL),('usage_events_20180105.log',256,2,NULL,2,'20180105','201801',NULL,NULL,NULL,NULL,'ojs::counter',1,NULL,NULL,NULL,NULL),('usage_events_20180105.log',259,2,NULL,5,'20180105','201801',NULL,NULL,NULL,NULL,'ojs::counter',1,NULL,NULL,NULL,NULL),('usage_events_20180106.log',256,2,NULL,2,'20180106','201801',NULL,NULL,NULL,NULL,'ojs::counter',1,NULL,NULL,NULL,NULL),('usage_events_20180107.log',1048585,2,7,7,'20180107','201801',NULL,NULL,NULL,NULL,'ojs::counter',1,1,259,5,NULL),('usage_events_20180109.log',256,2,NULL,2,'20180109','201801',NULL,NULL,NULL,NULL,'ojs::counter',3,NULL,NULL,NULL,NULL),('usage_events_20180109.log',259,2,NULL,5,'20180109','201801',NULL,NULL,NULL,NULL,'ojs::counter',1,NULL,NULL,NULL,NULL),('usage_events_20180112.log',1048585,2,4,4,'20180112','201801',NULL,NULL,NULL,NULL,'ojs::counter',1,1,259,5,NULL),('usage_events_20180113.log',1048585,2,3,3,'20180113','201801',NULL,NULL,NULL,NULL,'ojs::counter',1,1,259,5,NULL),('usage_events_20180114.log',256,2,NULL,2,'20180114','201801',NULL,NULL,NULL,NULL,'ojs::counter',1,NULL,NULL,NULL,NULL),('usage_events_20180114.log',1048585,2,7,7,'20180114','201801',NULL,NULL,NULL,NULL,'ojs::counter',1,1,259,5,NULL),('usage_events_20180114.log',259,2,NULL,5,'20180114','201801',NULL,NULL,NULL,NULL,'ojs::counter',1,NULL,NULL,NULL,NULL),('usage_events_20180115.log',256,2,NULL,2,'20180115','201801',NULL,NULL,NULL,NULL,'ojs::counter',1,NULL,NULL,NULL,NULL),('usage_events_20180115.log',259,2,NULL,5,'20180115','201801',NULL,NULL,NULL,NULL,'ojs::counter',1,NULL,NULL,NULL,NULL),('usage_events_20180116.log',1048585,2,4,4,'20180116','201801',NULL,NULL,NULL,NULL,'ojs::counter',2,1,259,5,NULL),('usage_events_20180117.log',1048585,2,4,4,'20180117','201801',NULL,NULL,NULL,NULL,'ojs::counter',2,1,259,5,NULL),('usage_events_20180118.log',1048585,2,3,3,'20180118','201801',NULL,NULL,NULL,NULL,'ojs::counter',2,1,259,5,NULL),('usage_events_20180118.log',1048585,2,4,4,'20180118','201801',NULL,NULL,NULL,NULL,'ojs::counter',1,1,259,5,NULL),('usage_events_20180119.log',256,2,NULL,2,'20180119','201801',NULL,NULL,NULL,NULL,'ojs::counter',1,NULL,NULL,NULL,NULL),('usage_events_20180123.log',1048585,2,7,7,'20180123','201801',NULL,NULL,NULL,NULL,'ojs::counter',1,1,259,5,NULL),('usage_events_20180124.log',1048585,2,3,3,'20180124','201801',NULL,NULL,NULL,NULL,'ojs::counter',5,1,259,5,NULL),('usage_events_20180127.log',1048585,2,7,7,'20180127','201801',NULL,NULL,NULL,NULL,'ojs::counter',1,1,259,5,NULL),('usage_events_20180128.log',256,2,NULL,2,'20180128','201801',NULL,NULL,NULL,NULL,'ojs::counter',1,NULL,NULL,NULL,NULL),('usage_events_20180128.log',1048585,2,5,5,'20180128','201801',NULL,NULL,NULL,NULL,'ojs::counter',1,1,NULL,NULL,NULL),('usage_events_20180128.log',259,2,NULL,5,'20180128','201801',NULL,NULL,NULL,NULL,'ojs::counter',1,NULL,NULL,NULL,NULL),('usage_events_20180130.log',256,2,NULL,2,'20180130','201801',NULL,NULL,NULL,NULL,'ojs::counter',1,NULL,NULL,NULL,NULL),('usage_events_20180130.log',1048585,2,6,6,'20180130','201801',NULL,NULL,NULL,NULL,'ojs::counter',1,1,259,5,NULL),('usage_events_20180130.log',259,2,NULL,5,'20180130','201801',NULL,NULL,NULL,NULL,'ojs::counter',1,NULL,NULL,NULL,NULL),('usage_events_20180203.log',1048585,2,5,5,'20180203','201802',NULL,NULL,NULL,NULL,'ojs::counter',1,1,NULL,NULL,NULL),('usage_events_20180205.log',256,2,NULL,2,'20180205','201802',NULL,NULL,NULL,NULL,'ojs::counter',6,NULL,NULL,NULL,NULL),('usage_events_20180205.log',259,2,NULL,5,'20180205','201802',NULL,NULL,NULL,NULL,'ojs::counter',3,NULL,NULL,NULL,NULL),('usage_events_20180206.log',256,2,NULL,2,'20180206','201802',NULL,NULL,NULL,NULL,'ojs::counter',1,NULL,NULL,NULL,NULL),('usage_events_20180206.log',1048585,2,5,5,'20180206','201802',NULL,NULL,NULL,NULL,'ojs::counter',1,1,NULL,NULL,NULL),('usage_events_20180206.log',259,2,NULL,5,'20180206','201802',NULL,NULL,NULL,NULL,'ojs::counter',1,NULL,NULL,NULL,NULL),('usage_events_20180207.log',256,2,NULL,2,'20180207','201802',NULL,NULL,NULL,NULL,'ojs::counter',1,NULL,NULL,NULL,NULL),('usage_events_20180212.log',256,2,NULL,2,'20180212','201802',NULL,NULL,NULL,NULL,'ojs::counter',2,NULL,NULL,NULL,NULL),('usage_events_20180212.log',1048585,2,5,5,'20180212','201802',NULL,NULL,NULL,NULL,'ojs::counter',1,1,NULL,NULL,NULL),('usage_events_20180213.log',256,2,NULL,2,'20180213','201802',NULL,NULL,NULL,NULL,'ojs::counter',11,NULL,NULL,NULL,NULL),('usage_events_20180213.log',1048585,2,7,7,'20180213','201802',NULL,NULL,NULL,NULL,'ojs::counter',1,1,259,5,NULL),('usage_events_20180214.log',256,2,NULL,2,'20180214','201802',NULL,NULL,NULL,NULL,'ojs::counter',5,NULL,NULL,NULL,NULL),('usage_events_20180215.log',256,2,NULL,2,'20180215','201802',NULL,NULL,NULL,NULL,'ojs::counter',1,NULL,NULL,NULL,NULL),('usage_events_20180216.log',1048585,2,3,3,'20180216','201802',NULL,NULL,NULL,NULL,'ojs::counter',1,1,259,5,NULL),('usage_events_20180219.log',256,2,NULL,2,'20180219','201802',NULL,NULL,NULL,NULL,'ojs::counter',6,NULL,NULL,NULL,NULL),('usage_events_20180219.log',256,2,NULL,2,'20180219','201802',NULL,NULL,NULL,NULL,'ojs::counter',6,NULL,NULL,NULL,NULL),('usage_events_20180219.log',259,2,NULL,5,'20180219','201802',NULL,NULL,NULL,NULL,'ojs::counter',4,NULL,NULL,NULL,NULL),('usage_events_20180219.log',259,2,NULL,5,'20180219','201802',NULL,NULL,NULL,NULL,'ojs::counter',4,NULL,NULL,NULL,NULL),('usage_events_20180220.log',256,2,NULL,2,'20180220','201802',NULL,NULL,NULL,NULL,'ojs::counter',2,NULL,NULL,NULL,NULL),('usage_events_20180220.log',256,2,NULL,2,'20180220','201802',NULL,NULL,NULL,NULL,'ojs::counter',2,NULL,NULL,NULL,NULL),('usage_events_20180221.log',256,2,NULL,2,'20180221','201802',NULL,NULL,NULL,NULL,'ojs::counter',1,NULL,NULL,NULL,NULL),('usage_events_20180222.log',256,2,NULL,2,'20180222','201802',NULL,NULL,NULL,NULL,'ojs::counter',1,NULL,NULL,NULL,NULL),('usage_events_20180222.log',259,2,NULL,5,'20180222','201802',NULL,NULL,NULL,NULL,'ojs::counter',1,NULL,NULL,NULL,NULL),('usage_events_20180224.log',256,2,NULL,2,'20180224','201802',NULL,NULL,NULL,NULL,'ojs::counter',2,NULL,NULL,NULL,NULL),('usage_events_20180224.log',259,2,NULL,5,'20180224','201802',NULL,NULL,NULL,NULL,'ojs::counter',1,NULL,NULL,NULL,NULL),('usage_events_20180226.log',1048585,2,5,5,'20180226','201802',NULL,NULL,NULL,NULL,'ojs::counter',1,1,NULL,NULL,NULL),('usage_events_20180226.log',259,2,NULL,5,'20180226','201802',NULL,NULL,NULL,NULL,'ojs::counter',3,NULL,NULL,NULL,NULL),('usage_events_20180227.log',1048585,2,5,5,'20180227','201802',NULL,NULL,NULL,NULL,'ojs::counter',1,1,NULL,NULL,NULL),('usage_events_20180227.log',259,2,NULL,5,'20180227','201802',NULL,NULL,NULL,NULL,'ojs::counter',1,NULL,NULL,NULL,NULL),('usage_events_20180306.log',256,2,NULL,2,'20180306','201803',NULL,NULL,NULL,NULL,'ojs::counter',1,NULL,NULL,NULL,NULL),('usage_events_20180307.log',256,2,NULL,2,'20180307','201803',NULL,NULL,NULL,NULL,'ojs::counter',1,NULL,NULL,NULL,NULL),('usage_events_20180308.log',1048585,2,7,7,'20180308','201803',NULL,NULL,NULL,NULL,'ojs::counter',5,1,259,5,NULL),('usage_events_20180309.log',1048585,2,3,3,'20180309','201803',NULL,NULL,NULL,NULL,'ojs::counter',1,1,259,5,NULL),('usage_events_20180310.log',1048585,2,4,4,'20180310','201803',NULL,NULL,NULL,NULL,'ojs::counter',1,1,259,5,NULL),('usage_events_20180310.log',1048585,2,7,7,'20180310','201803',NULL,NULL,NULL,NULL,'ojs::counter',1,1,259,5,NULL),('usage_events_20180312.log',256,2,NULL,2,'20180312','201803',NULL,NULL,NULL,NULL,'ojs::counter',1,NULL,NULL,NULL,NULL),('usage_events_20180313.log',256,2,NULL,2,'20180313','201803',NULL,NULL,NULL,NULL,'ojs::counter',2,NULL,NULL,NULL,NULL),('usage_events_20180313.log',1048585,2,3,3,'20180313','201803',NULL,NULL,NULL,NULL,'ojs::counter',2,1,259,5,NULL),('usage_events_20180313.log',259,2,NULL,5,'20180313','201803',NULL,NULL,NULL,NULL,'ojs::counter',1,NULL,NULL,NULL,NULL),('usage_events_20180319.log',1048585,2,6,6,'20180319','201803',NULL,NULL,NULL,NULL,'ojs::counter',1,1,259,5,NULL),('usage_events_20180320.log',1048585,2,3,3,'20180320','201803',NULL,NULL,NULL,NULL,'ojs::counter',1,1,259,5,NULL),('usage_events_20180323.log',256,2,NULL,2,'20180323','201803',NULL,NULL,NULL,NULL,'ojs::counter',1,NULL,NULL,NULL,NULL),('usage_events_20180326.log',256,2,NULL,2,'20180326','201803',NULL,NULL,NULL,NULL,'ojs::counter',6,NULL,NULL,NULL,NULL),('usage_events_20180326.log',1048585,2,1,1,'20180326','201803',NULL,NULL,NULL,NULL,'ojs::counter',1,1,259,5,NULL),('usage_events_20180326.log',1048585,2,2,2,'20180326','201803',NULL,NULL,NULL,NULL,'ojs::counter',1,1,259,5,NULL),('usage_events_20180326.log',1048585,2,3,3,'20180326','201803',NULL,NULL,NULL,NULL,'ojs::counter',1,1,259,5,NULL),('usage_events_20180326.log',1048585,2,7,7,'20180326','201803',NULL,NULL,NULL,NULL,'ojs::counter',2,1,259,5,NULL),('usage_events_20180326.log',259,2,NULL,5,'20180326','201803',NULL,NULL,NULL,NULL,'ojs::counter',4,NULL,NULL,NULL,NULL),('usage_events_20180328.log',256,2,NULL,2,'20180328','201803',NULL,NULL,NULL,NULL,'ojs::counter',2,NULL,NULL,NULL,NULL),('usage_events_20180330.log',256,2,NULL,2,'20180330','201803',NULL,NULL,NULL,NULL,'ojs::counter',1,NULL,NULL,NULL,NULL),('usage_events_20180330.log',259,2,NULL,5,'20180330','201803',NULL,NULL,NULL,NULL,'ojs::counter',1,NULL,NULL,NULL,NULL),('usage_events_20180401.log',256,2,NULL,2,'20180401','201804',NULL,NULL,NULL,NULL,'ojs::counter',1,NULL,NULL,NULL,NULL),('usage_events_20180401.log',259,2,NULL,5,'20180401','201804',NULL,NULL,NULL,NULL,'ojs::counter',1,NULL,NULL,NULL,NULL),('usage_events_20180405.log',256,2,NULL,2,'20180405','201804',NULL,NULL,NULL,NULL,'ojs::counter',1,NULL,NULL,NULL,NULL),('usage_events_20180405.log',1048585,2,3,3,'20180405','201804',NULL,NULL,NULL,NULL,'ojs::counter',1,1,259,5,NULL),('usage_events_20180406.log',256,2,NULL,2,'20180406','201804',NULL,NULL,NULL,NULL,'ojs::counter',2,NULL,NULL,NULL,NULL),('usage_events_20180408.log',1048585,2,3,3,'20180408','201804',NULL,NULL,NULL,NULL,'ojs::counter',1,1,259,5,NULL),('usage_events_20180409.log',256,2,NULL,2,'20180409','201804',NULL,NULL,NULL,NULL,'ojs::counter',2,NULL,NULL,NULL,NULL),('usage_events_20180410.log',256,2,NULL,2,'20180410','201804',NULL,NULL,NULL,NULL,'ojs::counter',1,NULL,NULL,NULL,NULL),('usage_events_20180410.log',259,2,NULL,5,'20180410','201804',NULL,NULL,NULL,NULL,'ojs::counter',1,NULL,NULL,NULL,NULL),('usage_events_20180412.log',1048585,2,4,4,'20180412','201804',NULL,NULL,NULL,NULL,'ojs::counter',2,1,259,5,NULL),('usage_events_20180413.log',1048585,2,4,4,'20180413','201804',NULL,NULL,NULL,NULL,'ojs::counter',1,1,259,5,NULL),('usage_events_20180415.log',1048585,2,5,5,'20180415','201804',NULL,NULL,NULL,NULL,'ojs::counter',1,1,NULL,NULL,NULL),('usage_events_20180417.log',1048585,2,3,3,'20180417','201804',NULL,NULL,NULL,NULL,'ojs::counter',1,1,259,5,NULL),('usage_events_20180418.log',1048585,2,3,3,'20180418','201804',NULL,NULL,NULL,NULL,'ojs::counter',4,1,259,5,NULL),('usage_events_20180422.log',256,2,NULL,2,'20180422','201804',NULL,NULL,NULL,NULL,'ojs::counter',1,NULL,NULL,NULL,NULL),('usage_events_20180503.log',256,2,NULL,2,'20180503','201805',NULL,NULL,NULL,NULL,'ojs::counter',1,NULL,NULL,NULL,NULL),('usage_events_20180503.log',1048585,2,7,7,'20180503','201805',NULL,NULL,NULL,NULL,'ojs::counter',4,1,259,5,NULL),('usage_events_20180504.log',256,2,NULL,2,'20180504','201805',NULL,NULL,NULL,NULL,'ojs::counter',2,NULL,NULL,NULL,NULL),('usage_events_20180505.log',256,2,NULL,2,'20180505','201805',NULL,NULL,NULL,NULL,'ojs::counter',1,NULL,NULL,NULL,NULL),('usage_events_20180507.log',1048585,2,6,6,'20180507','201805',NULL,NULL,NULL,NULL,'ojs::counter',1,1,259,5,NULL),('usage_events_20180510.log',256,2,NULL,2,'20180510','201805',NULL,NULL,NULL,NULL,'ojs::counter',1,NULL,NULL,NULL,NULL),('usage_events_20180510.log',259,2,NULL,5,'20180510','201805',NULL,NULL,NULL,NULL,'ojs::counter',1,NULL,NULL,NULL,NULL),('usage_events_20180512.log',256,2,NULL,2,'20180512','201805',NULL,NULL,NULL,NULL,'ojs::counter',1,NULL,NULL,NULL,NULL),('usage_events_20180512.log',1048585,2,4,4,'20180512','201805',NULL,NULL,NULL,NULL,'ojs::counter',1,1,259,5,NULL),('usage_events_20180512.log',259,2,NULL,5,'20180512','201805',NULL,NULL,NULL,NULL,'ojs::counter',1,NULL,NULL,NULL,NULL),('usage_events_20180513.log',256,2,NULL,2,'20180513','201805',NULL,NULL,NULL,NULL,'ojs::counter',1,NULL,NULL,NULL,NULL),('usage_events_20180513.log',1048585,2,2,2,'20180513','201805',NULL,NULL,NULL,NULL,'ojs::counter',1,1,259,5,NULL),('usage_events_20180513.log',1048585,2,6,6,'20180513','201805',NULL,NULL,NULL,NULL,'ojs::counter',1,1,259,5,NULL),('usage_events_20180518.log',1048585,2,3,3,'20180518','201805',NULL,NULL,NULL,NULL,'ojs::counter',2,1,259,5,NULL),('usage_events_20180520.log',256,2,NULL,2,'20180520','201805',NULL,NULL,NULL,NULL,'ojs::counter',1,NULL,NULL,NULL,NULL),('usage_events_20180522.log',256,2,NULL,2,'20180522','201805',NULL,NULL,NULL,NULL,'ojs::counter',1,NULL,NULL,NULL,NULL),('usage_events_20180523.log',1048585,2,6,6,'20180523','201805',NULL,NULL,NULL,NULL,'ojs::counter',2,1,259,5,NULL),('usage_events_20180524.log',1048585,2,2,2,'20180524','201805',NULL,NULL,NULL,NULL,'ojs::counter',1,1,259,5,NULL),('usage_events_20180524.log',1048585,2,3,3,'20180524','201805',NULL,NULL,NULL,NULL,'ojs::counter',2,1,259,5,NULL),('usage_events_20180525.log',1048585,2,3,3,'20180525','201805',NULL,NULL,NULL,NULL,'ojs::counter',4,1,259,5,NULL),('usage_events_20180526.log',1048585,2,6,6,'20180526','201805',NULL,NULL,NULL,NULL,'ojs::counter',1,1,259,5,NULL),('usage_events_20180528.log',1048585,2,3,3,'20180528','201805',NULL,NULL,NULL,NULL,'ojs::counter',1,1,259,5,NULL),('usage_events_20180529.log',1048585,2,7,7,'20180529','201805',NULL,NULL,NULL,NULL,'ojs::counter',1,1,259,5,NULL),('usage_events_20180531.log',1048585,2,3,3,'20180531','201805',NULL,NULL,NULL,NULL,'ojs::counter',1,1,259,5,NULL),('usage_events_20180531.log',1048585,2,4,4,'20180531','201805',NULL,NULL,NULL,NULL,'ojs::counter',4,1,259,5,NULL),('usage_events_20180602.log',1048585,2,3,3,'20180602','201806',NULL,NULL,NULL,NULL,'ojs::counter',1,1,259,5,NULL),('usage_events_20180605.log',1048585,2,1,1,'20180605','201806',NULL,NULL,NULL,NULL,'ojs::counter',1,1,259,5,NULL),('usage_events_20180605.log',1048585,2,3,3,'20180605','201806',NULL,NULL,NULL,NULL,'ojs::counter',2,1,259,5,NULL),('usage_events_20180606.log',256,2,NULL,2,'20180606','201806',NULL,NULL,NULL,NULL,'ojs::counter',1,NULL,NULL,NULL,NULL),('usage_events_20180606.log',1048585,2,6,6,'20180606','201806',NULL,NULL,NULL,NULL,'ojs::counter',1,1,259,5,NULL),('usage_events_20180710.log',256,2,NULL,2,'20180710','201807',NULL,NULL,NULL,NULL,'ojs::counter',1,NULL,NULL,NULL,NULL),('usage_events_20181007.log',256,2,NULL,2,'20181007','201810',NULL,NULL,NULL,NULL,'ojs::counter',4,NULL,NULL,NULL,NULL),('usage_events_20181009.log',256,2,NULL,2,'20181009','201810',NULL,NULL,NULL,NULL,'ojs::counter',1,NULL,NULL,NULL,NULL),('usage_events_20181009.log',259,2,NULL,5,'20181009','201810',NULL,NULL,NULL,NULL,'ojs::counter',1,NULL,NULL,NULL,NULL),('usage_events_20181010.log',256,2,NULL,2,'20181010','201810',NULL,NULL,NULL,NULL,'ojs::counter',1,NULL,NULL,NULL,NULL),('usage_events_20181010.log',259,2,NULL,5,'20181010','201810',NULL,NULL,NULL,NULL,'ojs::counter',1,NULL,NULL,NULL,NULL),('usage_events_20181013.log',1048585,2,7,7,'20181013','201810',NULL,NULL,NULL,NULL,'ojs::counter',2,1,259,5,NULL),('usage_events_20181013.log',1048585,2,7,7,'20181013','201810',NULL,NULL,NULL,NULL,'ojs::counter',2,1,259,5,NULL),('usage_events_20181016.log',1048585,2,1,1,'20181016','201810',NULL,NULL,NULL,NULL,'ojs::counter',1,1,259,5,NULL),('usage_events_20181018.log',256,2,NULL,2,'20181018','201810',NULL,NULL,NULL,NULL,'ojs::counter',6,NULL,NULL,NULL,NULL),('usage_events_20181018.log',259,2,NULL,5,'20181018','201810',NULL,NULL,NULL,NULL,'ojs::counter',7,NULL,NULL,NULL,NULL),('usage_events_20181022.log',256,2,NULL,2,'20181022','201810',NULL,NULL,NULL,NULL,'ojs::counter',2,NULL,NULL,NULL,NULL),('usage_events_20181121.log',256,2,NULL,2,'20181121','201811',NULL,NULL,NULL,NULL,'ojs::counter',1,NULL,NULL,NULL,NULL),('usage_events_20181123.log',256,2,NULL,2,'20181123','201811',NULL,NULL,NULL,NULL,'ojs::counter',1,NULL,NULL,NULL,NULL),('usage_events_20181125.log',256,2,NULL,2,'20181125','201811',NULL,NULL,NULL,NULL,'ojs::counter',1,NULL,NULL,NULL,NULL),('usage_events_20181129.log',256,2,NULL,2,'20181129','201811',NULL,NULL,NULL,NULL,'ojs::counter',3,NULL,NULL,NULL,NULL),('usage_events_20181129.log',1048585,2,5,5,'20181129','201811',NULL,NULL,NULL,NULL,'ojs::counter',1,1,NULL,NULL,NULL),('usage_events_20181129.log',1048585,2,6,6,'20181129','201811',NULL,NULL,NULL,NULL,'ojs::counter',1,1,259,5,NULL),('usage_events_20181129.log',259,2,NULL,5,'20181129','201811',NULL,NULL,NULL,NULL,'ojs::counter',4,NULL,NULL,NULL,NULL),('usage_events_20181130.log',259,2,NULL,5,'20181130','201811',NULL,NULL,NULL,NULL,'ojs::counter',1,NULL,NULL,NULL,NULL),('usage_events_20181204.log',1048585,2,6,6,'20181204','201812',NULL,NULL,NULL,NULL,'ojs::counter',1,1,259,5,NULL),('usage_events_20181207.log',256,2,NULL,2,'20181207','201812',NULL,NULL,NULL,NULL,'ojs::counter',1,NULL,NULL,NULL,NULL),('usage_events_20181207.log',1048585,2,6,6,'20181207','201812',NULL,NULL,NULL,NULL,'ojs::counter',11,1,259,5,NULL),('usage_events_20181216.log',1048585,2,6,6,'20181216','201812',NULL,NULL,NULL,NULL,'ojs::counter',3,1,259,5,NULL),('usage_events_20181223.log',256,2,NULL,2,'20181223','201812',NULL,NULL,NULL,NULL,'ojs::counter',1,NULL,NULL,NULL,NULL),('usage_events_20181226.log',256,2,NULL,2,'20181226','201812',NULL,NULL,NULL,NULL,'ojs::counter',23,NULL,NULL,NULL,NULL),('usage_events_20181226.log',259,2,NULL,5,'20181226','201812',NULL,NULL,NULL,NULL,'ojs::counter',6,NULL,NULL,NULL,NULL),('usage_events_20190102.log',256,2,NULL,2,'20190102','201901',NULL,NULL,NULL,NULL,'ojs::counter',2,NULL,NULL,NULL,NULL),('usage_events_20190102.log',1048585,2,6,6,'20190102','201901',NULL,NULL,NULL,NULL,'ojs::counter',2,1,259,5,NULL),('usage_events_20190102.log',259,2,NULL,5,'20190102','201901',NULL,NULL,NULL,NULL,'ojs::counter',3,NULL,NULL,NULL,NULL),('usage_events_20190109.log',256,2,NULL,2,'20190109','201901',NULL,NULL,NULL,NULL,'ojs::counter',2,NULL,NULL,NULL,NULL),('usage_events_20190109.log',259,2,NULL,5,'20190109','201901',NULL,NULL,NULL,NULL,'ojs::counter',1,NULL,NULL,NULL,NULL),('usage_events_20190110.log',256,2,NULL,2,'20190110','201901',NULL,NULL,NULL,NULL,'ojs::counter',5,NULL,NULL,NULL,NULL),('usage_events_20190110.log',1048585,2,1,1,'20190110','201901',NULL,NULL,NULL,NULL,'ojs::counter',3,1,259,5,NULL),('usage_events_20190110.log',1048585,2,2,2,'20190110','201901',NULL,NULL,NULL,NULL,'ojs::counter',3,1,259,5,NULL),('usage_events_20190110.log',1048585,2,3,3,'20190110','201901',NULL,NULL,NULL,NULL,'ojs::counter',3,1,259,5,NULL),('usage_events_20190110.log',1048585,2,4,4,'20190110','201901',NULL,NULL,NULL,NULL,'ojs::counter',3,1,259,5,NULL),('usage_events_20190110.log',1048585,2,5,5,'20190110','201901',NULL,NULL,NULL,NULL,'ojs::counter',3,1,NULL,NULL,NULL),('usage_events_20190110.log',1048585,2,6,6,'20190110','201901',NULL,NULL,NULL,NULL,'ojs::counter',3,1,259,5,NULL),('usage_events_20190110.log',1048585,2,7,7,'20190110','201901',NULL,NULL,NULL,NULL,'ojs::counter',3,1,259,5,NULL),('usage_events_20190110.log',259,2,NULL,5,'20190110','201901',NULL,NULL,NULL,NULL,'ojs::counter',4,NULL,NULL,NULL,NULL),('usage_events_20190117.log',1048585,2,6,6,'20190117','201901',NULL,NULL,NULL,NULL,'ojs::counter',4,1,259,5,NULL),('usage_events_20190122.log',256,2,NULL,2,'20190122','201901',NULL,NULL,NULL,NULL,'ojs::counter',2,NULL,NULL,NULL,NULL),('usage_events_20190122.log',1048585,2,6,6,'20190122','201901',NULL,NULL,NULL,NULL,'ojs::counter',1,1,259,5,NULL),('usage_events_20190131.log',259,2,NULL,5,'20190131','201901',NULL,NULL,NULL,NULL,'ojs::counter',1,NULL,NULL,NULL,NULL),('usage_events_20190202.log',256,2,NULL,2,'20190202','201902',NULL,NULL,NULL,NULL,'ojs::counter',3,NULL,NULL,NULL,NULL),('usage_events_20190202.log',259,2,NULL,5,'20190202','201902',NULL,NULL,NULL,NULL,'ojs::counter',1,NULL,NULL,NULL,NULL),('usage_events_20190203.log',1048585,2,6,6,'20190203','201902',NULL,NULL,NULL,NULL,'ojs::counter',2,1,259,5,NULL),('usage_events_20190207.log',1048585,2,6,6,'20190207','201902',NULL,NULL,NULL,NULL,'ojs::counter',1,1,259,5,NULL),('usage_events_20190221.log',256,2,NULL,2,'20190221','201902',NULL,NULL,NULL,NULL,'ojs::counter',1,NULL,NULL,NULL,NULL),('usage_events_20190225.log',1048585,2,6,6,'20190225','201902',NULL,NULL,NULL,NULL,'ojs::counter',1,1,259,5,NULL),('usage_events_20190226.log',1048585,2,6,6,'20190226','201902',NULL,NULL,NULL,NULL,'ojs::counter',1,1,259,5,NULL),('usage_events_20190226.log',1048585,2,7,7,'20190226','201902',NULL,NULL,NULL,NULL,'ojs::counter',1,1,259,5,NULL),('usage_events_20190228.log',256,2,NULL,2,'20190228','201902',NULL,NULL,NULL,NULL,'ojs::counter',4,NULL,NULL,NULL,NULL),('usage_events_20190228.log',259,2,NULL,5,'20190228','201902',NULL,NULL,NULL,NULL,'ojs::counter',1,NULL,NULL,NULL,NULL),('usage_events_20190306.log',1048585,2,6,6,'20190306','201903',NULL,NULL,NULL,NULL,'ojs::counter',2,1,259,5,NULL),('usage_events_20190307.log',256,2,NULL,2,'20190307','201903',NULL,NULL,NULL,NULL,'ojs::counter',1,NULL,NULL,NULL,NULL),('usage_events_20190314.log',256,2,NULL,2,'20190314','201903',NULL,NULL,NULL,NULL,'ojs::counter',4,NULL,NULL,NULL,NULL),('usage_events_20190314.log',1048585,2,5,5,'20190314','201903',NULL,NULL,NULL,NULL,'ojs::counter',4,1,NULL,NULL,NULL),('usage_events_20190314.log',259,2,NULL,5,'20190314','201903',NULL,NULL,NULL,NULL,'ojs::counter',4,NULL,NULL,NULL,NULL),('usage_events_20190315.log',1048585,2,7,7,'20190315','201903',NULL,NULL,NULL,NULL,'ojs::counter',2,1,259,5,NULL),('usage_events_20190318.log',256,2,NULL,2,'20190318','201903',NULL,NULL,NULL,NULL,'ojs::counter',4,NULL,NULL,NULL,NULL),('usage_events_20190318.log',1048585,2,5,5,'20190318','201903',NULL,NULL,NULL,NULL,'ojs::counter',2,1,NULL,NULL,NULL),('usage_events_20190318.log',259,2,NULL,5,'20190318','201903',NULL,NULL,NULL,NULL,'ojs::counter',8,NULL,NULL,NULL,NULL),('usage_events_20190318.log',515,2,7,40,'20190318','201903',2,NULL,NULL,NULL,'ojs::counter',2,1,259,5,26),('usage_events_20190319.log',256,2,NULL,2,'20190319','201903',NULL,NULL,NULL,NULL,'ojs::counter',3,NULL,NULL,NULL,NULL),('usage_events_20190319.log',259,2,NULL,5,'20190319','201903',NULL,NULL,NULL,NULL,'ojs::counter',3,NULL,NULL,NULL,NULL),('usage_events_20190320.log',256,2,NULL,2,'20190320','201903',NULL,NULL,NULL,NULL,'ojs::counter',2,NULL,NULL,NULL,NULL),('usage_events_20190320.log',1048585,2,5,5,'20190320','201903',NULL,NULL,NULL,NULL,'ojs::counter',1,1,NULL,NULL,NULL),('usage_events_20190322.log',256,2,NULL,2,'20190322','201903',NULL,NULL,NULL,NULL,'ojs::counter',3,NULL,NULL,NULL,NULL),('usage_events_20190321.log',256,2,NULL,2,'20190321','201903',NULL,NULL,NULL,NULL,'ojs::counter',5,NULL,NULL,NULL,NULL),('usage_events_20190321.log',259,2,NULL,5,'20190321','201903',NULL,NULL,NULL,NULL,'ojs::counter',1,NULL,NULL,NULL,NULL),('usage_events_20190324.log',256,2,NULL,2,'20190324','201903',NULL,NULL,NULL,NULL,'ojs::counter',1,NULL,NULL,NULL,NULL),('usage_events_20190326.log',256,2,NULL,2,'20190326','201903',NULL,NULL,NULL,NULL,'ojs::counter',2,NULL,NULL,NULL,NULL),('usage_events_20190327.log',256,2,NULL,2,'20190327','201903',NULL,NULL,NULL,NULL,'ojs::counter',3,NULL,NULL,NULL,NULL),('usage_events_20190327.log',1048585,2,3,3,'20190327','201903',NULL,NULL,NULL,NULL,'ojs::counter',1,1,259,5,NULL),('usage_events_20190327.log',259,2,NULL,5,'20190327','201903',NULL,NULL,NULL,NULL,'ojs::counter',5,NULL,NULL,NULL,NULL),('usage_events_20190327.log',515,2,3,28,'20190327','201903',2,NULL,NULL,NULL,'ojs::counter',1,1,259,5,15),('usage_events_20190401.log',256,2,NULL,2,'20190401','201904',NULL,NULL,NULL,NULL,'ojs::counter',1,NULL,NULL,NULL,NULL),('usage_events_20190404.log',256,2,NULL,2,'20190404','201904',NULL,NULL,NULL,NULL,'ojs::counter',1,NULL,NULL,NULL,NULL),('usage_events_20190404.log',259,2,NULL,5,'20190404','201904',NULL,NULL,NULL,NULL,'ojs::counter',1,NULL,NULL,NULL,NULL),('usage_events_20190409.log',256,2,NULL,2,'20190409','201904',NULL,NULL,NULL,NULL,'ojs::counter',1,NULL,NULL,NULL,NULL),('usage_events_20190411.log',256,2,NULL,2,'20190411','201904',NULL,NULL,NULL,NULL,'ojs::counter',2,NULL,NULL,NULL,NULL),('usage_events_20190421.log',256,2,NULL,2,'20190421','201904',NULL,NULL,NULL,NULL,'ojs::counter',1,NULL,NULL,NULL,NULL),('usage_events_20190422.log',256,2,NULL,2,'20190422','201904',NULL,NULL,NULL,NULL,'ojs::counter',2,NULL,NULL,NULL,NULL),('usage_events_20190423.log',256,2,NULL,2,'20190423','201904',NULL,NULL,NULL,NULL,'ojs::counter',3,NULL,NULL,NULL,NULL),('usage_events_20190423.log',259,2,NULL,5,'20190423','201904',NULL,NULL,NULL,NULL,'ojs::counter',1,NULL,NULL,NULL,NULL),('usage_events_20190424.log',256,2,NULL,2,'20190424','201904',NULL,NULL,NULL,NULL,'ojs::counter',1,NULL,NULL,NULL,NULL),('usage_events_20190424.log',259,2,NULL,5,'20190424','201904',NULL,NULL,NULL,NULL,'ojs::counter',1,NULL,NULL,NULL,NULL),('usage_events_20190426.log',256,2,NULL,2,'20190426','201904',NULL,NULL,NULL,NULL,'ojs::counter',2,NULL,NULL,NULL,NULL),('usage_events_20190426.log',1048585,2,3,3,'20190426','201904',NULL,NULL,NULL,NULL,'ojs::counter',3,1,259,5,NULL),('usage_events_20190426.log',259,2,NULL,5,'20190426','201904',NULL,NULL,NULL,NULL,'ojs::counter',3,NULL,NULL,NULL,NULL),('usage_events_20190426.log',515,2,3,28,'20190426','201904',2,NULL,NULL,NULL,'ojs::counter',1,1,259,5,15),('usage_events_20190427.log',256,2,NULL,2,'20190427','201904',NULL,NULL,NULL,NULL,'ojs::counter',2,NULL,NULL,NULL,NULL),('usage_events_20190427.log',259,2,NULL,5,'20190427','201904',NULL,NULL,NULL,NULL,'ojs::counter',1,NULL,NULL,NULL,NULL),('usage_events_20190502.log',1048585,2,2,2,'20190502','201905',NULL,NULL,NULL,NULL,'ojs::counter',1,1,259,5,NULL),('usage_events_20190505.log',256,2,NULL,2,'20190505','201905',NULL,NULL,NULL,NULL,'ojs::counter',2,NULL,NULL,NULL,NULL),('usage_events_20190505.log',259,2,NULL,5,'20190505','201905',NULL,NULL,NULL,NULL,'ojs::counter',1,NULL,NULL,NULL,NULL),('usage_events_20190510.log',256,2,NULL,2,'20190510','201905',NULL,NULL,NULL,NULL,'ojs::counter',1,NULL,NULL,NULL,NULL),('usage_events_20190510.log',259,2,NULL,5,'20190510','201905',NULL,NULL,NULL,NULL,'ojs::counter',1,NULL,NULL,NULL,NULL),('usage_events_20190522.log',256,2,NULL,2,'20190522','201905',NULL,NULL,NULL,NULL,'ojs::counter',1,NULL,NULL,NULL,NULL),('usage_events_20190527.log',515,2,2,35,'20190527','201905',2,NULL,NULL,NULL,'ojs::counter',1,1,259,5,22),('usage_events_20190530.log',1048585,2,6,6,'20190530','201905',NULL,NULL,NULL,NULL,'ojs::counter',1,1,259,5,NULL),('usage_events_20190619.log',256,2,NULL,2,'20190619','201906',NULL,NULL,NULL,NULL,'ojs::counter',1,NULL,NULL,NULL,NULL),('usage_events_20190620.log',1048585,2,6,6,'20190620','201906',NULL,NULL,NULL,NULL,'ojs::counter',2,1,259,5,NULL),('usage_events_20190620.log',515,2,6,38,'20190620','201906',2,NULL,NULL,NULL,'ojs::counter',1,1,259,5,25),('usage_events_20190625.log',256,2,NULL,2,'20190625','201906',NULL,NULL,NULL,NULL,'ojs::counter',4,NULL,NULL,NULL,NULL),('usage_events_20190625.log',1048585,2,1,1,'20190625','201906',NULL,NULL,NULL,NULL,'ojs::counter',1,1,259,5,NULL),('usage_events_20190625.log',259,2,NULL,5,'20190625','201906',NULL,NULL,NULL,NULL,'ojs::counter',5,NULL,NULL,NULL,NULL),('usage_events_20190627.log',256,2,NULL,2,'20190627','201906',NULL,NULL,NULL,NULL,'ojs::counter',1,NULL,NULL,NULL,NULL),('usage_events_20190630.log',1048585,2,1,1,'20190630','201906',NULL,NULL,NULL,NULL,'ojs::counter',1,1,259,5,NULL),('usage_events_20190630.log',1048585,2,2,2,'20190630','201906',NULL,NULL,NULL,NULL,'ojs::counter',1,1,259,5,NULL),('usage_events_20190630.log',1048585,2,4,4,'20190630','201906',NULL,NULL,NULL,NULL,'ojs::counter',1,1,259,5,NULL),('usage_events_20190630.log',1048585,2,6,6,'20190630','201906',NULL,NULL,NULL,NULL,'ojs::counter',1,1,259,5,NULL),('usage_events_20190630.log',1048585,2,7,7,'20190630','201906',NULL,NULL,NULL,NULL,'ojs::counter',1,1,259,5,NULL),('usage_events_20190630.log',259,2,NULL,5,'20190630','201906',NULL,NULL,NULL,NULL,'ojs::counter',1,NULL,NULL,NULL,NULL),('usage_events_20190704.log',256,2,NULL,2,'20190704','201907',NULL,NULL,NULL,NULL,'ojs::counter',1,NULL,NULL,NULL,NULL),('usage_events_20190704.log',259,2,NULL,5,'20190704','201907',NULL,NULL,NULL,NULL,'ojs::counter',1,NULL,NULL,NULL,NULL),('usage_events_20190706.log',1048585,2,1,1,'20190706','201907',NULL,NULL,NULL,NULL,'ojs::counter',1,1,259,5,NULL),('usage_events_20190706.log',1048585,2,2,2,'20190706','201907',NULL,NULL,NULL,NULL,'ojs::counter',2,1,259,5,NULL),('usage_events_20190706.log',1048585,2,4,4,'20190706','201907',NULL,NULL,NULL,NULL,'ojs::counter',1,1,259,5,NULL),('usage_events_20190706.log',1048585,2,6,6,'20190706','201907',NULL,NULL,NULL,NULL,'ojs::counter',1,1,259,5,NULL),('usage_events_20190706.log',1048585,2,7,7,'20190706','201907',NULL,NULL,NULL,NULL,'ojs::counter',1,1,259,5,NULL),('usage_events_20190706.log',259,2,NULL,5,'20190706','201907',NULL,NULL,NULL,NULL,'ojs::counter',1,NULL,NULL,NULL,NULL),('usage_events_20190707.log',1048585,2,2,2,'20190707','201907',NULL,NULL,NULL,NULL,'ojs::counter',1,1,259,5,NULL),('usage_events_20190711.log',256,2,NULL,2,'20190711','201907',NULL,NULL,NULL,NULL,'ojs::counter',1,NULL,NULL,NULL,NULL),('usage_events_20190711.log',259,2,NULL,5,'20190711','201907',NULL,NULL,NULL,NULL,'ojs::counter',1,NULL,NULL,NULL,NULL),('usage_events_20190711.log',515,2,3,28,'20190711','201907',2,NULL,NULL,NULL,'ojs::counter',1,1,259,5,15),('usage_events_20190715.log',515,2,4,36,'20190715','201907',2,NULL,NULL,NULL,'ojs::counter',1,1,259,5,23),('usage_events_20190716.log',256,2,NULL,2,'20190716','201907',NULL,NULL,NULL,NULL,'ojs::counter',1,NULL,NULL,NULL,NULL),('usage_events_20190716.log',1048585,2,1,1,'20190716','201907',NULL,NULL,NULL,NULL,'ojs::counter',1,1,259,5,NULL),('usage_events_20190716.log',1048585,2,2,2,'20190716','201907',NULL,NULL,NULL,NULL,'ojs::counter',1,1,259,5,NULL),('usage_events_20190716.log',1048585,2,3,3,'20190716','201907',NULL,NULL,NULL,NULL,'ojs::counter',1,1,259,5,NULL),('usage_events_20190716.log',1048585,2,4,4,'20190716','201907',NULL,NULL,NULL,NULL,'ojs::counter',1,1,259,5,NULL),('usage_events_20190716.log',1048585,2,6,6,'20190716','201907',NULL,NULL,NULL,NULL,'ojs::counter',1,1,259,5,NULL),('usage_events_20190716.log',1048585,2,7,7,'20190716','201907',NULL,NULL,NULL,NULL,'ojs::counter',1,1,259,5,NULL),('usage_events_20190716.log',259,2,NULL,5,'20190716','201907',NULL,NULL,NULL,NULL,'ojs::counter',1,NULL,NULL,NULL,NULL),('usage_events_20190719.log',256,2,NULL,2,'20190719','201907',NULL,NULL,NULL,NULL,'ojs::counter',3,NULL,NULL,NULL,NULL),('usage_events_20190719.log',1048585,2,1,1,'20190719','201907',NULL,NULL,NULL,NULL,'ojs::counter',1,1,259,5,NULL),('usage_events_20190719.log',1048585,2,2,2,'20190719','201907',NULL,NULL,NULL,NULL,'ojs::counter',1,1,259,5,NULL),('usage_events_20190719.log',259,2,NULL,5,'20190719','201907',NULL,NULL,NULL,NULL,'ojs::counter',2,NULL,NULL,NULL,NULL),('usage_events_20190719.log',515,2,3,28,'20190719','201907',2,NULL,NULL,NULL,'ojs::counter',2,1,259,5,15),('usage_events_20190719.log',515,2,1,29,'20190719','201907',2,NULL,NULL,NULL,'ojs::counter',2,1,259,5,16),('usage_events_20190719.log',515,2,2,35,'20190719','201907',2,NULL,NULL,NULL,'ojs::counter',2,1,259,5,22),('usage_events_20190719.log',515,2,4,36,'20190719','201907',2,NULL,NULL,NULL,'ojs::counter',3,1,259,5,23),('usage_events_20190719.log',515,2,6,38,'20190719','201907',2,NULL,NULL,NULL,'ojs::counter',2,1,259,5,25),('usage_events_20190719.log',515,2,7,40,'20190719','201907',2,NULL,NULL,NULL,'ojs::counter',1,1,259,5,26),('usage_events_20190721.log',1048585,2,6,6,'20190721','201907',NULL,NULL,NULL,NULL,'ojs::counter',1,1,259,5,NULL),('usage_events_20190722.log',256,2,NULL,2,'20190722','201907',NULL,NULL,NULL,NULL,'ojs::counter',2,NULL,NULL,NULL,NULL),('usage_events_20190722.log',1048585,2,2,2,'20190722','201907',NULL,NULL,NULL,NULL,'ojs::counter',1,1,259,5,NULL),('usage_events_20190722.log',1048585,2,3,3,'20190722','201907',NULL,NULL,NULL,NULL,'ojs::counter',1,1,259,5,NULL),('usage_events_20190722.log',1048585,2,4,4,'20190722','201907',NULL,NULL,NULL,NULL,'ojs::counter',1,1,259,5,NULL),('usage_events_20190722.log',259,2,NULL,5,'20190722','201907',NULL,NULL,NULL,NULL,'ojs::counter',1,NULL,NULL,NULL,NULL),('usage_events_20190727.log',1048585,2,1,1,'20190727','201907',NULL,NULL,NULL,NULL,'ojs::counter',1,1,259,5,NULL),('usage_events_20190727.log',1048585,2,2,2,'20190727','201907',NULL,NULL,NULL,NULL,'ojs::counter',1,1,259,5,NULL),('usage_events_20190727.log',1048585,2,4,4,'20190727','201907',NULL,NULL,NULL,NULL,'ojs::counter',1,1,259,5,NULL),('usage_events_20190727.log',1048585,2,6,6,'20190727','201907',NULL,NULL,NULL,NULL,'ojs::counter',1,1,259,5,NULL),('usage_events_20190727.log',1048585,2,7,7,'20190727','201907',NULL,NULL,NULL,NULL,'ojs::counter',1,1,259,5,NULL),('usage_events_20190727.log',259,2,NULL,5,'20190727','201907',NULL,NULL,NULL,NULL,'ojs::counter',1,NULL,NULL,NULL,NULL),('usage_events_20190729.log',256,2,NULL,2,'20190729','201907',NULL,NULL,NULL,NULL,'ojs::counter',1,NULL,NULL,NULL,NULL),('usage_events_20190731.log',1048585,2,2,2,'20190731','201907',NULL,NULL,NULL,NULL,'ojs::counter',5,1,259,5,NULL),('usage_events_20190731.log',1048585,2,6,6,'20190731','201907',NULL,NULL,NULL,NULL,'ojs::counter',1,1,259,5,NULL),('usage_events_20190801.log',1048585,2,6,6,'20190801','201908',NULL,NULL,NULL,NULL,'ojs::counter',1,1,259,5,NULL),('usage_events_20190802.log',256,2,NULL,2,'20190802','201908',NULL,NULL,NULL,NULL,'ojs::counter',4,NULL,NULL,NULL,NULL),('usage_events_20190802.log',259,2,NULL,5,'20190802','201908',NULL,NULL,NULL,NULL,'ojs::counter',3,NULL,NULL,NULL,NULL),('usage_events_20190803.log',515,2,6,38,'20190803','201908',2,NULL,NULL,NULL,'ojs::counter',1,1,259,5,25),('usage_events_20190804.log',1048585,2,2,2,'20190804','201908',NULL,NULL,NULL,NULL,'ojs::counter',1,1,259,5,NULL),('usage_events_20190805.log',256,2,NULL,2,'20190805','201908',NULL,NULL,NULL,NULL,'ojs::counter',3,NULL,NULL,NULL,NULL),('usage_events_20190805.log',1048585,2,2,2,'20190805','201908',NULL,NULL,NULL,NULL,'ojs::counter',2,1,259,5,NULL),('usage_events_20190805.log',259,2,NULL,5,'20190805','201908',NULL,NULL,NULL,NULL,'ojs::counter',4,NULL,NULL,NULL,NULL),('usage_events_20190806.log',256,2,NULL,2,'20190806','201908',NULL,NULL,NULL,NULL,'ojs::counter',5,NULL,NULL,NULL,NULL),('usage_events_20190806.log',1048585,2,6,6,'20190806','201908',NULL,NULL,NULL,NULL,'ojs::counter',1,1,259,5,NULL),('usage_events_20190807.log',1048585,2,6,6,'20190807','201908',NULL,NULL,NULL,NULL,'ojs::counter',1,1,259,5,NULL),('usage_events_20190811.log',1048585,2,2,2,'20190811','201908',NULL,NULL,NULL,NULL,'ojs::counter',1,1,259,5,NULL),('usage_events_20190816.log',259,2,NULL,5,'20190816','201908',NULL,NULL,NULL,NULL,'ojs::counter',1,NULL,NULL,NULL,NULL),('usage_events_20190819.log',256,2,NULL,2,'20190819','201908',NULL,NULL,NULL,NULL,'ojs::counter',4,NULL,NULL,NULL,NULL),('usage_events_20190819.log',1048585,2,7,7,'20190819','201908',NULL,NULL,NULL,NULL,'ojs::counter',1,1,259,5,NULL),('usage_events_20190827.log',256,2,NULL,2,'20190827','201908',NULL,NULL,NULL,NULL,'ojs::counter',10,NULL,NULL,NULL,NULL),('usage_events_20190828.log',256,2,NULL,2,'20190828','201908',NULL,NULL,NULL,NULL,'ojs::counter',1,NULL,NULL,NULL,NULL),('usage_events_20190829.log',256,2,NULL,2,'20190829','201908',NULL,NULL,NULL,NULL,'ojs::counter',3,NULL,NULL,NULL,NULL),('usage_events_20190829.log',259,2,NULL,5,'20190829','201908',NULL,NULL,NULL,NULL,'ojs::counter',1,NULL,NULL,NULL,NULL),('usage_events_20190831.log',1048585,2,1,1,'20190831','201908',NULL,NULL,NULL,NULL,'ojs::counter',2,1,259,5,NULL),('usage_events_20190831.log',1048585,2,2,2,'20190831','201908',NULL,NULL,NULL,NULL,'ojs::counter',2,1,259,5,NULL),('usage_events_20190831.log',1048585,2,4,4,'20190831','201908',NULL,NULL,NULL,NULL,'ojs::counter',2,1,259,5,NULL),('usage_events_20190831.log',1048585,2,6,6,'20190831','201908',NULL,NULL,NULL,NULL,'ojs::counter',2,1,259,5,NULL),('usage_events_20190831.log',1048585,2,7,7,'20190831','201908',NULL,NULL,NULL,NULL,'ojs::counter',2,1,259,5,NULL),('usage_events_20190831.log',259,2,NULL,5,'20190831','201908',NULL,NULL,NULL,NULL,'ojs::counter',2,NULL,NULL,NULL,NULL),('usage_events_20190903.log',256,2,NULL,2,'20190903','201909',NULL,NULL,NULL,NULL,'ojs::counter',1,NULL,NULL,NULL,NULL),('usage_events_20190904.log',256,2,NULL,2,'20190904','201909',NULL,NULL,NULL,NULL,'ojs::counter',32,NULL,NULL,NULL,NULL),('usage_events_20190904.log',1048585,2,3,3,'20190904','201909',NULL,NULL,NULL,NULL,'ojs::counter',1,1,259,5,NULL),('usage_events_20190904.log',259,2,NULL,5,'20190904','201909',NULL,NULL,NULL,NULL,'ojs::counter',4,NULL,NULL,NULL,NULL),('usage_events_20190904.log',515,2,3,28,'20190904','201909',2,NULL,NULL,NULL,'ojs::counter',1,1,259,5,15),('usage_events_20190905.log',256,2,NULL,2,'20190905','201909',NULL,NULL,NULL,NULL,'ojs::counter',27,NULL,NULL,NULL,NULL),('usage_events_20190905.log',259,2,NULL,5,'20190905','201909',NULL,NULL,NULL,NULL,'ojs::counter',3,NULL,NULL,NULL,NULL),('usage_events_20190906.log',256,2,NULL,2,'20190906','201909',NULL,NULL,NULL,NULL,'ojs::counter',1,NULL,NULL,NULL,NULL),('usage_events_20190907.log',256,2,NULL,2,'20190907','201909',NULL,NULL,NULL,NULL,'ojs::counter',1,NULL,NULL,NULL,NULL),('usage_events_20190909.log',256,2,NULL,2,'20190909','201909',NULL,NULL,NULL,NULL,'ojs::counter',1,NULL,NULL,NULL,NULL),('usage_events_20190910.log',256,2,NULL,2,'20190910','201909',NULL,NULL,NULL,NULL,'ojs::counter',1,NULL,NULL,NULL,NULL),('usage_events_20190912.log',256,2,NULL,2,'20190912','201909',NULL,NULL,NULL,NULL,'ojs::counter',1,NULL,NULL,NULL,NULL),('usage_events_20190913.log',256,2,NULL,2,'20190913','201909',NULL,NULL,NULL,NULL,'ojs::counter',1,NULL,NULL,NULL,NULL),('usage_events_20190914.log',256,2,NULL,2,'20190914','201909',NULL,NULL,NULL,NULL,'ojs::counter',3,NULL,NULL,NULL,NULL),('usage_events_20190914.log',1048585,2,1,1,'20190914','201909',NULL,NULL,NULL,NULL,'ojs::counter',1,1,259,5,NULL),('usage_events_20190914.log',1048585,2,2,2,'20190914','201909',NULL,NULL,NULL,NULL,'ojs::counter',1,1,259,5,NULL),('usage_events_20190914.log',1048585,2,3,3,'20190914','201909',NULL,NULL,NULL,NULL,'ojs::counter',1,1,259,5,NULL),('usage_events_20190914.log',1048585,2,4,4,'20190914','201909',NULL,NULL,NULL,NULL,'ojs::counter',1,1,259,5,NULL),('usage_events_20190914.log',1048585,2,6,6,'20190914','201909',NULL,NULL,NULL,NULL,'ojs::counter',1,1,259,5,NULL),('usage_events_20190914.log',1048585,2,7,7,'20190914','201909',NULL,NULL,NULL,NULL,'ojs::counter',1,1,259,5,NULL),('usage_events_20190914.log',259,2,NULL,5,'20190914','201909',NULL,NULL,NULL,NULL,'ojs::counter',2,NULL,NULL,NULL,NULL),('usage_events_20190917.log',256,2,NULL,2,'20190917','201909',NULL,NULL,NULL,NULL,'ojs::counter',2,NULL,NULL,NULL,NULL),('usage_events_20190917.log',1048585,2,1,1,'20190917','201909',NULL,NULL,NULL,NULL,'ojs::counter',1,1,259,5,NULL),('usage_events_20190917.log',1048585,2,2,2,'20190917','201909',NULL,NULL,NULL,NULL,'ojs::counter',1,1,259,5,NULL),('usage_events_20190917.log',1048585,2,3,3,'20190917','201909',NULL,NULL,NULL,NULL,'ojs::counter',1,1,259,5,NULL),('usage_events_20190917.log',1048585,2,4,4,'20190917','201909',NULL,NULL,NULL,NULL,'ojs::counter',1,1,259,5,NULL),('usage_events_20190917.log',1048585,2,6,6,'20190917','201909',NULL,NULL,NULL,NULL,'ojs::counter',1,1,259,5,NULL),('usage_events_20190917.log',1048585,2,7,7,'20190917','201909',NULL,NULL,NULL,NULL,'ojs::counter',1,1,259,5,NULL),('usage_events_20190917.log',259,2,NULL,5,'20190917','201909',NULL,NULL,NULL,NULL,'ojs::counter',1,NULL,NULL,NULL,NULL),('usage_events_20190922.log',256,2,NULL,2,'20190922','201909',NULL,NULL,NULL,NULL,'ojs::counter',2,NULL,NULL,NULL,NULL),('usage_events_20190922.log',1048585,2,1,1,'20190922','201909',NULL,NULL,NULL,NULL,'ojs::counter',2,1,259,5,NULL),('usage_events_20190922.log',1048585,2,2,2,'20190922','201909',NULL,NULL,NULL,NULL,'ojs::counter',2,1,259,5,NULL),('usage_events_20190922.log',1048585,2,3,3,'20190922','201909',NULL,NULL,NULL,NULL,'ojs::counter',2,1,259,5,NULL),('usage_events_20190922.log',1048585,2,4,4,'20190922','201909',NULL,NULL,NULL,NULL,'ojs::counter',2,1,259,5,NULL),('usage_events_20190922.log',1048585,2,6,6,'20190922','201909',NULL,NULL,NULL,NULL,'ojs::counter',2,1,259,5,NULL),('usage_events_20190922.log',1048585,2,7,7,'20190922','201909',NULL,NULL,NULL,NULL,'ojs::counter',1,1,259,5,NULL),('usage_events_20190922.log',259,2,NULL,5,'20190922','201909',NULL,NULL,NULL,NULL,'ojs::counter',1,NULL,NULL,NULL,NULL),('usage_events_20190922.log',515,2,3,28,'20190922','201909',2,NULL,NULL,NULL,'ojs::counter',1,1,259,5,15),('usage_events_20190922.log',515,2,1,29,'20190922','201909',2,NULL,NULL,NULL,'ojs::counter',1,1,259,5,16),('usage_events_20190922.log',515,2,2,35,'20190922','201909',2,NULL,NULL,NULL,'ojs::counter',1,1,259,5,22),('usage_events_20190922.log',515,2,4,36,'20190922','201909',2,NULL,NULL,NULL,'ojs::counter',1,1,259,5,23),('usage_events_20190922.log',515,2,7,40,'20190922','201909',2,NULL,NULL,NULL,'ojs::counter',1,1,259,5,26),('usage_events_20190923.log',256,2,NULL,2,'20190923','201909',NULL,NULL,NULL,NULL,'ojs::counter',1,NULL,NULL,NULL,NULL),('usage_events_20190923.log',1048585,2,1,1,'20190923','201909',NULL,NULL,NULL,NULL,'ojs::counter',1,1,259,5,NULL),('usage_events_20190923.log',1048585,2,2,2,'20190923','201909',NULL,NULL,NULL,NULL,'ojs::counter',1,1,259,5,NULL),('usage_events_20190923.log',1048585,2,4,4,'20190923','201909',NULL,NULL,NULL,NULL,'ojs::counter',1,1,259,5,NULL),('usage_events_20190923.log',1048585,2,6,6,'20190923','201909',NULL,NULL,NULL,NULL,'ojs::counter',1,1,259,5,NULL),('usage_events_20190923.log',1048585,2,7,7,'20190923','201909',NULL,NULL,NULL,NULL,'ojs::counter',1,1,259,5,NULL),('usage_events_20190923.log',259,2,NULL,5,'20190923','201909',NULL,NULL,NULL,NULL,'ojs::counter',1,NULL,NULL,NULL,NULL),('usage_events_20190923.log',515,2,6,38,'20190923','201909',2,NULL,NULL,NULL,'ojs::counter',1,1,259,5,25),('usage_events_20190925.log',256,2,NULL,2,'20190925','201909',NULL,NULL,NULL,NULL,'ojs::counter',1,NULL,NULL,NULL,NULL),('usage_events_20190930.log',256,2,NULL,2,'20190930','201909',NULL,NULL,NULL,NULL,'ojs::counter',1,NULL,NULL,NULL,NULL),('usage_events_20191002.log',256,2,NULL,2,'20191002','201910',NULL,NULL,NULL,NULL,'ojs::counter',4,NULL,NULL,NULL,NULL),('usage_events_20191003.log',256,2,NULL,2,'20191003','201910',NULL,NULL,NULL,NULL,'ojs::counter',28,NULL,NULL,NULL,NULL),('usage_events_20191003.log',1048585,2,1,1,'20191003','201910',NULL,NULL,NULL,NULL,'ojs::counter',2,1,259,5,NULL),('usage_events_20191003.log',1048585,2,2,2,'20191003','201910',NULL,NULL,NULL,NULL,'ojs::counter',2,1,259,5,NULL),('usage_events_20191003.log',1048585,2,3,3,'20191003','201910',NULL,NULL,NULL,NULL,'ojs::counter',1,1,259,5,NULL),('usage_events_20191003.log',1048585,2,4,4,'20191003','201910',NULL,NULL,NULL,NULL,'ojs::counter',2,1,259,5,NULL),('usage_events_20191003.log',1048585,2,6,6,'20191003','201910',NULL,NULL,NULL,NULL,'ojs::counter',2,1,259,5,NULL),('usage_events_20191003.log',1048585,2,7,7,'20191003','201910',NULL,NULL,NULL,NULL,'ojs::counter',2,1,259,5,NULL),('usage_events_20191003.log',259,2,NULL,5,'20191003','201910',NULL,NULL,NULL,NULL,'ojs::counter',3,NULL,NULL,NULL,NULL),('usage_events_20191004.log',256,2,NULL,2,'20191004','201910',NULL,NULL,NULL,NULL,'ojs::counter',8,NULL,NULL,NULL,NULL),('usage_events_20191004.log',259,2,NULL,5,'20191004','201910',NULL,NULL,NULL,NULL,'ojs::counter',2,NULL,NULL,NULL,NULL),('usage_events_20191006.log',256,2,NULL,2,'20191006','201910',NULL,NULL,NULL,NULL,'ojs::counter',2,NULL,NULL,NULL,NULL),('usage_events_20191007.log',256,2,NULL,2,'20191007','201910',NULL,NULL,NULL,NULL,'ojs::counter',2,NULL,NULL,NULL,NULL),('usage_events_20191007.log',1048585,2,1,1,'20191007','201910',NULL,NULL,NULL,NULL,'ojs::counter',1,1,259,5,NULL),('usage_events_20191007.log',1048585,2,2,2,'20191007','201910',NULL,NULL,NULL,NULL,'ojs::counter',1,1,259,5,NULL),('usage_events_20191007.log',1048585,2,3,3,'20191007','201910',NULL,NULL,NULL,NULL,'ojs::counter',1,1,259,5,NULL),('usage_events_20191007.log',1048585,2,4,4,'20191007','201910',NULL,NULL,NULL,NULL,'ojs::counter',1,1,259,5,NULL),('usage_events_20191007.log',1048585,2,6,6,'20191007','201910',NULL,NULL,NULL,NULL,'ojs::counter',1,1,259,5,NULL),('usage_events_20191007.log',1048585,2,7,7,'20191007','201910',NULL,NULL,NULL,NULL,'ojs::counter',1,1,259,5,NULL),('usage_events_20191007.log',259,2,NULL,5,'20191007','201910',NULL,NULL,NULL,NULL,'ojs::counter',1,NULL,NULL,NULL,NULL),('usage_events_20191008.log',256,2,NULL,2,'20191008','201910',NULL,NULL,NULL,NULL,'ojs::counter',4,NULL,NULL,NULL,NULL),('usage_events_20191008.log',259,2,NULL,5,'20191008','201910',NULL,NULL,NULL,NULL,'ojs::counter',1,NULL,NULL,NULL,NULL),('usage_events_20191011.log',256,2,NULL,2,'20191011','201910',NULL,NULL,NULL,NULL,'ojs::counter',1,NULL,NULL,NULL,NULL),('usage_events_20191015.log',515,2,2,35,'20191015','201910',2,NULL,NULL,NULL,'ojs::counter',1,1,259,5,22),('usage_events_20191016.log',1048585,2,1,1,'20191016','201910',NULL,NULL,NULL,NULL,'ojs::counter',1,1,259,5,NULL),('usage_events_20191016.log',1048585,2,2,2,'20191016','201910',NULL,NULL,NULL,NULL,'ojs::counter',1,1,259,5,NULL),('usage_events_20191016.log',1048585,2,4,4,'20191016','201910',NULL,NULL,NULL,NULL,'ojs::counter',1,1,259,5,NULL),('usage_events_20191016.log',1048585,2,6,6,'20191016','201910',NULL,NULL,NULL,NULL,'ojs::counter',1,1,259,5,NULL),('usage_events_20191016.log',1048585,2,7,7,'20191016','201910',NULL,NULL,NULL,NULL,'ojs::counter',1,1,259,5,NULL),('usage_events_20191016.log',259,2,NULL,5,'20191016','201910',NULL,NULL,NULL,NULL,'ojs::counter',1,NULL,NULL,NULL,NULL),('usage_events_20191019.log',256,2,NULL,2,'20191019','201910',NULL,NULL,NULL,NULL,'ojs::counter',2,NULL,NULL,NULL,NULL),('usage_events_20191020.log',256,2,NULL,2,'20191020','201910',NULL,NULL,NULL,NULL,'ojs::counter',2,NULL,NULL,NULL,NULL),('usage_events_20191022.log',1048585,2,6,6,'20191022','201910',NULL,NULL,NULL,NULL,'ojs::counter',1,1,259,5,NULL),('usage_events_20191023.log',256,2,NULL,2,'20191023','201910',NULL,NULL,NULL,NULL,'ojs::counter',1,NULL,NULL,NULL,NULL),('usage_events_20191023.log',1048585,2,6,6,'20191023','201910',NULL,NULL,NULL,NULL,'ojs::counter',1,1,259,5,NULL),('usage_events_20191025.log',256,2,NULL,2,'20191025','201910',NULL,NULL,NULL,NULL,'ojs::counter',1,NULL,NULL,NULL,NULL),('usage_events_20191025.log',1048585,2,2,2,'20191025','201910',NULL,NULL,NULL,NULL,'ojs::counter',2,1,259,5,NULL),('usage_events_20191030.log',256,2,NULL,2,'20191030','201910',NULL,NULL,NULL,NULL,'ojs::counter',2,NULL,NULL,NULL,NULL),('usage_events_20191104.log',515,2,2,35,'20191104','201911',2,NULL,NULL,NULL,'ojs::counter',2,1,259,5,22),('usage_events_20191105.log',515,2,2,35,'20191105','201911',2,NULL,NULL,NULL,'ojs::counter',2,1,259,5,22),('usage_events_20191106.log',515,2,2,35,'20191106','201911',2,NULL,NULL,NULL,'ojs::counter',2,1,259,5,22),('usage_events_20191107.log',256,2,NULL,2,'20191107','201911',NULL,NULL,NULL,NULL,'ojs::counter',1,NULL,NULL,NULL,NULL),('usage_events_20191108.log',256,2,NULL,2,'20191108','201911',NULL,NULL,NULL,NULL,'ojs::counter',1,NULL,NULL,NULL,NULL),('usage_events_20191108.log',515,2,7,40,'20191108','201911',2,NULL,NULL,NULL,'ojs::counter',1,1,259,5,26),('usage_events_20191109.log',256,2,NULL,2,'20191109','201911',NULL,NULL,NULL,NULL,'ojs::counter',1,NULL,NULL,NULL,NULL),('usage_events_20191109.log',259,2,NULL,5,'20191109','201911',NULL,NULL,NULL,NULL,'ojs::counter',1,NULL,NULL,NULL,NULL),('usage_events_20191109.log',515,2,1,29,'20191109','201911',2,NULL,NULL,NULL,'ojs::counter',1,1,259,5,16),('usage_events_20191110.log',1048585,2,1,1,'20191110','201911',NULL,NULL,NULL,NULL,'ojs::counter',1,1,259,5,NULL),('usage_events_20191110.log',1048585,2,2,2,'20191110','201911',NULL,NULL,NULL,NULL,'ojs::counter',1,1,259,5,NULL),('usage_events_20191110.log',1048585,2,4,4,'20191110','201911',NULL,NULL,NULL,NULL,'ojs::counter',1,1,259,5,NULL),('usage_events_20191110.log',1048585,2,6,6,'20191110','201911',NULL,NULL,NULL,NULL,'ojs::counter',1,1,259,5,NULL),('usage_events_20191110.log',1048585,2,7,7,'20191110','201911',NULL,NULL,NULL,NULL,'ojs::counter',1,1,259,5,NULL),('usage_events_20191110.log',259,2,NULL,5,'20191110','201911',NULL,NULL,NULL,NULL,'ojs::counter',2,NULL,NULL,NULL,NULL),('usage_events_20191111.log',256,2,NULL,2,'20191111','201911',NULL,NULL,NULL,NULL,'ojs::counter',2,NULL,NULL,NULL,NULL),('usage_events_20191112.log',256,2,NULL,2,'20191112','201911',NULL,NULL,NULL,NULL,'ojs::counter',1,NULL,NULL,NULL,NULL),('usage_events_20191113.log',256,2,NULL,2,'20191113','201911',NULL,NULL,NULL,NULL,'ojs::counter',1,NULL,NULL,NULL,NULL),('usage_events_20191113.log',259,2,NULL,5,'20191113','201911',NULL,NULL,NULL,NULL,'ojs::counter',1,NULL,NULL,NULL,NULL),('usage_events_20191115.log',256,2,NULL,2,'20191115','201911',NULL,NULL,NULL,NULL,'ojs::counter',1,NULL,NULL,NULL,NULL),('usage_events_20191118.log',515,2,3,28,'20191118','201911',2,NULL,NULL,NULL,'ojs::counter',2,1,259,5,15),('usage_events_20191119.log',256,2,NULL,2,'20191119','201911',NULL,NULL,NULL,NULL,'ojs::counter',3,NULL,NULL,NULL,NULL),('usage_events_20191119.log',1048585,2,1,1,'20191119','201911',NULL,NULL,NULL,NULL,'ojs::counter',1,1,259,5,NULL),('usage_events_20191120.log',256,2,NULL,2,'20191120','201911',NULL,NULL,NULL,NULL,'ojs::counter',17,NULL,NULL,NULL,NULL),('usage_events_20191120.log',1048585,2,1,1,'20191120','201911',NULL,NULL,NULL,NULL,'ojs::counter',7,1,259,5,NULL),('usage_events_20191120.log',1048585,2,2,2,'20191120','201911',NULL,NULL,NULL,NULL,'ojs::counter',7,1,259,5,NULL),('usage_events_20191120.log',1048585,2,3,3,'20191120','201911',NULL,NULL,NULL,NULL,'ojs::counter',7,1,259,5,NULL),('usage_events_20191120.log',1048585,2,4,4,'20191120','201911',NULL,NULL,NULL,NULL,'ojs::counter',7,1,259,5,NULL),('usage_events_20191120.log',1048585,2,6,6,'20191120','201911',NULL,NULL,NULL,NULL,'ojs::counter',7,1,259,5,NULL),('usage_events_20191120.log',1048585,2,7,7,'20191120','201911',NULL,NULL,NULL,NULL,'ojs::counter',7,1,259,5,NULL),('usage_events_20191120.log',259,2,NULL,5,'20191120','201911',NULL,NULL,NULL,NULL,'ojs::counter',6,NULL,NULL,NULL,NULL),('usage_events_20191120.log',515,2,3,28,'20191120','201911',2,NULL,NULL,NULL,'ojs::counter',6,1,259,5,15),('usage_events_20191120.log',515,2,1,29,'20191120','201911',2,NULL,NULL,NULL,'ojs::counter',6,1,259,5,16),('usage_events_20191120.log',515,2,2,35,'20191120','201911',2,NULL,NULL,NULL,'ojs::counter',6,1,259,5,22),('usage_events_20191120.log',515,2,4,36,'20191120','201911',2,NULL,NULL,NULL,'ojs::counter',6,1,259,5,23),('usage_events_20191120.log',515,2,6,38,'20191120','201911',2,NULL,NULL,NULL,'ojs::counter',6,1,259,5,25),('usage_events_20191120.log',515,2,7,40,'20191120','201911',2,NULL,NULL,NULL,'ojs::counter',6,1,259,5,26),('usage_events_20191121.log',256,2,NULL,2,'20191121','201911',NULL,NULL,NULL,NULL,'ojs::counter',5,NULL,NULL,NULL,NULL),('usage_events_20191121.log',1048585,2,1,1,'20191121','201911',NULL,NULL,NULL,NULL,'ojs::counter',4,1,259,5,NULL),('usage_events_20191121.log',1048585,2,2,2,'20191121','201911',NULL,NULL,NULL,NULL,'ojs::counter',3,1,259,5,NULL),('usage_events_20191121.log',1048585,2,3,3,'20191121','201911',NULL,NULL,NULL,NULL,'ojs::counter',3,1,259,5,NULL),('usage_events_20191121.log',1048585,2,4,4,'20191121','201911',NULL,NULL,NULL,NULL,'ojs::counter',3,1,259,5,NULL),('usage_events_20191121.log',1048585,2,6,6,'20191121','201911',NULL,NULL,NULL,NULL,'ojs::counter',3,1,259,5,NULL),('usage_events_20191121.log',1048585,2,7,7,'20191121','201911',NULL,NULL,NULL,NULL,'ojs::counter',3,1,259,5,NULL),('usage_events_20191121.log',259,2,NULL,5,'20191121','201911',NULL,NULL,NULL,NULL,'ojs::counter',3,NULL,NULL,NULL,NULL),('usage_events_20191121.log',515,2,3,28,'20191121','201911',2,NULL,NULL,NULL,'ojs::counter',2,1,259,5,15),('usage_events_20191121.log',515,2,1,29,'20191121','201911',2,NULL,NULL,NULL,'ojs::counter',2,1,259,5,16),('usage_events_20191121.log',515,2,2,35,'20191121','201911',2,NULL,NULL,NULL,'ojs::counter',2,1,259,5,22),('usage_events_20191121.log',515,2,4,36,'20191121','201911',2,NULL,NULL,NULL,'ojs::counter',2,1,259,5,23),('usage_events_20191121.log',515,2,6,38,'20191121','201911',2,NULL,NULL,NULL,'ojs::counter',2,1,259,5,25),('usage_events_20191121.log',515,2,7,40,'20191121','201911',2,NULL,NULL,NULL,'ojs::counter',2,1,259,5,26),('usage_events_20191122.log',1048585,2,2,2,'20191122','201911',NULL,NULL,NULL,NULL,'ojs::counter',5,1,259,5,NULL),('usage_events_20191122.log',515,2,2,35,'20191122','201911',2,NULL,NULL,NULL,'ojs::counter',1,1,259,5,22),('usage_events_20191127.log',256,2,NULL,2,'20191127','201911',NULL,NULL,NULL,NULL,'ojs::counter',1,NULL,NULL,NULL,NULL),('usage_events_20191129.log',256,2,NULL,2,'20191129','201911',NULL,NULL,NULL,NULL,'ojs::counter',3,NULL,NULL,NULL,NULL),('usage_events_20191201.log',256,2,NULL,2,'20191201','201912',NULL,NULL,NULL,NULL,'ojs::counter',1,NULL,NULL,NULL,NULL),('usage_events_20191201.log',1048585,2,1,1,'20191201','201912',NULL,NULL,NULL,NULL,'ojs::counter',1,1,259,5,NULL),('usage_events_20191201.log',1048585,2,2,2,'20191201','201912',NULL,NULL,NULL,NULL,'ojs::counter',1,1,259,5,NULL),('usage_events_20191201.log',1048585,2,4,4,'20191201','201912',NULL,NULL,NULL,NULL,'ojs::counter',2,1,259,5,NULL),('usage_events_20191201.log',1048585,2,6,6,'20191201','201912',NULL,NULL,NULL,NULL,'ojs::counter',1,1,259,5,NULL),('usage_events_20191201.log',1048585,2,7,7,'20191201','201912',NULL,NULL,NULL,NULL,'ojs::counter',1,1,259,5,NULL),('usage_events_20191201.log',259,2,NULL,5,'20191201','201912',NULL,NULL,NULL,NULL,'ojs::counter',1,NULL,NULL,NULL,NULL),('usage_events_20191201.log',515,2,4,36,'20191201','201912',2,NULL,NULL,NULL,'ojs::counter',1,1,259,5,23),('usage_events_20191202.log',256,2,NULL,2,'20191202','201912',NULL,NULL,NULL,NULL,'ojs::counter',4,NULL,NULL,NULL,NULL),('usage_events_20191202.log',1048585,2,2,2,'20191202','201912',NULL,NULL,NULL,NULL,'ojs::counter',1,1,259,5,NULL),('usage_events_20191202.log',515,2,2,35,'20191202','201912',2,NULL,NULL,NULL,'ojs::counter',1,1,259,5,22),('usage_events_20191202.log',515,2,6,38,'20191202','201912',2,NULL,NULL,NULL,'ojs::counter',1,1,259,5,25),('usage_events_20191203.log',515,2,6,38,'20191203','201912',2,NULL,NULL,NULL,'ojs::counter',1,1,259,5,25),('usage_events_20191204.log',256,2,NULL,2,'20191204','201912',NULL,NULL,NULL,NULL,'ojs::counter',1,NULL,NULL,NULL,NULL),('usage_events_20191204.log',515,2,6,38,'20191204','201912',2,NULL,NULL,NULL,'ojs::counter',2,1,259,5,25),('usage_events_20191206.log',256,2,NULL,2,'20191206','201912',NULL,NULL,NULL,NULL,'ojs::counter',1,NULL,NULL,NULL,NULL),('usage_events_20191206.log',1048585,2,2,2,'20191206','201912',NULL,NULL,NULL,NULL,'ojs::counter',1,1,259,5,NULL),('usage_events_20191206.log',1048585,2,3,3,'20191206','201912',NULL,NULL,NULL,NULL,'ojs::counter',1,1,259,5,NULL),('usage_events_20191206.log',1048585,2,7,7,'20191206','201912',NULL,NULL,NULL,NULL,'ojs::counter',1,1,259,5,NULL),('usage_events_20191209.log',1048585,2,1,1,'20191209','201912',NULL,NULL,NULL,NULL,'ojs::counter',1,1,259,5,NULL),('usage_events_20191209.log',1048585,2,2,2,'20191209','201912',NULL,NULL,NULL,NULL,'ojs::counter',1,1,259,5,NULL),('usage_events_20191209.log',1048585,2,4,4,'20191209','201912',NULL,NULL,NULL,NULL,'ojs::counter',1,1,259,5,NULL),('usage_events_20191209.log',1048585,2,6,6,'20191209','201912',NULL,NULL,NULL,NULL,'ojs::counter',1,1,259,5,NULL),('usage_events_20191209.log',1048585,2,7,7,'20191209','201912',NULL,NULL,NULL,NULL,'ojs::counter',1,1,259,5,NULL),('usage_events_20191209.log',259,2,NULL,5,'20191209','201912',NULL,NULL,NULL,NULL,'ojs::counter',1,NULL,NULL,NULL,NULL),('usage_events_20191209.log',515,2,3,28,'20191209','201912',2,NULL,NULL,NULL,'ojs::counter',1,1,259,5,15),('usage_events_20191210.log',256,2,NULL,2,'20191210','201912',NULL,NULL,NULL,NULL,'ojs::counter',1,NULL,NULL,NULL,NULL),('usage_events_20191211.log',256,2,NULL,2,'20191211','201912',NULL,NULL,NULL,NULL,'ojs::counter',1,NULL,NULL,NULL,NULL),('usage_events_20191211.log',259,2,NULL,5,'20191211','201912',NULL,NULL,NULL,NULL,'ojs::counter',1,NULL,NULL,NULL,NULL),('usage_events_20191211.log',515,2,7,40,'20191211','201912',2,NULL,NULL,NULL,'ojs::counter',3,1,259,5,26),('usage_events_20191213.log',256,2,NULL,2,'20191213','201912',NULL,NULL,NULL,NULL,'ojs::counter',1,NULL,NULL,NULL,NULL),('usage_events_20191213.log',515,2,7,40,'20191213','201912',2,NULL,NULL,NULL,'ojs::counter',2,1,259,5,26),('usage_events_20191214.log',1048585,2,1,1,'20191214','201912',NULL,NULL,NULL,NULL,'ojs::counter',1,1,259,5,NULL),('usage_events_20191214.log',1048585,2,2,2,'20191214','201912',NULL,NULL,NULL,NULL,'ojs::counter',1,1,259,5,NULL),('usage_events_20191214.log',1048585,2,4,4,'20191214','201912',NULL,NULL,NULL,NULL,'ojs::counter',1,1,259,5,NULL),('usage_events_20191214.log',1048585,2,6,6,'20191214','201912',NULL,NULL,NULL,NULL,'ojs::counter',1,1,259,5,NULL),('usage_events_20191214.log',1048585,2,7,7,'20191214','201912',NULL,NULL,NULL,NULL,'ojs::counter',1,1,259,5,NULL),('usage_events_20191214.log',259,2,NULL,5,'20191214','201912',NULL,NULL,NULL,NULL,'ojs::counter',1,NULL,NULL,NULL,NULL),('usage_events_20191214.log',515,2,6,38,'20191214','201912',2,NULL,NULL,NULL,'ojs::counter',1,1,259,5,25),('usage_events_20191215.log',256,2,NULL,2,'20191215','201912',NULL,NULL,NULL,NULL,'ojs::counter',4,NULL,NULL,NULL,NULL),('usage_events_20191217.log',515,2,7,40,'20191217','201912',2,NULL,NULL,NULL,'ojs::counter',2,1,259,5,26),('usage_events_20191218.log',256,2,NULL,2,'20191218','201912',NULL,NULL,NULL,NULL,'ojs::counter',1,NULL,NULL,NULL,NULL),('usage_events_20191218.log',1048585,2,1,1,'20191218','201912',NULL,NULL,NULL,NULL,'ojs::counter',2,1,259,5,NULL),('usage_events_20191218.log',1048585,2,2,2,'20191218','201912',NULL,NULL,NULL,NULL,'ojs::counter',1,1,259,5,NULL),('usage_events_20191218.log',1048585,2,3,3,'20191218','201912',NULL,NULL,NULL,NULL,'ojs::counter',1,1,259,5,NULL),('usage_events_20191218.log',1048585,2,4,4,'20191218','201912',NULL,NULL,NULL,NULL,'ojs::counter',1,1,259,5,NULL),('usage_events_20191218.log',1048585,2,6,6,'20191218','201912',NULL,NULL,NULL,NULL,'ojs::counter',1,1,259,5,NULL),('usage_events_20191223.log',256,2,NULL,2,'20191223','201912',NULL,NULL,NULL,NULL,'ojs::counter',2,NULL,NULL,NULL,NULL),('usage_events_20191223.log',1048585,2,2,2,'20191223','201912',NULL,NULL,NULL,NULL,'ojs::counter',1,1,259,5,NULL),('usage_events_20191223.log',1048585,2,4,4,'20191223','201912',NULL,NULL,NULL,NULL,'ojs::counter',1,1,259,5,NULL),('usage_events_20191227.log',256,2,NULL,2,'20191227','201912',NULL,NULL,NULL,NULL,'ojs::counter',3,NULL,NULL,NULL,NULL),('usage_events_20191227.log',259,2,NULL,5,'20191227','201912',NULL,NULL,NULL,NULL,'ojs::counter',1,NULL,NULL,NULL,NULL),('usage_events_20191228.log',256,2,NULL,2,'20191228','201912',NULL,NULL,NULL,NULL,'ojs::counter',1,NULL,NULL,NULL,NULL),('usage_events_20191228.log',1048585,2,7,7,'20191228','201912',NULL,NULL,NULL,NULL,'ojs::counter',2,1,259,5,NULL),('usage_events_20191228.log',259,2,NULL,5,'20191228','201912',NULL,NULL,NULL,NULL,'ojs::counter',4,NULL,NULL,NULL,NULL),('usage_events_20191231.log',256,2,NULL,2,'20191231','201912',NULL,NULL,NULL,NULL,'ojs::counter',1,NULL,NULL,NULL,NULL),('usage_events_20200101.log',1048585,2,1,1,'20200101','202001',NULL,NULL,NULL,NULL,'ojs::counter',1,1,259,5,NULL),('usage_events_20200101.log',1048585,2,2,2,'20200101','202001',NULL,NULL,NULL,NULL,'ojs::counter',1,1,259,5,NULL),('usage_events_20200101.log',1048585,2,6,6,'20200101','202001',NULL,NULL,NULL,NULL,'ojs::counter',1,1,259,5,NULL),('usage_events_20200102.log',256,2,NULL,2,'20200102','202001',NULL,NULL,NULL,NULL,'ojs::counter',2,NULL,NULL,NULL,NULL),('usage_events_20200102.log',1048585,2,2,2,'20200102','202001',NULL,NULL,NULL,NULL,'ojs::counter',2,1,259,5,NULL),('usage_events_20200102.log',1048585,2,4,4,'20200102','202001',NULL,NULL,NULL,NULL,'ojs::counter',1,1,259,5,NULL),('usage_events_20200102.log',515,2,2,35,'20200102','202001',2,NULL,NULL,NULL,'ojs::counter',1,1,259,5,22),('usage_events_20200105.log',256,2,NULL,2,'20200105','202001',NULL,NULL,NULL,NULL,'ojs::counter',1,NULL,NULL,NULL,NULL),('usage_events_20200106.log',256,2,NULL,2,'20200106','202001',NULL,NULL,NULL,NULL,'ojs::counter',4,NULL,NULL,NULL,NULL),('usage_events_20200107.log',256,2,NULL,2,'20200107','202001',NULL,NULL,NULL,NULL,'ojs::counter',1,NULL,NULL,NULL,NULL),('usage_events_20200108.log',256,2,NULL,2,'20200108','202001',NULL,NULL,NULL,NULL,'ojs::counter',1,NULL,NULL,NULL,NULL),('usage_events_20200109.log',256,2,NULL,2,'20200109','202001',NULL,NULL,NULL,NULL,'ojs::counter',1,NULL,NULL,NULL,NULL),('usage_events_20200109.log',259,2,NULL,5,'20200109','202001',NULL,NULL,NULL,NULL,'ojs::counter',1,NULL,NULL,NULL,NULL),('usage_events_20200110.log',256,2,NULL,2,'20200110','202001',NULL,NULL,NULL,NULL,'ojs::counter',1,NULL,NULL,NULL,NULL),('usage_events_20200110.log',1048585,2,1,1,'20200110','202001',NULL,NULL,NULL,NULL,'ojs::counter',1,1,259,5,NULL),('usage_events_20200110.log',1048585,2,2,2,'20200110','202001',NULL,NULL,NULL,NULL,'ojs::counter',1,1,259,5,NULL),('usage_events_20200110.log',1048585,2,4,4,'20200110','202001',NULL,NULL,NULL,NULL,'ojs::counter',1,1,259,5,NULL),('usage_events_20200110.log',1048585,2,6,6,'20200110','202001',NULL,NULL,NULL,NULL,'ojs::counter',1,1,259,5,NULL),('usage_events_20200110.log',1048585,2,7,7,'20200110','202001',NULL,NULL,NULL,NULL,'ojs::counter',1,1,259,5,NULL),('usage_events_20200110.log',259,2,NULL,5,'20200110','202001',NULL,NULL,NULL,NULL,'ojs::counter',2,NULL,NULL,NULL,NULL),('usage_events_20200110.log',515,2,3,28,'20200110','202001',2,NULL,NULL,NULL,'ojs::counter',1,1,259,5,15),('usage_events_20200113.log',256,2,NULL,2,'20200113','202001',NULL,NULL,NULL,NULL,'ojs::counter',2,NULL,NULL,NULL,NULL),('usage_events_20200114.log',256,2,NULL,2,'20200114','202001',NULL,NULL,NULL,NULL,'ojs::counter',2,NULL,NULL,NULL,NULL),('usage_events_20200115.log',256,2,NULL,2,'20200115','202001',NULL,NULL,NULL,NULL,'ojs::counter',2,NULL,NULL,NULL,NULL),('usage_events_20200115.log',1048585,2,2,2,'20200115','202001',NULL,NULL,NULL,NULL,'ojs::counter',4,1,259,5,NULL),('usage_events_20200115.log',515,2,2,35,'20200115','202001',2,NULL,NULL,NULL,'ojs::counter',1,1,259,5,22),('usage_events_20200116.log',256,2,NULL,2,'20200116','202001',NULL,NULL,NULL,NULL,'ojs::counter',1,NULL,NULL,NULL,NULL),('usage_events_20200117.log',515,2,7,40,'20200117','202001',2,NULL,NULL,NULL,'ojs::counter',1,1,259,5,26),('usage_events_20200119.log',256,2,NULL,2,'20200119','202001',NULL,NULL,NULL,NULL,'ojs::counter',2,NULL,NULL,NULL,NULL),('usage_events_20200119.log',259,2,NULL,5,'20200119','202001',NULL,NULL,NULL,NULL,'ojs::counter',1,NULL,NULL,NULL,NULL),('usage_events_20200119.log',515,2,1,29,'20200119','202001',2,NULL,NULL,NULL,'ojs::counter',1,1,259,5,16),('usage_events_20200120.log',256,2,NULL,2,'20200120','202001',NULL,NULL,NULL,NULL,'ojs::counter',1,NULL,NULL,NULL,NULL),('usage_events_20200120.log',515,2,3,28,'20200120','202001',2,NULL,NULL,NULL,'ojs::counter',1,1,259,5,15),('usage_events_20200121.log',256,2,NULL,2,'20200121','202001',NULL,NULL,NULL,NULL,'ojs::counter',2,NULL,NULL,NULL,NULL),('usage_events_20200121.log',259,2,NULL,5,'20200121','202001',NULL,NULL,NULL,NULL,'ojs::counter',1,NULL,NULL,NULL,NULL),('usage_events_20200122.log',256,2,NULL,2,'20200122','202001',NULL,NULL,NULL,NULL,'ojs::counter',1,NULL,NULL,NULL,NULL),('usage_events_20200122.log',1048585,2,1,1,'20200122','202001',NULL,NULL,NULL,NULL,'ojs::counter',1,1,259,5,NULL),('usage_events_20200122.log',1048585,2,2,2,'20200122','202001',NULL,NULL,NULL,NULL,'ojs::counter',1,1,259,5,NULL),('usage_events_20200122.log',1048585,2,4,4,'20200122','202001',NULL,NULL,NULL,NULL,'ojs::counter',1,1,259,5,NULL),('usage_events_20200122.log',1048585,2,6,6,'20200122','202001',NULL,NULL,NULL,NULL,'ojs::counter',1,1,259,5,NULL),('usage_events_20200122.log',1048585,2,7,7,'20200122','202001',NULL,NULL,NULL,NULL,'ojs::counter',1,1,259,5,NULL),('usage_events_20200122.log',259,2,NULL,5,'20200122','202001',NULL,NULL,NULL,NULL,'ojs::counter',2,NULL,NULL,NULL,NULL),('usage_events_20200124.log',256,2,NULL,2,'20200124','202001',NULL,NULL,NULL,NULL,'ojs::counter',1,NULL,NULL,NULL,NULL),('usage_events_20200125.log',256,2,NULL,2,'20200125','202001',NULL,NULL,NULL,NULL,'ojs::counter',1,NULL,NULL,NULL,NULL),('usage_events_20200126.log',256,2,NULL,2,'20200126','202001',NULL,NULL,NULL,NULL,'ojs::counter',1,NULL,NULL,NULL,NULL),('usage_events_20200127.log',256,2,NULL,2,'20200127','202001',NULL,NULL,NULL,NULL,'ojs::counter',1,NULL,NULL,NULL,NULL),('usage_events_20200127.log',259,2,NULL,5,'20200127','202001',NULL,NULL,NULL,NULL,'ojs::counter',1,NULL,NULL,NULL,NULL),('usage_events_20200128.log',256,2,NULL,2,'20200128','202001',NULL,NULL,NULL,NULL,'ojs::counter',2,NULL,NULL,NULL,NULL),('usage_events_20200128.log',259,2,NULL,5,'20200128','202001',NULL,NULL,NULL,NULL,'ojs::counter',1,NULL,NULL,NULL,NULL),('usage_events_20200129.log',256,2,NULL,2,'20200129','202001',NULL,NULL,NULL,NULL,'ojs::counter',1,NULL,NULL,NULL,NULL),('usage_events_20200129.log',259,2,NULL,5,'20200129','202001',NULL,NULL,NULL,NULL,'ojs::counter',1,NULL,NULL,NULL,NULL),('usage_events_20200131.log',515,2,3,28,'20200130','202001',2,NULL,NULL,NULL,'ojs::counter',1,1,259,5,15),('usage_events_20200131.log',515,2,3,28,'20200131','202001',2,NULL,NULL,NULL,'ojs::counter',1,1,259,5,15),('usage_events_20200202.log',256,2,NULL,2,'20200202','202002',NULL,NULL,NULL,NULL,'ojs::counter',1,NULL,NULL,NULL,NULL),('usage_events_20200204.log',256,2,NULL,2,'20200204','202002',NULL,NULL,NULL,NULL,'ojs::counter',1,NULL,NULL,NULL,NULL),('usage_events_20200204.log',259,2,NULL,5,'20200204','202002',NULL,NULL,NULL,NULL,'ojs::counter',1,NULL,NULL,NULL,NULL),('usage_events_20200206.log',256,2,NULL,2,'20200206','202002',NULL,NULL,NULL,NULL,'ojs::counter',1,NULL,NULL,NULL,NULL),('usage_events_20200207.log',1048585,2,1,1,'20200207','202002',NULL,NULL,NULL,NULL,'ojs::counter',1,1,259,5,NULL),('usage_events_20200207.log',1048585,2,2,2,'20200207','202002',NULL,NULL,NULL,NULL,'ojs::counter',1,1,259,5,NULL),('usage_events_20200207.log',1048585,2,4,4,'20200207','202002',NULL,NULL,NULL,NULL,'ojs::counter',1,1,259,5,NULL),('usage_events_20200207.log',1048585,2,6,6,'20200207','202002',NULL,NULL,NULL,NULL,'ojs::counter',1,1,259,5,NULL),('usage_events_20200207.log',1048585,2,7,7,'20200207','202002',NULL,NULL,NULL,NULL,'ojs::counter',1,1,259,5,NULL),('usage_events_20200207.log',259,2,NULL,5,'20200207','202002',NULL,NULL,NULL,NULL,'ojs::counter',1,NULL,NULL,NULL,NULL),('usage_events_20200209.log',256,2,NULL,2,'20200209','202002',NULL,NULL,NULL,NULL,'ojs::counter',1,NULL,NULL,NULL,NULL),('usage_events_20200210.log',259,2,NULL,5,'20200210','202002',NULL,NULL,NULL,NULL,'ojs::counter',1,NULL,NULL,NULL,NULL),('usage_events_20200210.log',515,2,1,29,'20200210','202002',2,NULL,NULL,NULL,'ojs::counter',1,1,259,5,16),('usage_events_20200211.log',256,2,NULL,2,'20200211','202002',NULL,NULL,NULL,NULL,'ojs::counter',1,NULL,NULL,NULL,NULL),('usage_events_20200211.log',1048585,2,1,1,'20200211','202002',NULL,NULL,NULL,NULL,'ojs::counter',1,1,259,5,NULL),('usage_events_20200211.log',1048585,2,2,2,'20200211','202002',NULL,NULL,NULL,NULL,'ojs::counter',1,1,259,5,NULL),('usage_events_20200211.log',1048585,2,4,4,'20200211','202002',NULL,NULL,NULL,NULL,'ojs::counter',1,1,259,5,NULL),('usage_events_20200211.log',1048585,2,6,6,'20200211','202002',NULL,NULL,NULL,NULL,'ojs::counter',1,1,259,5,NULL),('usage_events_20200211.log',1048585,2,7,7,'20200211','202002',NULL,NULL,NULL,NULL,'ojs::counter',1,1,259,5,NULL),('usage_events_20200211.log',259,2,NULL,5,'20200211','202002',NULL,NULL,NULL,NULL,'ojs::counter',2,NULL,NULL,NULL,NULL),('usage_events_20200213.log',256,2,NULL,2,'20200213','202002',NULL,NULL,NULL,NULL,'ojs::counter',1,NULL,NULL,NULL,NULL),('usage_events_20200214.log',259,2,NULL,5,'20200214','202002',NULL,NULL,NULL,NULL,'ojs::counter',1,NULL,NULL,NULL,NULL),('usage_events_20200217.log',256,2,NULL,2,'20200217','202002',NULL,NULL,NULL,NULL,'ojs::counter',1,NULL,NULL,NULL,NULL),('usage_events_20200217.log',259,2,NULL,5,'20200217','202002',NULL,NULL,NULL,NULL,'ojs::counter',1,NULL,NULL,NULL,NULL),('usage_events_20200218.log',256,2,NULL,2,'20200218','202002',NULL,NULL,NULL,NULL,'ojs::counter',1,NULL,NULL,NULL,NULL),('usage_events_20200218.log',1048585,2,2,2,'20200218','202002',NULL,NULL,NULL,NULL,'ojs::counter',1,1,259,5,NULL),('usage_events_20200218.log',1048585,2,3,3,'20200218','202002',NULL,NULL,NULL,NULL,'ojs::counter',2,1,259,5,NULL),('usage_events_20200218.log',1048585,2,6,6,'20200218','202002',NULL,NULL,NULL,NULL,'ojs::counter',1,1,259,5,NULL),('usage_events_20200218.log',1048585,2,7,7,'20200218','202002',NULL,NULL,NULL,NULL,'ojs::counter',1,1,259,5,NULL),('usage_events_20200218.log',259,2,NULL,5,'20200218','202002',NULL,NULL,NULL,NULL,'ojs::counter',1,NULL,NULL,NULL,NULL),('usage_events_20200219.log',1048585,2,1,1,'20200219','202002',NULL,NULL,NULL,NULL,'ojs::counter',1,1,259,5,NULL),('usage_events_20200219.log',515,2,3,28,'20200219','202002',2,NULL,NULL,NULL,'ojs::counter',1,1,259,5,15),('usage_events_20200220.log',256,2,NULL,2,'20200220','202002',NULL,NULL,NULL,NULL,'ojs::counter',2,NULL,NULL,NULL,NULL),('usage_events_20200220.log',1048585,2,1,1,'20200220','202002',NULL,NULL,NULL,NULL,'ojs::counter',1,1,259,5,NULL),('usage_events_20200220.log',1048585,2,2,2,'20200220','202002',NULL,NULL,NULL,NULL,'ojs::counter',1,1,259,5,NULL),('usage_events_20200220.log',1048585,2,6,6,'20200220','202002',NULL,NULL,NULL,NULL,'ojs::counter',1,1,259,5,NULL),('usage_events_20200220.log',1048585,2,7,7,'20200220','202002',NULL,NULL,NULL,NULL,'ojs::counter',1,1,259,5,NULL),('usage_events_20200220.log',259,2,NULL,5,'20200220','202002',NULL,NULL,NULL,NULL,'ojs::counter',3,NULL,NULL,NULL,NULL),('usage_events_20200220.log',515,2,1,29,'20200220','202002',2,NULL,NULL,NULL,'ojs::counter',1,1,259,5,16),('usage_events_20200220.log',515,2,7,40,'20200220','202002',2,NULL,NULL,NULL,'ojs::counter',1,1,259,5,26),('usage_events_20200221.log',1048585,2,1,1,'20200221','202002',NULL,NULL,NULL,NULL,'ojs::counter',1,1,259,5,NULL),('usage_events_20200221.log',1048585,2,2,2,'20200221','202002',NULL,NULL,NULL,NULL,'ojs::counter',1,1,259,5,NULL),('usage_events_20200221.log',1048585,2,4,4,'20200221','202002',NULL,NULL,NULL,NULL,'ojs::counter',1,1,259,5,NULL),('usage_events_20200221.log',1048585,2,6,6,'20200221','202002',NULL,NULL,NULL,NULL,'ojs::counter',1,1,259,5,NULL),('usage_events_20200221.log',1048585,2,7,7,'20200221','202002',NULL,NULL,NULL,NULL,'ojs::counter',1,1,259,5,NULL),('usage_events_20200221.log',259,2,NULL,5,'20200221','202002',NULL,NULL,NULL,NULL,'ojs::counter',1,NULL,NULL,NULL,NULL),('usage_events_20200222.log',256,2,NULL,2,'20200222','202002',NULL,NULL,NULL,NULL,'ojs::counter',1,NULL,NULL,NULL,NULL),('usage_events_20200222.log',515,2,1,29,'20200222','202002',2,NULL,NULL,NULL,'ojs::counter',1,1,259,5,16),('usage_events_20200224.log',256,2,NULL,2,'20200224','202002',NULL,NULL,NULL,NULL,'ojs::counter',2,NULL,NULL,NULL,NULL),('usage_events_20200224.log',1048585,2,4,4,'20200224','202002',NULL,NULL,NULL,NULL,'ojs::counter',1,1,259,5,NULL),('usage_events_20200224.log',259,2,NULL,5,'20200224','202002',NULL,NULL,NULL,NULL,'ojs::counter',1,NULL,NULL,NULL,NULL),('usage_events_20200225.log',1048585,2,3,3,'20200225','202002',NULL,NULL,NULL,NULL,'ojs::counter',3,1,259,5,NULL),('usage_events_20200225.log',515,2,3,28,'20200225','202002',2,NULL,NULL,NULL,'ojs::counter',1,1,259,5,15),('usage_events_20200226.log',1048585,2,1,1,'20200226','202002',NULL,NULL,NULL,NULL,'ojs::counter',1,1,259,5,NULL),('usage_events_20200226.log',1048585,2,2,2,'20200226','202002',NULL,NULL,NULL,NULL,'ojs::counter',1,1,259,5,NULL),('usage_events_20200226.log',1048585,2,7,7,'20200226','202002',NULL,NULL,NULL,NULL,'ojs::counter',2,1,259,5,NULL),('usage_events_20200226.log',259,2,NULL,5,'20200226','202002',NULL,NULL,NULL,NULL,'ojs::counter',1,NULL,NULL,NULL,NULL),('usage_events_20200226.log',515,2,2,35,'20200226','202002',2,NULL,NULL,NULL,'ojs::counter',1,1,259,5,22),('usage_events_20200228.log',256,2,NULL,2,'20200228','202002',NULL,NULL,NULL,NULL,'ojs::counter',2,NULL,NULL,NULL,NULL),('usage_events_20200228.log',1048585,2,3,3,'20200228','202002',NULL,NULL,NULL,NULL,'ojs::counter',1,1,259,5,NULL),('usage_events_20200229.log',1048585,2,1,1,'20200229','202002',NULL,NULL,NULL,NULL,'ojs::counter',1,1,259,5,NULL),('usage_events_20200229.log',1048585,2,2,2,'20200229','202002',NULL,NULL,NULL,NULL,'ojs::counter',1,1,259,5,NULL),('usage_events_20200229.log',1048585,2,4,4,'20200229','202002',NULL,NULL,NULL,NULL,'ojs::counter',1,1,259,5,NULL),('usage_events_20200229.log',515,2,4,36,'20200229','202002',2,NULL,NULL,NULL,'ojs::counter',1,1,259,5,23),('usage_events_20200301.log',1048585,2,6,6,'20200301','202003',NULL,NULL,NULL,NULL,'ojs::counter',1,1,259,5,NULL),('usage_events_20200302.log',256,2,NULL,2,'20200302','202003',NULL,NULL,NULL,NULL,'ojs::counter',2,NULL,NULL,NULL,NULL),('usage_events_20200302.log',259,2,NULL,5,'20200302','202003',NULL,NULL,NULL,NULL,'ojs::counter',2,NULL,NULL,NULL,NULL),('usage_events_20200303.log',256,2,NULL,2,'20200303','202003',NULL,NULL,NULL,NULL,'ojs::counter',10,NULL,NULL,NULL,NULL),('usage_events_20200303.log',1048585,2,1,1,'20200303','202003',NULL,NULL,NULL,NULL,'ojs::counter',1,1,259,5,NULL),('usage_events_20200303.log',1048585,2,2,2,'20200303','202003',NULL,NULL,NULL,NULL,'ojs::counter',1,1,259,5,NULL),('usage_events_20200303.log',1048585,2,3,3,'20200303','202003',NULL,NULL,NULL,NULL,'ojs::counter',3,1,259,5,NULL),('usage_events_20200303.log',1048585,2,6,6,'20200303','202003',NULL,NULL,NULL,NULL,'ojs::counter',1,1,259,5,NULL),('usage_events_20200303.log',1048585,2,7,7,'20200303','202003',NULL,NULL,NULL,NULL,'ojs::counter',1,1,259,5,NULL),('usage_events_20200303.log',259,2,NULL,5,'20200303','202003',NULL,NULL,NULL,NULL,'ojs::counter',1,NULL,NULL,NULL,NULL),('usage_events_20200303.log',515,2,3,28,'20200303','202003',2,NULL,NULL,NULL,'ojs::counter',1,1,259,5,15);

--
-- Table structure for table `mutex`
--

CREATE TABLE `mutex` (
  `i` tinyint(4) NOT NULL,
  PRIMARY KEY (`i`)
) ENGINE=InnoDB DEFAULT CHARSET=utf8;

--
-- Dumping data for table `mutex`
--

INSERT INTO `mutex` VALUES (0),(1),(2),(3),(4),(5),(6),(7),(8),(9);

--
-- Table structure for table `notes`
--

CREATE TABLE `notes` (
  `note_id` bigint(20) NOT NULL AUTO_INCREMENT,
  `assoc_type` bigint(20) DEFAULT NULL,
  `assoc_id` bigint(20) DEFAULT NULL,
  `user_id` bigint(20) NOT NULL,
  `date_created` datetime NOT NULL,
  `date_modified` datetime DEFAULT NULL,
  `title` varchar(255) DEFAULT NULL,
  `contents` text,
  PRIMARY KEY (`note_id`),
  KEY `notes_assoc` (`assoc_type`,`assoc_id`)
) ENGINE=InnoDB AUTO_INCREMENT=65 DEFAULT CHARSET=utf8;

--
-- Dumping data for table `notes`
--

INSERT INTO `notes` VALUES (1,1048586,1,18,'2019-09-04 10:11:45','2020-03-04 11:07:34','Editor Decision','The following message is being delivered on behalf of Jurnal Kebidanan Bestari.<br />\r\n________________________________________________________________________<br />\nrusmilawaty fauji:<br />\r\n<br />\r\nWe have reached a decision regarding your submission to JURNAL KEBIDANAN BESTARI, \"judul artikel\".<br />\r\n<br />\r\nOur decision is: Revisions Required<br />\r\n<br />\r\nserilaila serilaila<br />\r\nSerilailahermansyah@gmail.com<br />\n________________________________________________________________________<br />\r\nJurnal Kebidanan Bestari<br />\r\nhttp://www.ejurnalbidanbestari-poltekkesbjm.com/index.php/index/index'),(2,1048586,2,40,'2019-09-04 13:58:42','2020-03-04 11:07:34','Editor Decision','The following message is being delivered on behalf of Jurnal Kebidanan Bestari.<br />\r\n________________________________________________________________________<br />\nzakiah zakiah:<br />\r\n<br />\r\nWe have reached a decision regarding your submission to JURNAL KEBIDANAN BESTARI, \"cobazakiah\".<br />\r\n<br />\r\nOur decision is: Revisions Required<br />\r\n<br />\r\nisro daiyah<br />\r\nowizdaiyah1006@gmail.com<br />\n________________________________________________________________________<br />\r\nJurnal Kebidanan Bestari<br />\r\nhttp://www.ejurnalbidanbestari-poltekkesbjm.com/index.php/index/index'),(3,1048586,2,40,'2019-09-04 14:02:07','2020-03-04 11:07:34','Editor Decision','The following message is being delivered on behalf of Jurnal Kebidanan Bestari.<br />\r\n________________________________________________________________________<br />\nzakiah zakiah:<br />\r\n<br />\r\nWe have reached a decision regarding your submission to JURNAL KEBIDANAN BESTARI, \"cobazakiah\".<br />\r\n<br />\r\nOur decision is to: Accept Submission<br />\r\n<br />\r\nisro daiyah<br />\r\nowizdaiyah1006@gmail.com<br />\n________________________________________________________________________<br />\r\nJurnal Kebidanan Bestari<br />\r\nhttp://www.ejurnalbidanbestari-poltekkesbjm.com/index.php/index/index'),(4,1048586,3,51,'2019-09-04 14:44:31','2020-03-04 11:07:34','Editor Decision','The following message is being delivered on behalf of Jurnal Kebidanan Bestari.<br />\r\n________________________________________________________________________<br />\nPoltekkes Kemenkes Banjarmasin Fitria Jannatul Laili:<br />\r\n<br />\r\nWe have reached a decision regarding your submission to JURNAL KEBIDANAN BESTARI, \"Laporan Aktualisasi\".<br />\r\n<br />\r\nOur decision is to: Accept Submission<br />\r\n<br />\r\nyuniarti yuniarti<br />\r\nPhone 08115128664<br />\r\nyuniartifaathir@gmail.com<br />\n________________________________________________________________________<br />\r\nJurnal Kebidanan Bestari<br />\r\nhttp://www.ejurnalbidanbestari-poltekkesbjm.com/index.php/index/index'),(5,1048586,4,0,'2020-03-04 11:07:34','2020-03-04 11:07:34','Copyediting',NULL),(6,1048586,5,0,'2020-03-04 11:07:34','2020-03-04 11:07:34','Proofreading',NULL),(7,1048586,6,0,'2020-03-04 11:07:34','2020-03-04 11:07:34','Copyediting',NULL),(8,1048586,7,0,'2020-03-04 11:07:34','2020-03-04 11:07:34','Proofreading',NULL),(9,1048586,8,0,'2020-03-04 11:07:34','2020-03-04 11:07:34','Copyediting',NULL),(10,1048586,9,0,'2020-03-04 11:07:34','2020-03-04 11:07:34','Proofreading',NULL),(11,1048586,10,0,'2020-03-04 11:07:34','2020-03-04 11:07:34','Copyediting',NULL),(12,1048586,11,0,'2020-03-04 11:07:34','2020-03-04 11:07:34','Proofreading',NULL),(13,1048586,12,0,'2020-03-04 11:07:34','2020-03-04 11:07:34','Copyediting',NULL),(14,1048586,13,0,'2020-03-04 11:07:34','2020-03-04 11:07:34','Proofreading',NULL),(15,1048586,14,0,'2020-03-04 11:07:34','2020-03-04 11:07:34','Copyediting',NULL),(16,1048586,15,0,'2020-03-04 11:07:35','2020-03-04 11:07:35','Proofreading',NULL),(17,1048586,16,0,'2017-06-05 10:00:09','2020-03-04 11:07:35','Copyediting',NULL),(18,1048586,17,0,'2017-06-05 10:01:24','2020-03-04 11:07:35','Proofreading',NULL),(19,1048586,18,0,'2020-03-04 11:07:35','2020-03-04 11:07:35','Copyediting',NULL),(20,1048586,19,0,'2020-03-04 11:07:35','2020-03-04 11:07:35','Proofreading',NULL),(21,1048586,20,0,'2020-03-04 11:07:35','2020-03-04 11:07:35','Copyediting',NULL),(22,1048586,21,0,'2020-03-04 11:07:35','2020-03-04 11:07:35','Proofreading',NULL),(23,1048586,22,0,'2020-03-04 11:07:35','2020-03-04 11:07:35','Copyediting',NULL),(24,1048586,23,0,'2020-03-04 11:07:35','2020-03-04 11:07:35','Proofreading',NULL),(25,1048586,24,0,'2019-09-04 10:14:42','2020-03-04 11:07:35','Copyediting',NULL),(26,1048586,25,0,'2020-03-04 11:07:35','2020-03-04 11:07:35','Proofreading',NULL),(27,1048586,26,0,'2020-03-04 11:07:35','2020-03-04 11:07:35','Copyediting',NULL),(28,1048586,27,0,'2020-03-04 11:07:35','2020-03-04 11:07:35','Proofreading',NULL),(29,1048586,28,0,'2020-03-04 11:07:35','2020-03-04 11:07:35','Copyediting',NULL),(30,1048586,29,0,'2020-03-04 11:07:35','2020-03-04 11:07:35','Proofreading',NULL),(31,1048586,30,0,'2020-03-04 11:07:35','2020-03-04 11:07:35','Copyediting',NULL),(32,1048586,31,0,'2020-03-04 11:07:35','2020-03-04 11:07:35','Proofreading',NULL),(33,1048586,32,0,'2020-03-04 11:07:35','2020-03-04 11:07:35','Copyediting',NULL),(34,1048586,33,0,'2020-03-04 11:07:35','2020-03-04 11:07:35','Proofreading',NULL),(35,1048586,34,0,'2020-03-04 11:07:35','2020-03-04 11:07:35','Copyediting',NULL),(36,1048586,35,0,'2020-03-04 11:07:35','2020-03-04 11:07:35','Proofreading',NULL),(37,1048586,36,0,'2020-03-04 11:07:35','2020-03-04 11:07:35','Copyediting',NULL),(38,1048586,37,0,'2020-03-04 11:07:35','2020-03-04 11:07:35','Proofreading',NULL),(39,1048586,38,0,'2020-03-04 11:07:35','2020-03-04 11:07:35','Copyediting',NULL),(40,1048586,39,0,'2020-03-04 11:07:35','2020-03-04 11:07:35','Proofreading',NULL),(41,1048586,40,0,'2020-03-04 11:07:35','2020-03-04 11:07:35','Copyediting',NULL),(42,1048586,41,0,'2020-03-04 11:07:35','2020-03-04 11:07:35','Proofreading',NULL),(43,1048586,42,0,'2019-09-04 14:09:20','2020-03-04 11:07:35','Copyediting',NULL),(44,1048586,43,0,'2020-03-04 11:07:35','2020-03-04 11:07:35','Proofreading',NULL),(45,1048586,44,0,'2020-03-04 11:07:35','2020-03-04 11:07:35','Copyediting',NULL),(46,1048586,45,0,'2020-03-04 11:07:35','2020-03-04 11:07:35','Proofreading',NULL),(47,1048586,46,0,'2019-09-04 14:45:26','2020-03-04 11:07:35','Copyediting',NULL),(48,1048586,47,0,'2020-03-04 11:07:35','2020-03-04 11:07:35','Proofreading',NULL),(49,1048586,48,0,'2020-03-04 11:07:35','2020-03-04 11:07:35','Copyediting',NULL),(50,1048586,49,0,'2020-03-04 11:07:35','2020-03-04 11:07:35','Proofreading',NULL),(51,1048586,50,14,'2017-11-15 10:30:38','2020-03-04 11:07:37','Comments for the Editor','mohon segera di proses\nterimakasih'),(52,1048586,51,13,'2020-03-04 11:07:37','2020-03-04 11:07:37','Comments for the Editor','mohon diterbitkan utk volum 2'),(53,1048586,52,26,'2018-12-26 14:43:09','2020-03-04 11:07:37','Comments for the Editor','mohon diterbitkan pd volum 2 bulan juli 2019'),(54,1048586,53,18,'2019-03-26 10:16:23','2020-03-04 11:07:37','Comments for the Editor','Mohon diterbitkan di Jurnal Kebidanan Bestari Vol.2 di bulan Maret'),(55,1048586,54,6,'2019-03-27 11:50:42','2020-03-04 11:07:37','Comments for the Editor','tolong diterbitkan dibulan maret 2018'),(56,1048586,55,25,'2019-04-01 09:23:01','2020-03-04 11:07:37','Comments for the Editor','assalamualaikum.mohon jurnal saya untuk dikoreksi dan diterbitkan di junal bestari, atas perhatian dan kerjasamanya diucapkan terimakasih'),(57,1048586,56,19,'2019-04-11 11:18:39','2020-03-04 11:07:37','Comments for the Editor','mohon di publikasikan di Jurnal Bestari Kebidanan pada bulan Maret 2019'),(58,1048586,57,18,'2019-04-11 11:30:24','2020-03-04 11:07:37','Comments for the Editor','Mohon utk dipublish pd vol maret 2019'),(59,1048586,58,40,'2019-08-02 09:33:22','2020-03-04 11:07:37','Comments for the Editor','Mohon utk dapat diterbitkan di Jurnal Ibu'),(60,1048586,59,40,'2019-09-04 11:32:35','2020-03-04 11:07:37','Comments for the Editor','Mohon untuk bisa dipublish di jurnal saudara'),(61,1048586,60,26,'2019-09-04 11:22:22','2020-03-04 11:07:37','Comments for the Editor','mohon dipublish,,, malasih'),(62,1048586,61,52,'2019-09-04 11:33:14','2020-03-04 11:07:37','Comments for the Editor','besar harapan saya, artikel ini diterbitkan di jurnal bestari kebidanan'),(63,1048586,62,50,'2019-09-04 12:50:53','2020-03-04 11:07:37','Comments for the Editor','please, upload articel '),(64,1048586,63,51,'2019-09-04 12:32:57','2020-03-04 11:07:37','Comments for the Editor','Hope You will give me information soon');

--
-- Table structure for table `notification_mail_list`
--

CREATE TABLE `notification_mail_list` (
  `notification_mail_list_id` bigint(20) NOT NULL AUTO_INCREMENT,
  `email` varchar(90) NOT NULL,
  `confirmed` tinyint(4) NOT NULL DEFAULT '0',
  `token` varchar(40) NOT NULL,
  `context` bigint(20) NOT NULL,
  PRIMARY KEY (`notification_mail_list_id`),
  UNIQUE KEY `notification_mail_list_email_context` (`email`,`context`)
) ENGINE=InnoDB DEFAULT CHARSET=utf8;

--
-- Dumping data for table `notification_mail_list`
--


--
-- Table structure for table `notification_settings`
--

CREATE TABLE `notification_settings` (
  `notification_id` bigint(20) NOT NULL,
  `locale` varchar(5) DEFAULT NULL,
  `setting_name` varchar(64) NOT NULL,
  `setting_value` text,
  `setting_type` varchar(6) NOT NULL,
  UNIQUE KEY `notification_settings_pkey` (`notification_id`,`locale`,`setting_name`)
) ENGINE=InnoDB DEFAULT CHARSET=utf8;

--
-- Dumping data for table `notification_settings`
--


--
-- Table structure for table `notification_subscription_settings`
--

CREATE TABLE `notification_subscription_settings` (
  `setting_id` bigint(20) NOT NULL AUTO_INCREMENT,
  `setting_name` varchar(64) NOT NULL,
  `setting_value` text,
  `user_id` bigint(20) NOT NULL,
  `context` bigint(20) NOT NULL,
  `setting_type` varchar(6) NOT NULL,
  PRIMARY KEY (`setting_id`)
) ENGINE=InnoDB AUTO_INCREMENT=2 DEFAULT CHARSET=utf8;

--
-- Dumping data for table `notification_subscription_settings`
--

INSERT INTO `notification_subscription_settings` VALUES (1,'token','12020051565a8266668b7d9',0,2,'string');

--
-- Table structure for table `notifications`
--

CREATE TABLE `notifications` (
  `notification_id` bigint(20) NOT NULL AUTO_INCREMENT,
  `context_id` bigint(20) NOT NULL,
  `user_id` bigint(20) DEFAULT NULL,
  `level` bigint(20) NOT NULL,
  `type` bigint(20) NOT NULL,
  `date_created` datetime NOT NULL,
  `date_read` datetime DEFAULT NULL,
  `assoc_type` bigint(20) DEFAULT NULL,
  `assoc_id` bigint(20) DEFAULT NULL,
  PRIMARY KEY (`notification_id`),
  KEY `notifications_context_id_user_id` (`context_id`,`user_id`,`level`),
  KEY `notifications_context_id` (`context_id`,`level`),
  KEY `notifications_assoc` (`assoc_type`,`assoc_id`)
) ENGINE=InnoDB AUTO_INCREMENT=312 DEFAULT CHARSET=utf8;

--
-- Dumping data for table `notifications`
--

INSERT INTO `notifications` VALUES (13,2,1,2,268435477,'2017-06-06 07:54:42','2018-10-08 09:18:45',0,0),(14,2,2,2,268435477,'2017-06-06 07:54:42',NULL,0,0),(15,2,3,2,268435477,'2017-06-06 07:54:42',NULL,0,0),(16,2,4,2,268435477,'2017-06-06 07:54:42',NULL,0,0),(17,2,5,2,268435477,'2017-06-06 07:54:42',NULL,0,0),(18,2,6,2,268435477,'2017-06-06 07:54:42',NULL,0,0),(19,2,7,2,268435477,'2017-06-06 07:54:42',NULL,0,0),(20,2,8,2,268435477,'2017-06-06 07:54:42',NULL,0,0),(21,2,9,2,268435477,'2017-06-06 07:54:42',NULL,0,0),(22,2,13,2,268435477,'2017-06-06 07:54:42',NULL,0,0),(23,2,14,2,268435477,'2017-06-06 07:54:42','2018-02-26 12:46:09',0,0),(24,2,15,2,268435477,'2017-06-06 07:54:42',NULL,0,0),(25,2,16,2,268435477,'2017-06-06 07:54:43',NULL,0,0),(26,2,17,2,268435477,'2017-06-06 07:54:43',NULL,0,0),(27,2,18,2,268435477,'2017-06-06 07:54:43',NULL,0,0),(28,2,19,2,268435477,'2017-06-06 07:54:43',NULL,0,0),(29,2,20,2,268435477,'2017-06-06 07:54:43',NULL,0,0),(30,2,21,2,268435477,'2017-06-06 07:54:43',NULL,0,0),(31,2,22,2,268435477,'2017-06-06 07:54:43',NULL,0,0),(32,2,23,2,268435477,'2017-06-06 07:54:43',NULL,0,0),(33,2,0,2,268435477,'2017-06-06 07:54:43','2018-02-12 22:03:00',0,0),(36,2,1,2,268435477,'2017-06-06 08:10:02','2018-10-08 09:18:44',0,0),(37,2,2,2,268435477,'2017-06-06 08:10:02',NULL,0,0),(38,2,3,2,268435477,'2017-06-06 08:10:02',NULL,0,0),(39,2,4,2,268435477,'2017-06-06 08:10:02',NULL,0,0),(40,2,5,2,268435477,'2017-06-06 08:10:03',NULL,0,0),(41,2,6,2,268435477,'2017-06-06 08:10:03',NULL,0,0),(42,2,7,2,268435477,'2017-06-06 08:10:04',NULL,0,0),(43,2,8,2,268435477,'2017-06-06 08:10:04',NULL,0,0),(44,2,9,2,268435477,'2017-06-06 08:10:04',NULL,0,0),(45,2,13,2,268435477,'2017-06-06 08:10:04',NULL,0,0),(46,2,14,2,268435477,'2017-06-06 08:10:04','2018-02-26 12:46:09',0,0),(47,2,15,2,268435477,'2017-06-06 08:10:05',NULL,0,0),(48,2,16,2,268435477,'2017-06-06 08:10:05',NULL,0,0),(49,2,17,2,268435477,'2017-06-06 08:10:05',NULL,0,0),(50,2,18,2,268435477,'2017-06-06 08:10:05',NULL,0,0),(51,2,19,2,268435477,'2017-06-06 08:10:05',NULL,0,0),(52,2,20,2,268435477,'2017-06-06 08:10:05',NULL,0,0),(53,2,21,2,268435477,'2017-06-06 08:10:05',NULL,0,0),(54,2,22,2,268435477,'2017-06-06 08:10:05',NULL,0,0),(55,2,23,2,268435477,'2017-06-06 08:10:05',NULL,0,0),(56,2,0,2,268435477,'2017-06-06 08:10:05','2018-02-12 22:03:00',0,0),(57,2,2,2,16777217,'2017-11-15 10:30:44',NULL,1048585,8),(58,2,3,2,16777217,'2017-11-15 10:30:44',NULL,1048585,8),(59,2,4,2,16777217,'2017-11-15 10:30:44',NULL,1048585,8),(60,2,13,2,16777217,'2017-11-15 10:30:44',NULL,1048585,8),(61,2,2,2,16777217,'2018-03-26 15:41:59',NULL,1048585,9),(62,2,3,2,16777217,'2018-03-26 15:41:59',NULL,1048585,9),(63,2,4,2,16777217,'2018-03-26 15:42:00',NULL,1048585,9),(64,2,13,2,16777217,'2018-03-26 15:42:00',NULL,1048585,9),(65,2,24,2,16777218,'2018-03-28 05:35:25',NULL,1048585,9),(70,2,2,2,16777217,'2018-12-26 14:43:11',NULL,1048585,11),(71,2,3,2,16777217,'2018-12-26 14:43:11',NULL,1048585,11),(72,2,4,2,16777217,'2018-12-26 14:43:11',NULL,1048585,11),(73,2,13,2,16777217,'2018-12-26 14:43:12',NULL,1048585,11),(94,2,1,2,268435477,'2019-03-26 09:20:19','2019-10-03 08:25:44',0,0),(95,2,2,2,268435477,'2019-03-26 09:20:19',NULL,0,0),(96,2,4,2,268435477,'2019-03-26 09:20:19',NULL,0,0),(97,2,5,2,268435477,'2019-03-26 09:20:19',NULL,0,0),(98,2,6,2,268435477,'2019-03-26 09:20:19',NULL,0,0),(99,2,7,2,268435477,'2019-03-26 09:20:19',NULL,0,0),(100,2,8,2,268435477,'2019-03-26 09:20:19',NULL,0,0),(101,2,9,2,268435477,'2019-03-26 09:20:19',NULL,0,0),(102,2,13,2,268435477,'2019-03-26 09:20:19',NULL,0,0),(103,2,14,2,268435477,'2019-03-26 09:20:19',NULL,0,0),(104,2,15,2,268435477,'2019-03-26 09:20:19',NULL,0,0),(105,2,16,2,268435477,'2019-03-26 09:20:19',NULL,0,0),(106,2,17,2,268435477,'2019-03-26 09:20:19',NULL,0,0),(107,2,18,2,268435477,'2019-03-26 09:20:19',NULL,0,0),(108,2,19,2,268435477,'2019-03-26 09:20:19',NULL,0,0),(109,2,20,2,268435477,'2019-03-26 09:20:19',NULL,0,0),(110,2,21,2,268435477,'2019-03-26 09:20:19',NULL,0,0),(111,2,22,2,268435477,'2019-03-26 09:20:19',NULL,0,0),(112,2,23,2,268435477,'2019-03-26 09:20:19',NULL,0,0),(113,2,24,2,268435477,'2019-03-26 09:20:19',NULL,0,0),(114,2,25,2,268435477,'2019-03-26 09:20:19',NULL,0,0),(115,2,26,2,268435477,'2019-03-26 09:20:19',NULL,0,0),(116,2,27,2,268435477,'2019-03-26 09:20:19',NULL,0,0),(117,2,0,2,268435477,'2019-03-26 09:20:19','2019-03-27 13:20:54',0,0),(122,2,2,2,16777217,'2019-03-26 10:16:26',NULL,1048585,12),(123,2,4,2,16777217,'2019-03-26 10:16:26',NULL,1048585,12),(124,2,5,2,16777217,'2019-03-26 10:16:26',NULL,1048585,12),(125,2,6,2,16777217,'2019-03-26 10:16:26',NULL,1048585,12),(126,2,18,2,16777217,'2019-03-26 10:16:26',NULL,1048585,12),(127,2,26,2,16777217,'2019-03-26 10:16:26',NULL,1048585,12),(128,2,28,2,16777217,'2019-03-26 10:16:26','2019-03-27 08:47:33',1048585,12),(129,2,2,2,16777217,'2019-03-27 11:50:52',NULL,1048585,13),(130,2,4,2,16777217,'2019-03-27 11:50:52',NULL,1048585,13),(131,2,5,2,16777217,'2019-03-27 11:50:52',NULL,1048585,13),(132,2,6,2,16777217,'2019-03-27 11:50:52',NULL,1048585,13),(133,2,18,2,16777217,'2019-03-27 11:50:52',NULL,1048585,13),(134,2,26,2,16777217,'2019-03-27 11:50:52',NULL,1048585,13),(135,2,28,2,16777217,'2019-03-27 11:50:52',NULL,1048585,13),(136,2,2,2,16777217,'2019-04-01 09:23:07',NULL,1048585,14),(137,2,4,2,16777217,'2019-04-01 09:23:07',NULL,1048585,14),(138,2,5,2,16777217,'2019-04-01 09:23:07',NULL,1048585,14),(139,2,6,2,16777217,'2019-04-01 09:23:07',NULL,1048585,14),(140,2,18,2,16777217,'2019-04-01 09:23:07',NULL,1048585,14),(141,2,26,2,16777217,'2019-04-01 09:23:07',NULL,1048585,14),(142,2,28,2,16777217,'2019-04-01 09:23:07',NULL,1048585,14),(143,2,2,2,16777217,'2019-04-11 11:18:46',NULL,1048585,15),(144,2,4,2,16777217,'2019-04-11 11:18:46',NULL,1048585,15),(145,2,5,2,16777217,'2019-04-11 11:18:46',NULL,1048585,15),(146,2,6,2,16777217,'2019-04-11 11:18:46',NULL,1048585,15),(147,2,18,2,16777217,'2019-04-11 11:18:46',NULL,1048585,15),(148,2,26,2,16777217,'2019-04-11 11:18:46',NULL,1048585,15),(149,2,28,2,16777217,'2019-04-11 11:18:46',NULL,1048585,15),(150,2,2,2,16777217,'2019-04-11 11:30:27',NULL,1048585,16),(151,2,4,2,16777217,'2019-04-11 11:30:27',NULL,1048585,16),(152,2,5,2,16777217,'2019-04-11 11:30:27',NULL,1048585,16),(153,2,6,2,16777217,'2019-04-11 11:30:27',NULL,1048585,16),(154,2,18,2,16777217,'2019-04-11 11:30:27',NULL,1048585,16),(155,2,26,2,16777217,'2019-04-11 11:30:27',NULL,1048585,16),(156,2,28,2,16777217,'2019-04-11 11:30:27',NULL,1048585,16),(157,2,2,2,16777217,'2019-08-02 09:13:05',NULL,1048585,18),(158,2,4,2,16777217,'2019-08-02 09:13:05',NULL,1048585,18),(159,2,5,2,16777217,'2019-08-02 09:13:05',NULL,1048585,18),(160,2,6,2,16777217,'2019-08-02 09:13:05',NULL,1048585,18),(161,2,18,2,16777217,'2019-08-02 09:13:05',NULL,1048585,18),(162,2,26,2,16777217,'2019-08-02 09:13:05',NULL,1048585,18),(163,2,28,2,16777217,'2019-08-02 09:13:05',NULL,1048585,18),(165,2,2,2,16777217,'2019-08-02 09:33:25',NULL,1048585,19),(166,2,4,2,16777217,'2019-08-02 09:33:25',NULL,1048585,19),(167,2,5,2,16777217,'2019-08-02 09:33:25',NULL,1048585,19),(168,2,6,2,16777217,'2019-08-02 09:33:25',NULL,1048585,19),(169,2,18,2,16777217,'2019-08-02 09:33:25',NULL,1048585,19),(170,2,26,2,16777217,'2019-08-02 09:33:25',NULL,1048585,19),(171,2,28,2,16777217,'2019-08-02 09:33:25',NULL,1048585,19),(172,2,2,2,16777217,'2019-08-06 14:29:28',NULL,1048585,21),(173,2,4,2,16777217,'2019-08-06 14:29:28',NULL,1048585,21),(174,2,5,2,16777217,'2019-08-06 14:29:28',NULL,1048585,21),(175,2,6,2,16777217,'2019-08-06 14:29:28',NULL,1048585,21),(176,2,26,2,16777217,'2019-08-06 14:29:28',NULL,1048585,21),(177,2,28,2,16777217,'2019-08-06 14:29:28',NULL,1048585,21),(185,2,4,2,16777217,'2019-09-04 11:22:27',NULL,1048585,24),(186,2,6,2,16777217,'2019-09-04 11:22:27',NULL,1048585,24),(187,2,26,2,16777217,'2019-09-04 11:22:27',NULL,1048585,24),(193,2,4,2,16777217,'2019-09-04 11:32:38',NULL,1048585,22),(194,2,6,2,16777217,'2019-09-04 11:32:38',NULL,1048585,22),(195,2,26,2,16777217,'2019-09-04 11:32:38',NULL,1048585,22),(196,2,41,2,16777217,'2019-09-04 11:32:38',NULL,1048585,22),(197,2,4,2,16777217,'2019-09-04 11:33:16',NULL,1048585,25),(198,2,6,2,16777217,'2019-09-04 11:33:16',NULL,1048585,25),(199,2,26,2,16777217,'2019-09-04 11:33:16',NULL,1048585,25),(200,2,41,2,16777217,'2019-09-04 11:33:16',NULL,1048585,25),(202,2,4,2,16777217,'2019-09-04 12:33:02',NULL,1048585,27),(203,2,6,2,16777217,'2019-09-04 12:33:02',NULL,1048585,27),(204,2,26,2,16777217,'2019-09-04 12:33:02',NULL,1048585,27),(205,2,41,2,16777217,'2019-09-04 12:33:02',NULL,1048585,27),(210,2,4,2,16777217,'2019-09-04 12:50:58',NULL,1048585,26),(211,2,6,2,16777217,'2019-09-04 12:50:58',NULL,1048585,26),(212,2,26,2,16777217,'2019-09-04 12:50:58',NULL,1048585,26),(213,2,41,2,16777217,'2019-09-04 12:50:58',NULL,1048585,26),(222,2,1,2,8,'2019-10-04 08:16:04',NULL,522,1),(223,2,2,2,8,'2019-10-04 08:16:04',NULL,522,1),(224,2,5,2,8,'2019-10-04 08:16:04',NULL,522,1),(225,2,6,2,8,'2019-10-04 08:16:04',NULL,522,1),(226,2,7,2,8,'2019-10-04 08:16:04',NULL,522,1),(227,2,8,2,8,'2019-10-04 08:16:04',NULL,522,1),(228,2,9,2,8,'2019-10-04 08:16:04',NULL,522,1),(229,2,13,2,8,'2019-10-04 08:16:04',NULL,522,1),(230,2,14,2,8,'2019-10-04 08:16:04',NULL,522,1),(231,2,15,2,8,'2019-10-04 08:16:04',NULL,522,1),(232,2,16,2,8,'2019-10-04 08:16:04',NULL,522,1),(233,2,17,2,8,'2019-10-04 08:16:04',NULL,522,1),(234,2,18,2,8,'2019-10-04 08:16:04',NULL,522,1),(235,2,19,2,8,'2019-10-04 08:16:04',NULL,522,1),(236,2,20,2,8,'2019-10-04 08:16:04',NULL,522,1),(237,2,21,2,8,'2019-10-04 08:16:04',NULL,522,1),(238,2,22,2,8,'2019-10-04 08:16:04',NULL,522,1),(239,2,23,2,8,'2019-10-04 08:16:04',NULL,522,1),(240,2,24,2,8,'2019-10-04 08:16:04',NULL,522,1),(241,2,26,2,8,'2019-10-04 08:16:04',NULL,522,1),(242,2,27,2,8,'2019-10-04 08:16:04',NULL,522,1),(243,2,30,2,8,'2019-10-04 08:16:04',NULL,522,1),(244,2,31,2,8,'2019-10-04 08:16:04',NULL,522,1),(245,2,32,2,8,'2019-10-04 08:16:04',NULL,522,1),(246,2,33,2,8,'2019-10-04 08:16:04',NULL,522,1),(247,2,34,2,8,'2019-10-04 08:16:04',NULL,522,1),(248,2,35,2,8,'2019-10-04 08:16:04',NULL,522,1),(249,2,36,2,8,'2019-10-04 08:16:04',NULL,522,1),(250,2,37,2,8,'2019-10-04 08:16:04',NULL,522,1),(251,2,38,2,8,'2019-10-04 08:16:04',NULL,522,1),(252,2,39,2,8,'2019-10-04 08:16:04',NULL,522,1),(253,2,40,2,8,'2019-10-04 08:16:04',NULL,522,1),(254,2,41,2,8,'2019-10-04 08:16:04',NULL,522,1),(255,2,42,2,8,'2019-10-04 08:16:04',NULL,522,1),(256,2,43,2,8,'2019-10-04 08:16:05',NULL,522,1),(257,2,44,2,8,'2019-10-04 08:16:05',NULL,522,1),(258,2,45,2,8,'2019-10-04 08:16:05',NULL,522,1),(259,2,46,2,8,'2019-10-04 08:16:05',NULL,522,1),(260,2,47,2,8,'2019-10-04 08:16:05',NULL,522,1),(261,2,48,2,8,'2019-10-04 08:16:05',NULL,522,1),(262,2,49,2,8,'2019-10-04 08:16:05',NULL,522,1),(263,2,50,2,8,'2019-10-04 08:16:05',NULL,522,1),(264,2,51,2,8,'2019-10-04 08:16:05',NULL,522,1),(265,2,52,2,8,'2019-10-04 08:16:05',NULL,522,1),(266,2,0,2,8,'2019-10-04 08:16:05','2019-10-05 20:11:52',522,1),(267,2,1,2,8,'2019-10-04 08:18:06',NULL,522,1),(268,2,2,2,8,'2019-10-04 08:18:06',NULL,522,1),(269,2,5,2,8,'2019-10-04 08:18:06',NULL,522,1),(270,2,6,2,8,'2019-10-04 08:18:06',NULL,522,1),(271,2,7,2,8,'2019-10-04 08:18:06',NULL,522,1),(272,2,8,2,8,'2019-10-04 08:18:06',NULL,522,1),(273,2,9,2,8,'2019-10-04 08:18:06',NULL,522,1),(274,2,13,2,8,'2019-10-04 08:18:06',NULL,522,1),(275,2,14,2,8,'2019-10-04 08:18:06',NULL,522,1),(276,2,15,2,8,'2019-10-04 08:18:06',NULL,522,1),(277,2,16,2,8,'2019-10-04 08:18:06',NULL,522,1),(278,2,17,2,8,'2019-10-04 08:18:06',NULL,522,1),(279,2,18,2,8,'2019-10-04 08:18:06',NULL,522,1),(280,2,19,2,8,'2019-10-04 08:18:06',NULL,522,1),(281,2,20,2,8,'2019-10-04 08:18:06',NULL,522,1),(282,2,21,2,8,'2019-10-04 08:18:06',NULL,522,1),(283,2,22,2,8,'2019-10-04 08:18:06',NULL,522,1),(284,2,23,2,8,'2019-10-04 08:18:06',NULL,522,1),(285,2,24,2,8,'2019-10-04 08:18:06',NULL,522,1),(286,2,26,2,8,'2019-10-04 08:18:06',NULL,522,1),(287,2,27,2,8,'2019-10-04 08:18:06',NULL,522,1),(288,2,30,2,8,'2019-10-04 08:18:06',NULL,522,1),(289,2,31,2,8,'2019-10-04 08:18:06',NULL,522,1),(290,2,32,2,8,'2019-10-04 08:18:06',NULL,522,1),(291,2,33,2,8,'2019-10-04 08:18:06',NULL,522,1),(292,2,34,2,8,'2019-10-04 08:18:06',NULL,522,1),(293,2,35,2,8,'2019-10-04 08:18:06',NULL,522,1),(294,2,36,2,8,'2019-10-04 08:18:06',NULL,522,1),(295,2,37,2,8,'2019-10-04 08:18:06',NULL,522,1),(296,2,38,2,8,'2019-10-04 08:18:06',NULL,522,1),(297,2,39,2,8,'2019-10-04 08:18:06',NULL,522,1),(298,2,40,2,8,'2019-10-04 08:18:06',NULL,522,1),(299,2,41,2,8,'2019-10-04 08:18:06',NULL,522,1),(300,2,42,2,8,'2019-10-04 08:18:06',NULL,522,1),(301,2,43,2,8,'2019-10-04 08:18:06',NULL,522,1),(302,2,44,2,8,'2019-10-04 08:18:06',NULL,522,1),(303,2,45,2,8,'2019-10-04 08:18:06',NULL,522,1),(304,2,46,2,8,'2019-10-04 08:18:06',NULL,522,1),(305,2,47,2,8,'2019-10-04 08:18:06',NULL,522,1),(306,2,48,2,8,'2019-10-04 08:18:06',NULL,522,1),(307,2,49,2,8,'2019-10-04 08:18:06',NULL,522,1),(308,2,50,2,8,'2019-10-04 08:18:06',NULL,522,1),(309,2,51,2,8,'2019-10-04 08:18:06',NULL,522,1),(310,2,52,2,8,'2019-10-04 08:18:06',NULL,522,1),(311,2,0,2,8,'2019-10-04 08:18:06','2019-10-05 20:11:52',522,1);

--
-- Table structure for table `oai_resumption_tokens`
--

CREATE TABLE `oai_resumption_tokens` (
  `token` varchar(32) NOT NULL,
  `expire` bigint(20) NOT NULL,
  `record_offset` int(11) NOT NULL,
  `params` text,
  UNIQUE KEY `oai_resumption_tokens_pkey` (`token`)
) ENGINE=InnoDB DEFAULT CHARSET=utf8;

--
-- Dumping data for table `oai_resumption_tokens`
--


--
-- Table structure for table `object_for_review_assignments`
--

CREATE TABLE `object_for_review_assignments` (
  `assignment_id` bigint(20) NOT NULL AUTO_INCREMENT,
  `object_id` bigint(20) NOT NULL DEFAULT '0',
  `user_id` bigint(20) DEFAULT NULL,
  `submission_id` bigint(20) DEFAULT NULL,
  `status` smallint(6) NOT NULL,
  `date_requested` datetime DEFAULT NULL,
  `date_assigned` datetime DEFAULT NULL,
  `date_mailed` datetime DEFAULT NULL,
  `date_due` datetime DEFAULT NULL,
  `date_reminded_before` datetime DEFAULT NULL,
  `date_reminded_after` datetime DEFAULT NULL,
  `notes` text,
  PRIMARY KEY (`assignment_id`),
  UNIQUE KEY `ofr_assignments_pkey` (`object_id`,`user_id`)
) ENGINE=InnoDB DEFAULT CHARSET=utf8;

--
-- Dumping data for table `object_for_review_assignments`
--


--
-- Table structure for table `object_for_review_persons`
--

CREATE TABLE `object_for_review_persons` (
  `person_id` bigint(20) NOT NULL AUTO_INCREMENT,
  `object_id` bigint(20) NOT NULL,
  `seq` double NOT NULL DEFAULT '0',
  `role` varchar(255) NOT NULL,
  `first_name` varchar(40) NOT NULL,
  `middle_name` varchar(40) DEFAULT NULL,
  `last_name` varchar(90) NOT NULL,
  PRIMARY KEY (`person_id`),
  KEY `ofr_person_object_id` (`object_id`)
) ENGINE=InnoDB DEFAULT CHARSET=utf8;

--
-- Dumping data for table `object_for_review_persons`
--


--
-- Table structure for table `object_for_review_settings`
--

CREATE TABLE `object_for_review_settings` (
  `object_id` bigint(20) NOT NULL,
  `review_object_metadata_id` bigint(20) NOT NULL,
  `setting_value` text,
  `setting_type` varchar(6) NOT NULL,
  UNIQUE KEY `ofr_settings_pkey` (`object_id`,`review_object_metadata_id`),
  KEY `ofr_settings_object_id` (`object_id`)
) ENGINE=InnoDB DEFAULT CHARSET=utf8;

--
-- Dumping data for table `object_for_review_settings`
--


--
-- Table structure for table `objects_for_review`
--

CREATE TABLE `objects_for_review` (
  `object_id` bigint(20) NOT NULL AUTO_INCREMENT,
  `review_object_type_id` bigint(20) NOT NULL,
  `context_id` bigint(20) NOT NULL,
  `available` tinyint(4) NOT NULL DEFAULT '1',
  `date_created` datetime NOT NULL,
  `editor_id` bigint(20) DEFAULT NULL,
  `notes` text,
  PRIMARY KEY (`object_id`),
  KEY `ofr_object_id` (`object_id`)
) ENGINE=InnoDB DEFAULT CHARSET=utf8;

--
-- Dumping data for table `objects_for_review`
--


--
-- Table structure for table `paypal_transactions`
--

CREATE TABLE `paypal_transactions` (
  `txn_id` varchar(17) NOT NULL,
  `txn_type` varchar(20) DEFAULT NULL,
  `payer_email` varchar(127) DEFAULT NULL,
  `receiver_email` varchar(127) DEFAULT NULL,
  `item_number` varchar(127) DEFAULT NULL,
  `payment_date` varchar(127) DEFAULT NULL,
  `payer_id` varchar(13) DEFAULT NULL,
  `receiver_id` varchar(13) DEFAULT NULL,
  PRIMARY KEY (`txn_id`)
) ENGINE=InnoDB DEFAULT CHARSET=utf8;

--
-- Dumping data for table `paypal_transactions`
--


--
-- Table structure for table `pln_deposit_objects`
--

CREATE TABLE `pln_deposit_objects` (
  `deposit_object_id` bigint(20) NOT NULL AUTO_INCREMENT,
  `journal_id` bigint(20) NOT NULL,
  `object_id` bigint(20) NOT NULL,
  `object_type` varchar(36) NOT NULL,
  `deposit_id` bigint(20) DEFAULT NULL,
  `date_created` datetime NOT NULL,
  `date_modified` datetime DEFAULT NULL,
  PRIMARY KEY (`deposit_object_id`)
) ENGINE=InnoDB DEFAULT CHARSET=utf8;

--
-- Dumping data for table `pln_deposit_objects`
--


--
-- Table structure for table `pln_deposits`
--

CREATE TABLE `pln_deposits` (
  `deposit_id` bigint(20) NOT NULL AUTO_INCREMENT,
  `journal_id` bigint(20) NOT NULL,
  `uuid` varchar(36) DEFAULT NULL,
  `status` bigint(20) DEFAULT '0',
  `date_status` datetime DEFAULT NULL,
  `date_created` datetime NOT NULL,
  `date_modified` datetime DEFAULT NULL,
  PRIMARY KEY (`deposit_id`)
) ENGINE=InnoDB DEFAULT CHARSET=utf8;

--
-- Dumping data for table `pln_deposits`
--


--
-- Table structure for table `plugin_settings`
--

CREATE TABLE `plugin_settings` (
  `plugin_name` varchar(80) NOT NULL,
  `context_id` bigint(20) NOT NULL,
  `setting_name` varchar(80) NOT NULL,
  `setting_value` text,
  `setting_type` varchar(6) NOT NULL,
  UNIQUE KEY `plugin_settings_pkey` (`plugin_name`,`context_id`,`setting_name`),
  KEY `plugin_settings_plugin_name` (`plugin_name`)
) ENGINE=InnoDB DEFAULT CHARSET=utf8;

--
-- Dumping data for table `plugin_settings`
--

INSERT INTO `plugin_settings` VALUES ('acronplugin',0,'crontab','a:5:{i:0;a:3:{s:9:\"className\";s:43:\"plugins.generic.usageStats.UsageStatsLoader\";s:9:\"frequency\";a:1:{s:4:\"hour\";i:24;}s:4:\"args\";a:1:{i:0;s:9:\"autoStage\";}}i:1;a:3:{s:9:\"className\";s:48:\"plugins.importexport.crossref.CrossrefInfoSender\";s:9:\"frequency\";a:1:{s:4:\"hour\";i:24;}s:4:\"args\";a:0:{}}i:2;a:3:{s:9:\"className\";s:42:\"plugins.importexport.medra.MedraInfoSender\";s:9:\"frequency\";a:1:{s:4:\"hour\";i:24;}s:4:\"args\";a:0:{}}i:3;a:3:{s:9:\"className\";s:48:\"plugins.importexport.datacite.DataciteInfoSender\";s:9:\"frequency\";a:1:{s:4:\"hour\";i:24;}s:4:\"args\";a:0:{}}i:4;a:3:{s:9:\"className\";s:35:\"lib.pkp.classes.task.ReviewReminder\";s:9:\"frequency\";a:1:{s:4:\"hour\";i:24;}s:4:\"args\";a:0:{}}}','object'),('acronplugin',0,'enabled','1','bool'),('authorbiosblockplugin',2,'enabled','0','bool'),('coinsplugin',0,'enabled','1','bool'),('customblockmanagerplugin',2,'blocks','a:4:{i:0;s:8:\"Menu Bar\";i:1;s:16:\"pengindeksjurnal\";i:2;s:6:\"Kontak\";i:3;s:4:\"ISSN\";}','object'),('customblockmanagerplugin',2,'enabled','1','bool'),('defaultthemeplugin',0,'enabled','1','bool'),('defaultthemeplugin',2,'enabled','1','bool'),('developedbyblockplugin',0,'context','2','int'),('developedbyblockplugin',0,'enabled','1','bool'),('developedbyblockplugin',0,'seq','0','int'),('developedbyblockplugin',2,'context','2','int'),('developedbyblockplugin',2,'enabled','1','bool'),('developedbyblockplugin',2,'seq','11','int'),('doipubidplugin',2,'doiIssueSuffixPattern','','string'),('doipubidplugin',2,'doiPrefix','10.31964','string'),('doipubidplugin',2,'doiRepresentationSuffixPattern','','string'),('doipubidplugin',2,'doiSubmissionSuffixPattern','','string'),('doipubidplugin',2,'doiSuffix','default','string'),('doipubidplugin',2,'enabled','1','bool'),('doipubidplugin',2,'enableIssueDoi','1','bool'),('doipubidplugin',2,'enableRepresentationDoi','0','bool'),('doipubidplugin',2,'enableSubmissionDoi','1','bool'),('donationblockplugin',0,'context','2','int'),('donationblockplugin',0,'enabled','1','bool'),('donationblockplugin',0,'seq','5','int'),('donationblockplugin',2,'context','2','int'),('donationblockplugin',2,'enabled','1','bool'),('donationblockplugin',2,'seq','7','int'),('fontsizeblockplugin',0,'context','2','int'),('fontsizeblockplugin',0,'enabled','1','bool'),('fontsizeblockplugin',0,'seq','6','int'),('fontsizeblockplugin',2,'context','2','int'),('fontsizeblockplugin',2,'enabled','1','bool'),('fontsizeblockplugin',2,'seq','14','int'),('helpblockplugin',0,'context','2','int'),('helpblockplugin',0,'enabled','1','bool'),('helpblockplugin',0,'seq','1','int'),('helpblockplugin',2,'context','2','int'),('helpblockplugin',2,'enabled','1','bool'),('helpblockplugin',2,'seq','12','int'),('informationblockplugin',2,'context','2','int'),('informationblockplugin',2,'enabled','1','bool'),('informationblockplugin',2,'seq','8','int'),('issn',2,'blockContent','a:1:{s:5:\"en_US\";s:855:\"<div style=\"border: 0 solid; color: #0000ff; padding: 10px; background-color: #3bfb00; text-align: center;\"><strong>eISSN: 2656-2251 </strong></div>\r\n<div style=\"border: 2px #B0E0E6 solid; padding: 4px; background-color: #ffffff; text-align: center;\">(ISSN source: click the icon below) <br /> <a style=\"text-decoration: blink;\" href=\"http://u.lipi.go.id/1554777882\" target=\"_blank\"> <img src=\"/public/site/images/admin/lipi.png\" alt=\"\" /> </a> <br /> <a style=\"text-decoration: blink;\" href=\"https://portal.issn.org/resource/ISSN/2656-2251\" target=\"_blank\"> <img src=\"https://encrypted-tbn0.gstatic.com/images?q=tbn:ANd9GcTbw84Ng9ZaNQN23WqR7EPrEQuCahfjkPbU1-vT9ebGpKk1mSdHew\" alt=\"\" /> </a> <a style=\"text-decoration: blink;\" href=\"http://u.lipi.go.id/1554777882\" target=\"_blank\"> <img src=\"/public/site/images/admin/kodebar_ISSN.png\" alt=\"\" /></a></div>\";}','object'),('issn',2,'context','2','int'),('issn',2,'enabled','1','bool'),('issn',2,'seq','3','int'),('keywordcloudblockplugin',2,'enabled','0','bool'),('kontak',2,'blockContent','a:1:{s:5:\"en_US\";s:1023:\"<div id=\"customblock-Contact\" class=\"pkp_block block_custom\">\r\n<div class=\"content\">\r\n<div id=\"customblock-contact\" class=\"pkp_block block_custom\">\r\n<div class=\"content\">\r\n<div style=\"border: 0; padding: 4px; background-color: #3bfb00; text-align: center; color: #ffffff;\"><strong>Contact &amp; Information :</strong></div>\r\n<div style=\"border: 2px #3BFB00 solid; padding: 2px; background-color: #ffffff; text-align: right;\">Editor-in-Chief: <br /> <a style=\"text-decoration: blink;\" href=\"/public/journals/2/Mail\r\nhttps:/scholar.google.com/citations?user=oEX6xO0AAAAJ&amp;hl=id;view=overview\"> Zakiah </a>\r\n<p>&nbsp;</p>\r\nAddress (click link to open map): <br /> <a style=\"text-decoration: blink;\" href=\"https://www.google.com/maps?ll=-3.446154,114.847677&amp;z=15&amp;t=h&amp;hl=en-US&amp;gl=ID&amp;mapclient=embed&amp;cid=644017610381090679\" rel=\"noopener\" target=\"_blank\"> Poltekkes Kemenkes Banjarmasin Jurusan Kebidanan Jl. Mistar Cokrokusumo No.3A Banjarbaru KodePos 70714) </a></div>\r\n</div>\r\n</div>\r\n</div>\r\n</div>\";}','object'),('kontak',2,'context','2','int'),('kontak',2,'enabled','1','bool'),('kontak',2,'seq','4','int'),('languagetoggleblockplugin',0,'context','2','int'),('languagetoggleblockplugin',0,'enabled','1','bool'),('languagetoggleblockplugin',0,'seq','4','int'),('languagetoggleblockplugin',2,'context','2','int'),('languagetoggleblockplugin',2,'enabled','1','bool'),('languagetoggleblockplugin',2,'seq','10','int'),('luceneplugin',0,'autosuggest','1','bool'),('luceneplugin',0,'autosuggestType','2','int'),('luceneplugin',0,'customRanking','0','bool'),('luceneplugin',0,'enabled','0','bool'),('luceneplugin',0,'facetCategoryAuthors','1','bool'),('luceneplugin',0,'facetCategoryCoverage','1','bool'),('luceneplugin',0,'facetCategoryDiscipline','1','bool'),('luceneplugin',0,'facetCategoryJournalTitle','1','bool'),('luceneplugin',0,'facetCategoryPublicationDate','1','bool'),('luceneplugin',0,'facetCategorySubject','1','bool'),('luceneplugin',0,'facetCategoryType','1','bool'),('luceneplugin',0,'highlighting','1','bool'),('luceneplugin',0,'instId','localhost','string'),('luceneplugin',0,'lastEmailTimestamp','0','int'),('luceneplugin',0,'password','please change','string'),('luceneplugin',0,'pullIndexing','0','bool'),('luceneplugin',0,'searchEndpoint','http://localhost:8983/solr/ojs/search','string'),('luceneplugin',0,'simdocs','1','bool'),('luceneplugin',0,'spellcheck','1','bool'),('luceneplugin',0,'username','admin','string'),('menu bar',2,'blockContent','a:1:{s:5:\"en_US\";s:2655:\"<table style=\"background-color: #0000ff; width: 100%;\" cellspacing=\"0\" cellpadding=\"0\">\r\n<tbody>\r\n<tr style=\"text-align: center; border-bottom: 2px solid #ffffff;\">\r\n<td>\r\n<h3><a title=\"Editorial Board\" href=\"/index.php/JKB/about/editorialTeam\" target=\"_self\"><span style=\"color: #ffffff;\"><strong>Editorial Board</strong></span></a></h3>\r\n</td>\r\n</tr>\r\n<tr style=\"text-align: center; border-bottom: 2px solid #ffffff;\">\r\n<td>\r\n<h3><span style=\"color: #ffffff;\"><strong>Reviewer</strong></span></h3>\r\n</td>\r\n</tr>\r\n<tr style=\"text-align: center; border-bottom: 2px solid #ffffff;\">\r\n<td>\r\n<h3><a title=\"Focus and scope\" href=\"/index.php/JKB/about/editorialPolicies#focusAndScope\"><span style=\"color: #ffffff;\"><strong>Focus and Scope</strong></span></a></h3>\r\n</td>\r\n</tr>\r\n<tr style=\"text-align: center; border-bottom: 2px solid #ffffff;\">\r\n<td>\r\n<h3><span style=\"color: #ffffff;\"><strong>Publication Ethic</strong></span></h3>\r\n</td>\r\n</tr>\r\n<tr style=\"text-align: center; border-bottom: 2px solid #ffffff;\">\r\n<td>\r\n<h3><span style=\"color: #ffffff;\"><strong>Copyright Agreement</strong></span></h3>\r\n</td>\r\n</tr>\r\n<tr style=\"text-align: center; border-bottom: 2px solid #ffffff;\">\r\n<td>\r\n<h3><span style=\"color: #ffffff;\"><strong>Screening for Plagiarism</strong></span></h3>\r\n</td>\r\n</tr>\r\n<tr style=\"text-align: center; border-bottom: 2px solid #ffffff;\">\r\n<td>\r\n<h3><span style=\"color: #ffffff;\"><strong>Open Acess Policy</strong></span></h3>\r\n</td>\r\n</tr>\r\n<tr style=\"text-align: center; border-bottom: 2px solid #ffffff;\">\r\n<td>\r\n<h3><span style=\"color: #ffffff;\"><strong>Peer Review Process</strong></span></h3>\r\n</td>\r\n</tr>\r\n<tr style=\"text-align: center; border-bottom: 2px solid #ffffff;\">\r\n<td>\r\n<h3><span style=\"color: #ffffff;\"><strong>Guidelines</strong></span></h3>\r\n</td>\r\n</tr>\r\n<tr style=\"text-align: center; border-bottom: 2px solid #ffffff;\">\r\n<td>\r\n<h3><a title=\"template\" href=\"https://drive.google.com/file/d/1iHio2iMSrOaAPCtOBLR8M90EedRIWfJS/view?usp=sharing\" rel=\"noopener\" target=\"_blank\"><span style=\"color: #ffffff;\"><strong>Journal Template</strong></span></a></h3>\r\n</td>\r\n</tr>\r\n<tr style=\"text-align: center; border-bottom: 2px solid #ffffff;\">\r\n<td>\r\n<h3><span style=\"color: #ffffff;\"><strong>Journal Indexing</strong></span></h3>\r\n</td>\r\n</tr>\r\n<tr style=\"text-shadow: 1px 2px 2px #FFBF00;\">\r\n<td>\r\n<h3 style=\"text-align: center;\"><span style=\"color: #ffffff;\"><strong>Journal Hardcopy</strong></span></h3>\r\n</td>\r\n</tr>\r\n<tr style=\"text-align: center; border-bottom: 2px solid #ffffff;\">\r\n<td>\r\n<h3><span style=\"color: #ffffff;\"><strong>Author Fees</strong></span></h3>\r\n</td>\r\n</tr>\r\n</tbody>\r\n</table>\r\n<p>&nbsp;</p>\";}','object'),('menu bar',2,'context','2','int'),('menu bar',2,'enabled','1','bool'),('menu bar',2,'seq','1','int'),('mods34metadataplugin',0,'metadataPluginControlledVocabInstalled','1','bool'),('navigationblockplugin',0,'context','2','int'),('navigationblockplugin',0,'enabled','1','bool'),('navigationblockplugin',0,'seq','5','int'),('navigationblockplugin',2,'context','2','int'),('navigationblockplugin',2,'enabled','1','bool'),('navigationblockplugin',2,'seq','6','int'),('nlm30metadataplugin',0,'metadataPluginControlledVocabInstalled','1','bool'),('notificationblockplugin',0,'context','2','int'),('notificationblockplugin',0,'enabled','1','bool'),('notificationblockplugin',0,'seq','3','int'),('notificationblockplugin',2,'context','2','int'),('notificationblockplugin',2,'enabled','1','bool'),('notificationblockplugin',2,'seq','9','int'),('openurl10metadataplugin',0,'metadataPluginControlledVocabInstalled','1','bool'),('pengindeksjurnal',2,'blockContent','a:1:{s:5:\"en_US\";s:220:\"<p><a title=\"google schooler\" href=\"https://scholar.google.com/citations?user=5M6bO5oAAAAJ&amp;hl=en\"><img src=\"https://kesling-poltekkesbjm.com/wp-content/uploads/2017/08/a.png\" alt=\"\" width=\"170\" height=\"60\" /></a></p>\";}','object'),('pengindeksjurnal',2,'context','2','int'),('pengindeksjurnal',2,'enabled','1','bool'),('pengindeksjurnal',2,'seq','2','int'),('readingtoolsblockplugin',2,'enabled','0','bool'),('relateditemsblockplugin',2,'enabled','0','bool'),('roleblockplugin',2,'context','2','int'),('roleblockplugin',2,'enabled','1','bool'),('roleblockplugin',2,'seq','13','int'),('sidemenu',2,'blockContent','a:1:{s:5:\"en_US\";s:92:\"<p><a href=\"/index.php/JKB/pages/view/etikapublikasi\" target=\"_self\">ETIKA PUBLIKASI</a></p>\";}','object'),('sidemenu',2,'context','2','int'),('sidemenu',2,'enabled','0','bool'),('sidemenu',2,'seq','1','int'),('staticpagesplugin',2,'enabled','1','bool'),('subscriptionblockplugin',2,'context','2','int'),('subscriptionblockplugin',2,'enabled','1','bool'),('subscriptionblockplugin',2,'seq','5','int'),('tinymceplugin',0,'enabled','1','bool'),('tinymceplugin',2,'enabled','1','bool'),('usageeventplugin',0,'enabled','1','bool'),('usageeventplugin',0,'uniqueSiteId','57594dfe06d04','string'),('usagestatsplugin',0,'accessLogFileParseRegex','/^(?P<ip>\\S+) \\S+ \\S+ \\[(?P<date>.*?)\\] \"\\S+ (?P<url>\\S+).*?\" (?P<returnCode>\\S+) \\S+ \".*?\" \"(?P<userAgent>.*?)\"/','string'),('usagestatsplugin',0,'chartType','bar','string'),('usagestatsplugin',0,'createLogFiles','1','bool'),('usagestatsplugin',0,'datasetMaxCount','4','string'),('usagestatsplugin',0,'enabled','1','bool'),('usagestatsplugin',0,'optionalColumns','a:2:{i:0;s:4:\"city\";i:1;s:6:\"region\";}','object'),('userblockplugin',0,'context','2','int'),('userblockplugin',0,'enabled','1','bool'),('userblockplugin',0,'seq','2','int'),('userblockplugin',2,'context','2','int'),('userblockplugin',2,'enabled','1','bool'),('userblockplugin',2,'seq','0','int'),('webfeedblockplugin',2,'context','2','int'),('webfeedblockplugin',2,'enabled','1','bool'),('webfeedblockplugin',2,'seq','15','int'),('webfeedplugin',2,'displayItems','issue','string'),('webfeedplugin',2,'displayPage','homepage','string'),('webfeedplugin',2,'enabled','1','bool'),('webfeedplugin',2,'recentItems','5','string');

--
-- Table structure for table `processes`
--

CREATE TABLE `processes` (
  `process_id` varchar(23) NOT NULL,
  `process_type` tinyint(4) NOT NULL,
  `time_started` bigint(20) NOT NULL,
  `obliterated` tinyint(4) NOT NULL DEFAULT '0',
  `additional_data` text,
  UNIQUE KEY `processes_pkey` (`process_id`)
) ENGINE=InnoDB DEFAULT CHARSET=utf8;

--
-- Dumping data for table `processes`
--


--
-- Table structure for table `published_submissions`
--

CREATE TABLE `published_submissions` (
  `published_submission_id` bigint(20) NOT NULL AUTO_INCREMENT,
  `submission_id` bigint(20) NOT NULL,
  `issue_id` bigint(20) NOT NULL,
  `date_published` datetime DEFAULT NULL,
  `seq` double NOT NULL DEFAULT '0',
  `access_status` tinyint(4) NOT NULL DEFAULT '0',
  PRIMARY KEY (`published_submission_id`),
  UNIQUE KEY `published_submissions_submission_id` (`submission_id`),
  KEY `published_submissions_issue_id` (`issue_id`)
) ENGINE=InnoDB AUTO_INCREMENT=11 DEFAULT CHARSET=utf8;

--
-- Dumping data for table `published_submissions`
--

INSERT INTO `published_submissions` VALUES (1,1,5,'2019-03-26 09:20:19',2,0),(2,2,5,'2019-03-26 09:20:19',3,0),(3,3,5,'2019-03-26 09:20:18',1,0),(4,4,5,'2019-03-26 09:20:19',4,0),(6,6,5,'2019-03-26 09:20:19',5,0),(7,7,5,'2019-03-26 09:20:19',6,0),(8,12,7,'2019-09-04 10:23:57',1,0),(9,22,7,'2019-09-04 14:16:40',2,0),(10,27,7,'2019-09-04 14:47:32',3,0);

--
-- Table structure for table `queries`
--

CREATE TABLE `queries` (
  `query_id` bigint(20) NOT NULL AUTO_INCREMENT,
  `assoc_type` bigint(20) NOT NULL,
  `assoc_id` bigint(20) NOT NULL,
  `stage_id` tinyint(4) NOT NULL DEFAULT '1',
  `seq` double NOT NULL DEFAULT '0',
  `date_posted` datetime DEFAULT NULL,
  `date_modified` datetime DEFAULT NULL,
  `closed` smallint(6) NOT NULL DEFAULT '0',
  PRIMARY KEY (`query_id`),
  KEY `queries_assoc_id` (`assoc_type`,`assoc_id`)
) ENGINE=MyISAM AUTO_INCREMENT=64 DEFAULT CHARSET=latin1;

--
-- Dumping data for table `queries`
--

INSERT INTO `queries` VALUES (1,1048585,12,3,1,NULL,NULL,0),(2,1048585,22,3,1,NULL,NULL,0),(3,1048585,27,3,1,NULL,NULL,0),(4,1048585,1,4,1,NULL,NULL,0),(5,1048585,1,5,2,NULL,NULL,0),(6,1048585,2,4,1,NULL,NULL,0),(7,1048585,2,5,2,NULL,NULL,0),(8,1048585,3,4,1,NULL,NULL,0),(9,1048585,3,5,2,NULL,NULL,0),(10,1048585,4,4,1,NULL,NULL,0),(11,1048585,4,5,2,NULL,NULL,0),(12,1048585,5,4,1,NULL,NULL,0),(13,1048585,5,5,2,NULL,NULL,0),(14,1048585,6,4,1,NULL,NULL,0),(15,1048585,6,5,2,NULL,NULL,0),(16,1048585,7,4,1,NULL,NULL,0),(17,1048585,7,5,2,NULL,NULL,0),(18,1048585,8,4,1,NULL,NULL,0),(19,1048585,8,5,2,NULL,NULL,0),(20,1048585,9,4,1,NULL,NULL,0),(21,1048585,9,5,2,NULL,NULL,0),(22,1048585,11,4,1,NULL,NULL,0),(23,1048585,11,5,2,NULL,NULL,0),(24,1048585,12,4,2,NULL,NULL,0),(25,1048585,12,5,3,NULL,NULL,0),(26,1048585,13,4,1,NULL,NULL,0),(27,1048585,13,5,2,NULL,NULL,0),(28,1048585,14,4,1,NULL,NULL,0),(29,1048585,14,5,2,NULL,NULL,0),(30,1048585,15,4,1,NULL,NULL,0),(31,1048585,15,5,2,NULL,NULL,0),(32,1048585,16,4,1,NULL,NULL,0),(33,1048585,16,5,2,NULL,NULL,0),(34,1048585,18,4,1,NULL,NULL,0),(35,1048585,18,5,2,NULL,NULL,0),(36,1048585,19,4,1,NULL,NULL,0),(37,1048585,19,5,2,NULL,NULL,0),(38,1048585,21,4,1,NULL,NULL,0),(39,1048585,21,5,2,NULL,NULL,0),(40,1048585,24,4,1,NULL,NULL,0),(41,1048585,24,5,2,NULL,NULL,0),(42,1048585,22,4,2,NULL,NULL,0),(43,1048585,22,5,3,NULL,NULL,0),(44,1048585,25,4,1,NULL,NULL,0),(45,1048585,25,5,2,NULL,NULL,0),(46,1048585,27,4,2,NULL,NULL,0),(47,1048585,27,5,3,NULL,NULL,0),(48,1048585,26,4,1,NULL,NULL,0),(49,1048585,26,5,2,NULL,NULL,0),(50,1048585,8,1,3,NULL,NULL,0),(51,1048585,10,1,1,NULL,NULL,0),(52,1048585,11,1,3,NULL,NULL,0),(53,1048585,12,1,4,NULL,NULL,0),(54,1048585,13,1,3,NULL,NULL,0),(55,1048585,14,1,3,NULL,NULL,0),(56,1048585,15,1,3,NULL,NULL,0),(57,1048585,16,1,3,NULL,NULL,0),(58,1048585,19,1,3,NULL,NULL,0),(59,1048585,22,1,4,NULL,NULL,0),(60,1048585,24,1,3,NULL,NULL,0),(61,1048585,25,1,3,NULL,NULL,0),(62,1048585,26,1,3,NULL,NULL,0),(63,1048585,27,1,4,NULL,NULL,0);

--
-- Table structure for table `query_participants`
--

CREATE TABLE `query_participants` (
  `query_id` bigint(20) NOT NULL,
  `user_id` bigint(20) NOT NULL,
  UNIQUE KEY `query_participants_pkey` (`query_id`,`user_id`)
) ENGINE=MyISAM DEFAULT CHARSET=latin1;

--
-- Dumping data for table `query_participants`
--

INSERT INTO `query_participants` VALUES (1,18),(1,28),(2,40),(2,52),(3,18),(3,26),(3,50),(3,51),(4,1),(5,1),(5,3),(6,1),(7,1),(7,3),(8,1),(9,1),(9,3),(10,1),(11,1),(11,3),(12,1),(13,1),(13,3),(14,1),(15,1),(15,3),(16,1),(17,1),(17,13),(18,14),(19,14),(20,24),(20,41),(21,24),(21,41),(22,26),(22,51),(23,26),(23,51),(24,18),(24,28),(25,18),(25,28),(26,6),(26,52),(27,6),(27,52),(28,25),(29,25),(30,19),(31,19),(32,18),(32,50),(33,18),(33,50),(34,28),(34,42),(35,28),(35,42),(36,40),(37,40),(38,46),(38,51),(39,46),(39,51),(40,4),(40,26),(40,51),(41,4),(41,26),(41,51),(42,40),(42,52),(43,40),(43,52),(44,52),(45,52),(46,18),(46,26),(46,50),(46,51),(47,18),(47,26),(47,50),(47,51),(48,18),(48,40),(48,50),(49,18),(49,40),(49,50),(50,14),(51,13),(52,26),(53,18),(54,6),(55,25),(56,19),(57,18),(58,40),(59,40),(60,26),(61,52),(62,50),(63,51);

--
-- Table structure for table `queued_payments`
--

CREATE TABLE `queued_payments` (
  `queued_payment_id` bigint(20) NOT NULL AUTO_INCREMENT,
  `date_created` datetime NOT NULL,
  `date_modified` datetime NOT NULL,
  `expiry_date` date DEFAULT NULL,
  `payment_data` text,
  PRIMARY KEY (`queued_payment_id`)
) ENGINE=InnoDB DEFAULT CHARSET=utf8;

--
-- Dumping data for table `queued_payments`
--


--
-- Table structure for table `referral_settings`
--

CREATE TABLE `referral_settings` (
  `referral_id` bigint(20) NOT NULL,
  `locale` varchar(5) NOT NULL DEFAULT '',
  `setting_name` varchar(255) NOT NULL,
  `setting_value` text,
  `setting_type` varchar(6) NOT NULL,
  UNIQUE KEY `referral_settings_pkey` (`referral_id`,`locale`,`setting_name`),
  KEY `referral_settings_referral_id` (`referral_id`)
) ENGINE=InnoDB DEFAULT CHARSET=utf8;

--
-- Dumping data for table `referral_settings`
--


--
-- Table structure for table `referrals`
--

CREATE TABLE `referrals` (
  `referral_id` bigint(20) NOT NULL AUTO_INCREMENT,
  `submission_id` bigint(20) NOT NULL,
  `status` smallint(6) NOT NULL,
  `url` varchar(255) NOT NULL,
  `date_added` datetime NOT NULL,
  `link_count` bigint(20) NOT NULL,
  PRIMARY KEY (`referral_id`),
  UNIQUE KEY `referral_article_id` (`submission_id`,`url`)
) ENGINE=InnoDB DEFAULT CHARSET=utf8;

--
-- Dumping data for table `referrals`
--


--
-- Table structure for table `review_assignments`
--

CREATE TABLE `review_assignments` (
  `review_id` bigint(20) NOT NULL AUTO_INCREMENT,
  `submission_id` bigint(20) NOT NULL,
  `reviewer_id` bigint(20) NOT NULL,
  `competing_interests` text,
  `recommendation` tinyint(4) DEFAULT NULL,
  `date_assigned` datetime DEFAULT NULL,
  `date_notified` datetime DEFAULT NULL,
  `date_confirmed` datetime DEFAULT NULL,
  `date_completed` datetime DEFAULT NULL,
  `date_acknowledged` datetime DEFAULT NULL,
  `date_due` datetime DEFAULT NULL,
  `date_response_due` datetime DEFAULT NULL,
  `last_modified` datetime DEFAULT NULL,
  `reminder_was_automatic` tinyint(4) NOT NULL DEFAULT '0',
  `declined` tinyint(4) NOT NULL DEFAULT '0',
  `replaced` tinyint(4) NOT NULL DEFAULT '0',
  `cancelled` tinyint(4) NOT NULL DEFAULT '0',
  `reviewer_file_id` bigint(20) DEFAULT NULL,
  `date_rated` datetime DEFAULT NULL,
  `date_reminded` datetime DEFAULT NULL,
  `quality` tinyint(4) DEFAULT NULL,
  `review_round_id` bigint(20) DEFAULT NULL,
  `stage_id` tinyint(4) NOT NULL DEFAULT '1',
  `review_method` tinyint(4) NOT NULL DEFAULT '1',
  `round` tinyint(4) NOT NULL DEFAULT '1',
  `step` tinyint(4) NOT NULL DEFAULT '1',
  `review_form_id` bigint(20) DEFAULT NULL,
  `unconsidered` tinyint(4) DEFAULT NULL,
  PRIMARY KEY (`review_id`),
  KEY `review_assignments_submission_id` (`submission_id`),
  KEY `review_assignments_reviewer_id` (`reviewer_id`),
  KEY `review_assignments_form_id` (`review_form_id`)
) ENGINE=InnoDB AUTO_INCREMENT=12 DEFAULT CHARSET=utf8;

--
-- Dumping data for table `review_assignments`
--

INSERT INTO `review_assignments` VALUES (1,7,8,NULL,NULL,'2017-06-05 10:02:53',NULL,NULL,NULL,NULL,'2017-06-19 00:00:00',NULL,NULL,0,0,0,0,NULL,NULL,NULL,NULL,0,3,2,1,1,NULL,0),(2,18,2,NULL,NULL,'2019-08-02 09:41:37',NULL,NULL,NULL,NULL,'2019-08-16 00:00:00',NULL,NULL,0,0,0,0,NULL,NULL,NULL,NULL,9,3,2,1,1,NULL,0),(3,19,8,NULL,NULL,'2019-08-02 10:20:41',NULL,NULL,NULL,NULL,'2019-08-16 00:00:00',NULL,NULL,0,0,0,0,NULL,NULL,NULL,NULL,0,3,2,1,1,NULL,0),(4,12,2,NULL,2,'2019-09-04 09:51:38','2019-09-04 09:52:23','2019-09-04 10:03:54','2019-09-04 10:09:20','2019-09-04 10:10:23','2019-09-18 00:00:00',NULL,'2019-09-04 10:10:23',0,0,0,0,60,NULL,NULL,NULL,4,3,2,1,1,NULL,0),(6,22,2,NULL,2,'2019-09-04 13:48:19','2019-09-04 13:49:10','2019-09-04 13:51:53','2019-09-04 13:54:11','2019-09-04 13:55:19','2019-09-18 00:00:00',NULL,'2019-09-04 13:55:19',0,0,0,0,79,NULL,NULL,NULL,13,3,2,1,1,NULL,0),(7,18,5,NULL,NULL,'2019-09-04 14:27:35',NULL,NULL,NULL,NULL,'2019-09-18 00:00:00',NULL,NULL,0,0,0,0,NULL,NULL,NULL,NULL,9,3,2,1,1,NULL,0),(8,24,5,NULL,NULL,'2019-09-04 14:43:00','2019-09-04 14:43:15',NULL,NULL,NULL,'2019-09-18 00:00:00',NULL,'2019-09-04 14:43:15',0,0,0,0,NULL,NULL,NULL,NULL,11,3,2,1,1,NULL,0),(9,27,2,NULL,NULL,'2019-09-04 14:43:10','2019-09-04 14:43:33',NULL,'2019-10-03 15:35:04',NULL,'2019-09-18 00:00:00',NULL,'2019-10-03 15:35:04',0,0,0,1,NULL,NULL,NULL,NULL,15,3,2,1,1,NULL,0),(10,24,2,NULL,NULL,'2019-09-04 14:50:26','2019-09-04 14:55:19',NULL,NULL,NULL,'2019-09-18 00:00:00',NULL,'2019-09-04 14:55:19',0,0,0,0,NULL,NULL,NULL,NULL,11,3,2,1,1,NULL,0),(11,24,8,NULL,NULL,'2019-09-04 14:50:27',NULL,NULL,NULL,NULL,'2019-09-18 00:00:00',NULL,NULL,0,0,0,0,NULL,NULL,NULL,NULL,11,3,2,1,1,NULL,0);

--
-- Table structure for table `review_files`
--

CREATE TABLE `review_files` (
  `review_id` bigint(20) NOT NULL,
  `file_id` bigint(20) NOT NULL,
  UNIQUE KEY `review_files_pkey` (`review_id`,`file_id`),
  KEY `review_files_review_id` (`review_id`)
) ENGINE=MyISAM DEFAULT CHARSET=latin1;

--
-- Dumping data for table `review_files`
--


--
-- Table structure for table `review_form_element_settings`
--

CREATE TABLE `review_form_element_settings` (
  `review_form_element_id` bigint(20) NOT NULL,
  `locale` varchar(5) NOT NULL DEFAULT '',
  `setting_name` varchar(255) NOT NULL,
  `setting_value` text,
  `setting_type` varchar(6) NOT NULL,
  UNIQUE KEY `review_form_element_settings_pkey` (`review_form_element_id`,`locale`,`setting_name`),
  KEY `review_form_element_settings_review_form_element_id` (`review_form_element_id`)
) ENGINE=InnoDB DEFAULT CHARSET=utf8;

--
-- Dumping data for table `review_form_element_settings`
--


--
-- Table structure for table `review_form_elements`
--

CREATE TABLE `review_form_elements` (
  `review_form_element_id` bigint(20) NOT NULL AUTO_INCREMENT,
  `review_form_id` bigint(20) NOT NULL,
  `seq` double DEFAULT NULL,
  `element_type` bigint(20) DEFAULT NULL,
  `required` tinyint(4) DEFAULT NULL,
  `included` tinyint(4) DEFAULT NULL,
  PRIMARY KEY (`review_form_element_id`),
  KEY `review_form_elements_review_form_id` (`review_form_id`)
) ENGINE=InnoDB DEFAULT CHARSET=utf8;

--
-- Dumping data for table `review_form_elements`
--


--
-- Table structure for table `review_form_responses`
--

CREATE TABLE `review_form_responses` (
  `review_form_element_id` bigint(20) NOT NULL,
  `review_id` bigint(20) NOT NULL,
  `response_type` varchar(6) DEFAULT NULL,
  `response_value` text,
  KEY `review_form_responses_pkey` (`review_form_element_id`,`review_id`)
) ENGINE=InnoDB DEFAULT CHARSET=utf8;

--
-- Dumping data for table `review_form_responses`
--


--
-- Table structure for table `review_form_settings`
--

CREATE TABLE `review_form_settings` (
  `review_form_id` bigint(20) NOT NULL,
  `locale` varchar(5) NOT NULL DEFAULT '',
  `setting_name` varchar(255) NOT NULL,
  `setting_value` text,
  `setting_type` varchar(6) NOT NULL,
  UNIQUE KEY `review_form_settings_pkey` (`review_form_id`,`locale`,`setting_name`),
  KEY `review_form_settings_review_form_id` (`review_form_id`)
) ENGINE=InnoDB DEFAULT CHARSET=utf8;

--
-- Dumping data for table `review_form_settings`
--


--
-- Table structure for table `review_forms`
--

CREATE TABLE `review_forms` (
  `review_form_id` bigint(20) NOT NULL AUTO_INCREMENT,
  `assoc_type` bigint(20) DEFAULT NULL,
  `assoc_id` bigint(20) DEFAULT NULL,
  `seq` double DEFAULT NULL,
  `is_active` tinyint(4) DEFAULT NULL,
  PRIMARY KEY (`review_form_id`)
) ENGINE=InnoDB DEFAULT CHARSET=utf8;

--
-- Dumping data for table `review_forms`
--


--
-- Table structure for table `review_object_metadata`
--

CREATE TABLE `review_object_metadata` (
  `metadata_id` bigint(20) NOT NULL AUTO_INCREMENT,
  `review_object_type_id` bigint(20) NOT NULL,
  `seq` double DEFAULT NULL,
  `metadata_type` bigint(20) DEFAULT NULL,
  `required` tinyint(4) DEFAULT NULL,
  `display` tinyint(4) DEFAULT NULL,
  `metadata_key` varchar(64) DEFAULT NULL,
  PRIMARY KEY (`metadata_id`),
  KEY `review_object_metadata_metadata_id` (`metadata_id`)
) ENGINE=InnoDB DEFAULT CHARSET=utf8;

--
-- Dumping data for table `review_object_metadata`
--


--
-- Table structure for table `review_object_metadata_settings`
--

CREATE TABLE `review_object_metadata_settings` (
  `metadata_id` bigint(20) NOT NULL,
  `locale` varchar(5) NOT NULL DEFAULT '',
  `setting_name` varchar(255) NOT NULL,
  `setting_value` text,
  `setting_type` varchar(6) NOT NULL,
  UNIQUE KEY `review_object_metadata_settings_pkey` (`metadata_id`,`locale`,`setting_name`),
  KEY `review_object_metadata_settings_metadata_id` (`metadata_id`)
) ENGINE=InnoDB DEFAULT CHARSET=utf8;

--
-- Dumping data for table `review_object_metadata_settings`
--


--
-- Table structure for table `review_object_type_settings`
--

CREATE TABLE `review_object_type_settings` (
  `type_id` bigint(20) NOT NULL,
  `locale` varchar(5) NOT NULL DEFAULT '',
  `setting_name` varchar(255) NOT NULL,
  `setting_value` text,
  `setting_type` varchar(6) NOT NULL,
  UNIQUE KEY `review_object_type_settings_pkey` (`type_id`,`locale`,`setting_name`),
  KEY `review_object_type_settings_type_id` (`type_id`)
) ENGINE=InnoDB DEFAULT CHARSET=utf8;

--
-- Dumping data for table `review_object_type_settings`
--


--
-- Table structure for table `review_object_types`
--

CREATE TABLE `review_object_types` (
  `type_id` bigint(20) NOT NULL AUTO_INCREMENT,
  `context_id` bigint(20) NOT NULL,
  `is_active` tinyint(4) NOT NULL,
  `type_key` varchar(64) DEFAULT NULL,
  PRIMARY KEY (`type_id`),
  KEY `review_object_type_type_id` (`type_id`)
) ENGINE=InnoDB DEFAULT CHARSET=utf8;

--
-- Dumping data for table `review_object_types`
--


--
-- Table structure for table `review_round_files`
--

CREATE TABLE `review_round_files` (
  `submission_id` bigint(20) NOT NULL,
  `review_round_id` bigint(20) NOT NULL,
  `stage_id` tinyint(4) NOT NULL,
  `file_id` bigint(20) NOT NULL,
  `revision` bigint(20) NOT NULL DEFAULT '1',
  UNIQUE KEY `review_round_files_pkey` (`submission_id`,`review_round_id`,`file_id`,`revision`),
  KEY `review_round_files_submission_id` (`submission_id`)
) ENGINE=MyISAM DEFAULT CHARSET=latin1;

--
-- Dumping data for table `review_round_files`
--

INSERT INTO `review_round_files` VALUES (8,1,3,23,1),(9,2,3,25,1),(11,3,3,27,1),(12,4,3,42,1),(13,5,3,44,1),(14,6,3,46,1),(15,7,3,48,1),(16,8,3,50,1),(18,9,3,52,1),(18,9,3,52,2),(18,9,3,52,3),(18,9,3,52,4),(21,10,3,58,1),(24,11,3,68,1),(24,11,3,68,2),(22,13,3,70,1),(25,14,3,71,1),(27,15,3,74,1),(26,17,3,76,1),(18,9,3,54,1),(27,15,3,77,1),(26,17,3,78,1);

--
-- Table structure for table `review_rounds`
--

CREATE TABLE `review_rounds` (
  `review_round_id` bigint(20) NOT NULL AUTO_INCREMENT,
  `submission_id` bigint(20) NOT NULL,
  `stage_id` bigint(20) DEFAULT NULL,
  `round` tinyint(4) NOT NULL,
  `review_revision` bigint(20) DEFAULT NULL,
  `status` bigint(20) DEFAULT NULL,
  PRIMARY KEY (`review_round_id`),
  UNIQUE KEY `review_rounds_submission_id_stage_id_round_pkey` (`submission_id`,`stage_id`,`round`),
  KEY `review_rounds_submission_id` (`submission_id`)
) ENGINE=InnoDB AUTO_INCREMENT=18 DEFAULT CHARSET=utf8;

--
-- Dumping data for table `review_rounds`
--

INSERT INTO `review_rounds` VALUES (1,8,3,1,1,NULL),(2,9,3,1,1,NULL),(3,11,3,1,1,NULL),(4,12,3,1,1,NULL),(5,13,3,1,1,NULL),(6,14,3,1,1,NULL),(7,15,3,1,1,NULL),(8,16,3,1,1,NULL),(9,18,3,1,4,NULL),(10,21,3,1,1,NULL),(11,24,3,1,2,NULL),(13,22,3,1,1,NULL),(14,25,3,1,1,NULL),(15,27,3,1,1,NULL),(17,26,3,1,1,NULL);

--
-- Table structure for table `roles`
--

CREATE TABLE `roles` (
  `journal_id` bigint(20) NOT NULL,
  `user_id` bigint(20) NOT NULL,
  `role_id` bigint(20) NOT NULL,
  UNIQUE KEY `roles_pkey` (`journal_id`,`user_id`,`role_id`),
  KEY `roles_journal_id` (`journal_id`),
  KEY `roles_user_id` (`user_id`),
  KEY `roles_role_id` (`role_id`)
) ENGINE=InnoDB DEFAULT CHARSET=utf8;

--
-- Dumping data for table `roles`
--

INSERT INTO `roles` VALUES (0,1,1),(2,1,16),(2,2,4096),(2,2,65536),(2,2,1048576),(2,5,512),(2,5,4096),(2,5,65536),(2,6,512),(2,6,65536),(2,7,4096),(2,8,4096),(2,9,4096),(2,10,65536),(2,11,65536),(2,13,65536),(2,14,65536),(2,14,1048576),(2,15,1048576),(2,16,65536),(2,16,1048576),(2,17,65536),(2,18,256),(2,19,65536),(2,19,1048576),(2,20,65536),(2,20,1048576),(2,21,65536),(2,21,1048576),(2,22,65536),(2,22,1048576),(2,23,1048576),(2,24,65536),(2,24,1048576),(2,26,256),(2,26,65536),(2,26,1048576),(2,27,65536),(2,27,1048576),(2,30,1048576),(2,31,1048576),(2,32,1048576),(2,33,1048576),(2,34,1048576),(2,35,1048576),(2,36,1048576),(2,37,1048576),(2,38,1048576),(2,39,1048576),(2,40,256),(2,40,65536),(2,40,1048576),(2,41,16),(2,41,256),(2,41,65536),(2,41,1048576),(2,42,65536),(2,42,1048576),(2,43,1048576),(2,44,1048576),(2,45,1048576),(2,46,65536),(2,46,1048576),(2,47,1048576),(2,48,1048576),(2,49,1048576),(2,50,256),(2,50,65536),(2,50,1048576),(2,51,16),(2,51,256),(2,51,65536),(2,51,1048576),(2,52,256),(2,52,65536),(2,52,1048576),(2,53,1048576),(2,54,1048576),(2,55,1048576),(2,56,1048576),(2,57,1048576),(2,58,1048576),(2,59,1048576),(2,60,1048576),(2,61,1048576),(2,62,1048576),(2,63,1048576),(2,64,65536),(2,64,1048576);

--
-- Table structure for table `rt_contexts`
--

CREATE TABLE `rt_contexts` (
  `context_id` bigint(20) NOT NULL AUTO_INCREMENT,
  `version_id` bigint(20) NOT NULL,
  `title` varchar(120) NOT NULL,
  `abbrev` varchar(32) NOT NULL,
  `description` text,
  `cited_by` tinyint(4) NOT NULL DEFAULT '0',
  `author_terms` tinyint(4) NOT NULL DEFAULT '0',
  `define_terms` tinyint(4) NOT NULL DEFAULT '0',
  `geo_terms` tinyint(4) NOT NULL DEFAULT '0',
  `seq` double NOT NULL DEFAULT '0',
  PRIMARY KEY (`context_id`),
  KEY `rt_contexts_version_id` (`version_id`)
) ENGINE=InnoDB AUTO_INCREMENT=331 DEFAULT CHARSET=utf8;

--
-- Dumping data for table `rt_contexts`
--

INSERT INTO `rt_contexts` VALUES (133,11,'Author\'s work','Other Works','Identify other works by the article\'s author(s) by using OAI engines.',0,1,0,0,0),(134,11,'Look up terms','Look up terms','Double click on any word in the text and it will appear in the \"Definition of terms\" box.  You can also type or paste a word into the box.  Then use the search function to find a definition for the word.  These resources have been selected because of their relevance and their open (free) access to all or part of their contents.',0,0,1,0,1),(135,11,'Related studies','Related studies','Access to related studies by establishing a working link with an open-access (free) database, with abstracts and/or full texts related to your topic.',0,0,0,0,2),(136,11,'Book searches','Book searches','Book-related Resources',0,0,0,0,3),(137,11,'Pay-per-view','Pay-per-view','A pay-per-view service is for those who do not have direct access to electronic journal articles via subscriptions. The service allows customers to gain direct access to an article by paying by credit card using the RSC\'s secure payment mechanism. Immediately the payment details have been validated, the customer can gain access to the required article file for a period of 30 days.',0,0,0,0,4),(138,11,'Multimedia','Multimedia','Multimedia Resources',0,0,0,0,5),(139,11,'Astro data','Astro data','Provide access to astronomy data.',0,0,0,0,6),(140,11,'Online forums','Online forums','Choose online, open-access online forums that would enrich the context of the research studies on your site.',0,0,0,0,7),(141,11,'Teaching files','Instructional','Immediately initiates a search based on the subject of the article or paper that connects users to free current and archival articles in the field from leading newspapers around the world.',0,0,0,0,8),(142,11,'Government policy','Gov Policy','Access to Information and services gateway run by the Government of the United States and Canada.',0,0,0,0,9),(143,11,'Media reports','Media reports','Immediately initiates a search based on the subject of the article or paper that connects users to free current and archival articles in the field from leading newspapers around the world.',0,0,0,0,10),(144,11,'Web search','Web search','Enter a search term for Internet resources through Google search engine.',0,0,0,0,11),(145,12,'Author\'s work','Other Works','Identify other works by the article\'s author(s) by using OAI engines.',0,1,0,0,0),(146,12,'Look up terms','Look up terms','Double click on any word in the text and it will appear in the \"Definition of terms\" box. You can also type or paste a word into the box. Then use the search function to find a definition for the word. These resources have been selected because of their relevance and their open (free) access to all or part of their contents.',0,0,1,0,1),(147,12,'Book searches','Book searches','Book-related Resources',0,0,0,0,2),(148,12,'Relevant portals','Relevant portals','General Science resource portals',0,0,0,0,3),(149,12,'Related studies','Related studies','Access to related studies by establishing a working link with an open-access (free) database, with abstracts and/or full texts related to your topic.',0,0,0,0,4),(150,12,'Pay-per-view','Pay-per-view','A pay-per-view service is for those who do not have direct access to electronic journal articles via subscriptions. The service allows customers to gain direct access to an article by paying by credit card using the RSC\'s secure payment mechanism. Immediately the payment details have been validated, the customer can gain access to the required article file for a period of 30 days.',0,0,0,0,5),(151,12,'Directories','Directories','Access to information of research institutions',0,0,0,0,6),(152,12,'Online forums','Online forums','Choose online, open-access online forums that would enrich the context of the research studies on your site.',0,0,0,0,7),(153,12,'Teaching files','Instructional','Immediately initiates a search based on the subject of the article or paper that connects users to free current and archival articles in the field from leading newspapers around the world.',0,0,0,0,8),(154,12,'Multimedia','Multimedia','Multimedia content',0,0,0,0,9),(155,12,'Government policy','Gov Policy','Access to Information and services gateway run by the Government of the United States and Canada.',0,0,0,0,10),(156,12,'Media reports','Media reports','Immediately initiates a search based on the subject of the article or paper that connects users to free current and archival articles in the field from leading newspapers around the world.',0,0,0,0,11),(157,12,'Web search','Web search','Enter a search term for Internet resources through various search engines.',0,0,0,0,12),(158,13,'Author\'s work','Other Works','Identify other works by the article\'s author(s) by using OAI engines.',0,1,0,0,0),(159,13,'Look up terms','Look up terms','Double click on any word in the text and it will appear in the \"Definition of terms\" box.  You can also type or paste a word into the box.  Then use the search function to find a definition for the word.  These resources have been selected because of their relevance and their open (free) access to all or part of their contents.',0,0,1,0,1),(160,13,'Book searches','Book searches','Book-related Resources',0,0,0,0,2),(161,13,'Working papers','Working papers','Search the largest online, free research paper collections in economics.',0,0,0,0,3),(162,13,'Related studies','Related studies','Access to related studies by establishing a working link with an open-access (free) database, with abstracts and/or full texts related to your topic.',0,0,0,0,4),(163,13,'Relevant portals','Relevant portals','Offer an entry point to other websites.',0,0,0,0,5),(164,13,'Nat\'l statistics','Nat\'l statistics','Provides access to statistics in economic studies.',0,0,0,0,6),(165,13,'Pay-per-view','Pay-per-view','A pay-per-view service is for those who do not have direct access to electronic journal articles via subscriptions. The service allows customers to gain direct access to an article by paying by credit card using the RSC\'s secure payment mechanism. Immediately the payment details have been validated, the customer can gain access to the required article file for a period of 30 days.',0,0,0,0,7),(166,13,'Online forums','Online forums','Choose online, open-access online forums that would enrich the context of the research studies on your site.',0,0,0,0,8),(167,13,'Teaching files','Instructional','Immediately initiates a search based on the subject of the article or paper that connects users to free current and archival articles in the field from leading newspapers around the world.',0,0,0,0,9),(168,13,'Government policy','Gov Policy','Immediately initiates a search based on the subject of the article or paper that connects users to free current and archival articles in the field from leading newspapers around the world.',0,0,0,0,10),(169,13,'Media reports','Media reports','Immediately initiates a search based on the subject of the article or paper that connects users to free current and archival articles in the field from leading newspapers around the world.',0,0,0,0,11),(170,13,'Web search','Web search','Enter a search term for Internet resources through various search engines.',0,0,0,0,12),(171,14,'Author\'s work','Other Works','Identify other works by the article\'s author(s) by using OAI engines.',0,1,0,0,0),(172,14,'Look up terms','Look up terms','Double click on any word in the text and it will appear in the \"Definition of terms\" box. You can also type or paste a word into the box. Then use the search function to find a definition for the word. These resources have been selected because of their relevance and their open (free) access to all or part of their contents.',0,0,1,0,1),(173,14,'Related studies','Related studies','Access to related studies by establishing a working link with an open-access (free) database, with abstracts and/or full texts related to your topic.',0,0,0,0,2),(174,14,'Book reviews','Book reviews','Click on the search urls to check for book reviews.',0,0,0,0,3),(175,14,'Pay-per-view','Pay-per-view','A pay-per-view service is for those who do not have direct access to electronic journal articles via subscriptions. The service allows customers to gain direct access to an article by paying by credit card using the RSC\'s secure payment mechanism. Immediately the payment details have been validated, the customer can gain access to the required article file for a period of 30 days.',0,0,0,0,4),(176,14,'Surveys','Surveys','Access to important surveys in social science.',0,0,0,0,5),(177,14,'Soc sci data','Soc sci data','Provides access to a vast archive of social science data for research and instruction.',0,0,0,0,6),(178,14,'Social theories','Social theories','Search sites contain information on social theories.',0,0,0,0,7),(179,14,'Book searches','Book searches','Book-related Resources',0,0,0,0,8),(180,14,'Databases','Databases','Access to related studies by establishing a working link with an open-access (free) database, with abstracts and/or full texts related to your topic.',0,0,0,0,9),(181,14,'Relevant portals','Relevant portals','Relevant portals',0,0,0,0,10),(182,14,'Online forums','Online forums','Choose online, open-access online forums that would enrich the context of the research studies on your site.',0,0,0,0,11),(183,14,'Legal materials','Legal materials','Porvides free Internet access to legal materials of major countries.',0,0,0,0,12),(184,14,'Government policy','Gov Policy','Access to Information and services gateway run by the Government of the United States and Canada.',0,0,0,0,13),(185,14,'Media reports','Media reports','Immediately initiates a search based on the subject of the article or paper that connects users to free current and archival articles in the field from leading newspapers around the world.',0,0,0,0,14),(186,14,'Web search','Web search','Enter a search term for Internet resources through various search engines.',0,0,0,0,15),(187,15,'Author\'s work','Other Works','Identify other works by the article\'s author(s) by using OAI engines.',0,1,0,0,0),(188,15,'Look up terms','Look up terms','Double click on any word in the text and it will appear in the \"Definition of terms\" box. You can also type or paste a word into the box. Then use the search function to find a definition for the word. These resources have been selected because of their relevance and their open (free) access to all or part of their contents.',0,0,1,0,1),(189,15,'e-Journals','e-Journals','Electronic Journals',0,0,0,0,2),(190,15,'Related studies','Related studies','Access to related studies by establishing a working link with an open-access (free) database, with abstracts and/or full texts related to your topic.',0,0,0,0,3),(191,15,'Government policy','Gov Policy','Check various government resources.',0,0,0,0,4),(192,15,'Book searches','Book searches','Book-related Resources',0,0,0,0,5),(193,15,'Dissertations','Dissertations','Provides access to a repository of rich graduate educational material contributed by a number of member institutions worldwide.',0,0,0,0,6),(194,15,'Databases','Databases','Provide access to open-access abstract and/or full-text databases.',0,0,0,0,7),(195,15,'Relevant portals','Relevant portals','Offer an entry point to other websites.',0,0,0,0,8),(196,15,'Online forums','Online forums','Choose online, open-access online forums that would enrich the context of the research studies on your site.',0,0,0,0,9),(197,15,'Pay-per-view','Pay-per-view','A pay-per-view service is for those who do not have direct access to electronic journal articles via subscriptions. The service allows customers to gain direct access to an article by paying by credit card using the RSC\'s secure payment mechanism. Immediately the payment details have been validated, the customer can gain access to the required article file for a period of 30 days.',0,0,0,0,10),(198,15,'Media reports','Media reports','Immediately initiates a search based on the subject of the article or paper that connects users to free current and archival articles in the field from leading newspapers around the world.',0,0,0,0,11),(199,15,'Web search','Web search','Enter a search term for Internet resources through various search engines.',0,0,0,0,12),(200,16,'Author\'s work','Other Works','Identify other works by the article\'s author(s) by using OAI engines.',0,1,0,0,0),(201,16,'Look up terms','Look up terms','Double click on any word in the text and it will appear in the \"Definition of terms\" box. You can also type or paste a word into the box. Then use the search function to find a definition for the word. These resources have been selected because of their relevance and their open (free) access to all or part of their contents.',0,0,1,0,1),(202,16,'Related studies','Related studies','Access to related studies by establishing a working link with an open-access (free) database, with abstracts and/or full texts related to your topic.',0,0,0,0,2),(203,16,'Multimedia','Multimedia','Multimedia content',0,0,0,0,3),(204,16,'Book searches','Book searches','Book-related Resources',0,0,0,0,4),(205,16,'Pay-per-view','Pay-per-view','A pay-per-view service is for those who do not have direct access to electronic journal articles via subscriptions. The service allows customers to gain direct access to an article by paying by credit card using the RSC\'s secure payment mechanism. Immediately the payment details have been validated, the customer can gain access to the required article file for a period of 30 days.',0,0,0,0,5),(206,16,'Government health sites','Gov Health Sites','Access to health information resources provided by govenment.',0,0,0,0,6),(207,16,'Relevant portals','Relevant portals','Offer an entry point to other websites.',0,0,0,0,7),(208,16,'Databases','Databases','Provide access to open-access abstract and/or full-text databases.',0,0,0,0,8),(209,16,'Online forums','Online forums','Choose online, open-access online forums that would enrich the context of the research studies on your site.',0,0,0,0,9),(210,16,'Teaching files','Instructional','Immediately initiates a search based on the subject of the article or paper that connects users to free current and archival articles in the field from leading newspapers around the world.',0,0,0,0,10),(211,16,'Government policy','Gov Policy','Access to Information and services gateway run by the Government of the United States and Canada.',0,0,0,0,11),(212,16,'Media reports','Media reports','Immediately initiates a search based on the subject of the article or paper that connects users to free current and archival articles in the field from leading newspapers around the world.',0,0,0,0,12),(213,16,'Web search','Web search','Enter a search term for Internet resources through various search engines.',0,0,0,0,13),(214,17,'Author\'s work','Other Works','Identify other works by the article\'s author(s) by using OAI engines.',0,1,0,0,0),(215,17,'Look up terms','Look up terms','Double click on any word in the text and it will appear in the \"Definition of terms\" box. You can also type or paste a word into the box. Then use the search function to find a definition for the word. These resources have been selected because of their relevance and their open (free) access to all or part of their contents.',0,0,1,0,1),(216,17,'Book searches','Book searches','Book-related Resources',0,0,0,0,2),(217,17,'e-Journals','e-Journals','Provide pop-up window for entering open-access and full-text e-Journals relevant to your field.',0,0,0,0,3),(218,17,'Related theory','Related theory','Access to published scholarly articles and studies in the foundations of education, and in related disciplines outside the field of education, which contribute to the advancement of educational theory.',0,0,0,0,4),(219,17,'Related studies','Related studies','Access to related studies by establishing a working link with an open-access (free) database, with abstracts and/or full texts related to your topic.',0,0,0,0,5),(220,17,'Pay-per-view','Pay-per-view','A pay-per-view service is for those who do not have direct access to electronic journal articles via subscriptions. The service allows customers to gain direct access to an article by paying by credit card using the RSC\'s secure payment mechanism. Immediately the payment details have been validated, the customer can gain access to the required article file for a period of 30 days.',0,0,0,0,6),(221,17,'Online forums','Online forums','Choose online, open-access online forums that would enrich the context of the research studies on your site.',0,0,0,0,7),(222,17,'Multimedia','Multimedia','Multimedia Content',0,0,0,0,8),(223,17,'Teaching files','Instructional','Immediately initiates a search based on the subject of the article or paper that connects users to free current and archival articles in the field from leading newspapers around the world.',0,0,0,0,9),(224,17,'Relevant portals','Relevant portals','Education-related Portals',0,0,0,0,10),(225,17,'Government policy','Gov Policy','Access to Information and services gateway run by the Government of the United States and Canada.',0,0,0,0,11),(226,17,'Media reports','Media reports','Immediately initiates a search based on the subject of the article or paper that connects users to free current and archival articles in the field from leading newspapers around the world.',0,0,0,0,12),(227,17,'Web search','Web search','Enter a search term for Internet resources through various search engines.',0,0,0,0,13),(228,18,'Author\'s work','Other Works','Identify other works by the article\'s author(s) by using OAI engines.',0,1,0,0,0),(229,18,'Look up terms','Look up terms','Double click on any word in the text and it will appear in the \"Definition of terms\" box.  You can also type or paste a word into the box.  Then use the search function to find a definition for the word.  These resources have been selected because of their relevance and their open (free) access to all or part of their contents.',0,0,1,0,1),(230,18,'Related studies','Related studies','Access to related studies by establishing a working link with an open-access (free) database, with abstracts and/or full texts related to your topic.',0,0,0,0,2),(231,18,'Book searches','Book searches','Book-related Resources',0,0,0,0,3),(232,18,'Databases','Databases','Databases containing information related to Computing Science',0,0,0,0,4),(233,18,'Pay-per-view','Pay-per-view','A pay-per-view service is for those who do not have direct access to electronic journal articles via subscriptions. The service allows customers to gain direct access to an article by paying by credit card using the RSC\'s secure payment mechanism. Immediately the payment details have been validated, the customer can gain access to the required article file for a period of 30 days.',0,0,0,0,5),(234,18,'Tech. reports','Tech. reports','Provide gateway to technical report collections.',0,0,0,0,6),(235,18,'Patents','Patents','Access to Canada, U.S. and Europe patent information.',0,0,0,0,7),(236,18,'Standards','Standards','Access to standards information that is frequently consulted by computer scientists.',0,0,0,0,8),(237,18,'Online forums','Online forums','Choose online, open-access online forums that would enrich the context of the research studies on your site.',0,0,0,0,9),(238,18,'Multimedia','Multimedia','Multimedia resources',0,0,0,0,10),(239,18,'Teaching files','Instructional','Immediately initiates a search based on the subject of the article or paper that connects users to free current and archival articles in the field from leading newspapers around the world.',0,0,0,0,11),(240,18,'Government policy','Gov Policy','Access to Information and services gateway run by the Government of the United States and Canada.',0,0,0,0,12),(241,18,'Media reports','Media reports','Immediately initiates a search based on the subject of the article or paper that connects users to free current and archival articles in the field from leading newspapers around the world.',0,0,0,0,13),(242,18,'Web search','Web search','Enter a search term for Internet resources through various search engines.',0,0,0,0,14),(243,19,'Author\'s work','Other Works','Identify other works by the article\'s author(s) by using OAI engines.',0,1,0,0,0),(244,19,'Look up terms','Look up terms','Double click on any word in the text and it will appear in the \"Definition of terms\" box. You can also type or paste a word into the box. Then use the search function to find a definition for the word. These resources have been selected because of their relevance and their open (free) access to all or part of their contents.',0,0,1,0,1),(245,19,'Related studies','Related studies','Access to related studies by establishing a working link with an open-access (free) database, with abstracts and/or full texts related to your topic.',0,0,0,0,2),(246,19,'Government policy','Gov Policy','Check various government resources.',0,0,0,0,3),(247,19,'Relevant portals','Relevant portals','Environmental resource portals',0,0,0,0,4),(248,19,'Book searches','Book searches','Book-related Resources',0,0,0,0,5),(249,19,'Online forums','Online forums','Choose online, open-access online forums that would enrich the context of the research studies on your site.',0,0,0,0,6),(250,19,'Data sets','Data sets','Provides access to statistics in environmental studies.',0,0,0,0,7),(251,19,'Pay-per-view','Pay-per-view','A pay-per-view service is for those who do not have direct access to electronic journal articles via subscriptions. The service allows customers to gain direct access to an article by paying by credit card using the RSC\'s secure payment mechanism. Immediately the payment details have been validated, the customer can gain access to the required article file for a period of 30 days.',0,0,0,0,8),(252,19,'Media reports','Media reports','Immediately initiates a search based on the subject of the article or paper that connects users to free current and archival articles in the field from leading newspapers around the world.',0,0,0,0,9),(253,19,'Web search','Web search','Enter a search term for Internet resources through various search engines.',0,0,0,0,10),(254,20,'Author\'s work','Other Works','Identify other works by the article\'s author(s) by using OAI engines.',0,1,0,0,0),(255,20,'Look up terms','Look up terms','Double click on any word in the text and it will appear in the \"Definition of terms\" box.  You can also type or paste a word into the box.  Then use the search function to find a definition for the word.  These resources have been selected because of their relevance and their open (free) access to all or part of their contents.',0,0,1,0,1),(256,20,'Related studies','Related studies','Access to related studies by establishing a working link with an open-access (free) database, with abstracts and/or full texts related to your topic.',0,0,0,0,2),(257,20,'Book searches','Book searches','Book-related Resources',0,0,0,0,3),(258,20,'Pay-per-view','Pay-per-view','A pay-per-view service is for those who do not have direct access to electronic journal articles via subscriptions. The service allows customers to gain direct access to an article by paying by credit card using the RSC\'s secure payment mechanism. Immediately the payment details have been validated, the customer can gain access to the required article file for a period of 30 days.',0,0,0,0,4),(259,20,'Relevant portals','Relevant portals','Offer an entry point to other websites.',0,0,0,0,5),(260,20,'Online forums','Online forums','Choose online, open-access online forums that would enrich the context of the research studies on your site.',0,0,0,0,6),(261,20,'Teaching files','Instructional','Immediately initiates a search based on the subject of the article or paper that connects users to free current and archival articles in the field from leading newspapers around the world.',0,0,0,0,7),(262,20,'Government policy','Gov Policy','Access to Information and services gateway run by the Government of the United States and Canada.',0,0,0,0,8),(263,20,'Media reports','Media reports','Immediately initiates a search based on the subject of the article or paper that connects users to free current and archival articles in the field from leading newspapers around the world.',0,0,0,0,9),(264,20,'Web search','Web search','Enter a search term for Internet resources through various search engines.',0,0,0,0,10),(265,21,'Author\'s work','Other Works','Identify other works by the article\'s author(s) by using OAI engines.',0,1,0,0,0),(266,21,'Look up terms','Look up terms','Double click on any word in the text and it will appear in the \"Definition of terms\" box.  You can also type or paste a word into the box.  Then use the search function to find a definition for the word.  These resources have been selected because of their relevance and their open (free) access to all or part of their contents.',0,0,1,0,1),(267,21,'Related studies','Related studies','Access to related studies by establishing a working link with an open-access (free) database, with abstracts and/or full texts related to your topic.',0,0,0,0,2),(268,21,'Government policy','Gov Policy','Check various government resources.',0,0,0,0,3),(269,21,'Book searches','Book searches','Book-related Resources',0,0,0,0,4),(270,21,'Relevant portals','Relevant portals','Offer an entry point to other websites.',0,0,0,0,5),(271,21,'Databases','Databases','Provide access to open-access abstract and/or full-text databases.',0,0,0,0,6),(272,21,'Online forums','Online forums','Choose online, open-access online forums that would enrich the context of the research studies on your site.',0,0,0,0,7),(273,21,'Data sets','Data sets','Provides access to agricultural statistics.',0,0,0,0,8),(274,21,'Pay-per-view','Pay-per-view','A pay-per-view service is for those who do not have direct access to electronic journal articles via subscriptions. The service allows customers to gain direct access to an article by paying by credit card using the RSC\'s secure payment mechanism. Immediately the payment details have been validated, the customer can gain access to the required article file for a period of 30 days.',0,0,0,0,9),(275,21,'Media reports','Media reports','Immediately initiates a search based on the subject of the article or paper that connects users to free current and archival articles in the field from leading newspapers around the world.',0,0,0,0,10),(276,21,'Web search','Web search','Enter search terms for Internet resources through various search engines.',0,0,0,0,11),(277,22,'Author\'s work','Other Works','Identify other works by the article\'s author(s) by using OAI engines.',0,1,0,0,0),(278,22,'Look up terms','Look up terms','Double click on any word in the text and it will appear in the \"Definition of terms\" box.  You can also type or paste a word into the box.  Then use the search function to find a definition for the word.  These resources have been selected because of their relevance and their open (free) access to all or part of their contents.',0,0,1,0,1),(279,22,'Related studies','Related studies','Access to related studies by establishing a working link with an open-access (free) database, with abstracts and/or full texts related to your topic.',0,0,0,0,2),(280,22,'Book searches','Book searches','Book-related Resources',0,0,0,0,3),(281,22,'Databases','Databases','Provide access to open-access abstract and/or full-text databases.',0,0,0,0,4),(282,22,'Relevant portals','Relevant portals','Portals related to chemistry',0,0,0,0,5),(283,22,'Pay-per-view','Pay-per-view','A pay-per-view service is for those who do not have direct access to electronic journal articles via subscriptions. The service allows customers to gain direct access to an article by paying by credit card using the RSC\'s secure payment mechanism. Immediately the payment details have been validated, the customer can gain access to the required article file for a period of 30 days.',0,0,0,0,6),(284,22,'Online forums','Online forums','Choose online, open-access online forums that would enrich the context of the research studies on your site.',0,0,0,0,7),(285,22,'Teaching files','Instructional','Immediately initiates a search based on the subject of the article or paper that connects users to free current and archival articles in the field from leading newspapers around the world.',0,0,0,0,8),(286,22,'Government policy','Gov Policy','Access to Information and services gateway run by the Government of the United States and Canada.',0,0,0,0,9),(287,22,'Media reports','Media reports','Immediately initiates a search based on the subject of the article or paper that connects users to free current and archival articles in the field from leading newspapers around the world.',0,0,0,0,10),(288,22,'Web search','Web search','Enter a search term for Internet resources through various search engines.',0,0,0,0,11),(289,23,'Author\'s work','Other Works','Identify other works by the article\'s author(s) by using OAI engines.',0,1,0,0,0),(290,23,'Look up terms','Look up terms','Double click on any word in the text and it will appear in the \"Definition of terms\" box. You can also type or paste a word into the box. Then use the search function to find a definition for the word. These resources have been selected because of their relevance and their open (free) access to all or part of their contents.',0,0,1,0,1),(291,23,'Government policy','Gov Policy','Check various government resources.',0,0,0,0,2),(292,23,'Book searches','Book searches','Book-related Resources',0,0,0,0,3),(293,23,'Book reviews','Book reviews','Check online scholary book review resources.',0,0,0,0,4),(294,23,'Dissertations','Dissertations','Provides access to a repository of rich graduate educational material contributed by a number of member institutions worldwide.',0,0,0,0,5),(295,23,'Online forums','Online forums','Choose online, open-access online forums that would enrich the context of the research studies on your site.',0,0,0,0,6),(296,23,'Quotations','Quotations','Search familiear or famous quotation resources on the Internet',0,0,0,0,7),(297,23,'Pay-per-view','Pay-per-view','A pay-per-view service is for those who do not have direct access to electronic journal articles via subscriptions. The service allows customers to gain direct access to an article by paying by credit card using the RSC\'s secure payment mechanism. Immediately the payment details have been validated, the customer can gain access to the required article file for a period of 30 days.',0,0,0,0,8),(298,23,'Resources','Resources','General Resources',0,0,0,0,9),(299,23,'Media reports','Media reports','Immediately initiates a search based on the subject of the article or paper that connects users to free current and archival articles in the field from leading newspapers around the world.',0,0,0,0,10),(300,23,'Web search','Web search','Enter a search term for Internet resources through various search engines.',0,0,0,0,11),(301,24,'Author\'s work','Other Works','Identify other works by the article\'s author(s) by using OAI engines.',0,1,0,0,0),(302,24,'Look up terms','Look up terms','Double click on any word in the text and it will appear in the \"Definition of terms\" box. You can also type or paste a word into the box. Then use the search function to find a definition for the word. These resources have been selected because of their relevance and their open (free) access to all or part of their contents.',0,0,1,0,1),(303,24,'Related studies','Related studies','Access to related studies by establishing a working link with an open-access (free) database, with abstracts and/or full texts related to your topic.',0,0,0,0,2),(304,24,'Book searches','Book searches','Book-related Resources',0,0,0,0,3),(305,24,'Online forums','Online forums','Choose online, open-access online forums that would enrich the context of the research studies on your site.',0,0,0,0,4),(306,24,'Pay-per-view','Pay-per-view','A pay-per-view service is for those who do not have direct access to electronic journal articles via subscriptions. The service allows customers to gain direct access to an article by paying by credit card using the RSC\'s secure payment mechanism. Immediately the payment details have been validated, the customer can gain access to the required article file for a period of 30 days.',0,0,0,0,5),(307,24,'Multimedia','Multimedia','Multimedia content',0,0,0,0,6),(308,24,'Teaching files','Instructional','Immediately initiates a search based on the subject of the article or paper that connects users to free current and archival articles in the field from leading newspapers around the world.',0,0,0,0,7),(309,24,'Databases','Databases','Databases',0,0,0,0,8),(310,24,'Relevant portals','Relevant portals','Relevant portals',0,0,0,0,9),(311,24,'Government policy','Gov Policy','Access to Information and services gateway run by the Government of the United States and Canada.',0,0,0,0,10),(312,24,'Media reports','Media reports','Immediately initiates a search based on the subject of the article or paper that connects users to free current and archival articles in the field from leading newspapers around the world.',0,0,0,0,11),(313,24,'Web search','Web search','Enter a search term for Internet resources through various search engines.',0,0,0,0,12),(314,25,'Author\'s work','Other Works','Identify other works by the article\'s author(s) by using OAI engines.',0,1,0,0,0),(315,25,'Look up terms','Look up terms','Double click on any word in the text and it will appear in the \"Definition of terms\" box.  You can also type or paste a word into the box.  Then use the search function to find a definition for the word.  These resources have been selected because of their relevance and their open (free) access to all or part of their contents.',0,0,1,0,1),(316,25,'Related studies','Related studies','Access to related studies by establishing a working link with an open-access (free) database, with abstracts and/or full texts related to your topic.',0,0,0,0,2),(317,25,'Government policy','Gov Policy','Check various government resources.',0,0,0,0,3),(318,25,'Book searches','Book searches','Book-related Resources',0,0,0,0,4),(319,25,'Dissertations','Dissertations','Provides access to a repository of rich graduate educational material contributed by a number of member institutions worldwide.',0,0,0,0,5),(320,25,'Relevant portals','Relevant portals','Offer an entry point to other websites.',0,0,0,0,6),(321,25,'Databases','Databases','Art & Architecture Databases',0,0,0,0,7),(322,25,'Online forums','Online forums','Choose online, open-access online forums that would enrich the context of the research studies on your site.',0,0,0,0,8),(323,25,'Pay-per-view','Pay-per-view','A pay-per-view service is for those who do not have direct access to electronic journal articles via subscriptions. The service allows customers to gain direct access to an article by paying by credit card using the RSC\'s secure payment mechanism. Immediately the payment details have been validated, the customer can gain access to the required article file for a period of 30 days.',0,0,0,0,9),(324,25,'Teaching files','Teaching files','Provide educators with quick and easy access to the learning objects and lesson materials found in these databases that would help with the teaching of concepts and materials in their field.',0,0,0,0,10),(325,25,'e-Journals','e-Journals','Electronic Journals',0,0,0,0,11),(326,25,'Media reports','Media reports','Immediately initiates a search based on the subject of the article or paper that connects users to free current and archival articles in the field from leading newspapers around the world.',0,0,0,0,12),(327,25,'Web search','Web search','Enter a search term for Internet resources through Google search engine.',0,0,0,0,13),(328,26,'Author\'s work','Other Works','Identify other works by the article\'s author(s) by using OAI engines.',0,1,0,0,0),(329,26,'Look up terms','Look up terms','Double click on any word in the text and it will appear in the \"Definition of terms\" box. You can also type or paste a word into the box. Then use the search function to find a definition for the word. These resources have been selected because of their relevance and their open (free) access to all or part of their contents.',0,0,1,0,1),(330,26,'Gov\'t policy','Gov\'t policy','Check various government resources.',0,0,0,0,2);

--
