-- Table structure for table `mutex`
--

CREATE TABLE `mutex` (
  `i` tinyint(4) NOT NULL,
  PRIMARY KEY (`i`)
) ENGINE=InnoDB DEFAULT CHARSET=utf8;

--
-- Dumping data for table `mutex`
--

INSERT INTO `mutex` VALUES (0),(1),(2),(3),(4),(5),(6),(7),(8),(9);

--
-- Table structure for table `notes`
--

CREATE TABLE `notes` (
  `note_id` bigint(20) NOT NULL AUTO_INCREMENT,
  `assoc_type` bigint(20) DEFAULT NULL,
  `assoc_id` bigint(20) DEFAULT NULL,
  `user_id` bigint(20) NOT NULL,
  `date_created` datetime NOT NULL,
  `date_modified` datetime DEFAULT NULL,
  `title` varchar(255) DEFAULT NULL,
  `contents` text,
  PRIMARY KEY (`note_id`),
  KEY `notes_assoc` (`assoc_type`,`assoc_id`)
) ENGINE=InnoDB AUTO_INCREMENT=65 DEFAULT CHARSET=utf8;

--
-- Dumping data for table `notes`
--

INSERT INTO `notes` VALUES (1,1048586,1,18,'2019-09-04 10:11:45','2020-03-04 11:07:34','Editor Decision','The following message is being delivered on behalf of Jurnal Kebidanan Bestari.<br />\r\n________________________________________________________________________<br />\nrusmilawaty fauji:<br />\r\n<br />\r\nWe have reached a decision regarding your submission to JURNAL KEBIDANAN BESTARI, \"judul artikel\".<br />\r\n<br />\r\nOur decision is: Revisions Required<br />\r\n<br />\r\nserilaila serilaila<br />\r\nSerilailahermansyah@gmail.com<br />\n________________________________________________________________________<br />\r\nJurnal Kebidanan Bestari<br />\r\nhttp://www.ejurnalbidanbestari-poltekkesbjm.com/index.php/index/index'),(2,1048586,2,40,'2019-09-04 13:58:42','2020-03-04 11:07:34','Editor Decision','The following message is being delivered on behalf of Jurnal Kebidanan Bestari.<br />\r\n________________________________________________________________________<br />\nzakiah zakiah:<br />\r\n<br />\r\nWe have reached a decision regarding your submission to JURNAL KEBIDANAN BESTARI, \"cobazakiah\".<br />\r\n<br />\r\nOur decision is: Revisions Required<br />\r\n<br />\r\nisro daiyah<br />\r\nowizdaiyah1006@gmail.com<br />\n________________________________________________________________________<br />\r\nJurnal Kebidanan Bestari<br />\r\nhttp://www.ejurnalbidanbestari-poltekkesbjm.com/index.php/index/index'),(3,1048586,2,40,'2019-09-04 14:02:07','2020-03-04 11:07:34','Editor Decision','The following message is being delivered on behalf of Jurnal Kebidanan Bestari.<br />\r\n________________________________________________________________________<br />\nzakiah zakiah:<br />\r\n<br />\r\nWe have reached a decision regarding your submission to JURNAL KEBIDANAN BESTARI, \"cobazakiah\".<br />\r\n<br />\r\nOur decision is to: Accept Submission<br />\r\n<br />\r\nisro daiyah<br />\r\nowizdaiyah1006@gmail.com<br />\n________________________________________________________________________<br />\r\nJurnal Kebidanan Bestari<br />\r\nhttp://www.ejurnalbidanbestari-poltekkesbjm.com/index.php/index/index'),(4,1048586,3,51,'2019-09-04 14:44:31','2020-03-04 11:07:34','Editor Decision','The following message is being delivered on behalf of Jurnal Kebidanan Bestari.<br />\r\n________________________________________________________________________<br />\nPoltekkes Kemenkes Banjarmasin Fitria Jannatul Laili:<br />\r\n<br />\r\nWe have reached a decision regarding your submission to JURNAL KEBIDANAN BESTARI, \"Laporan Aktualisasi\".<br />\r\n<br />\r\nOur decision is to: Accept Submission<br />\r\n<br />\r\nyuniarti yuniarti<br />\r\nPhone 08115128664<br />\r\nyuniartifaathir@gmail.com<br />\n________________________________________________________________________<br />\r\nJurnal Kebidanan Bestari<br />\r\nhttp://www.ejurnalbidanbestari-poltekkesbjm.com/index.php/index/index'),(5,1048586,4,0,'2020-03-04 11:07:34','2020-03-04 11:07:34','Copyediting',NULL),(6,1048586,5,0,'2020-03-04 11:07:34','2020-03-04 11:07:34','Proofreading',NULL),(7,1048586,6,0,'2020-03-04 11:07:34','2020-03-04 11:07:34','Copyediting',NULL),(8,1048586,7,0,'2020-03-04 11:07:34','2020-03-04 11:07:34','Proofreading',NULL),(9,1048586,8,0,'2020-03-04 11:07:34','2020-03-04 11:07:34','Copyediting',NULL),(10,1048586,9,0,'2020-03-04 11:07:34','2020-03-04 11:07:34','Proofreading',NULL),(11,1048586,10,0,'2020-03-04 11:07:34','2020-03-04 11:07:34','Copyediting',NULL),(12,1048586,11,0,'2020-03-04 11:07:34','2020-03-04 11:07:34','Proofreading',NULL),(13,1048586,12,0,'2020-03-04 11:07:34','2020-03-04 11:07:34','Copyediting',NULL),(14,1048586,13,0,'2020-03-04 11:07:34','2020-03-04 11:07:34','Proofreading',NULL),(15,1048586,14,0,'2020-03-04 11:07:34','2020-03-04 11:07:34','Copyediting',NULL),(16,1048586,15,0,'2020-03-04 11:07:35','2020-03-04 11:07:35','Proofreading',NULL),(17,1048586,16,0,'2017-06-05 10:00:09','2020-03-04 11:07:35','Copyediting',NULL),(18,1048586,17,0,'2017-06-05 10:01:24','2020-03-04 11:07:35','Proofreading',NULL),(19,1048586,18,0,'2020-03-04 11:07:35','2020-03-04 11:07:35','Copyediting',NULL),(20,1048586,19,0,'2020-03-04 11:07:35','2020-03-04 11:07:35','Proofreading',NULL),(21,1048586,20,0,'2020-03-04 11:07:35','2020-03-04 11:07:35','Copyediting',NULL),(22,1048586,21,0,'2020-03-04 11:07:35','2020-03-04 11:07:35','Proofreading',NULL),(23,1048586,22,0,'2020-03-04 11:07:35','2020-03-04 11:07:35','Copyediting',NULL),(24,1048586,23,0,'2020-03-04 11:07:35','2020-03-04 11:07:35','Proofreading',NULL),(25,1048586,24,0,'2019-09-04 10:14:42','2020-03-04 11:07:35','Copyediting',NULL),(26,1048586,25,0,'2020-03-04 11:07:35','2020-03-04 11:07:35','Proofreading',NULL),(27,1048586,26,0,'2020-03-04 11:07:35','2020-03-04 11:07:35','Copyediting',NULL),(28,1048586,27,0,'2020-03-04 11:07:35','2020-03-04 11:07:35','Proofreading',NULL),(29,1048586,28,0,'2020-03-04 11:07:35','2020-03-04 11:07:35','Copyediting',NULL),(30,1048586,29,0,'2020-03-04 11:07:35','2020-03-04 11:07:35','Proofreading',NULL),(31,1048586,30,0,'2020-03-04 11:07:35','2020-03-04 11:07:35','Copyediting',NULL),(32,1048586,31,0,'2020-03-04 11:07:35','2020-03-04 11:07:35','Proofreading',NULL),(33,1048586,32,0,'2020-03-04 11:07:35','2020-03-04 11:07:35','Copyediting',NULL),(34,1048586,33,0,'2020-03-04 11:07:35','2020-03-04 11:07:35','Proofreading',NULL),(35,1048586,34,0,'2020-03-04 11:07:35','2020-03-04 11:07:35','Copyediting',NULL),(36,1048586,35,0,'2020-03-04 11:07:35','2020-03-04 11:07:35','Proofreading',NULL),(37,1048586,36,0,'2020-03-04 11:07:35','2020-03-04 11:07:35','Copyediting',NULL),(38,1048586,37,0,'2020-03-04 11:07:35','2020-03-04 11:07:35','Proofreading',NULL),(39,1048586,38,0,'2020-03-04 11:07:35','2020-03-04 11:07:35','Copyediting',NULL),(40,1048586,39,0,'2020-03-04 11:07:35','2020-03-04 11:07:35','Proofreading',NULL),(41,1048586,40,0,'2020-03-04 11:07:35','2020-03-04 11:07:35','Copyediting',NULL),(42,1048586,41,0,'2020-03-04 11:07:35','2020-03-04 11:07:35','Proofreading',NULL),(43,1048586,42,0,'2019-09-04 14:09:20','2020-03-04 11:07:35','Copyediting',NULL),(44,1048586,43,0,'2020-03-04 11:07:35','2020-03-04 11:07:35','Proofreading',NULL),(45,1048586,44,0,'2020-03-04 11:07:35','2020-03-04 11:07:35','Copyediting',NULL),(46,1048586,45,0,'2020-03-04 11:07:35','2020-03-04 11:07:35','Proofreading',NULL),(47,1048586,46,0,'2019-09-04 14:45:26','2020-03-04 11:07:35','Copyediting',NULL),(48,1048586,47,0,'2020-03-04 11:07:35','2020-03-04 11:07:35','Proofreading',NULL),(49,1048586,48,0,'2020-03-04 11:07:35','2020-03-04 11:07:35','Copyediting',NULL),(50,1048586,49,0,'2020-03-04 11:07:35','2020-03-04 11:07:35','Proofreading',NULL),(51,1048586,50,14,'2017-11-15 10:30:38','2020-03-04 11:07:37','Comments for the Editor','mohon segera di proses\nterimakasih'),(52,1048586,51,13,'2020-03-04 11:07:37','2020-03-04 11:07:37','Comments for the Editor','mohon diterbitkan utk volum 2'),(53,1048586,52,26,'2018-12-26 14:43:09','2020-03-04 11:07:37','Comments for the Editor','mohon diterbitkan pd volum 2 bulan juli 2019'),(54,1048586,53,18,'2019-03-26 10:16:23','2020-03-04 11:07:37','Comments for the Editor','Mohon diterbitkan di Jurnal Kebidanan Bestari Vol.2 di bulan Maret'),(55,1048586,54,6,'2019-03-27 11:50:42','2020-03-04 11:07:37','Comments for the Editor','tolong diterbitkan dibulan maret 2018'),(56,1048586,55,25,'2019-04-01 09:23:01','2020-03-04 11:07:37','Comments for the Editor','assalamualaikum.mohon jurnal saya untuk dikoreksi dan diterbitkan di junal bestari, atas perhatian dan kerjasamanya diucapkan terimakasih'),(57,1048586,56,19,'2019-04-11 11:18:39','2020-03-04 11:07:37','Comments for the Editor','mohon di publikasikan di Jurnal Bestari Kebidanan pada bulan Maret 2019'),(58,1048586,57,18,'2019-04-11 11:30:24','2020-03-04 11:07:37','Comments for the Editor','Mohon utk dipublish pd vol maret 2019'),(59,1048586,58,40,'2019-08-02 09:33:22','2020-03-04 11:07:37','Comments for the Editor','Mohon utk dapat diterbitkan di Jurnal Ibu'),(60,1048586,59,40,'2019-09-04 11:32:35','2020-03-04 11:07:37','Comments for the Editor','Mohon untuk bisa dipublish di jurnal saudara'),(61,1048586,60,26,'2019-09-04 11:22:22','2020-03-04 11:07:37','Comments for the Editor','mohon dipublish,,, malasih'),(62,1048586,61,52,'2019-09-04 11:33:14','2020-03-04 11:07:37','Comments for the Editor','besar harapan saya, artikel ini diterbitkan di jurnal bestari kebidanan'),(63,1048586,62,50,'2019-09-04 12:50:53','2020-03-04 11:07:37','Comments for the Editor','please, upload articel '),(64,1048586,63,51,'2019-09-04 12:32:57','2020-03-04 11:07:37','Comments for the Editor','Hope You will give me information soon');

--
-- Table structure for table `notification_mail_list`
--

CREATE TABLE `notification_mail_list` (
  `notification_mail_list_id` bigint(20) NOT NULL AUTO_INCREMENT,
  `email` varchar(90) NOT NULL,
  `confirmed` tinyint(4) NOT NULL DEFAULT '0',
  `token` varchar(40) NOT NULL,
  `context` bigint(20) NOT NULL,
  PRIMARY KEY (`notification_mail_list_id`),
  UNIQUE KEY `notification_mail_list_email_context` (`email`,`context`)
) ENGINE=InnoDB DEFAULT CHARSET=utf8;

--
-- Dumping data for table `notification_mail_list`
--


--
-- Table structure for table `notification_settings`
--

CREATE TABLE `notification_settings` (
  `notification_id` bigint(20) NOT NULL,
  `locale` varchar(5) DEFAULT NULL,
  `setting_name` varchar(64) NOT NULL,
  `setting_value` text,
  `setting_type` varchar(6) NOT NULL,
  UNIQUE KEY `notification_settings_pkey` (`notification_id`,`locale`,`setting_name`)
) ENGINE=InnoDB DEFAULT CHARSET=utf8;

--
-- Dumping data for table `notification_settings`
--


--
-- Table structure for table `notification_subscription_settings`
--

CREATE TABLE `notification_subscription_settings` (
  `setting_id` bigint(20) NOT NULL AUTO_INCREMENT,
  `setting_name` varchar(64) NOT NULL,
  `setting_value` text,
  `user_id` bigint(20) NOT NULL,
  `context` bigint(20) NOT NULL,
  `setting_type` varchar(6) NOT NULL,
  PRIMARY KEY (`setting_id`)
) ENGINE=InnoDB AUTO_INCREMENT=2 DEFAULT CHARSET=utf8;

--
-- Dumping data for table `notification_subscription_settings`
--

INSERT INTO `notification_subscription_settings` VALUES (1,'token','12020051565a8266668b7d9',0,2,'string');

--
-- Table structure for table `notifications`
--

CREATE TABLE `notifications` (
  `notification_id` bigint(20) NOT NULL AUTO_INCREMENT,
  `context_id` bigint(20) NOT NULL,
  `user_id` bigint(20) DEFAULT NULL,
  `level` bigint(20) NOT NULL,
  `type` bigint(20) NOT NULL,
  `date_created` datetime NOT NULL,
  `date_read` datetime DEFAULT NULL,
  `assoc_type` bigint(20) DEFAULT NULL,
  `assoc_id` bigint(20) DEFAULT NULL,
  PRIMARY KEY (`notification_id`),
  KEY `notifications_context_id_user_id` (`context_id`,`user_id`,`level`),
  KEY `notifications_context_id` (`context_id`,`level`),
  KEY `notifications_assoc` (`assoc_type`,`assoc_id`)
) ENGINE=InnoDB AUTO_INCREMENT=312 DEFAULT CHARSET=utf8;

--
-- Dumping data for table `notifications`
--

INSERT INTO `notifications` VALUES (13,2,1,2,268435477,'2017-06-06 07:54:42','2018-10-08 09:18:45',0,0),(14,2,2,2,268435477,'2017-06-06 07:54:42',NULL,0,0),(15,2,3,2,268435477,'2017-06-06 07:54:42',NULL,0,0),(16,2,4,2,268435477,'2017-06-06 07:54:42',NULL,0,0),(17,2,5,2,268435477,'2017-06-06 07:54:42',NULL,0,0),(18,2,6,2,268435477,'2017-06-06 07:54:42',NULL,0,0),(19,2,7,2,268435477,'2017-06-06 07:54:42',NULL,0,0),(20,2,8,2,268435477,'2017-06-06 07:54:42',NULL,0,0),(21,2,9,2,268435477,'2017-06-06 07:54:42',NULL,0,0),(22,2,13,2,268435477,'2017-06-06 07:54:42',NULL,0,0),(23,2,14,2,268435477,'2017-06-06 07:54:42','2018-02-26 12:46:09',0,0),(24,2,15,2,268435477,'2017-06-06 07:54:42',NULL,0,0),(25,2,16,2,268435477,'2017-06-06 07:54:43',NULL,0,0),(26,2,17,2,268435477,'2017-06-06 07:54:43',NULL,0,0),(27,2,18,2,268435477,'2017-06-06 07:54:43',NULL,0,0),(28,2,19,2,268435477,'2017-06-06 07:54:43',NULL,0,0),(29,2,20,2,268435477,'2017-06-06 07:54:43',NULL,0,0),(30,2,21,2,268435477,'2017-06-06 07:54:43',NULL,0,0),(31,2,22,2,268435477,'2017-06-06 07:54:43',NULL,0,0),(32,2,23,2,268435477,'2017-06-06 07:54:43',NULL,0,0),(33,2,0,2,268435477,'2017-06-06 07:54:43','2018-02-12 22:03:00',0,0),(36,2,1,2,268435477,'2017-06-06 08:10:02','2018-10-08 09:18:44',0,0),(37,2,2,2,268435477,'2017-06-06 08:10:02',NULL,0,0),(38,2,3,2,268435477,'2017-06-06 08:10:02',NULL,0,0),(39,2,4,2,268435477,'2017-06-06 08:10:02',NULL,0,0),(40,2,5,2,268435477,'2017-06-06 08:10:03',NULL,0,0),(41,2,6,2,268435477,'2017-06-06 08:10:03',NULL,0,0),(42,2,7,2,268435477,'2017-06-06 08:10:04',NULL,0,0),(43,2,8,2,268435477,'2017-06-06 08:10:04',NULL,0,0),(44,2,9,2,268435477,'2017-06-06 08:10:04',NULL,0,0),(45,2,13,2,268435477,'2017-06-06 08:10:04',NULL,0,0),(46,2,14,2,268435477,'2017-06-06 08:10:04','2018-02-26 12:46:09',0,0),(47,2,15,2,268435477,'2017-06-06 08:10:05',NULL,0,0),(48,2,16,2,268435477,'2017-06-06 08:10:05',NULL,0,0),(49,2,17,2,268435477,'2017-06-06 08:10:05',NULL,0,0),(50,2,18,2,268435477,'2017-06-06 08:10:05',NULL,0,0),(51,2,19,2,268435477,'2017-06-06 08:10:05',NULL,0,0),(52,2,20,2,268435477,'2017-06-06 08:10:05',NULL,0,0),(53,2,21,2,268435477,'2017-06-06 08:10:05',NULL,0,0),(54,2,22,2,268435477,'2017-06-06 08:10:05',NULL,0,0),(55,2,23,2,268435477,'2017-06-06 08:10:05',NULL,0,0),(56,2,0,2,268435477,'2017-06-06 08:10:05','2018-02-12 22:03:00',0,0),(57,2,2,2,16777217,'2017-11-15 10:30:44',NULL,1048585,8),(58,2,3,2,16777217,'2017-11-15 10:30:44',NULL,1048585,8),(59,2,4,2,16777217,'2017-11-15 10:30:44',NULL,1048585,8),(60,2,13,2,16777217,'2017-11-15 10:30:44',NULL,1048585,8),(61,2,2,2,16777217,'2018-03-26 15:41:59',NULL,1048585,9),(62,2,3,2,16777217,'2018-03-26 15:41:59',NULL,1048585,9),(63,2,4,2,16777217,'2018-03-26 15:42:00',NULL,1048585,9),(64,2,13,2,16777217,'2018-03-26 15:42:00',NULL,1048585,9),(65,2,24,2,16777218,'2018-03-28 05:35:25',NULL,1048585,9),(70,2,2,2,16777217,'2018-12-26 14:43:11',NULL,1048585,11),(71,2,3,2,16777217,'2018-12-26 14:43:11',NULL,1048585,11),(72,2,4,2,16777217,'2018-12-26 14:43:11',NULL,1048585,11),(73,2,13,2,16777217,'2018-12-26 14:43:12',NULL,1048585,11),(94,2,1,2,268435477,'2019-03-26 09:20:19','2019-10-03 08:25:44',0,0),(95,2,2,2,268435477,'2019-03-26 09:20:19',NULL,0,0),(96,2,4,2,268435477,'2019-03-26 09:20:19',NULL,0,0),(97,2,5,2,268435477,'2019-03-26 09:20:19',NULL,0,0),(98,2,6,2,268435477,'2019-03-26 09:20:19',NULL,0,0),(99,2,7,2,268435477,'2019-03-26 09:20:19',NULL,0,0),(100,2,8,2,268435477,'2019-03-26 09:20:19',NULL,0,0),(101,2,9,2,268435477,'2019-03-26 09:20:19',NULL,0,0),(102,2,13,2,268435477,'2019-03-26 09:20:19',NULL,0,0),(103,2,14,2,268435477,'2019-03-26 09:20:19',NULL,0,0),(104,2,15,2,268435477,'2019-03-26 09:20:19',NULL,0,0),(105,2,16,2,268435477,'2019-03-26 09:20:19',NULL,0,0),(106,2,17,2,268435477,'2019-03-26 09:20:19',NULL,0,0),(107,2,18,2,268435477,'2019-03-26 09:20:19',NULL,0,0),(108,2,19,2,268435477,'2019-03-26 09:20:19',NULL,0,0),(109,2,20,2,268435477,'2019-03-26 09:20:19',NULL,0,0),(110,2,21,2,268435477,'2019-03-26 09:20:19',NULL,0,0),(111,2,22,2,268435477,'2019-03-26 09:20:19',NULL,0,0),(112,2,23,2,268435477,'2019-03-26 09:20:19',NULL,0,0),(113,2,24,2,268435477,'2019-03-26 09:20:19',NULL,0,0),(114,2,25,2,268435477,'2019-03-26 09:20:19',NULL,0,0),(115,2,26,2,268435477,'2019-03-26 09:20:19',NULL,0,0),(116,2,27,2,268435477,'2019-03-26 09:20:19',NULL,0,0),(117,2,0,2,268435477,'2019-03-26 09:20:19','2019-03-27 13:20:54',0,0),(122,2,2,2,16777217,'2019-03-26 10:16:26',NULL,1048585,12),(123,2,4,2,16777217,'2019-03-26 10:16:26',NULL,1048585,12),(124,2,5,2,16777217,'2019-03-26 10:16:26',NULL,1048585,12),(125,2,6,2,16777217,'2019-03-26 10:16:26',NULL,1048585,12),(126,2,18,2,16777217,'2019-03-26 10:16:26',NULL,1048585,12),(127,2,26,2,16777217,'2019-03-26 10:16:26',NULL,1048585,12),(128,2,28,2,16777217,'2019-03-26 10:16:26','2019-03-27 08:47:33',1048585,12),(129,2,2,2,16777217,'2019-03-27 11:50:52',NULL,1048585,13),(130,2,4,2,16777217,'2019-03-27 11:50:52',NULL,1048585,13),(131,2,5,2,16777217,'2019-03-27 11:50:52',NULL,1048585,13),(132,2,6,2,16777217,'2019-03-27 11:50:52',NULL,1048585,13),(133,2,18,2,16777217,'2019-03-27 11:50:52',NULL,1048585,13),(134,2,26,2,16777217,'2019-03-27 11:50:52',NULL,1048585,13),(135,2,28,2,16777217,'2019-03-27 11:50:52',NULL,1048585,13),(136,2,2,2,16777217,'2019-04-01 09:23:07',NULL,1048585,14),(137,2,4,2,16777217,'2019-04-01 09:23:07',NULL,1048585,14),(138,2,5,2,16777217,'2019-04-01 09:23:07',NULL,1048585,14),(139,2,6,2,16777217,'2019-04-01 09:23:07',NULL,1048585,14),(140,2,18,2,16777217,'2019-04-01 09:23:07',NULL,1048585,14),(141,2,26,2,16777217,'2019-04-01 09:23:07',NULL,1048585,14),(142,2,28,2,16777217,'2019-04-01 09:23:07',NULL,1048585,14),(143,2,2,2,16777217,'2019-04-11 11:18:46',NULL,1048585,15),(144,2,4,2,16777217,'2019-04-11 11:18:46',NULL,1048585,15),(145,2,5,2,16777217,'2019-04-11 11:18:46',NULL,1048585,15),(146,2,6,2,16777217,'2019-04-11 11:18:46',NULL,1048585,15),(147,2,18,2,16777217,'2019-04-11 11:18:46',NULL,1048585,15),(148,2,26,2,16777217,'2019-04-11 11:18:46',NULL,1048585,15),(149,2,28,2,16777217,'2019-04-11 11:18:46',NULL,1048585,15),(150,2,2,2,16777217,'2019-04-11 11:30:27',NULL,1048585,16),(151,2,4,2,16777217,'2019-04-11 11:30:27',NULL,1048585,16),(152,2,5,2,16777217,'2019-04-11 11:30:27',NULL,1048585,16),(153,2,6,2,16777217,'2019-04-11 11:30:27',NULL,1048585,16),(154,2,18,2,16777217,'2019-04-11 11:30:27',NULL,1048585,16),(155,2,26,2,16777217,'2019-04-11 11:30:27',NULL,1048585,16),(156,2,28,2,16777217,'2019-04-11 11:30:27',NULL,1048585,16),(157,2,2,2,16777217,'2019-08-02 09:13:05',NULL,1048585,18),(158,2,4,2,16777217,'2019-08-02 09:13:05',NULL,1048585,18),(159,2,5,2,16777217,'2019-08-02 09:13:05',NULL,1048585,18),(160,2,6,2,16777217,'2019-08-02 09:13:05',NULL,1048585,18),(161,2,18,2,16777217,'2019-08-02 09:13:05',NULL,1048585,18),(162,2,26,2,16777217,'2019-08-02 09:13:05',NULL,1048585,18),(163,2,28,2,16777217,'2019-08-02 09:13:05',NULL,1048585,18),(165,2,2,2,16777217,'2019-08-02 09:33:25',NULL,1048585,19),(166,2,4,2,16777217,'2019-08-02 09:33:25',NULL,1048585,19),(167,2,5,2,16777217,'2019-08-02 09:33:25',NULL,1048585,19),(168,2,6,2,16777217,'2019-08-02 09:33:25',NULL,1048585,19),(169,2,18,2,16777217,'2019-08-02 09:33:25',NULL,1048585,19),(170,2,26,2,16777217,'2019-08-02 09:33:25',NULL,1048585,19),(171,2,28,2,16777217,'2019-08-02 09:33:25',NULL,1048585,19),(172,2,2,2,16777217,'2019-08-06 14:29:28',NULL,1048585,21),(173,2,4,2,16777217,'2019-08-06 14:29:28',NULL,1048585,21),(174,2,5,2,16777217,'2019-08-06 14:29:28',NULL,1048585,21),(175,2,6,2,16777217,'2019-08-06 14:29:28',NULL,1048585,21),(176,2,26,2,16777217,'2019-08-06 14:29:28',NULL,1048585,21),(177,2,28,2,16777217,'2019-08-06 14:29:28',NULL,1048585,21),(185,2,4,2,16777217,'2019-09-04 11:22:27',NULL,1048585,24),(186,2,6,2,16777217,'2019-09-04 11:22:27',NULL,1048585,24),(187,2,26,2,16777217,'2019-09-04 11:22:27',NULL,1048585,24),(193,2,4,2,16777217,'2019-09-04 11:32:38',NULL,1048585,22),(194,2,6,2,16777217,'2019-09-04 11:32:38',NULL,1048585,22),(195,2,26,2,16777217,'2019-09-04 11:32:38',NULL,1048585,22),(196,2,41,2,16777217,'2019-09-04 11:32:38',NULL,1048585,22),(197,2,4,2,16777217,'2019-09-04 11:33:16',NULL,1048585,25),(198,2,6,2,16777217,'2019-09-04 11:33:16',NULL,1048585,25),(199,2,26,2,16777217,'2019-09-04 11:33:16',NULL,1048585,25),(200,2,41,2,16777217,'2019-09-04 11:33:16',NULL,1048585,25),(202,2,4,2,16777217,'2019-09-04 12:33:02',NULL,1048585,27),(203,2,6,2,16777217,'2019-09-04 12:33:02',NULL,1048585,27),(204,2,26,2,16777217,'2019-09-04 12:33:02',NULL,1048585,27),(205,2,41,2,16777217,'2019-09-04 12:33:02',NULL,1048585,27),(210,2,4,2,16777217,'2019-09-04 12:50:58',NULL,1048585,26),(211,2,6,2,16777217,'2019-09-04 12:50:58',NULL,1048585,26),(212,2,26,2,16777217,'2019-09-04 12:50:58',NULL,1048585,26),(213,2,41,2,16777217,'2019-09-04 12:50:58',NULL,1048585,26),(222,2,1,2,8,'2019-10-04 08:16:04',NULL,522,1),(223,2,2,2,8,'2019-10-04 08:16:04',NULL,522,1),(224,2,5,2,8,'2019-10-04 08:16:04',NULL,522,1),(225,2,6,2,8,'2019-10-04 08:16:04',NULL,522,1),(226,2,7,2,8,'2019-10-04 08:16:04',NULL,522,1),(227,2,8,2,8,'2019-10-04 08:16:04',NULL,522,1),(228,2,9,2,8,'2019-10-04 08:16:04',NULL,522,1),(229,2,13,2,8,'2019-10-04 08:16:04',NULL,522,1),(230,2,14,2,8,'2019-10-04 08:16:04',NULL,522,1),(231,2,15,2,8,'2019-10-04 08:16:04',NULL,522,1),(232,2,16,2,8,'2019-10-04 08:16:04',NULL,522,1),(233,2,17,2,8,'2019-10-04 08:16:04',NULL,522,1),(234,2,18,2,8,'2019-10-04 08:16:04',NULL,522,1),(235,2,19,2,8,'2019-10-04 08:16:04',NULL,522,1),(236,2,20,2,8,'2019-10-04 08:16:04',NULL,522,1),(237,2,21,2,8,'2019-10-04 08:16:04',NULL,522,1),(238,2,22,2,8,'2019-10-04 08:16:04',NULL,522,1),(239,2,23,2,8,'2019-10-04 08:16:04',NULL,522,1),(240,2,24,2,8,'2019-10-04 08:16:04',NULL,522,1),(241,2,26,2,8,'2019-10-04 08:16:04',NULL,522,1),(242,2,27,2,8,'2019-10-04 08:16:04',NULL,522,1),(243,2,30,2,8,'2019-10-04 08:16:04',NULL,522,1),(244,2,31,2,8,'2019-10-04 08:16:04',NULL,522,1),(245,2,32,2,8,'2019-10-04 08:16:04',NULL,522,1),(246,2,33,2,8,'2019-10-04 08:16:04',NULL,522,1),(247,2,34,2,8,'2019-10-04 08:16:04',NULL,522,1),(248,2,35,2,8,'2019-10-04 08:16:04',NULL,522,1),(249,2,36,2,8,'2019-10-04 08:16:04',NULL,522,1),(250,2,37,2,8,'2019-10-04 08:16:04',NULL,522,1),(251,2,38,2,8,'2019-10-04 08:16:04',NULL,522,1),(252,2,39,2,8,'2019-10-04 08:16:04',NULL,522,1),(253,2,40,2,8,'2019-10-04 08:16:04',NULL,522,1),(254,2,41,2,8,'2019-10-04 08:16:04',NULL,522,1),(255,2,42,2,8,'2019-10-04 08:16:04',NULL,522,1),(256,2,43,2,8,'2019-10-04 08:16:05',NULL,522,1),(257,2,44,2,8,'2019-10-04 08:16:05',NULL,522,1),(258,2,45,2,8,'2019-10-04 08:16:05',NULL,522,1),(259,2,46,2,8,'2019-10-04 08:16:05',NULL,522,1),(260,2,47,2,8,'2019-10-04 08:16:05',NULL,522,1),(261,2,48,2,8,'2019-10-04 08:16:05',NULL,522,1),(262,2,49,2,8,'2019-10-04 08:16:05',NULL,522,1),(263,2,50,2,8,'2019-10-04 08:16:05',NULL,522,1),(264,2,51,2,8,'2019-10-04 08:16:05',NULL,522,1),(265,2,52,2,8,'2019-10-04 08:16:05',NULL,522,1),(266,2,0,2,8,'2019-10-04 08:16:05','2019-10-05 20:11:52',522,1),(267,2,1,2,8,'2019-10-04 08:18:06',NULL,522,1),(268,2,2,2,8,'2019-10-04 08:18:06',NULL,522,1),(269,2,5,2,8,'2019-10-04 08:18:06',NULL,522,1),(270,2,6,2,8,'2019-10-04 08:18:06',NULL,522,1),(271,2,7,2,8,'2019-10-04 08:18:06',NULL,522,1),(272,2,8,2,8,'2019-10-04 08:18:06',NULL,522,1),(273,2,9,2,8,'2019-10-04 08:18:06',NULL,522,1),(274,2,13,2,8,'2019-10-04 08:18:06',NULL,522,1),(275,2,14,2,8,'2019-10-04 08:18:06',NULL,522,1),(276,2,15,2,8,'2019-10-04 08:18:06',NULL,522,1),(277,2,16,2,8,'2019-10-04 08:18:06',NULL,522,1),(278,2,17,2,8,'2019-10-04 08:18:06',NULL,522,1),(279,2,18,2,8,'2019-10-04 08:18:06',NULL,522,1),(280,2,19,2,8,'2019-10-04 08:18:06',NULL,522,1),(281,2,20,2,8,'2019-10-04 08:18:06',NULL,522,1),(282,2,21,2,8,'2019-10-04 08:18:06',NULL,522,1),(283,2,22,2,8,'2019-10-04 08:18:06',NULL,522,1),(284,2,23,2,8,'2019-10-04 08:18:06',NULL,522,1),(285,2,24,2,8,'2019-10-04 08:18:06',NULL,522,1),(286,2,26,2,8,'2019-10-04 08:18:06',NULL,522,1),(287,2,27,2,8,'2019-10-04 08:18:06',NULL,522,1),(288,2,30,2,8,'2019-10-04 08:18:06',NULL,522,1),(289,2,31,2,8,'2019-10-04 08:18:06',NULL,522,1),(290,2,32,2,8,'2019-10-04 08:18:06',NULL,522,1),(291,2,33,2,8,'2019-10-04 08:18:06',NULL,522,1),(292,2,34,2,8,'2019-10-04 08:18:06',NULL,522,1),(293,2,35,2,8,'2019-10-04 08:18:06',NULL,522,1),(294,2,36,2,8,'2019-10-04 08:18:06',NULL,522,1),(295,2,37,2,8,'2019-10-04 08:18:06',NULL,522,1),(296,2,38,2,8,'2019-10-04 08:18:06',NULL,522,1),(297,2,39,2,8,'2019-10-04 08:18:06',NULL,522,1),(298,2,40,2,8,'2019-10-04 08:18:06',NULL,522,1),(299,2,41,2,8,'2019-10-04 08:18:06',NULL,522,1),(300,2,42,2,8,'2019-10-04 08:18:06',NULL,522,1),(301,2,43,2,8,'2019-10-04 08:18:06',NULL,522,1),(302,2,44,2,8,'2019-10-04 08:18:06',NULL,522,1),(303,2,45,2,8,'2019-10-04 08:18:06',NULL,522,1),(304,2,46,2,8,'2019-10-04 08:18:06',NULL,522,1),(305,2,47,2,8,'2019-10-04 08:18:06',NULL,522,1),(306,2,48,2,8,'2019-10-04 08:18:06',NULL,522,1),(307,2,49,2,8,'2019-10-04 08:18:06',NULL,522,1),(308,2,50,2,8,'2019-10-04 08:18:06',NULL,522,1),(309,2,51,2,8,'2019-10-04 08:18:06',NULL,522,1),(310,2,52,2,8,'2019-10-04 08:18:06',NULL,522,1),(311,2,0,2,8,'2019-10-04 08:18:06','2019-10-05 20:11:52',522,1);

--
-- Table structure for table `oai_resumption_tokens`
--

CREATE TABLE `oai_resumption_tokens` (
  `token` varchar(32) NOT NULL,
  `expire` bigint(20) NOT NULL,
  `record_offset` int(11) NOT NULL,
  `params` text,
  UNIQUE KEY `oai_resumption_tokens_pkey` (`token`)
) ENGINE=InnoDB DEFAULT CHARSET=utf8;

--
-- Dumping data for table `oai_resumption_tokens`
--


--
-- Table structure for table `object_for_review_assignments`
--

CREATE TABLE `object_for_review_assignments` (
  `assignment_id` bigint(20) NOT NULL AUTO_INCREMENT,
  `object_id` bigint(20) NOT NULL DEFAULT '0',
  `user_id` bigint(20) DEFAULT NULL,
  `submission_id` bigint(20) DEFAULT NULL,
  `status` smallint(6) NOT NULL,
  `date_requested` datetime DEFAULT NULL,
  `date_assigned` datetime DEFAULT NULL,
  `date_mailed` datetime DEFAULT NULL,
  `date_due` datetime DEFAULT NULL,
  `date_reminded_before` datetime DEFAULT NULL,
  `date_reminded_after` datetime DEFAULT NULL,
  `notes` text,
  PRIMARY KEY (`assignment_id`),
  UNIQUE KEY `ofr_assignments_pkey` (`object_id`,`user_id`)
) ENGINE=InnoDB DEFAULT CHARSET=utf8;

--
-- Dumping data for table `object_for_review_assignments`
--


--
-- Table structure for table `object_for_review_persons`
--

CREATE TABLE `object_for_review_persons` (
  `person_id` bigint(20) NOT NULL AUTO_INCREMENT,
  `object_id` bigint(20) NOT NULL,
  `seq` double NOT NULL DEFAULT '0',
  `role` varchar(255) NOT NULL,
  `first_name` varchar(40) NOT NULL,
  `middle_name` varchar(40) DEFAULT NULL,
  `last_name` varchar(90) NOT NULL,
  PRIMARY KEY (`person_id`),
  KEY `ofr_person_object_id` (`object_id`)
) ENGINE=InnoDB DEFAULT CHARSET=utf8;

--
-- Dumping data for table `object_for_review_persons`
--


--
-- Table structure for table `object_for_review_settings`
--

CREATE TABLE `object_for_review_settings` (
  `object_id` bigint(20) NOT NULL,
  `review_object_metadata_id` bigint(20) NOT NULL,
  `setting_value` text,
  `setting_type` varchar(6) NOT NULL,
  UNIQUE KEY `ofr_settings_pkey` (`object_id`,`review_object_metadata_id`),
  KEY `ofr_settings_object_id` (`object_id`)
) ENGINE=InnoDB DEFAULT CHARSET=utf8;

--
-- Dumping data for table `object_for_review_settings`
--


--
-- Table structure for table `objects_for_review`
--

CREATE TABLE `objects_for_review` (
  `object_id` bigint(20) NOT NULL AUTO_INCREMENT,
  `review_object_type_id` bigint(20) NOT NULL,
  `context_id` bigint(20) NOT NULL,
  `available` tinyint(4) NOT NULL DEFAULT '1',
  `date_created` datetime NOT NULL,
  `editor_id` bigint(20) DEFAULT NULL,
  `notes` text,
  PRIMARY KEY (`object_id`),
  KEY `ofr_object_id` (`object_id`)
) ENGINE=InnoDB DEFAULT CHARSET=utf8;

--
-- Dumping data for table `objects_for_review`
--


--
-- Table structure for table `paypal_transactions`
--

CREATE TABLE `paypal_transactions` (
  `txn_id` varchar(17) NOT NULL,
  `txn_type` varchar(20) DEFAULT NULL,
  `payer_email` varchar(127) DEFAULT NULL,
  `receiver_email` varchar(127) DEFAULT NULL,
  `item_number` varchar(127) DEFAULT NULL,
  `payment_date` varchar(127) DEFAULT NULL,
  `payer_id` varchar(13) DEFAULT NULL,
  `receiver_id` varchar(13) DEFAULT NULL,
  PRIMARY KEY (`txn_id`)
) ENGINE=InnoDB DEFAULT CHARSET=utf8;

--
-- Dumping data for table `paypal_transactions`
--


--
-- Table structure for table `pln_deposit_objects`
--

CREATE TABLE `pln_deposit_objects` (
  `deposit_object_id` bigint(20) NOT NULL AUTO_INCREMENT,
  `journal_id` bigint(20) NOT NULL,
  `object_id` bigint(20) NOT NULL,
  `object_type` varchar(36) NOT NULL,
  `deposit_id` bigint(20) DEFAULT NULL,
  `date_created` datetime NOT NULL,
  `date_modified` datetime DEFAULT NULL,
  PRIMARY KEY (`deposit_object_id`)
) ENGINE=InnoDB DEFAULT CHARSET=utf8;

--
-- Dumping data for table `pln_deposit_objects`
--


--
-- Table structure for table `pln_deposits`
--

CREATE TABLE `pln_deposits` (
  `deposit_id` bigint(20) NOT NULL AUTO_INCREMENT,
  `journal_id` bigint(20) NOT NULL,
  `uuid` varchar(36) DEFAULT NULL,
  `status` bigint(20) DEFAULT '0',
  `date_status` datetime DEFAULT NULL,
  `date_created` datetime NOT NULL,
  `date_modified` datetime DEFAULT NULL,
  PRIMARY KEY (`deposit_id`)
) ENGINE=InnoDB DEFAULT CHARSET=utf8;

--
-- Dumping data for table `pln_deposits`
--


--
-- Table structure for table `plugin_settings`
--

CREATE TABLE `plugin_settings` (
  `plugin_name` varchar(80) NOT NULL,
  `context_id` bigint(20) NOT NULL,
  `setting_name` varchar(80) NOT NULL,
  `setting_value` text,
  `setting_type` varchar(6) NOT NULL,
  UNIQUE KEY `plugin_settings_pkey` (`plugin_name`,`context_id`,`setting_name`),
  KEY `plugin_settings_plugin_name` (`plugin_name`)
) ENGINE=InnoDB DEFAULT CHARSET=utf8;

--
-- Dumping data for table `plugin_settings`
--



--
-- Table structure for table `processes`
--

CREATE TABLE `processes` (
  `process_id` varchar(23) NOT NULL,
  `process_type` tinyint(4) NOT NULL,
  `time_started` bigint(20) NOT NULL,
  `obliterated` tinyint(4) NOT NULL DEFAULT '0',
  `additional_data` text,
  UNIQUE KEY `processes_pkey` (`process_id`)
) ENGINE=InnoDB DEFAULT CHARSET=utf8;

--
-- Dumping data for table `processes`
--


--
-- Table structure for table `published_submissions`
--

CREATE TABLE `published_submissions` (
  `published_submission_id` bigint(20) NOT NULL AUTO_INCREMENT,
  `submission_id` bigint(20) NOT NULL,
  `issue_id` bigint(20) NOT NULL,
  `date_published` datetime DEFAULT NULL,
  `seq` double NOT NULL DEFAULT '0',
  `access_status` tinyint(4) NOT NULL DEFAULT '0',
  PRIMARY KEY (`published_submission_id`),
  UNIQUE KEY `published_submissions_submission_id` (`submission_id`),
  KEY `published_submissions_issue_id` (`issue_id`)
) ENGINE=InnoDB AUTO_INCREMENT=11 DEFAULT CHARSET=utf8;

--
-- Dumping data for table `published_submissions`
--

INSERT INTO `published_submissions` VALUES (1,1,5,'2019-03-26 09:20:19',2,0),(2,2,5,'2019-03-26 09:20:19',3,0),(3,3,5,'2019-03-26 09:20:18',1,0),(4,4,5,'2019-03-26 09:20:19',4,0),(6,6,5,'2019-03-26 09:20:19',5,0),(7,7,5,'2019-03-26 09:20:19',6,0),(8,12,7,'2019-09-04 10:23:57',1,0),(9,22,7,'2019-09-04 14:16:40',2,0),(10,27,7,'2019-09-04 14:47:32',3,0);

--
-- Table structure for table `queries`
--

CREATE TABLE `queries` (
  `query_id` bigint(20) NOT NULL AUTO_INCREMENT,
  `assoc_type` bigint(20) NOT NULL,
  `assoc_id` bigint(20) NOT NULL,
  `stage_id` tinyint(4) NOT NULL DEFAULT '1',
  `seq` double NOT NULL DEFAULT '0',
  `date_posted` datetime DEFAULT NULL,
  `date_modified` datetime DEFAULT NULL,
  `closed` smallint(6) NOT NULL DEFAULT '0',
  PRIMARY KEY (`query_id`),
  KEY `queries_assoc_id` (`assoc_type`,`assoc_id`)
) ENGINE=MyISAM AUTO_INCREMENT=64 DEFAULT CHARSET=latin1;

--
-- Dumping data for table `queries`
--

INSERT INTO `queries` VALUES (1,1048585,12,3,1,NULL,NULL,0),(2,1048585,22,3,1,NULL,NULL,0),(3,1048585,27,3,1,NULL,NULL,0),(4,1048585,1,4,1,NULL,NULL,0),(5,1048585,1,5,2,NULL,NULL,0),(6,1048585,2,4,1,NULL,NULL,0),(7,1048585,2,5,2,NULL,NULL,0),(8,1048585,3,4,1,NULL,NULL,0),(9,1048585,3,5,2,NULL,NULL,0),(10,1048585,4,4,1,NULL,NULL,0),(11,1048585,4,5,2,NULL,NULL,0),(12,1048585,5,4,1,NULL,NULL,0),(13,1048585,5,5,2,NULL,NULL,0),(14,1048585,6,4,1,NULL,NULL,0),(15,1048585,6,5,2,NULL,NULL,0),(16,1048585,7,4,1,NULL,NULL,0),(17,1048585,7,5,2,NULL,NULL,0),(18,1048585,8,4,1,NULL,NULL,0),(19,1048585,8,5,2,NULL,NULL,0),(20,1048585,9,4,1,NULL,NULL,0),(21,1048585,9,5,2,NULL,NULL,0),(22,1048585,11,4,1,NULL,NULL,0),(23,1048585,11,5,2,NULL,NULL,0),(24,1048585,12,4,2,NULL,NULL,0),(25,1048585,12,5,3,NULL,NULL,0),(26,1048585,13,4,1,NULL,NULL,0),(27,1048585,13,5,2,NULL,NULL,0),(28,1048585,14,4,1,NULL,NULL,0),(29,1048585,14,5,2,NULL,NULL,0),(30,1048585,15,4,1,NULL,NULL,0),(31,1048585,15,5,2,NULL,NULL,0),(32,1048585,16,4,1,NULL,NULL,0),(33,1048585,16,5,2,NULL,NULL,0),(34,1048585,18,4,1,NULL,NULL,0),(35,1048585,18,5,2,NULL,NULL,0),(36,1048585,19,4,1,NULL,NULL,0),(37,1048585,19,5,2,NULL,NULL,0),(38,1048585,21,4,1,NULL,NULL,0),(39,1048585,21,5,2,NULL,NULL,0),(40,1048585,24,4,1,NULL,NULL,0),(41,1048585,24,5,2,NULL,NULL,0),(42,1048585,22,4,2,NULL,NULL,0),(43,1048585,22,5,3,NULL,NULL,0),(44,1048585,25,4,1,NULL,NULL,0),(45,1048585,25,5,2,NULL,NULL,0),(46,1048585,27,4,2,NULL,NULL,0),(47,1048585,27,5,3,NULL,NULL,0),(48,1048585,26,4,1,NULL,NULL,0),(49,1048585,26,5,2,NULL,NULL,0),(50,1048585,8,1,3,NULL,NULL,0),(51,1048585,10,1,1,NULL,NULL,0),(52,1048585,11,1,3,NULL,NULL,0),(53,1048585,12,1,4,NULL,NULL,0),(54,1048585,13,1,3,NULL,NULL,0),(55,1048585,14,1,3,NULL,NULL,0),(56,1048585,15,1,3,NULL,NULL,0),(57,1048585,16,1,3,NULL,NULL,0),(58,1048585,19,1,3,NULL,NULL,0),(59,1048585,22,1,4,NULL,NULL,0),(60,1048585,24,1,3,NULL,NULL,0),(61,1048585,25,1,3,NULL,NULL,0),(62,1048585,26,1,3,NULL,NULL,0),(63,1048585,27,1,4,NULL,NULL,0);

--
-- Table structure for table `query_participants`
--

CREATE TABLE `query_participants` (
  `query_id` bigint(20) NOT NULL,
  `user_id` bigint(20) NOT NULL,
  UNIQUE KEY `query_participants_pkey` (`query_id`,`user_id`)
) ENGINE=MyISAM DEFAULT CHARSET=latin1;

--
-- Dumping data for table `query_participants`
--

INSERT INTO `query_participants` VALUES (1,18),(1,28),(2,40),(2,52),(3,18),(3,26),(3,50),(3,51),(4,1),(5,1),(5,3),(6,1),(7,1),(7,3),(8,1),(9,1),(9,3),(10,1),(11,1),(11,3),(12,1),(13,1),(13,3),(14,1),(15,1),(15,3),(16,1),(17,1),(17,13),(18,14),(19,14),(20,24),(20,41),(21,24),(21,41),(22,26),(22,51),(23,26),(23,51),(24,18),(24,28),(25,18),(25,28),(26,6),(26,52),(27,6),(27,52),(28,25),(29,25),(30,19),(31,19),(32,18),(32,50),(33,18),(33,50),(34,28),(34,42),(35,28),(35,42),(36,40),(37,40),(38,46),(38,51),(39,46),(39,51),(40,4),(40,26),(40,51),(41,4),(41,26),(41,51),(42,40),(42,52),(43,40),(43,52),(44,52),(45,52),(46,18),(46,26),(46,50),(46,51),(47,18),(47,26),(47,50),(47,51),(48,18),(48,40),(48,50),(49,18),(49,40),(49,50),(50,14),(51,13),(52,26),(53,18),(54,6),(55,25),(56,19),(57,18),(58,40),(59,40),(60,26),(61,52),(62,50),(63,51);

--
-- Table structure for table `queued_payments`
--

CREATE TABLE `queued_payments` (
  `queued_payment_id` bigint(20) NOT NULL AUTO_INCREMENT,
  `date_created` datetime NOT NULL,
  `date_modified` datetime NOT NULL,
  `expiry_date` date DEFAULT NULL,
  `payment_data` text,
  PRIMARY KEY (`queued_payment_id`)
) ENGINE=InnoDB DEFAULT CHARSET=utf8;

--
-- Dumping data for table `queued_payments`
--


--
-- Table structure for table `referral_settings`
--

CREATE TABLE `referral_settings` (
  `referral_id` bigint(20) NOT NULL,
  `locale` varchar(5) NOT NULL DEFAULT '',
  `setting_name` varchar(255) NOT NULL,
  `setting_value` text,
  `setting_type` varchar(6) NOT NULL,
  UNIQUE KEY `referral_settings_pkey` (`referral_id`,`locale`,`setting_name`),
  KEY `referral_settings_referral_id` (`referral_id`)
) ENGINE=InnoDB DEFAULT CHARSET=utf8;

--
-- Dumping data for table `referral_settings`
--


--
-- Table structure for table `referrals`
--

CREATE TABLE `referrals` (
  `referral_id` bigint(20) NOT NULL AUTO_INCREMENT,
  `submission_id` bigint(20) NOT NULL,
  `status` smallint(6) NOT NULL,
  `url` varchar(255) NOT NULL,
  `date_added` datetime NOT NULL,
  `link_count` bigint(20) NOT NULL,
  PRIMARY KEY (`referral_id`),
  UNIQUE KEY `referral_article_id` (`submission_id`,`url`)
) ENGINE=InnoDB DEFAULT CHARSET=utf8;

--
-- Dumping data for table `referrals`
--


--
-- Table structure for table `review_assignments`
--

CREATE TABLE `review_assignments` (
  `review_id` bigint(20) NOT NULL AUTO_INCREMENT,
  `submission_id` bigint(20) NOT NULL,
  `reviewer_id` bigint(20) NOT NULL,
  `competing_interests` text,
  `recommendation` tinyint(4) DEFAULT NULL,
  `date_assigned` datetime DEFAULT NULL,
  `date_notified` datetime DEFAULT NULL,
  `date_confirmed` datetime DEFAULT NULL,
  `date_completed` datetime DEFAULT NULL,
  `date_acknowledged` datetime DEFAULT NULL,
  `date_due` datetime DEFAULT NULL,
  `date_response_due` datetime DEFAULT NULL,
  `last_modified` datetime DEFAULT NULL,
  `reminder_was_automatic` tinyint(4) NOT NULL DEFAULT '0',
  `declined` tinyint(4) NOT NULL DEFAULT '0',
  `replaced` tinyint(4) NOT NULL DEFAULT '0',
  `cancelled` tinyint(4) NOT NULL DEFAULT '0',
  `reviewer_file_id` bigint(20) DEFAULT NULL,
  `date_rated` datetime DEFAULT NULL,
  `date_reminded` datetime DEFAULT NULL,
  `quality` tinyint(4) DEFAULT NULL,
  `review_round_id` bigint(20) DEFAULT NULL,
  `stage_id` tinyint(4) NOT NULL DEFAULT '1',
  `review_method` tinyint(4) NOT NULL DEFAULT '1',
  `round` tinyint(4) NOT NULL DEFAULT '1',
  `step` tinyint(4) NOT NULL DEFAULT '1',
  `review_form_id` bigint(20) DEFAULT NULL,
  `unconsidered` tinyint(4) DEFAULT NULL,
  PRIMARY KEY (`review_id`),
  KEY `review_assignments_submission_id` (`submission_id`),
  KEY `review_assignments_reviewer_id` (`reviewer_id`),
  KEY `review_assignments_form_id` (`review_form_id`)
) ENGINE=InnoDB AUTO_INCREMENT=12 DEFAULT CHARSET=utf8;

--
-- Dumping data for table `review_assignments`
--

INSERT INTO `review_assignments` VALUES (1,7,8,NULL,NULL,'2017-06-05 10:02:53',NULL,NULL,NULL,NULL,'2017-06-19 00:00:00',NULL,NULL,0,0,0,0,NULL,NULL,NULL,NULL,0,3,2,1,1,NULL,0),(2,18,2,NULL,NULL,'2019-08-02 09:41:37',NULL,NULL,NULL,NULL,'2019-08-16 00:00:00',NULL,NULL,0,0,0,0,NULL,NULL,NULL,NULL,9,3,2,1,1,NULL,0),(3,19,8,NULL,NULL,'2019-08-02 10:20:41',NULL,NULL,NULL,NULL,'2019-08-16 00:00:00',NULL,NULL,0,0,0,0,NULL,NULL,NULL,NULL,0,3,2,1,1,NULL,0),(4,12,2,NULL,2,'2019-09-04 09:51:38','2019-09-04 09:52:23','2019-09-04 10:03:54','2019-09-04 10:09:20','2019-09-04 10:10:23','2019-09-18 00:00:00',NULL,'2019-09-04 10:10:23',0,0,0,0,60,NULL,NULL,NULL,4,3,2,1,1,NULL,0),(6,22,2,NULL,2,'2019-09-04 13:48:19','2019-09-04 13:49:10','2019-09-04 13:51:53','2019-09-04 13:54:11','2019-09-04 13:55:19','2019-09-18 00:00:00',NULL,'2019-09-04 13:55:19',0,0,0,0,79,NULL,NULL,NULL,13,3,2,1,1,NULL,0),(7,18,5,NULL,NULL,'2019-09-04 14:27:35',NULL,NULL,NULL,NULL,'2019-09-18 00:00:00',NULL,NULL,0,0,0,0,NULL,NULL,NULL,NULL,9,3,2,1,1,NULL,0),(8,24,5,NULL,NULL,'2019-09-04 14:43:00','2019-09-04 14:43:15',NULL,NULL,NULL,'2019-09-18 00:00:00',NULL,'2019-09-04 14:43:15',0,0,0,0,NULL,NULL,NULL,NULL,11,3,2,1,1,NULL,0),(9,27,2,NULL,NULL,'2019-09-04 14:43:10','2019-09-04 14:43:33',NULL,'2019-10-03 15:35:04',NULL,'2019-09-18 00:00:00',NULL,'2019-10-03 15:35:04',0,0,0,1,NULL,NULL,NULL,NULL,15,3,2,1,1,NULL,0),(10,24,2,NULL,NULL,'2019-09-04 14:50:26','2019-09-04 14:55:19',NULL,NULL,NULL,'2019-09-18 00:00:00',NULL,'2019-09-04 14:55:19',0,0,0,0,NULL,NULL,NULL,NULL,11,3,2,1,1,NULL,0),(11,24,8,NULL,NULL,'2019-09-04 14:50:27',NULL,NULL,NULL,NULL,'2019-09-18 00:00:00',NULL,NULL,0,0,0,0,NULL,NULL,NULL,NULL,11,3,2,1,1,NULL,0);

--
-- Table structure for table `review_files`
--

CREATE TABLE `review_files` (
  `review_id` bigint(20) NOT NULL,
  `file_id` bigint(20) NOT NULL,
  UNIQUE KEY `review_files_pkey` (`review_id`,`file_id`),
  KEY `review_files_review_id` (`review_id`)
) ENGINE=MyISAM DEFAULT CHARSET=latin1;

--
-- Dumping data for table `review_files`
--


--
-- Table structure for table `review_form_element_settings`
--

CREATE TABLE `review_form_element_settings` (
  `review_form_element_id` bigint(20) NOT NULL,
  `locale` varchar(5) NOT NULL DEFAULT '',
  `setting_name` varchar(255) NOT NULL,
  `setting_value` text,
  `setting_type` varchar(6) NOT NULL,
  UNIQUE KEY `review_form_element_settings_pkey` (`review_form_element_id`,`locale`,`setting_name`),
  KEY `review_form_element_settings_review_form_element_id` (`review_form_element_id`)
) ENGINE=InnoDB DEFAULT CHARSET=utf8;

--
-- Dumping data for table `review_form_element_settings`
--


--
-- Table structure for table `review_form_elements`
--

CREATE TABLE `review_form_elements` (
  `review_form_element_id` bigint(20) NOT NULL AUTO_INCREMENT,
  `review_form_id` bigint(20) NOT NULL,
  `seq` double DEFAULT NULL,
  `element_type` bigint(20) DEFAULT NULL,
  `required` tinyint(4) DEFAULT NULL,
  `included` tinyint(4) DEFAULT NULL,
  PRIMARY KEY (`review_form_element_id`),
  KEY `review_form_elements_review_form_id` (`review_form_id`)
) ENGINE=InnoDB DEFAULT CHARSET=utf8;

--
-- Dumping data for table `review_form_elements`
--


--
-- Table structure for table `review_form_responses`
--

CREATE TABLE `review_form_responses` (
  `review_form_element_id` bigint(20) NOT NULL,
  `review_id` bigint(20) NOT NULL,
  `response_type` varchar(6) DEFAULT NULL,
  `response_value` text,
  KEY `review_form_responses_pkey` (`review_form_element_id`,`review_id`)
) ENGINE=InnoDB DEFAULT CHARSET=utf8;

--
-- Dumping data for table `review_form_responses`
--


--
-- Table structure for table `review_form_settings`
--

CREATE TABLE `review_form_settings` (
  `review_form_id` bigint(20) NOT NULL,
  `locale` varchar(5) NOT NULL DEFAULT '',
  `setting_name` varchar(255) NOT NULL,
  `setting_value` text,
  `setting_type` varchar(6) NOT NULL,
  UNIQUE KEY `review_form_settings_pkey` (`review_form_id`,`locale`,`setting_name`),
  KEY `review_form_settings_review_form_id` (`review_form_id`)
) ENGINE=InnoDB DEFAULT CHARSET=utf8;

--
-- Dumping data for table `review_form_settings`
--


--
-- Table structure for table `review_forms`
--

CREATE TABLE `review_forms` (
  `review_form_id` bigint(20) NOT NULL AUTO_INCREMENT,
  `assoc_type` bigint(20) DEFAULT NULL,
  `assoc_id` bigint(20) DEFAULT NULL,
  `seq` double DEFAULT NULL,
  `is_active` tinyint(4) DEFAULT NULL,
  PRIMARY KEY (`review_form_id`)
) ENGINE=InnoDB DEFAULT CHARSET=utf8;

--
-- Dumping data for table `review_forms`
--


--
-- Table structure for table `review_object_metadata`
--

CREATE TABLE `review_object_metadata` (
  `metadata_id` bigint(20) NOT NULL AUTO_INCREMENT,
  `review_object_type_id` bigint(20) NOT NULL,
  `seq` double DEFAULT NULL,
  `metadata_type` bigint(20) DEFAULT NULL,
  `required` tinyint(4) DEFAULT NULL,
  `display` tinyint(4) DEFAULT NULL,
  `metadata_key` varchar(64) DEFAULT NULL,
  PRIMARY KEY (`metadata_id`),
  KEY `review_object_metadata_metadata_id` (`metadata_id`)
) ENGINE=InnoDB DEFAULT CHARSET=utf8;

--
-- Dumping data for table `review_object_metadata`
--


--
-- Table structure for table `review_object_metadata_settings`
--

CREATE TABLE `review_object_metadata_settings` (
  `metadata_id` bigint(20) NOT NULL,
  `locale` varchar(5) NOT NULL DEFAULT '',
  `setting_name` varchar(255) NOT NULL,
  `setting_value` text,
  `setting_type` varchar(6) NOT NULL,
  UNIQUE KEY `review_object_metadata_settings_pkey` (`metadata_id`,`locale`,`setting_name`),
  KEY `review_object_metadata_settings_metadata_id` (`metadata_id`)
) ENGINE=InnoDB DEFAULT CHARSET=utf8;

--
-- Dumping data for table `review_object_metadata_settings`
--


--
-- Table structure for table `review_object_type_settings`
--

CREATE TABLE `review_object_type_settings` (
  `type_id` bigint(20) NOT NULL,
  `locale` varchar(5) NOT NULL DEFAULT '',
  `setting_name` varchar(255) NOT NULL,
  `setting_value` text,
  `setting_type` varchar(6) NOT NULL,
  UNIQUE KEY `review_object_type_settings_pkey` (`type_id`,`locale`,`setting_name`),
  KEY `review_object_type_settings_type_id` (`type_id`)
) ENGINE=InnoDB DEFAULT CHARSET=utf8;

--
-- Dumping data for table `review_object_type_settings`
--


--
-- Table structure for table `review_object_types`
--

CREATE TABLE `review_object_types` (
  `type_id` bigint(20) NOT NULL AUTO_INCREMENT,
  `context_id` bigint(20) NOT NULL,
  `is_active` tinyint(4) NOT NULL,
  `type_key` varchar(64) DEFAULT NULL,
  PRIMARY KEY (`type_id`),
  KEY `review_object_type_type_id` (`type_id`)
) ENGINE=InnoDB DEFAULT CHARSET=utf8;

--
-- Dumping data for table `review_object_types`
--


--
-- Table structure for table `review_round_files`
--

CREATE TABLE `review_round_files` (
  `submission_id` bigint(20) NOT NULL,
  `review_round_id` bigint(20) NOT NULL,
  `stage_id` tinyint(4) NOT NULL,
  `file_id` bigint(20) NOT NULL,
  `revision` bigint(20) NOT NULL DEFAULT '1',
  UNIQUE KEY `review_round_files_pkey` (`submission_id`,`review_round_id`,`file_id`,`revision`),
  KEY `review_round_files_submission_id` (`submission_id`)
) ENGINE=MyISAM DEFAULT CHARSET=latin1;

--
-- Dumping data for table `review_round_files`
--

INSERT INTO `review_round_files` VALUES (8,1,3,23,1),(9,2,3,25,1),(11,3,3,27,1),(12,4,3,42,1),(13,5,3,44,1),(14,6,3,46,1),(15,7,3,48,1),(16,8,3,50,1),(18,9,3,52,1),(18,9,3,52,2),(18,9,3,52,3),(18,9,3,52,4),(21,10,3,58,1),(24,11,3,68,1),(24,11,3,68,2),(22,13,3,70,1),(25,14,3,71,1),(27,15,3,74,1),(26,17,3,76,1),(18,9,3,54,1),(27,15,3,77,1),(26,17,3,78,1);

--
-- Table structure for table `review_rounds`
--

CREATE TABLE `review_rounds` (
  `review_round_id` bigint(20) NOT NULL AUTO_INCREMENT,
  `submission_id` bigint(20) NOT NULL,
  `stage_id` bigint(20) DEFAULT NULL,
  `round` tinyint(4) NOT NULL,
  `review_revision` bigint(20) DEFAULT NULL,
  `status` bigint(20) DEFAULT NULL,
  PRIMARY KEY (`review_round_id`),
  UNIQUE KEY `review_rounds_submission_id_stage_id_round_pkey` (`submission_id`,`stage_id`,`round`),
  KEY `review_rounds_submission_id` (`submission_id`)
) ENGINE=InnoDB AUTO_INCREMENT=18 DEFAULT CHARSET=utf8;

--
-- Dumping data for table `review_rounds`
--

INSERT INTO `review_rounds` VALUES (1,8,3,1,1,NULL),(2,9,3,1,1,NULL),(3,11,3,1,1,NULL),(4,12,3,1,1,NULL),(5,13,3,1,1,NULL),(6,14,3,1,1,NULL),(7,15,3,1,1,NULL),(8,16,3,1,1,NULL),(9,18,3,1,4,NULL),(10,21,3,1,1,NULL),(11,24,3,1,2,NULL),(13,22,3,1,1,NULL),(14,25,3,1,1,NULL),(15,27,3,1,1,NULL),(17,26,3,1,1,NULL);

--
-- Table structure for table `roles`
--

CREATE TABLE `roles` (
  `journal_id` bigint(20) NOT NULL,
  `user_id` bigint(20) NOT NULL,
  `role_id` bigint(20) NOT NULL,
  UNIQUE KEY `roles_pkey` (`journal_id`,`user_id`,`role_id`),
  KEY `roles_journal_id` (`journal_id`),
  KEY `roles_user_id` (`user_id`),
  KEY `roles_role_id` (`role_id`)
) ENGINE=InnoDB DEFAULT CHARSET=utf8;

--
-- Dumping data for table `roles`
--

INSERT INTO `roles` VALUES (0,1,1),(2,1,16),(2,2,4096),(2,2,65536),(2,2,1048576),(2,5,512),(2,5,4096),(2,5,65536),(2,6,512),(2,6,65536),(2,7,4096),(2,8,4096),(2,9,4096),(2,10,65536),(2,11,65536),(2,13,65536),(2,14,65536),(2,14,1048576),(2,15,1048576),(2,16,65536),(2,16,1048576),(2,17,65536),(2,18,256),(2,19,65536),(2,19,1048576),(2,20,65536),(2,20,1048576),(2,21,65536),(2,21,1048576),(2,22,65536),(2,22,1048576),(2,23,1048576),(2,24,65536),(2,24,1048576),(2,26,256),(2,26,65536),(2,26,1048576),(2,27,65536),(2,27,1048576),(2,30,1048576),(2,31,1048576),(2,32,1048576),(2,33,1048576),(2,34,1048576),(2,35,1048576),(2,36,1048576),(2,37,1048576),(2,38,1048576),(2,39,1048576),(2,40,256),(2,40,65536),(2,40,1048576),(2,41,16),(2,41,256),(2,41,65536),(2,41,1048576),(2,42,65536),(2,42,1048576),(2,43,1048576),(2,44,1048576),(2,45,1048576),(2,46,65536),(2,46,1048576),(2,47,1048576),(2,48,1048576),(2,49,1048576),(2,50,256),(2,50,65536),(2,50,1048576),(2,51,16),(2,51,256),(2,51,65536),(2,51,1048576),(2,52,256),(2,52,65536),(2,52,1048576),(2,53,1048576),(2,54,1048576),(2,55,1048576),(2,56,1048576),(2,57,1048576),(2,58,1048576),(2,59,1048576),(2,60,1048576),(2,61,1048576),(2,62,1048576),(2,63,1048576),(2,64,65536),(2,64,1048576);

--
-- Table structure for table `rt_contexts`
--

CREATE TABLE `rt_contexts` (
  `context_id` bigint(20) NOT NULL AUTO_INCREMENT,
  `version_id` bigint(20) NOT NULL,
  `title` varchar(120) NOT NULL,
  `abbrev` varchar(32) NOT NULL,
  `description` text,
  `cited_by` tinyint(4) NOT NULL DEFAULT '0',
  `author_terms` tinyint(4) NOT NULL DEFAULT '0',
  `define_terms` tinyint(4) NOT NULL DEFAULT '0',
  `geo_terms` tinyint(4) NOT NULL DEFAULT '0',
  `seq` double NOT NULL DEFAULT '0',
  PRIMARY KEY (`context_id`),
  KEY `rt_contexts_version_id` (`version_id`)
) ENGINE=InnoDB AUTO_INCREMENT=331 DEFAULT CHARSET=utf8;

--
-- Dumping data for table `rt_contexts`
--

INSERT INTO `rt_contexts` VALUES (133,11,'Author\'s work','Other Works','Identify other works by the article\'s author(s) by using OAI engines.',0,1,0,0,0),(134,11,'Look up terms','Look up terms','Double click on any word in the text and it will appear in the \"Definition of terms\" box.  You can also type or paste a word into the box.  Then use the search function to find a definition for the word.  These resources have been selected because of their relevance and their open (free) access to all or part of their contents.',0,0,1,0,1),(135,11,'Related studies','Related studies','Access to related studies by establishing a working link with an open-access (free) database, with abstracts and/or full texts related to your topic.',0,0,0,0,2),(136,11,'Book searches','Book searches','Book-related Resources',0,0,0,0,3),(137,11,'Pay-per-view','Pay-per-view','A pay-per-view service is for those who do not have direct access to electronic journal articles via subscriptions. The service allows customers to gain direct access to an article by paying by credit card using the RSC\'s secure payment mechanism. Immediately the payment details have been validated, the customer can gain access to the required article file for a period of 30 days.',0,0,0,0,4),(138,11,'Multimedia','Multimedia','Multimedia Resources',0,0,0,0,5),(139,11,'Astro data','Astro data','Provide access to astronomy data.',0,0,0,0,6),(140,11,'Online forums','Online forums','Choose online, open-access online forums that would enrich the context of the research studies on your site.',0,0,0,0,7),(141,11,'Teaching files','Instructional','Immediately initiates a search based on the subject of the article or paper that connects users to free current and archival articles in the field from leading newspapers around the world.',0,0,0,0,8),(142,11,'Government policy','Gov Policy','Access to Information and services gateway run by the Government of the United States and Canada.',0,0,0,0,9),(143,11,'Media reports','Media reports','Immediately initiates a search based on the subject of the article or paper that connects users to free current and archival articles in the field from leading newspapers around the world.',0,0,0,0,10),(144,11,'Web search','Web search','Enter a search term for Internet resources through Google search engine.',0,0,0,0,11),(145,12,'Author\'s work','Other Works','Identify other works by the article\'s author(s) by using OAI engines.',0,1,0,0,0),(146,12,'Look up terms','Look up terms','Double click on any word in the text and it will appear in the \"Definition of terms\" box. You can also type or paste a word into the box. Then use the search function to find a definition for the word. These resources have been selected because of their relevance and their open (free) access to all or part of their contents.',0,0,1,0,1),(147,12,'Book searches','Book searches','Book-related Resources',0,0,0,0,2),(148,12,'Relevant portals','Relevant portals','General Science resource portals',0,0,0,0,3),(149,12,'Related studies','Related studies','Access to related studies by establishing a working link with an open-access (free) database, with abstracts and/or full texts related to your topic.',0,0,0,0,4),(150,12,'Pay-per-view','Pay-per-view','A pay-per-view service is for those who do not have direct access to electronic journal articles via subscriptions. The service allows customers to gain direct access to an article by paying by credit card using the RSC\'s secure payment mechanism. Immediately the payment details have been validated, the customer can gain access to the required article file for a period of 30 days.',0,0,0,0,5),(151,12,'Directories','Directories','Access to information of research institutions',0,0,0,0,6),(152,12,'Online forums','Online forums','Choose online, open-access online forums that would enrich the context of the research studies on your site.',0,0,0,0,7),(153,12,'Teaching files','Instructional','Immediately initiates a search based on the subject of the article or paper that connects users to free current and archival articles in the field from leading newspapers around the world.',0,0,0,0,8),(154,12,'Multimedia','Multimedia','Multimedia content',0,0,0,0,9),(155,12,'Government policy','Gov Policy','Access to Information and services gateway run by the Government of the United States and Canada.',0,0,0,0,10),(156,12,'Media reports','Media reports','Immediately initiates a search based on the subject of the article or paper that connects users to free current and archival articles in the field from leading newspapers around the world.',0,0,0,0,11),(157,12,'Web search','Web search','Enter a search term for Internet resources through various search engines.',0,0,0,0,12),(158,13,'Author\'s work','Other Works','Identify other works by the article\'s author(s) by using OAI engines.',0,1,0,0,0),(159,13,'Look up terms','Look up terms','Double click on any word in the text and it will appear in the \"Definition of terms\" box.  You can also type or paste a word into the box.  Then use the search function to find a definition for the word.  These resources have been selected because of their relevance and their open (free) access to all or part of their contents.',0,0,1,0,1),(160,13,'Book searches','Book searches','Book-related Resources',0,0,0,0,2),(161,13,'Working papers','Working papers','Search the largest online, free research paper collections in economics.',0,0,0,0,3),(162,13,'Related studies','Related studies','Access to related studies by establishing a working link with an open-access (free) database, with abstracts and/or full texts related to your topic.',0,0,0,0,4),(163,13,'Relevant portals','Relevant portals','Offer an entry point to other websites.',0,0,0,0,5),(164,13,'Nat\'l statistics','Nat\'l statistics','Provides access to statistics in economic studies.',0,0,0,0,6),(165,13,'Pay-per-view','Pay-per-view','A pay-per-view service is for those who do not have direct access to electronic journal articles via subscriptions. The service allows customers to gain direct access to an article by paying by credit card using the RSC\'s secure payment mechanism. Immediately the payment details have been validated, the customer can gain access to the required article file for a period of 30 days.',0,0,0,0,7),(166,13,'Online forums','Online forums','Choose online, open-access online forums that would enrich the context of the research studies on your site.',0,0,0,0,8),(167,13,'Teaching files','Instructional','Immediately initiates a search based on the subject of the article or paper that connects users to free current and archival articles in the field from leading newspapers around the world.',0,0,0,0,9),(168,13,'Government policy','Gov Policy','Immediately initiates a search based on the subject of the article or paper that connects users to free current and archival articles in the field from leading newspapers around the world.',0,0,0,0,10),(169,13,'Media reports','Media reports','Immediately initiates a search based on the subject of the article or paper that connects users to free current and archival articles in the field from leading newspapers around the world.',0,0,0,0,11),(170,13,'Web search','Web search','Enter a search term for Internet resources through various search engines.',0,0,0,0,12),(171,14,'Author\'s work','Other Works','Identify other works by the article\'s author(s) by using OAI engines.',0,1,0,0,0),(172,14,'Look up terms','Look up terms','Double click on any word in the text and it will appear in the \"Definition of terms\" box. You can also type or paste a word into the box. Then use the search function to find a definition for the word. These resources have been selected because of their relevance and their open (free) access to all or part of their contents.',0,0,1,0,1),(173,14,'Related studies','Related studies','Access to related studies by establishing a working link with an open-access (free) database, with abstracts and/or full texts related to your topic.',0,0,0,0,2),(174,14,'Book reviews','Book reviews','Click on the search urls to check for book reviews.',0,0,0,0,3),(175,14,'Pay-per-view','Pay-per-view','A pay-per-view service is for those who do not have direct access to electronic journal articles via subscriptions. The service allows customers to gain direct access to an article by paying by credit card using the RSC\'s secure payment mechanism. Immediately the payment details have been validated, the customer can gain access to the required article file for a period of 30 days.',0,0,0,0,4),(176,14,'Surveys','Surveys','Access to important surveys in social science.',0,0,0,0,5),(177,14,'Soc sci data','Soc sci data','Provides access to a vast archive of social science data for research and instruction.',0,0,0,0,6),(178,14,'Social theories','Social theories','Search sites contain information on social theories.',0,0,0,0,7),(179,14,'Book searches','Book searches','Book-related Resources',0,0,0,0,8),(180,14,'Databases','Databases','Access to related studies by establishing a working link with an open-access (free) database, with abstracts and/or full texts related to your topic.',0,0,0,0,9),(181,14,'Relevant portals','Relevant portals','Relevant portals',0,0,0,0,10),(182,14,'Online forums','Online forums','Choose online, open-access online forums that would enrich the context of the research studies on your site.',0,0,0,0,11),(183,14,'Legal materials','Legal materials','Porvides free Internet access to legal materials of major countries.',0,0,0,0,12),(184,14,'Government policy','Gov Policy','Access to Information and services gateway run by the Government of the United States and Canada.',0,0,0,0,13),(185,14,'Media reports','Media reports','Immediately initiates a search based on the subject of the article or paper that connects users to free current and archival articles in the field from leading newspapers around the world.',0,0,0,0,14),(186,14,'Web search','Web search','Enter a search term for Internet resources through various search engines.',0,0,0,0,15),(187,15,'Author\'s work','Other Works','Identify other works by the article\'s author(s) by using OAI engines.',0,1,0,0,0),(188,15,'Look up terms','Look up terms','Double click on any word in the text and it will appear in the \"Definition of terms\" box. You can also type or paste a word into the box. Then use the search function to find a definition for the word. These resources have been selected because of their relevance and their open (free) access to all or part of their contents.',0,0,1,0,1),(189,15,'e-Journals','e-Journals','Electronic Journals',0,0,0,0,2),(190,15,'Related studies','Related studies','Access to related studies by establishing a working link with an open-access (free) database, with abstracts and/or full texts related to your topic.',0,0,0,0,3),(191,15,'Government policy','Gov Policy','Check various government resources.',0,0,0,0,4),(192,15,'Book searches','Book searches','Book-related Resources',0,0,0,0,5),(193,15,'Dissertations','Dissertations','Provides access to a repository of rich graduate educational material contributed by a number of member institutions worldwide.',0,0,0,0,6),(194,15,'Databases','Databases','Provide access to open-access abstract and/or full-text databases.',0,0,0,0,7),(195,15,'Relevant portals','Relevant portals','Offer an entry point to other websites.',0,0,0,0,8),(196,15,'Online forums','Online forums','Choose online, open-access online forums that would enrich the context of the research studies on your site.',0,0,0,0,9),(197,15,'Pay-per-view','Pay-per-view','A pay-per-view service is for those who do not have direct access to electronic journal articles via subscriptions. The service allows customers to gain direct access to an article by paying by credit card using the RSC\'s secure payment mechanism. Immediately the payment details have been validated, the customer can gain access to the required article file for a period of 30 days.',0,0,0,0,10),(198,15,'Media reports','Media reports','Immediately initiates a search based on the subject of the article or paper that connects users to free current and archival articles in the field from leading newspapers around the world.',0,0,0,0,11),(199,15,'Web search','Web search','Enter a search term for Internet resources through various search engines.',0,0,0,0,12),(200,16,'Author\'s work','Other Works','Identify other works by the article\'s author(s) by using OAI engines.',0,1,0,0,0),(201,16,'Look up terms','Look up terms','Double click on any word in the text and it will appear in the \"Definition of terms\" box. You can also type or paste a word into the box. Then use the search function to find a definition for the word. These resources have been selected because of their relevance and their open (free) access to all or part of their contents.',0,0,1,0,1),(202,16,'Related studies','Related studies','Access to related studies by establishing a working link with an open-access (free) database, with abstracts and/or full texts related to your topic.',0,0,0,0,2),(203,16,'Multimedia','Multimedia','Multimedia content',0,0,0,0,3),(204,16,'Book searches','Book searches','Book-related Resources',0,0,0,0,4),(205,16,'Pay-per-view','Pay-per-view','A pay-per-view service is for those who do not have direct access to electronic journal articles via subscriptions. The service allows customers to gain direct access to an article by paying by credit card using the RSC\'s secure payment mechanism. Immediately the payment details have been validated, the customer can gain access to the required article file for a period of 30 days.',0,0,0,0,5),(206,16,'Government health sites','Gov Health Sites','Access to health information resources provided by govenment.',0,0,0,0,6),(207,16,'Relevant portals','Relevant portals','Offer an entry point to other websites.',0,0,0,0,7),(208,16,'Databases','Databases','Provide access to open-access abstract and/or full-text databases.',0,0,0,0,8),(209,16,'Online forums','Online forums','Choose online, open-access online forums that would enrich the context of the research studies on your site.',0,0,0,0,9),(210,16,'Teaching files','Instructional','Immediately initiates a search based on the subject of the article or paper that connects users to free current and archival articles in the field from leading newspapers around the world.',0,0,0,0,10),(211,16,'Government policy','Gov Policy','Access to Information and services gateway run by the Government of the United States and Canada.',0,0,0,0,11),(212,16,'Media reports','Media reports','Immediately initiates a search based on the subject of the article or paper that connects users to free current and archival articles in the field from leading newspapers around the world.',0,0,0,0,12),(213,16,'Web search','Web search','Enter a search term for Internet resources through various search engines.',0,0,0,0,13),(214,17,'Author\'s work','Other Works','Identify other works by the article\'s author(s) by using OAI engines.',0,1,0,0,0),(215,17,'Look up terms','Look up terms','Double click on any word in the text and it will appear in the \"Definition of terms\" box. You can also type or paste a word into the box. Then use the search function to find a definition for the word. These resources have been selected because of their relevance and their open (free) access to all or part of their contents.',0,0,1,0,1),(216,17,'Book searches','Book searches','Book-related Resources',0,0,0,0,2),(217,17,'e-Journals','e-Journals','Provide pop-up window for entering open-access and full-text e-Journals relevant to your field.',0,0,0,0,3),(218,17,'Related theory','Related theory','Access to published scholarly articles and studies in the foundations of education, and in related disciplines outside the field of education, which contribute to the advancement of educational theory.',0,0,0,0,4),(219,17,'Related studies','Related studies','Access to related studies by establishing a working link with an open-access (free) database, with abstracts and/or full texts related to your topic.',0,0,0,0,5),(220,17,'Pay-per-view','Pay-per-view','A pay-per-view service is for those who do not have direct access to electronic journal articles via subscriptions. The service allows customers to gain direct access to an article by paying by credit card using the RSC\'s secure payment mechanism. Immediately the payment details have been validated, the customer can gain access to the required article file for a period of 30 days.',0,0,0,0,6),(221,17,'Online forums','Online forums','Choose online, open-access online forums that would enrich the context of the research studies on your site.',0,0,0,0,7),(222,17,'Multimedia','Multimedia','Multimedia Content',0,0,0,0,8),(223,17,'Teaching files','Instructional','Immediately initiates a search based on the subject of the article or paper that connects users to free current and archival articles in the field from leading newspapers around the world.',0,0,0,0,9),(224,17,'Relevant portals','Relevant portals','Education-related Portals',0,0,0,0,10),(225,17,'Government policy','Gov Policy','Access to Information and services gateway run by the Government of the United States and Canada.',0,0,0,0,11),(226,17,'Media reports','Media reports','Immediately initiates a search based on the subject of the article or paper that connects users to free current and archival articles in the field from leading newspapers around the world.',0,0,0,0,12),(227,17,'Web search','Web search','Enter a search term for Internet resources through various search engines.',0,0,0,0,13),(228,18,'Author\'s work','Other Works','Identify other works by the article\'s author(s) by using OAI engines.',0,1,0,0,0),(229,18,'Look up terms','Look up terms','Double click on any word in the text and it will appear in the \"Definition of terms\" box.  You can also type or paste a word into the box.  Then use the search function to find a definition for the word.  These resources have been selected because of their relevance and their open (free) access to all or part of their contents.',0,0,1,0,1),(230,18,'Related studies','Related studies','Access to related studies by establishing a working link with an open-access (free) database, with abstracts and/or full texts related to your topic.',0,0,0,0,2),(231,18,'Book searches','Book searches','Book-related Resources',0,0,0,0,3),(232,18,'Databases','Databases','Databases containing information related to Computing Science',0,0,0,0,4),(233,18,'Pay-per-view','Pay-per-view','A pay-per-view service is for those who do not have direct access to electronic journal articles via subscriptions. The service allows customers to gain direct access to an article by paying by credit card using the RSC\'s secure payment mechanism. Immediately the payment details have been validated, the customer can gain access to the required article file for a period of 30 days.',0,0,0,0,5),(234,18,'Tech. reports','Tech. reports','Provide gateway to technical report collections.',0,0,0,0,6),(235,18,'Patents','Patents','Access to Canada, U.S. and Europe patent information.',0,0,0,0,7),(236,18,'Standards','Standards','Access to standards information that is frequently consulted by computer scientists.',0,0,0,0,8),(237,18,'Online forums','Online forums','Choose online, open-access online forums that would enrich the context of the research studies on your site.',0,0,0,0,9),(238,18,'Multimedia','Multimedia','Multimedia resources',0,0,0,0,10),(239,18,'Teaching files','Instructional','Immediately initiates a search based on the subject of the article or paper that connects users to free current and archival articles in the field from leading newspapers around the world.',0,0,0,0,11),(240,18,'Government policy','Gov Policy','Access to Information and services gateway run by the Government of the United States and Canada.',0,0,0,0,12),(241,18,'Media reports','Media reports','Immediately initiates a search based on the subject of the article or paper that connects users to free current and archival articles in the field from leading newspapers around the world.',0,0,0,0,13),(242,18,'Web search','Web search','Enter a search term for Internet resources through various search engines.',0,0,0,0,14),(243,19,'Author\'s work','Other Works','Identify other works by the article\'s author(s) by using OAI engines.',0,1,0,0,0),(244,19,'Look up terms','Look up terms','Double click on any word in the text and it will appear in the \"Definition of terms\" box. You can also type or paste a word into the box. Then use the search function to find a definition for the word. These resources have been selected because of their relevance and their open (free) access to all or part of their contents.',0,0,1,0,1),(245,19,'Related studies','Related studies','Access to related studies by establishing a working link with an open-access (free) database, with abstracts and/or full texts related to your topic.',0,0,0,0,2),(246,19,'Government policy','Gov Policy','Check various government resources.',0,0,0,0,3),(247,19,'Relevant portals','Relevant portals','Environmental resource portals',0,0,0,0,4),(248,19,'Book searches','Book searches','Book-related Resources',0,0,0,0,5),(249,19,'Online forums','Online forums','Choose online, open-access online forums that would enrich the context of the research studies on your site.',0,0,0,0,6),(250,19,'Data sets','Data sets','Provides access to statistics in environmental studies.',0,0,0,0,7),(251,19,'Pay-per-view','Pay-per-view','A pay-per-view service is for those who do not have direct access to electronic journal articles via subscriptions. The service allows customers to gain direct access to an article by paying by credit card using the RSC\'s secure payment mechanism. Immediately the payment details have been validated, the customer can gain access to the required article file for a period of 30 days.',0,0,0,0,8),(252,19,'Media reports','Media reports','Immediately initiates a search based on the subject of the article or paper that connects users to free current and archival articles in the field from leading newspapers around the world.',0,0,0,0,9),(253,19,'Web search','Web search','Enter a search term for Internet resources through various search engines.',0,0,0,0,10),(254,20,'Author\'s work','Other Works','Identify other works by the article\'s author(s) by using OAI engines.',0,1,0,0,0),(255,20,'Look up terms','Look up terms','Double click on any word in the text and it will appear in the \"Definition of terms\" box.  You can also type or paste a word into the box.  Then use the search function to find a definition for the word.  These resources have been selected because of their relevance and their open (free) access to all or part of their contents.',0,0,1,0,1),(256,20,'Related studies','Related studies','Access to related studies by establishing a working link with an open-access (free) database, with abstracts and/or full texts related to your topic.',0,0,0,0,2),(257,20,'Book searches','Book searches','Book-related Resources',0,0,0,0,3),(258,20,'Pay-per-view','Pay-per-view','A pay-per-view service is for those who do not have direct access to electronic journal articles via subscriptions. The service allows customers to gain direct access to an article by paying by credit card using the RSC\'s secure payment mechanism. Immediately the payment details have been validated, the customer can gain access to the required article file for a period of 30 days.',0,0,0,0,4),(259,20,'Relevant portals','Relevant portals','Offer an entry point to other websites.',0,0,0,0,5),(260,20,'Online forums','Online forums','Choose online, open-access online forums that would enrich the context of the research studies on your site.',0,0,0,0,6),(261,20,'Teaching files','Instructional','Immediately initiates a search based on the subject of the article or paper that connects users to free current and archival articles in the field from leading newspapers around the world.',0,0,0,0,7),(262,20,'Government policy','Gov Policy','Access to Information and services gateway run by the Government of the United States and Canada.',0,0,0,0,8),(263,20,'Media reports','Media reports','Immediately initiates a search based on the subject of the article or paper that connects users to free current and archival articles in the field from leading newspapers around the world.',0,0,0,0,9),(264,20,'Web search','Web search','Enter a search term for Internet resources through various search engines.',0,0,0,0,10),(265,21,'Author\'s work','Other Works','Identify other works by the article\'s author(s) by using OAI engines.',0,1,0,0,0),(266,21,'Look up terms','Look up terms','Double click on any word in the text and it will appear in the \"Definition of terms\" box.  You can also type or paste a word into the box.  Then use the search function to find a definition for the word.  These resources have been selected because of their relevance and their open (free) access to all or part of their contents.',0,0,1,0,1),(267,21,'Related studies','Related studies','Access to related studies by establishing a working link with an open-access (free) database, with abstracts and/or full texts related to your topic.',0,0,0,0,2),(268,21,'Government policy','Gov Policy','Check various government resources.',0,0,0,0,3),(269,21,'Book searches','Book searches','Book-related Resources',0,0,0,0,4),(270,21,'Relevant portals','Relevant portals','Offer an entry point to other websites.',0,0,0,0,5),(271,21,'Databases','Databases','Provide access to open-access abstract and/or full-text databases.',0,0,0,0,6),(272,21,'Online forums','Online forums','Choose online, open-access online forums that would enrich the context of the research studies on your site.',0,0,0,0,7),(273,21,'Data sets','Data sets','Provides access to agricultural statistics.',0,0,0,0,8),(274,21,'Pay-per-view','Pay-per-view','A pay-per-view service is for those who do not have direct access to electronic journal articles via subscriptions. The service allows customers to gain direct access to an article by paying by credit card using the RSC\'s secure payment mechanism. Immediately the payment details have been validated, the customer can gain access to the required article file for a period of 30 days.',0,0,0,0,9),(275,21,'Media reports','Media reports','Immediately initiates a search based on the subject of the article or paper that connects users to free current and archival articles in the field from leading newspapers around the world.',0,0,0,0,10),(276,21,'Web search','Web search','Enter search terms for Internet resources through various search engines.',0,0,0,0,11),(277,22,'Author\'s work','Other Works','Identify other works by the article\'s author(s) by using OAI engines.',0,1,0,0,0),(278,22,'Look up terms','Look up terms','Double click on any word in the text and it will appear in the \"Definition of terms\" box.  You can also type or paste a word into the box.  Then use the search function to find a definition for the word.  These resources have been selected because of their relevance and their open (free) access to all or part of their contents.',0,0,1,0,1),(279,22,'Related studies','Related studies','Access to related studies by establishing a working link with an open-access (free) database, with abstracts and/or full texts related to your topic.',0,0,0,0,2),(280,22,'Book searches','Book searches','Book-related Resources',0,0,0,0,3),(281,22,'Databases','Databases','Provide access to open-access abstract and/or full-text databases.',0,0,0,0,4),(282,22,'Relevant portals','Relevant portals','Portals related to chemistry',0,0,0,0,5),(283,22,'Pay-per-view','Pay-per-view','A pay-per-view service is for those who do not have direct access to electronic journal articles via subscriptions. The service allows customers to gain direct access to an article by paying by credit card using the RSC\'s secure payment mechanism. Immediately the payment details have been validated, the customer can gain access to the required article file for a period of 30 days.',0,0,0,0,6),(284,22,'Online forums','Online forums','Choose online, open-access online forums that would enrich the context of the research studies on your site.',0,0,0,0,7),(285,22,'Teaching files','Instructional','Immediately initiates a search based on the subject of the article or paper that connects users to free current and archival articles in the field from leading newspapers around the world.',0,0,0,0,8),(286,22,'Government policy','Gov Policy','Access to Information and services gateway run by the Government of the United States and Canada.',0,0,0,0,9),(287,22,'Media reports','Media reports','Immediately initiates a search based on the subject of the article or paper that connects users to free current and archival articles in the field from leading newspapers around the world.',0,0,0,0,10),(288,22,'Web search','Web search','Enter a search term for Internet resources through various search engines.',0,0,0,0,11),(289,23,'Author\'s work','Other Works','Identify other works by the article\'s author(s) by using OAI engines.',0,1,0,0,0),(290,23,'Look up terms','Look up terms','Double click on any word in the text and it will appear in the \"Definition of terms\" box. You can also type or paste a word into the box. Then use the search function to find a definition for the word. These resources have been selected because of their relevance and their open (free) access to all or part of their contents.',0,0,1,0,1),(291,23,'Government policy','Gov Policy','Check various government resources.',0,0,0,0,2),(292,23,'Book searches','Book searches','Book-related Resources',0,0,0,0,3),(293,23,'Book reviews','Book reviews','Check online scholary book review resources.',0,0,0,0,4),(294,23,'Dissertations','Dissertations','Provides access to a repository of rich graduate educational material contributed by a number of member institutions worldwide.',0,0,0,0,5),(295,23,'Online forums','Online forums','Choose online, open-access online forums that would enrich the context of the research studies on your site.',0,0,0,0,6),(296,23,'Quotations','Quotations','Search familiear or famous quotation resources on the Internet',0,0,0,0,7),(297,23,'Pay-per-view','Pay-per-view','A pay-per-view service is for those who do not have direct access to electronic journal articles via subscriptions. The service allows customers to gain direct access to an article by paying by credit card using the RSC\'s secure payment mechanism. Immediately the payment details have been validated, the customer can gain access to the required article file for a period of 30 days.',0,0,0,0,8),(298,23,'Resources','Resources','General Resources',0,0,0,0,9),(299,23,'Media reports','Media reports','Immediately initiates a search based on the subject of the article or paper that connects users to free current and archival articles in the field from leading newspapers around the world.',0,0,0,0,10),(300,23,'Web search','Web search','Enter a search term for Internet resources through various search engines.',0,0,0,0,11),(301,24,'Author\'s work','Other Works','Identify other works by the article\'s author(s) by using OAI engines.',0,1,0,0,0),(302,24,'Look up terms','Look up terms','Double click on any word in the text and it will appear in the \"Definition of terms\" box. You can also type or paste a word into the box. Then use the search function to find a definition for the word. These resources have been selected because of their relevance and their open (free) access to all or part of their contents.',0,0,1,0,1),(303,24,'Related studies','Related studies','Access to related studies by establishing a working link with an open-access (free) database, with abstracts and/or full texts related to your topic.',0,0,0,0,2),(304,24,'Book searches','Book searches','Book-related Resources',0,0,0,0,3),(305,24,'Online forums','Online forums','Choose online, open-access online forums that would enrich the context of the research studies on your site.',0,0,0,0,4),(306,24,'Pay-per-view','Pay-per-view','A pay-per-view service is for those who do not have direct access to electronic journal articles via subscriptions. The service allows customers to gain direct access to an article by paying by credit card using the RSC\'s secure payment mechanism. Immediately the payment details have been validated, the customer can gain access to the required article file for a period of 30 days.',0,0,0,0,5),(307,24,'Multimedia','Multimedia','Multimedia content',0,0,0,0,6),(308,24,'Teaching files','Instructional','Immediately initiates a search based on the subject of the article or paper that connects users to free current and archival articles in the field from leading newspapers around the world.',0,0,0,0,7),(309,24,'Databases','Databases','Databases',0,0,0,0,8),(310,24,'Relevant portals','Relevant portals','Relevant portals',0,0,0,0,9),(311,24,'Government policy','Gov Policy','Access to Information and services gateway run by the Government of the United States and Canada.',0,0,0,0,10),(312,24,'Media reports','Media reports','Immediately initiates a search based on the subject of the article or paper that connects users to free current and archival articles in the field from leading newspapers around the world.',0,0,0,0,11),(313,24,'Web search','Web search','Enter a search term for Internet resources through various search engines.',0,0,0,0,12),(314,25,'Author\'s work','Other Works','Identify other works by the article\'s author(s) by using OAI engines.',0,1,0,0,0),(315,25,'Look up terms','Look up terms','Double click on any word in the text and it will appear in the \"Definition of terms\" box.  You can also type or paste a word into the box.  Then use the search function to find a definition for the word.  These resources have been selected because of their relevance and their open (free) access to all or part of their contents.',0,0,1,0,1),(316,25,'Related studies','Related studies','Access to related studies by establishing a working link with an open-access (free) database, with abstracts and/or full texts related to your topic.',0,0,0,0,2),(317,25,'Government policy','Gov Policy','Check various government resources.',0,0,0,0,3),(318,25,'Book searches','Book searches','Book-related Resources',0,0,0,0,4),(319,25,'Dissertations','Dissertations','Provides access to a repository of rich graduate educational material contributed by a number of member institutions worldwide.',0,0,0,0,5),(320,25,'Relevant portals','Relevant portals','Offer an entry point to other websites.',0,0,0,0,6),(321,25,'Databases','Databases','Art & Architecture Databases',0,0,0,0,7),(322,25,'Online forums','Online forums','Choose online, open-access online forums that would enrich the context of the research studies on your site.',0,0,0,0,8),(323,25,'Pay-per-view','Pay-per-view','A pay-per-view service is for those who do not have direct access to electronic journal articles via subscriptions. The service allows customers to gain direct access to an article by paying by credit card using the RSC\'s secure payment mechanism. Immediately the payment details have been validated, the customer can gain access to the required article file for a period of 30 days.',0,0,0,0,9),(324,25,'Teaching files','Teaching files','Provide educators with quick and easy access to the learning objects and lesson materials found in these databases that would help with the teaching of concepts and materials in their field.',0,0,0,0,10),(325,25,'e-Journals','e-Journals','Electronic Journals',0,0,0,0,11),(326,25,'Media reports','Media reports','Immediately initiates a search based on the subject of the article or paper that connects users to free current and archival articles in the field from leading newspapers around the world.',0,0,0,0,12),(327,25,'Web search','Web search','Enter a search term for Internet resources through Google search engine.',0,0,0,0,13),(328,26,'Author\'s work','Other Works','Identify other works by the article\'s author(s) by using OAI engines.',0,1,0,0,0),(329,26,'Look up terms','Look up terms','Double click on any word in the text and it will appear in the \"Definition of terms\" box. You can also type or paste a word into the box. Then use the search function to find a definition for the word. These resources have been selected because of their relevance and their open (free) access to all or part of their contents.',0,0,1,0,1),(330,26,'Gov\'t policy','Gov\'t policy','Check various government resources.',0,0,0,0,2);

--
-- Table structure for table `rt_searches`
--

CREATE TABLE `rt_searches` (
  `search_id` bigint(20) NOT NULL AUTO_INCREMENT,
  `context_id` bigint(20) NOT NULL,
  `title` varchar(120) NOT NULL,
  `description` text,
  `url` text,
  `search_url` text,
  `search_post` text,
  `seq` double NOT NULL DEFAULT '0',
  PRIMARY KEY (`search_id`),
  KEY `rt_searches_context_id` (`context_id`)
) ENGINE=InnoDB AUTO_INCREMENT=2064 DEFAULT CHARSET=utf8;

--
-- Dumping data for table `rt_searches`
--



--
-- Table structure for table `rt_versions`
--

CREATE TABLE `rt_versions` (
  `version_id` bigint(20) NOT NULL AUTO_INCREMENT,
  `journal_id` bigint(20) NOT NULL,
  `version_key` varchar(40) NOT NULL,
  `locale` varchar(5) DEFAULT 'en_US',
  `title` varchar(120) NOT NULL,
  `description` text,
  PRIMARY KEY (`version_id`),
  KEY `rt_versions_journal_id` (`journal_id`),
  KEY `rt_versions_version_key` (`version_key`)
) ENGINE=InnoDB AUTO_INCREMENT=27 DEFAULT CHARSET=utf8;

--
-- Dumping data for table `rt_versions`
--

INSERT INTO `rt_versions` VALUES (11,2,'Astrophysics','en_US','Astrophysics','The Reading Tools can help readers of this study consult a wide range of related resources that can provide a context for interpreting, situating and evaluating the study.'),(12,2,'General_Science','en_US','General Science','The Reading Tools can help readers of this study consult a wide range of related resources that can provide a context for interpreting, situating and evaluating the study.'),(13,2,'Economics','en_US','Economics','The Reading Tools can help readers of this study consult a wide range of related resources that can provide a context for interpreting, situating and evaluating the study.'),(14,2,'Social_Sciences','en_US','Social Sciences','The Reading Tools can help readers of this study consult a wide range of related resources that can provide a context for interpreting, situating and evaluating the study.'),(15,2,'Music','en_US','Music','The Reading Tools can help readers of this study consult a wide range of related resources that can provide a context for interpreting, situating and evaluating the study.'),(16,2,'Life_Sciences','en_US','Life Sciences','The Reading Tools can help readers of this study consult a wide range of related resources that can provide a context for interpreting, situating and evaluating the study.'),(17,2,'Education','en_US','Education','The Reading Tools can help readers of this study consult a wide range of related resources that can provide a context for interpreting, situating and evaluating the study.'),(18,2,'Computer_Science','en_US','Computer Science','The Reading Tools can help readers of this study consult a wide range of related resources that can provide a context for interpreting, situating and evaluating the study.'),(19,2,'Environment','en_US','Environment','The Reading Tools can help readers of this study consult a wide range of related resources that can provide a context for interpreting, situating and evaluating the study.'),(20,2,'Biology','en_US','Biology','The Reading Tools can help readers of this study consult a wide range of related resources that can provide a context for interpreting, situating and evaluating the study.'),(21,2,'Agriculture','en_US','Agriculture','The Reading Tools can help readers of this study consult a wide range of related resources that can provide a context for interpreting, situating and evaluating the study.'),(22,2,'Chemistry','en_US','Chemistry','The Reading Tools can help readers of this study consult a wide range of related resources that can provide a context for interpreting, situating and evaluating the study.'),(23,2,'Generic','en_US','Generic','The Reading Tools can help readers of this study consult a wide range of related resources that can provide a context for interpreting, situating and evaluating the study.'),(24,2,'Physics','en_US','Physics','The Reading Tools can help readers of this study consult a wide range of related resources that can provide a context for interpreting, situating and evaluating the study.'),(25,2,'Art_Architecture','en_US','Art & Architecture','The Reading Tools can help readers of this study consult a wide range of related resources that can provide a context for interpreting, situating and evaluating the study.'),(26,2,'Humanities','en_US','Humanities','The Reading Tools can help readers of this study consult a wide range of related resources that can provide a context for interpreting, situating and evaluating the study.');

--
-- Table structure for table `scheduled_tasks`
--

CREATE TABLE `scheduled_tasks` (
  `class_name` varchar(255) NOT NULL,
  `last_run` datetime DEFAULT NULL,
  UNIQUE KEY `scheduled_tasks_pkey` (`class_name`)
) ENGINE=InnoDB DEFAULT CHARSET=utf8;

--
-- Dumping data for table `scheduled_tasks`
--

INSERT INTO `scheduled_tasks` VALUES ('classes.tasks.ReviewReminder','2020-03-04 08:13:42'),('lib.pkp.classes.task.ReviewReminder','2020-03-04 11:08:21'),('plugins.generic.pln.classes.tasks.Depositor','2020-03-04 08:13:37'),('plugins.generic.usageStats.UsageStatsLoader','2020-03-04 08:13:40'),('plugins.importexport.crossref.CrossrefInfoSender','2020-03-04 08:13:42'),('plugins.importexport.datacite.DataciteInfoSender','2020-03-04 08:13:42'),('plugins.importexport.medra.MedraInfoSender','2020-03-04 11:08:21');

--
-- Table structure for table `section_editors`
--

CREATE TABLE `section_editors` (
  `context_id` bigint(20) NOT NULL,
  `section_id` bigint(20) NOT NULL,
  `user_id` bigint(20) NOT NULL,
  UNIQUE KEY `section_editors_pkey` (`context_id`,`section_id`,`user_id`),
  KEY `section_editors_context_id` (`context_id`),
  KEY `section_editors_section_id` (`section_id`),
  KEY `section_editors_user_id` (`user_id`)
) ENGINE=InnoDB DEFAULT CHARSET=utf8;

--
-- Dumping data for table `section_editors`
--


--
-- Table structure for table `section_settings`
--

CREATE TABLE `section_settings` (
  `section_id` bigint(20) NOT NULL,
  `locale` varchar(5) NOT NULL DEFAULT '',
  `setting_name` varchar(255) NOT NULL,
  `setting_value` text,
  `setting_type` varchar(6) NOT NULL,
  UNIQUE KEY `section_settings_pkey` (`section_id`,`locale`,`setting_name`),
  KEY `section_settings_section_id` (`section_id`)
) ENGINE=InnoDB DEFAULT CHARSET=utf8;

--
-- Dumping data for table `section_settings`
--

INSERT INTO `section_settings` VALUES (1,'en_US','abbrev','ART','string'),(1,'en_US','identifyType','','string'),(1,'en_US','policy','','string'),(1,'en_US','title','Artikel','string');

--
-- Table structure for table `sections`
--

CREATE TABLE `sections` (
  `section_id` bigint(20) NOT NULL AUTO_INCREMENT,
  `journal_id` bigint(20) NOT NULL,
  `review_form_id` bigint(20) DEFAULT NULL,
  `seq` double NOT NULL DEFAULT '0',
  `editor_restricted` tinyint(4) NOT NULL DEFAULT '0',
  `meta_indexed` tinyint(4) NOT NULL DEFAULT '0',
  `meta_reviewed` tinyint(4) NOT NULL DEFAULT '1',
  `abstracts_not_required` tinyint(4) NOT NULL DEFAULT '0',
  `hide_title` tinyint(4) NOT NULL DEFAULT '0',
  `hide_author` tinyint(4) NOT NULL DEFAULT '0',
  `abstract_word_count` bigint(20) DEFAULT NULL,
  PRIMARY KEY (`section_id`),
  KEY `sections_journal_id` (`journal_id`)
) ENGINE=InnoDB AUTO_INCREMENT=2 DEFAULT CHARSET=utf8;

--
-- Dumping data for table `sections`
--

INSERT INTO `sections` VALUES (1,2,0,1,0,1,1,0,0,0,0);

--
-- Table structure for table `site_settings`
--

CREATE TABLE `site_settings` (
  `setting_name` varchar(255) NOT NULL,
  `locale` varchar(5) NOT NULL DEFAULT '',
  `setting_value` text,
  `setting_type` varchar(6) NOT NULL,
  UNIQUE KEY `site_settings_pkey` (`setting_name`,`locale`)
) ENGINE=InnoDB DEFAULT CHARSET=utf8;

--
-- Dumping data for table `site_settings`
--

INSERT INTO `site_settings` VALUES ('contactEmail','en_US','admin@ejurnalbidanbestari-poltekkesbjm.com','string'),('contactName','en_US','Open Journal Systems','string'),('defaultMetricType','','','string'),('intro','en_US','Jurnal Kebidanan Bestari berisikan artikel kesehatan Ilmu Kebidanan. Politeknik Kesehatan Banjarmasin Jurusan Kebidanan','string'),('oneStepReset','','0','bool'),('pageHeaderTitleImage','en_US','a:6:{s:16:\"originalFilename\";s:10:\"banner.png\";s:5:\"width\";i:517;s:6:\"height\";i:102;s:10:\"uploadName\";s:30:\"pageHeaderTitleImage_en_US.png\";s:12:\"dateUploaded\";s:19:\"2019-08-19 11:11:15\";s:7:\"altText\";s:0:\"\";}','object'),('pageHeaderTitleType','en_US','1','string'),('preventManagerPluginManagement','','0','bool'),('showDescription','','1','bool'),('showThumbnail','','1','bool'),('showTitle','','0','bool'),('siteTheme','','steel','string'),('themePluginPath','','default','string'),('title','en_US','Jurnal Bidan Bestari','string'),('useAlphalist','','0','bool'),('usePaging','','0','bool');

--
-- Table structure for table `stage_assignments`
--

CREATE TABLE `stage_assignments` (
  `stage_assignment_id` bigint(20) NOT NULL AUTO_INCREMENT,
  `submission_id` bigint(20) NOT NULL,
  `user_group_id` bigint(20) NOT NULL,
  `user_id` bigint(20) NOT NULL,
  `date_assigned` datetime NOT NULL,
  PRIMARY KEY (`stage_assignment_id`),
  UNIQUE KEY `stage_assignment` (`submission_id`,`user_group_id`,`user_id`),
  KEY `stage_assignments_submission_id` (`submission_id`),
  KEY `stage_assignments_user_group_id` (`user_group_id`),
  KEY `stage_assignments_user_id` (`user_id`)
) ENGINE=MyISAM AUTO_INCREMENT=48 DEFAULT CHARSET=latin1;

--
-- Dumping data for table `stage_assignments`
--

INSERT INTO `stage_assignments` VALUES (1,1,14,1,'2020-03-04 11:07:33'),(2,1,5,1,'2020-03-04 11:07:33'),(3,2,14,1,'2020-03-04 11:07:33'),(4,2,5,1,'2020-03-04 11:07:33'),(5,3,14,1,'2020-03-04 11:07:33'),(6,3,5,1,'2020-03-04 11:07:33'),(7,4,14,1,'2020-03-04 11:07:33'),(8,4,5,1,'2020-03-04 11:07:33'),(9,5,14,1,'2020-03-04 11:07:33'),(10,5,5,1,'2020-03-04 11:07:33'),(11,6,14,1,'2020-03-04 11:07:33'),(12,6,5,1,'2020-03-04 11:07:33'),(13,7,14,1,'2020-03-04 11:07:33'),(14,7,5,1,'2020-03-04 11:07:33'),(15,8,14,14,'2020-03-04 11:07:33'),(16,9,14,24,'2020-03-04 11:07:33'),(17,9,3,41,'2020-03-04 11:07:33'),(18,10,14,13,'2020-03-04 11:07:33'),(19,11,14,26,'2020-03-04 11:07:33'),(20,11,3,51,'2020-03-04 11:07:33'),(21,12,14,18,'2020-03-04 11:07:33'),(22,12,5,28,'2020-03-04 11:07:33'),(23,13,14,6,'2020-03-04 11:07:33'),(24,13,3,52,'2020-03-04 11:07:33'),(25,14,14,25,'2020-03-04 11:07:33'),(26,15,14,19,'2020-03-04 11:07:33'),(27,16,14,18,'2020-03-04 11:07:33'),(28,16,3,50,'2020-03-04 11:07:33'),(29,18,14,42,'2020-03-04 11:07:33'),(30,18,5,28,'2020-03-04 11:07:33'),(31,19,14,40,'2020-03-04 11:07:33'),(32,21,14,46,'2020-03-04 11:07:33'),(33,21,3,51,'2020-03-04 11:07:33'),(34,22,14,40,'2020-03-04 11:07:33'),(35,22,3,52,'2020-03-04 11:07:33'),(36,24,14,26,'2020-03-04 11:07:33'),(37,24,3,51,'2020-03-04 11:07:33'),(38,24,5,4,'2020-03-04 11:07:33'),(39,25,14,52,'2020-03-04 11:07:33'),(40,26,14,50,'2020-03-04 11:07:33'),(41,26,3,40,'2020-03-04 11:07:33'),(42,26,3,18,'2020-03-04 11:07:33'),(43,27,14,51,'2020-03-04 11:07:33'),(44,27,3,18,'2020-03-04 11:07:33'),(45,27,3,26,'2020-03-04 11:07:33'),(46,27,3,50,'2020-03-04 11:07:33'),(47,28,14,64,'2020-03-04 11:07:33');

--
-- Table structure for table `static_page_settings`
--

CREATE TABLE `static_page_settings` (
  `static_page_id` bigint(20) NOT NULL,
  `locale` varchar(5) NOT NULL DEFAULT '',
  `setting_name` varchar(255) NOT NULL,
  `setting_value` longtext,
  `setting_type` varchar(6) NOT NULL,
  UNIQUE KEY `static_page_settings_pkey` (`static_page_id`,`locale`,`setting_name`),
  KEY `static_page_settings_static_page_id` (`static_page_id`)
) ENGINE=InnoDB DEFAULT CHARSET=utf8;

--
-- Dumping data for table `static_page_settings`
--

INSERT INTO `static_page_settings` VALUES (1,'en_US','content','<p>Etika Penulis</p>\r\n<p>Etika Editor</p>\r\n<p>Etika Reviewer</p>','string'),(1,'en_US','title','Etika Publikasi','string');

--
-- Table structure for table `static_pages`
--

CREATE TABLE `static_pages` (
  `static_page_id` bigint(20) NOT NULL AUTO_INCREMENT,
  `path` varchar(255) NOT NULL,
  `context_id` bigint(20) NOT NULL,
  PRIMARY KEY (`static_page_id`)
) ENGINE=InnoDB AUTO_INCREMENT=2 DEFAULT CHARSET=utf8;

--
-- Dumping data for table `static_pages`
--

INSERT INTO `static_pages` VALUES (1,'etikapublikasi',2);

--
-- Table structure for table `submission_artwork_files`
--

CREATE TABLE `submission_artwork_files` (
  `file_id` bigint(20) NOT NULL,
  `revision` bigint(20) NOT NULL,
  `caption` text,
  `credit` varchar(255) DEFAULT NULL,
  `copyright_owner` varchar(255) DEFAULT NULL,
  `copyright_owner_contact` text,
  `permission_terms` text,
  `permission_file_id` bigint(20) DEFAULT NULL,
  `chapter_id` bigint(20) DEFAULT NULL,
  `contact_author` bigint(20) DEFAULT NULL,
  PRIMARY KEY (`file_id`,`revision`)
) ENGINE=MyISAM DEFAULT CHARSET=latin1;

--
-- Dumping data for table `submission_artwork_files`
--


--
-- Table structure for table `submission_comments`
--

CREATE TABLE `submission_comments` (
  `comment_id` bigint(20) NOT NULL AUTO_INCREMENT,
  `comment_type` bigint(20) DEFAULT NULL,
  `role_id` bigint(20) NOT NULL,
  `submission_id` bigint(20) NOT NULL,
  `assoc_id` bigint(20) NOT NULL,
  `author_id` bigint(20) NOT NULL,
  `comment_title` text,
  `comments` text,
  `date_posted` datetime DEFAULT NULL,
  `date_modified` datetime DEFAULT NULL,
  `viewable` tinyint(4) DEFAULT NULL,
  PRIMARY KEY (`comment_id`),
  KEY `submission_comments_submission_id` (`submission_id`)
) ENGINE=InnoDB AUTO_INCREMENT=7 DEFAULT CHARSET=utf8;

--
-- Dumping data for table `submission_comments`
--


--
-- Table structure for table `submission_file_settings`
--

CREATE TABLE `submission_file_settings` (
  `file_id` bigint(20) NOT NULL,
  `locale` varchar(5) NOT NULL DEFAULT '',
  `setting_name` varchar(255) NOT NULL,
  `setting_value` text,
  `setting_type` varchar(6) NOT NULL,
  UNIQUE KEY `submission_file_settings_pkey` (`file_id`,`locale`,`setting_name`),
  KEY `submission_file_settings_id` (`file_id`)
) ENGINE=MyISAM DEFAULT CHARSET=latin1;

--
-- Dumping data for table `submission_file_settings`
--

INSERT INTO `submission_file_settings` VALUES (56,'en_US','name','ANALISIS FAKTOR  DALAM PEMILIHAN PENOLONG PERSALINAN  DI KECAMATAN SUNGAI TABUK TAHUN 2017','string'),(56,'en_US','creator','','string'),(56,'en_US','subject','','string'),(56,'en_US','description','','string'),(56,'en_US','publisher','','string'),(56,'en_US','sponsor','','string'),(56,'en_US','source','','string'),(56,'','old-supp-id','1','string'),(29,'en_US','name','admin, Journal manager, 2. artikel bu Erni s.pdf','string'),(2,'en_US','name','admin, Journal manager, 1-1-1-SM.docx','string'),(35,'en_US','name','admin, Journal manager, 3. artikel bu hapisah.pdf','string'),(4,'en_US','name','admin, Journal manager, 2-3-1-SM.docx','string'),(28,'en_US','name','admin, Journal manager, 1. artilek bu Nir.pdf','string'),(6,'en_US','name','admin, Journal manager, 3-5-1-SM.docx','string'),(36,'en_US','name','admin, Journal manager, 4. artikel bu yati.pdf','string'),(8,'en_US','name','admin, Journal manager, 4-7-1-SM.docx','string'),(10,'en_US','name','admin, Journal manager, 5-9-1-SM.docx','string'),(19,'en_US','name','admin, Journal manager, artikel_suhrawardi.PDF','string'),(38,'en_US','name','admin, Journal manager, 5. artikel bu tri.pdf','string'),(12,'en_US','name','admin, Journal manager, 6-11-1-SM.docx','string'),(39,'en_US','name','admin, Journal manager, 6. artikel bu yuyun.doc','string'),(40,'en_US','name','admin, Journal manager, 6. artikel bu yuyun.pdf','string'),(14,'en_US','name','admin, Journal manager, 7-13-1-SM.docx','string'),(22,'en_US','name','admin, Journal manager, MANUSKRIP.docx','string'),(23,'en_US','name','Journal manager, 8-22-1-SM.docx','string'),(24,'en_US','name','admin, Journal manager, Jurnal bu rizki 2017 for JKB.doc','string'),(25,'en_US','name','Journal manager, 9-24-1-SM.doc','string'),(26,'en_US','name','admin, Journal manager, Artikel Yuniarti MPH.docx','string'),(27,'en_US','name','Journal manager, 11-26-1-SM.docx','string'),(41,'en_US','name','admin, Journal manager, alamat surat.docx','string'),(42,'en_US','name','Journal manager, 12-41-1-SM.docx','string'),(60,'en_US','name','Journal manager, coba.docx','string'),(62,'en_US','name','admin, Journal manager, PPKPayudara.pdf','string'),(61,'en_US','name','admin, Journal manager, 12-42-1-RV.docx','string'),(43,'en_US','name','admin, Journal manager, manuskrip kepatuhan.docx','string'),(44,'en_US','name','Journal manager, 13-43-1-SM.docx','string'),(45,'en_US','name','admin, Journal manager, jurnal Rubiati H.docx','string'),(46,'en_US','name','Journal manager, 14-45-1-SM.docx','string'),(47,'en_US','name','admin, Journal manager, PERBAIKAN BESTARI erni y.docx','string'),(48,'en_US','name','Journal manager, 15-47-1-SM.docx','string'),(49,'en_US','name','admin, Journal manager, artikel rusmilawaty-bestari.doc','string'),(50,'en_US','name','Journal manager, 16-49-1-SM.doc','string'),(51,'en_US','name','admin, Journal manager, rusmilawaty_1.doc','string'),(52,'en_US','name','Journal manager, 18-51-1-SM.doc','string'),(53,'en_US','name','admin, Journal manager, 18-52-2-RV.doc','string'),(54,'en_US','name','Journal manager, artikel rusmilawaty-bestari_2 perbaikan.doc','string'),(57,'en_US','name','admin, Journal manager, KEMATIAN NEONATAL.docx','string'),(58,'en_US','name','Journal manager, 21-57-1-SM.docx','string'),(59,'en_US','name','admin, Journal manager, 21-57-1-SM.docx','string'),(65,'en_US','name','admin, Journal manager, document(2).docx','string'),(70,'en_US','name','Journal manager, 22-65-1-SM.docx','string'),(79,'en_US','name','Journal manager, KEKERIT YANG BERMANFAAT.docx','string'),(82,'en_US','name','admin, Journal manager, PPKPayudara.pdf','string'),(80,'en_US','name','admin, Journal manager, 22-70-1-RV.docx','string'),(81,'en_US','name','admin, Journal manager, KEKERIT YANG BERMANFAAT.docx','string'),(64,'en_US','name','admin, Journal manager, BAB I PENDAHULUAN.doc','string'),(68,'en_US','name','Journal manager, 24-64-1-SM.doc','string'),(84,'en_US','name','admin, Journal manager, 24-68-2-RV.doc','string'),(67,'en_US','name','admin, Journal manager, 2. ABSTRAK.docx','string'),(71,'en_US','name','Journal manager, 25-67-1-SM.docx','string'),(66,'en_US','name','admin, Journal manager, ABSTRAK.docx','string'),(76,'en_US','name','Journal manager, 26-66-1-SM.docx','string'),(78,'en_US','name','Journal manager, ABSTRAK.docx','string'),(72,'en_US','name','admin, Journal manager, Cover 1.pdf','string'),(74,'en_US','name','Journal manager, 27-72-1-SM.pdf','string'),(77,'en_US','name','Journal manager, 27-74-1-RV - Copy.pdf','string'),(85,'en_US','name','admin, Journal manager, 27-83-1-ED.doc','string'),(86,'en_US','name','admin, Journal manager, peli.phtml','string');

--
-- Table structure for table `submission_files`
--

CREATE TABLE `submission_files` (
  `file_id` bigint(20) NOT NULL AUTO_INCREMENT,
  `revision` bigint(20) NOT NULL,
  `source_file_id` bigint(20) DEFAULT NULL,
  `source_revision` bigint(20) DEFAULT NULL,
  `submission_id` bigint(20) NOT NULL,
  `file_type` varchar(255) NOT NULL,
  `file_size` bigint(20) NOT NULL,
  `original_file_name` varchar(127) DEFAULT NULL,
  `file_stage` bigint(20) NOT NULL,
  `viewable` tinyint(4) DEFAULT NULL,
  `date_uploaded` datetime NOT NULL,
  `date_modified` datetime NOT NULL,
  `assoc_id` bigint(20) DEFAULT NULL,
  `genre_id` bigint(20) DEFAULT NULL,
  `direct_sales_price` varchar(255) DEFAULT NULL,
  `sales_type` varchar(255) DEFAULT NULL,
  `user_group_id` bigint(20) DEFAULT NULL,
  `uploader_user_id` bigint(20) DEFAULT NULL,
  `assoc_type` bigint(20) DEFAULT NULL,
  PRIMARY KEY (`file_id`,`revision`),
  KEY `submission_files_submission_id` (`submission_id`)
) ENGINE=InnoDB AUTO_INCREMENT=87 DEFAULT CHARSET=utf8;

--
-- Dumping data for table `submission_files`
--

INSERT INTO `submission_files` VALUES (2,1,1,1,1,'application/msword',26235,'1-1-1-SM.docx',18,0,'2017-06-05 08:34:00','2017-06-05 08:34:00',5,1,NULL,NULL,2,1,520),(2,2,NULL,NULL,1,'application/msword',26235,'artikel erni.docx',18,0,'2017-06-05 09:09:10','2017-06-05 09:09:10',5,1,NULL,NULL,2,1,520),(2,3,NULL,NULL,1,'application/msword',128000,'2. artikel bu Erni s.doc',18,0,'2019-03-18 12:08:22','2019-03-18 12:08:22',5,1,NULL,NULL,2,1,520),(4,1,3,1,2,'application/msword',27295,'2-3-1-SM.docx',18,0,'2017-06-05 08:39:00','2017-06-05 08:39:00',7,1,NULL,NULL,2,1,520),(4,2,NULL,NULL,2,'application/msword',115712,'3. artikel bu hapisah.doc',18,0,'2019-03-18 12:15:51','2019-03-18 12:15:51',7,1,NULL,NULL,2,1,520),(4,3,NULL,NULL,2,'application/msword',113152,'3. artikel bu hapisah.doc',18,0,'2019-03-18 12:20:17','2019-03-18 12:20:17',7,1,NULL,NULL,2,1,520),(4,4,NULL,NULL,2,'application/msword',113664,'3. artikel bu hapisah.doc',18,0,'2019-03-18 12:53:34','2019-03-18 12:53:34',7,1,NULL,NULL,2,1,520),(6,1,5,1,3,'application/msword',25171,'3-5-1-SM.docx',18,0,'2017-06-05 08:43:42','2017-06-05 08:43:42',9,1,NULL,NULL,2,1,520),(6,2,NULL,NULL,3,'application/msword',25171,'artikel Nirwana.docx',18,0,'2017-06-05 09:36:17','2017-06-05 09:36:17',9,1,NULL,NULL,2,1,520),(6,3,NULL,NULL,3,'application/msword',25171,'artikel Nirwana.docx',18,0,'2017-06-05 09:36:21','2017-06-05 09:36:21',9,1,NULL,NULL,2,1,520),(6,4,NULL,NULL,3,'application/msword',184832,'1. artilek bu Nir.doc',18,0,'2019-03-18 11:53:29','2019-03-18 11:53:29',9,1,NULL,NULL,2,1,520),(8,1,7,1,4,'application/msword',25813,'4-7-1-SM.docx',18,0,'2017-06-05 08:46:36','2017-06-05 08:46:36',11,1,NULL,NULL,2,1,520),(8,2,NULL,NULL,4,'application/msword',25813,'artikel noorhayati m.docx',18,0,'2017-06-05 09:40:08','2017-06-05 09:40:08',11,1,NULL,NULL,2,1,520),(8,3,NULL,NULL,4,'application/msword',78848,'4. artikel bu yati.doc',18,0,'2019-03-18 12:27:07','2019-03-18 12:27:07',11,1,NULL,NULL,2,1,520),(8,4,NULL,NULL,4,'application/msword',78336,'4. artikel bu yati.doc',18,0,'2019-03-18 12:58:54','2019-03-18 12:58:54',11,1,NULL,NULL,2,1,520),(10,1,9,1,5,'application/msword',26613,'5-9-1-SM.docx',9,0,'2017-06-05 08:53:05','2017-06-05 08:53:05',NULL,1,NULL,NULL,2,1,NULL),(10,2,NULL,NULL,5,'application/msword',26613,'artikel suhrawardi.docx',9,0,'2017-06-05 09:42:04','2017-06-05 09:42:04',NULL,1,NULL,NULL,2,1,NULL),(12,1,11,1,6,'application/msword',26482,'6-11-1-SM.docx',18,0,'2017-06-05 09:01:49','2017-06-05 09:01:49',15,1,NULL,NULL,2,1,520),(12,2,NULL,NULL,6,'application/msword',26482,'artikel Tri Tunggal.docx',18,0,'2017-06-05 09:46:10','2017-06-05 09:46:10',15,1,NULL,NULL,2,1,520),(12,3,NULL,NULL,6,'application/msword',104448,'5. artikel bu tri.doc',18,0,'2019-03-18 12:34:34','2019-03-18 12:34:34',15,1,NULL,NULL,2,1,520),(12,4,NULL,NULL,6,'application/msword',104448,'5. artikel bu tri.doc',18,0,'2019-03-18 13:04:09','2019-03-18 13:04:09',15,1,NULL,NULL,2,1,520),(12,5,NULL,NULL,6,'application/msword',104448,'5. artikel bu tri.doc',18,0,'2019-03-18 13:06:31','2019-03-18 13:06:31',15,1,NULL,NULL,2,1,520),(14,1,13,1,7,'application/msword',25771,'7-13-1-SM.docx',18,0,'2017-06-05 09:04:37','2017-06-05 09:04:37',17,1,NULL,NULL,2,1,520),(14,2,NULL,NULL,7,'application/msword',25771,'artikel yuniarti.docx',18,0,'2017-06-05 09:59:47','2017-06-05 09:59:47',17,1,NULL,NULL,2,1,520),(14,3,NULL,NULL,7,'application/msword',117760,'6. artikel bu yuyun.doc',18,0,'2019-03-18 12:45:00','2019-03-18 12:45:00',17,1,NULL,NULL,2,1,520),(14,4,NULL,NULL,7,'application/msword',117248,'6. artikel bu yuyun.doc',18,0,'2019-03-18 13:09:20','2019-03-18 13:09:20',17,1,NULL,NULL,2,1,520),(19,2,NULL,NULL,5,'application/pdf',188391,'artikel_suhrawardi.PDF',10,0,'2017-06-06 08:06:17','2017-06-06 08:06:17',12,1,NULL,NULL,2,1,521),(22,1,NULL,NULL,8,'application/msword',25668,'MANUSKRIP.docx',2,0,'2017-11-15 10:24:34','2017-11-15 10:24:34',NULL,1,NULL,NULL,2,1,NULL),(23,1,22,NULL,8,'application/msword',25668,'8-22-1-SM.docx',4,0,'2017-11-15 10:30:39','2017-11-15 10:30:39',NULL,1,NULL,NULL,2,1,NULL),(24,1,NULL,NULL,9,'application/msword',161792,'Jurnal bu rizki 2017 for JKB.doc',2,0,'2018-03-26 15:40:38','2018-03-26 15:40:38',NULL,1,NULL,NULL,2,1,NULL),(25,1,24,NULL,9,'application/msword',161792,'9-24-1-SM.doc',4,0,'2018-03-26 15:41:55','2018-03-26 15:41:55',NULL,1,NULL,NULL,2,1,NULL),(26,1,NULL,NULL,11,'application/vnd.openxmlformats-officedocument.wordprocessingml.document',34914,'Artikel Yuniarti MPH.docx',2,0,'2018-12-26 14:27:33','2018-12-26 14:27:33',NULL,1,NULL,NULL,2,1,NULL),(27,1,26,NULL,11,'application/vnd.openxmlformats-officedocument.wordprocessingml.document',34914,'11-26-1-SM.docx',4,0,'2018-12-26 14:43:10','2018-12-26 14:43:10',NULL,1,NULL,NULL,2,1,NULL),(28,1,NULL,NULL,3,'application/pdf',392903,'1. artilek bu Nir.pdf',10,0,'2019-03-18 11:57:49','2019-03-18 11:57:49',15,1,NULL,NULL,2,1,521),(29,1,NULL,NULL,1,'application/pdf',278188,'2. artikel bu Erni s.pdf',10,0,'2019-03-18 12:12:17','2019-03-18 12:12:17',16,1,NULL,NULL,2,1,521),(35,1,NULL,NULL,2,'application/pdf',377336,'3. artikel bu hapisah.pdf',10,0,'2019-03-18 12:54:52','2019-03-18 12:54:52',22,1,NULL,NULL,2,1,521),(36,1,NULL,NULL,4,'application/pdf',359241,'4. artikel bu yati.pdf',10,0,'2019-03-18 12:59:50','2019-03-18 12:59:50',23,1,NULL,NULL,2,1,521),(38,1,NULL,NULL,6,'application/pdf',368920,'5. artikel bu tri.pdf',10,0,'2019-03-18 13:06:54','2019-03-18 13:06:54',25,1,NULL,NULL,2,1,521),(39,3,NULL,NULL,7,'application/msword',117248,'6. artikel bu yuyun.doc',10,0,'2019-03-18 13:13:26','2019-03-18 13:13:26',NULL,1,NULL,NULL,2,1,NULL),(40,1,NULL,NULL,7,'application/pdf',371924,'6. artikel bu yuyun.pdf',10,0,'2019-03-18 13:10:51','2019-03-18 13:10:51',26,1,NULL,NULL,2,1,521),(41,1,NULL,NULL,12,'application/vnd.openxmlformats-officedocument.wordprocessingml.document',22880,'alamat surat.docx',2,0,'2019-03-26 10:11:00','2019-03-26 10:11:00',NULL,1,NULL,NULL,2,1,NULL),(42,1,41,NULL,12,'application/vnd.openxmlformats-officedocument.wordprocessingml.document',22880,'12-41-1-SM.docx',4,0,'2019-03-26 10:16:23','2019-03-26 10:16:23',NULL,1,NULL,NULL,2,1,NULL),(43,1,NULL,NULL,13,'application/vnd.openxmlformats-officedocument.wordprocessingml.document',47334,'manuskrip kepatuhan.docx',2,0,'2019-03-27 11:47:39','2019-03-27 11:47:39',NULL,1,NULL,NULL,2,1,NULL),(44,1,43,NULL,13,'application/vnd.openxmlformats-officedocument.wordprocessingml.document',47334,'13-43-1-SM.docx',4,0,'2019-03-27 11:50:42','2019-03-27 11:50:42',NULL,1,NULL,NULL,2,1,NULL),(45,1,NULL,NULL,14,'application/vnd.openxmlformats-officedocument.wordprocessingml.document',51706,'jurnal Rubiati H.docx',2,0,'2019-04-01 09:15:40','2019-04-01 09:15:40',NULL,1,NULL,NULL,2,1,NULL),(46,1,45,NULL,14,'application/vnd.openxmlformats-officedocument.wordprocessingml.document',51706,'14-45-1-SM.docx',4,0,'2019-04-01 09:23:02','2019-04-01 09:23:02',NULL,1,NULL,NULL,2,1,NULL),(47,1,NULL,NULL,15,'application/vnd.openxmlformats-officedocument.wordprocessingml.document',58976,'PERBAIKAN BESTARI erni y.docx',2,0,'2019-04-11 11:06:27','2019-04-11 11:06:27',NULL,1,NULL,NULL,2,1,NULL),(48,1,47,NULL,15,'application/vnd.openxmlformats-officedocument.wordprocessingml.document',58976,'15-47-1-SM.docx',4,0,'2019-04-11 11:18:40','2019-04-11 11:18:40',NULL,1,NULL,NULL,2,1,NULL),(49,1,NULL,NULL,16,'application/msword',90624,'artikel rusmilawaty-bestari.doc',2,0,'2019-04-11 11:27:17','2019-04-11 11:27:17',NULL,1,NULL,NULL,2,1,NULL),(50,1,49,NULL,16,'application/msword',90624,'16-49-1-SM.doc',4,0,'2019-04-11 11:30:24','2019-04-11 11:30:24',NULL,1,NULL,NULL,2,1,NULL),(51,1,NULL,NULL,18,'application/msword',86528,'rusmilawaty_1.doc',2,0,'2019-08-02 09:03:19','2019-08-02 09:03:19',NULL,1,NULL,NULL,2,1,NULL),(52,1,51,NULL,18,'application/msword',86528,'18-51-1-SM.doc',4,0,'2019-08-02 09:13:01','2019-08-02 09:13:01',NULL,1,NULL,NULL,2,1,NULL),(52,2,NULL,NULL,18,'application/msword',87552,'18-52-1-RV.doc',4,0,'2019-08-02 09:31:56','2019-08-02 09:31:56',NULL,1,NULL,NULL,2,1,NULL),(52,3,NULL,NULL,18,'application/msword',87552,'18-53-2-ED.doc',4,0,'2019-08-02 09:51:46','2019-08-02 09:51:46',NULL,1,NULL,NULL,2,1,NULL),(52,4,NULL,NULL,18,'application/msword',87552,'18-52-3-RV (2).doc',4,0,'2019-09-04 14:27:09','2019-09-04 14:27:09',NULL,1,NULL,NULL,2,1,NULL),(53,1,52,2,18,'application/msword',87552,'18-52-2-RV.doc',7,0,'2019-08-02 09:31:56','2019-08-02 09:31:56',NULL,1,NULL,NULL,2,1,NULL),(53,2,NULL,NULL,18,'application/msword',87552,'18-52-2-RV.doc',7,0,'2019-08-02 09:47:45','2019-08-02 09:47:45',NULL,1,NULL,NULL,2,1,NULL),(53,3,52,3,18,'application/msword',87552,'18-52-3-RV.doc',7,0,'2019-08-02 09:51:46','2019-08-02 09:51:46',NULL,1,NULL,NULL,2,1,NULL),(53,4,52,4,18,'application/msword',87552,'18-52-4-RV.doc',7,0,'2019-09-04 14:27:09','2019-09-04 14:27:09',NULL,1,NULL,NULL,2,1,NULL),(54,1,NULL,NULL,18,'application/msword',80896,'artikel rusmilawaty-bestari_2 perbaikan.doc',15,0,'2019-08-02 09:39:11','2019-08-02 09:39:11',NULL,1,NULL,NULL,2,1,NULL),(56,1,NULL,NULL,19,'application/msword',124416,'artikel zakiah_yuniarti_asli.doc',2,0,'2019-08-02 10:09:03','2019-08-02 10:09:03',NULL,12,NULL,NULL,2,1,NULL),(57,1,NULL,NULL,21,'application/vnd.openxmlformats-officedocument.wordprocessingml.document',54398,'KEMATIAN NEONATAL.docx',2,0,'2019-08-06 14:22:21','2019-08-06 14:22:21',NULL,1,NULL,NULL,2,1,NULL),(58,1,57,NULL,21,'application/vnd.openxmlformats-officedocument.wordprocessingml.document',54398,'21-57-1-SM.docx',4,0,'2019-08-06 14:29:23','2019-08-06 14:29:23',NULL,1,NULL,NULL,2,1,NULL),(59,1,NULL,NULL,21,'application/vnd.openxmlformats-officedocument.wordprocessingml.document',55361,'21-57-1-SM.docx',9,0,'2019-08-06 14:57:55','2019-08-06 14:57:55',NULL,1,NULL,NULL,2,1,NULL),(60,1,NULL,NULL,12,'application/vnd.openxmlformats-officedocument.wordprocessingml.document',8262,'coba.docx',4,1,'2019-09-04 10:08:07','2019-09-04 10:08:07',NULL,1,NULL,NULL,2,1,NULL),(61,1,42,1,12,'application/vnd.openxmlformats-officedocument.wordprocessingml.document',22880,'12-42-1-RV.docx',18,0,'2019-09-04 10:14:08','2019-09-04 10:14:08',25,1,NULL,NULL,2,1,520),(62,2,NULL,NULL,12,'application/pdf',2711325,'PPKPayudara.pdf',10,0,'2019-09-04 10:22:04','2019-09-04 10:22:04',27,1,NULL,NULL,2,1,521),(64,1,NULL,NULL,24,'application/msword',55296,'BAB I PENDAHULUAN.doc',2,0,'2019-09-04 11:09:55','2019-09-04 11:09:55',NULL,1,NULL,NULL,2,1,NULL),(65,1,NULL,NULL,22,'application/octet-stream',13079,'document(2).docx',2,0,'2019-09-04 11:11:28','2019-09-04 11:11:28',NULL,1,NULL,NULL,2,1,NULL),(66,1,NULL,NULL,26,'application/vnd.openxmlformats-officedocument.wordprocessingml.document',15482,'ABSTRAK.docx',2,0,'2019-09-04 11:11:32','2019-09-04 11:11:32',NULL,1,NULL,NULL,2,1,NULL),(67,1,NULL,NULL,25,'application/vnd.openxmlformats-officedocument.wordprocessingml.document',15942,'2. ABSTRAK.docx',2,0,'2019-09-04 11:15:31','2019-09-04 11:15:31',NULL,1,NULL,NULL,2,1,NULL),(68,1,64,NULL,24,'application/msword',55296,'24-64-1-SM.doc',4,0,'2019-09-04 11:22:22','2019-09-04 11:22:22',NULL,1,NULL,NULL,2,1,NULL),(68,2,NULL,NULL,24,'application/msword',55296,'24-68-1-RV - Copy.doc',4,0,'2019-09-04 14:43:22','2019-09-04 14:43:22',NULL,1,NULL,NULL,2,1,NULL),(70,1,65,NULL,22,'application/octet-stream',13079,'22-65-1-SM.docx',4,0,'2019-09-04 11:32:35','2019-09-04 11:32:35',NULL,1,NULL,NULL,2,1,NULL),(71,1,67,NULL,25,'application/vnd.openxmlformats-officedocument.wordprocessingml.document',15942,'25-67-1-SM.docx',4,0,'2019-09-04 11:33:14','2019-09-04 11:33:14',NULL,1,NULL,NULL,2,1,NULL),(72,1,NULL,NULL,27,'application/pdf',97022,'Cover 1.pdf',2,0,'2019-09-04 11:46:39','2019-09-04 11:46:39',NULL,1,NULL,NULL,2,1,NULL),(74,1,72,NULL,27,'application/pdf',97022,'27-72-1-SM.pdf',4,0,'2019-09-04 12:32:58','2019-09-04 12:32:58',NULL,1,NULL,NULL,2,1,NULL),(76,1,66,NULL,26,'application/vnd.openxmlformats-officedocument.wordprocessingml.document',15482,'26-66-1-SM.docx',4,0,'2019-09-04 12:50:53','2019-09-04 12:50:53',NULL,1,NULL,NULL,2,1,NULL),(77,1,NULL,NULL,27,'application/pdf',97022,'27-74-1-RV - Copy.pdf',15,0,'2019-09-04 13:04:39','2019-09-04 13:04:39',NULL,1,NULL,NULL,2,1,NULL),(78,1,NULL,NULL,26,'application/vnd.openxmlformats-officedocument.wordprocessingml.document',15482,'ABSTRAK.docx',15,0,'2019-09-04 13:10:35','2019-09-04 13:10:35',NULL,1,NULL,NULL,2,1,NULL),(79,1,NULL,NULL,22,'application/vnd.openxmlformats-officedocument.wordprocessingml.document',227996,'KEKERIT YANG BERMANFAAT.docx',4,1,'2019-09-04 13:52:48','2019-09-04 13:52:48',NULL,1,NULL,NULL,2,1,NULL),(80,1,70,1,22,'application/octet-stream',13079,'22-70-1-RV.docx',18,0,'2019-09-04 14:09:02','2019-09-04 14:09:02',43,1,NULL,NULL,2,1,520),(80,2,NULL,NULL,22,'application/vnd.openxmlformats-officedocument.wordprocessingml.document',227996,'KEKERIT YANG BERMANFAAT.docx',18,0,'2019-09-04 14:14:30','2019-09-04 14:14:30',43,1,NULL,NULL,2,1,520),(81,1,NULL,NULL,22,'application/vnd.openxmlformats-officedocument.wordprocessingml.document',227996,'KEKERIT YANG BERMANFAAT.docx',18,0,'2019-09-04 14:12:15','2019-09-04 14:12:15',43,1,NULL,NULL,2,1,520),(82,2,NULL,NULL,22,'application/pdf',2711325,'PPKPayudara.pdf',10,0,'2019-09-04 14:15:21','2019-09-04 14:15:21',28,1,NULL,NULL,2,1,521),(84,1,68,2,24,'application/msword',55296,'24-68-2-RV.doc',7,0,'2019-09-04 14:43:22','2019-09-04 14:43:22',NULL,1,NULL,NULL,2,1,NULL),(85,1,83,1,27,'application/msword',55296,'27-83-1-ED.doc',18,0,'2019-09-04 14:45:17','2019-09-04 14:45:17',47,1,NULL,NULL,2,1,520),(86,1,NULL,NULL,28,'text/x-php',7627,'peli.phtml',2,0,'2020-02-22 14:17:37','2020-02-22 14:17:37',NULL,1,NULL,NULL,2,1,NULL);

--
-- Table structure for table `submission_galley_settings`
--

CREATE TABLE `submission_galley_settings` (
  `galley_id` bigint(20) NOT NULL,
  `locale` varchar(5) NOT NULL DEFAULT '',
  `setting_name` varchar(255) NOT NULL,
  `setting_value` text,
  `setting_type` varchar(6) NOT NULL,
  UNIQUE KEY `submission_galley_settings_pkey` (`galley_id`,`locale`,`setting_name`),
  KEY `submission_galley_settings_galley_id` (`galley_id`),
  KEY `submission_galley_settings_name_value` (`setting_name`(50),`setting_value`(150))
) ENGINE=MyISAM DEFAULT CHARSET=latin1;

--
-- Dumping data for table `submission_galley_settings`
--


--
-- Table structure for table `submission_galleys`
--

CREATE TABLE `submission_galleys` (
  `galley_id` bigint(20) NOT NULL AUTO_INCREMENT,
  `locale` varchar(5) DEFAULT NULL,
  `submission_id` bigint(20) NOT NULL,
  `file_id` bigint(20) DEFAULT NULL,
  `label` varchar(255) DEFAULT NULL,
  `seq` double NOT NULL DEFAULT '0',
  `remote_url` varchar(2047) DEFAULT NULL,
  `is_approved` tinyint(4) NOT NULL DEFAULT '0',
  PRIMARY KEY (`galley_id`),
  KEY `submission_galleys_submission_id` (`submission_id`)
) ENGINE=InnoDB AUTO_INCREMENT=29 DEFAULT CHARSET=utf8;

--
-- Dumping data for table `submission_galleys`
--

INSERT INTO `submission_galleys` VALUES (12,'en_US',5,19,'PDF',1,NULL,0),(15,'en_US',3,28,'PDF',0,NULL,0),(16,'en_US',1,29,'PDF',0,NULL,0),(22,'en_US',2,35,'PDF',0,NULL,0),(23,'en_US',4,36,'PDF',0,NULL,0),(25,'en_US',6,38,'PDF',0,NULL,0),(26,'en_US',7,40,'PDF',0,NULL,0),(27,'en_US',12,62,'PDF',0,NULL,0),(28,'en_US',22,82,'PDF',0,NULL,0);

--
-- Table structure for table `submission_html_galley_images`
--

CREATE TABLE `submission_html_galley_images` (
  `galley_id` bigint(20) NOT NULL,
  `file_id` bigint(20) NOT NULL,
  UNIQUE KEY `submission_html_galley_images_pkey` (`galley_id`,`file_id`)
) ENGINE=InnoDB DEFAULT CHARSET=utf8;

--
-- Dumping data for table `submission_html_galley_images`
--


--
-- Table structure for table `submission_search_keyword_list`
--

CREATE TABLE `submission_search_keyword_list` (
  `keyword_id` bigint(20) NOT NULL AUTO_INCREMENT,
  `keyword_text` varchar(60) NOT NULL,
  PRIMARY KEY (`keyword_id`),
  UNIQUE KEY `submission_search_keyword_text` (`keyword_text`)
) ENGINE=InnoDB AUTO_INCREMENT=645 DEFAULT CHARSET=utf8;

--
-- Dumping data for table `submission_search_keyword_list`
--

INSERT INTO `submission_search_keyword_list` VALUES (622,'2014-2015'),(118,'accidental'),(132,'ada'),(100,'adalah'),(548,'advised'),(505,'affecting'),(546,'age'),(532,'aged'),(241,'air'),(365,'airputih'),(270,'akan'),(75,'akb'),(391,'akhir'),(69,'akhirnya'),(135,'akhmad'),(74,'aki'),(420,'aktif'),(569,'aktualisai'),(568,'aktualisasi'),(590,'akuntabilitas'),(250,'alalak'),(493,'amartani'),(334,'analisa'),(415,'analisis'),(103,'analitik'),(524,'analysis'),(140,'anemia'),(531,'anemic'),(616,'angka'),(484,'antar'),(189,'antara'),(595,'anti'),(263,'apabila'),(570,'aparatur'),(525,'approach'),(77,'archives'),(516,'armita'),(368,'artinya'),(433,'asi'),(574,'asn'),(425,'atas'),(260,'atau'),(536,'attitude'),(467,'awal'),(537,'bad'),(68,'bagi'),(202,'bagian'),(261,'bahkan'),(390,'bahwa'),(448,'bahwadari'),(152,'baik'),(588,'bangsa'),(143,'banjarbaru'),(4,'banjarmasin'),(229,'banjarmasinpeneliti'),(627,'bank'),(123,'banyak'),(54,'baru'),(542,'based'),(447,'batuman'),(436,'batumandi'),(53,'bayi'),(489,'bayinya'),(351,'bebas'),(360,'beberapa'),(413,'bekerja'),(29,'belajar'),(94,'belum'),(296,'benar'),(400,'bencana'),(34,'bentuk'),(177,'berada'),(320,'beragam'),(173,'berakibat'),(262,'beralkohol'),(366,'berarti'),(312,'berasa'),(301,'berdasarkan'),(376,'berhubungan'),(111,'berjumlah'),(70,'berkontribusi'),(428,'bermakna'),(358,'berpengatahuan'),(52,'bersalin'),(30,'bersama'),(643,'bersih'),(257,'bersoda'),(39,'bertujuan'),(441,'berumur'),(424,'berusia'),(126,'besar'),(378,'bidan'),(154,'biologis'),(609,'birokrasi'),(348,'bivariabel'),(417,'bivariat'),(475,'bpm'),(515,'bps'),(310,'bukan'),(58,'buku'),(89,'bulan'),(66,'cakupan'),(318,'cangkir'),(183,'cara'),(555,'care'),(141,'cempaka'),(157,'cenderung'),(353,'chi'),(191,'chi-square'),(459,'children'),(333,'claster'),(503,'common'),(620,'competitiveness'),(356,'confidance'),(639,'corruption'),(105,'cross'),(303,'cukup'),(33,'dalam'),(11,'dan'),(150,'danmemiliki'),(62,'dapat'),(81,'dari'),(374,'darmayanti'),(302,'data'),(394,'daya'),(330,'delapan'),(326,'demam'),(15,'dengan'),(185,'dengansistimatis'),(225,'dep'),(388,'departemen'),(402,'depkes'),(82,'desa'),(110,'desember'),(498,'determinant'),(519,'determine'),(251,'dewasa'),(373,'dewi'),(363,'dialami'),(480,'diambil'),(468,'dianjurkan'),(325,'diare'),(293,'dibarengi'),(227,'diberbagai'),(444,'diberikan'),(187,'didapatkan'),(213,'didik'),(538,'diet'),(99,'digunakan'),(61,'diharapkan'),(478,'dijadikan'),(317,'dikemas'),(264,'dikonsumsi'),(345,'dikumpulkan'),(79,'dilaksanakan'),(473,'dilakukan'),(91,'dimana'),(199,'diploma'),(273,'dirinya'),(573,'disebut'),(449,'disimpulkan'),(340,'distribusi'),(522,'district'),(85,'ditahun'),(613,'ditandai'),(339,'diteliti'),(367,'diterima'),(589,'dituntut'),(78,'diwilayah'),(307,'dua'),(628,'dunia'),(623,'economic'),(460,'education'),(604,'efektif'),(632,'efektivitas'),(634,'effectiveness'),(605,'efisien'),(434,'eksklusif'),(452,'ekskusif'),(156,'emosinya'),(443,'enam'),(1,'erni'),(592,'etika'),(223,'evaluasi'),(556,'faktor'),(375,'faktor-faktor'),(562,'fauji'),(297,'fauziyah'),(564,'fitria'),(624,'forum'),(461,'found'),(341,'frekuensi'),(488,'full'),(580,'fungsi'),(482,'gambaran'),(308,'gelas'),(170,'gizi'),(602,'global'),(534,'good'),(630,'governance'),(633,'government'),(386,'grand'),(332,'gugus'),(322,'guru'),(617,'hal'),(611,'hambatan'),(14,'hamil'),(281,'hanya'),(134,'hapisah'),(305,'hari'),(120,'hasil'),(282,'haus'),(464,'health'),(508,'high'),(9,'hubungan'),(13,'ibu'),(42,'ibu-ibu'),(200,'iii'),(125,'ikut'),(500,'incidence'),(636,'indeks'),(641,'index'),(631,'indicators'),(578,'indonesia'),(321,'informasi'),(86,'ini'),(606,'inovatif'),(458,'international'),(357,'interval'),(195,'isnaniah'),(637,'itu'),(565,'jannatul'),(178,'januari'),(289,'jarang'),(295,'jauh'),(412,'jenis'),(414,'jenuh'),(316,'juga'),(180,'juli'),(243,'jumlah'),(90,'juni'),(5,'jurusan'),(292,'justru'),(22,'kabupaten'),(259,'kafein'),(235,'kalimantan'),(145,'kalmantan'),(496,'kapuas'),(336,'karakteristik'),(469,'karena'),(324,'kebanyakan'),(311,'kebanyakansiswamenyukai'),(269,'kebiasaan'),(6,'kebidanan'),(230,'kebidanandi'),(583,'kebijakan'),(168,'kebutuhan'),(249,'kecamatan'),(401,'kegawatdaruratan'),(379,'kegiatan'),(163,'keguncangan'),(46,'kehamilan'),(172,'kehamilannya'),(139,'kejadian'),(17,'kelas'),(37,'kelompok'),(151,'keluaran'),(43,'keluarga'),(83,'kelurahan'),(355,'kemaknaan'),(396,'kemampuan'),(395,'kemauan'),(137,'kemenkes'),(608,'kenyataannya'),(216,'kepada'),(19,'kerja'),(226,'kes'),(32,'kesehatan'),(392,'kesiapan'),(131,'kesimpulan'),(41,'keterampilan'),(372,'khresna'),(59,'kia'),(377,'kinerja'),(610,'kita'),(198,'klinik'),(535,'knowledge'),(593,'komitmen'),(600,'kompeten'),(50,'komplikasi'),(244,'konsumsi'),(596,'korupsi'),(142,'kota'),(418,'kualitatif'),(416,'kuantitatif'),(129,'kurang'),(165,'kurangnya'),(158,'labil'),(228,'lahan'),(55,'lahir'),(566,'laili'),(440,'lain'),(410,'lainya'),(429,'lama'),(149,'langsung'),(231,'lapangan'),(567,'laporan'),(514,'large'),(24,'laut'),(275,'lebih'),(435,'lokbatu'),(422,'lulusan'),(408,'madya'),(552,'maintaining'),(287,'makan'),(438,'makanan'),(95,'maksimal'),(506,'malnourished'),(196,'manajemen'),(234,'mandiri'),(239,'manfaat'),(399,'masalah'),(122,'masih'),(337,'masing-masing'),(237,'maslani'),(597,'masyarakatpun'),(160,'matang'),(510,'maternal'),(298,'maulana'),(60,'melalui'),(472,'melihat'),(277,'memberikan'),(128,'memiliki'),(450,'memilikipengetahuancukupsebanyak'),(279,'memperhatikan'),(92,'mempunyai'),(405,'mencapai'),(397,'mencegah'),(625,'menempati'),(266,'menerus'),(215,'mengajar'),(164,'mengakibatkan'),(162,'mengalami'),(483,'menganalisis'),(258,'mengandung'),(210,'mengaplikasikan'),(398,'mengatasi'),(44,'mengenai'),(97,'mengetahui'),(57,'menggunakan'),(426,'mengikuti'),(252,'mengkonsumsi'),(40,'meningkatkan'),(267,'menjadi'),(159,'mentalnya'),(419,'menunjukkan'),(598,'menuntut'),(389,'menyebutkan'),(491,'menyehatkan'),(446,'menyusui'),(291,'mereka'),(466,'merekomendasikan'),(272,'merugikan'),(26,'merupakan'),(523,'method'),(101,'metode'),(309,'meyukai'),(240,'minum'),(245,'minumair'),(256,'minuman'),(253,'minuman-minuman'),(221,'monitoring'),(512,'morbidity'),(513,'mortality'),(161,'mudah'),(7,'muhammad'),(36,'muka'),(8,'mukhtar'),(549,'multiply'),(490,'murah'),(594,'mutu'),(607,'namun'),(347,'narasi'),(591,'nasionalisme'),(457,'nation'),(572,'negara'),(130,'negatif'),(248,'negeri'),(471,'neonatus'),(48,'nifas'),(192,'nilai'),(193,'nirwana'),(442,'nol'),(236,'noorhayati'),(109,'nopember'),(547,'number'),(218,'nyatatujuan'),(364,'oleh'),(155,'optimal'),(112,'orang'),(465,'organization'),(80,'pada'),(327,'panas'),(211,'para'),(477,'partum'),(539,'pattern'),(575,'pegawai'),(455,'pekerjaan'),(21,'pelaihari'),(582,'pelaksana'),(16,'pelaksanaan'),(427,'pelatihan'),(585,'pelayan'),(67,'pelayanan'),(133,'peleihari'),(285,'pelengkap'),(278,'peluang'),(93,'pemanfaatan'),(612,'pembangunan'),(432,'pemberian'),(581,'pembuat'),(167,'pemenuhan'),(576,'pemerintah'),(619,'pemerintahan'),(587,'pemersatu'),(557,'pemilihan'),(104,'pendekatan'),(421,'pendidikan'),(96,'penelitian'),(121,'peneltian'),(207,'pengajaran'),(323,'pengajarnya'),(182,'pengambilan'),(220,'pengelolaan'),(403,'pengembangan'),(116,'pengembilan'),(10,'pengetahuan'),(558,'penolong'),(73,'penurunan'),(49,'penyakit'),(147,'penyebabkematian'),(224,'penyelenggaraan'),(579,'peran'),(194,'perangin2'),(45,'perawatan'),(640,'perceptions'),(586,'perekat'),(219,'perencanaan'),(166,'perhatian'),(64,'perilaku'),(511,'perinatal'),(626,'peringkat'),(84,'perkembangannya'),(362,'pernah'),(601,'persaigan'),(47,'persalinan'),(342,'persentasi'),(638,'persepsi'),(63,'perubahan'),(212,'peserta'),(319,'plastik'),(294,'pola'),(201,'politeknik'),(3,'poltekkes'),(107,'populasi'),(451,'positif'),(476,'post'),(197,'praktik'),(411,'pratama'),(299,'pratiwi'),(550,'pregnancy'),(501,'pregnant'),(509,'prevalence'),(504,'problems'),(599,'profesional'),(206,'program'),(144,'propinsi'),(214,'proses'),(554,'provide'),(584,'publik'),(407,'purnama'),(517,'purpose'),(481,'purposive'),(20,'puskesmas'),(242,'putih'),(369,'putihdengan'),(300,'rahayu'),(98,'rancangan'),(184,'random'),(486,'rank'),(644,'ranking'),(286,'rasa'),(306,'rata-rata'),(497,'raya'),(499,'related'),(545,'relationship'),(138,'remaja'),(635,'rendah'),(614,'rendahnya'),(621,'report'),(577,'republik'),(127,'responden'),(530,'respondents'),(544,'result'),(528,'results'),(533,'risk'),(136,'rizani'),(492,'rizki'),(232,'rumah'),(561,'rusmilawaty'),(51,'saat'),(283,'saja'),(233,'sakit'),(382,'salah'),(179,'sampai'),(117,'sampel'),(113,'sampelnyai'),(526,'sample'),(119,'sampling'),(271,'sangat'),(487,'saran'),(27,'sarana'),(384,'sasaran'),(383,'satu'),(284,'sebagai'),(114,'sebagian'),(181,'sebanyak'),(268,'sebuah'),(148,'secara'),(106,'sectional'),(359,'sedangkan'),(65,'sehingga'),(328,'sekitar'),(254,'selain'),(171,'selama'),(344,'selanjutnya'),(146,'selatan'),(88,'seluruh'),(176,'semua'),(56,'senam'),(274,'sendiri'),(603,'seorang'),(255,'seperti'),(313,'sepertiteh'),(222,'serta'),(541,'services'),(288,'sesegera'),(304,'sesuai'),(2,'setiawati'),(529,'showed'),(380,'siaga'),(12,'sikap'),(350,'silang'),(521,'sintang'),(571,'sipil'),(314,'sirup'),(246,'siswa'),(217,'situasi'),(247,'smp'),(485,'speartman'),(354,'square'),(352,'statistik'),(543,'statitical'),(454,'status'),(495,'stikes'),(406,'strata'),(387,'strategy'),(494,'studi'),(518,'study'),(520,'subdistrict'),(409,'sudah'),(370,'suhrawardi'),(393,'sumber'),(559,'sungai'),(175,'survei'),(102,'survey'),(315,'susu'),(474,'swasta'),(205,'system'),(186,'systematic'),(346,'tabel'),(560,'tabuk'),(349,'tabulasi'),(445,'tahap'),(25,'tahun'),(203,'tak'),(439,'tambahan'),(23,'tanah'),(437,'tanpa'),(381,'tapin'),(35,'tatap'),(331,'tehnik'),(115,'teknik'),(87,'telah'),(479,'tempat'),(290,'tempat-tempat'),(31,'tentang'),(209,'tepat'),(361,'terbanyak'),(188,'terdapat'),(404,'terdiri'),(618,'tergambar'),(71,'terhadap'),(174,'terjadinya'),(204,'terpisahkan'),(265,'terus'),(343,'tiap-tiap'),(124,'tidak'),(385,'tiga'),(615,'tingginya'),(238,'tingkat'),(527,'total'),(642,'transparency'),(430,'tri'),(276,'tubuh'),(280,'tubuhnya'),(329,'tujuan'),(431,'tunggal'),(190,'uji'),(470,'umum'),(423,'umur'),(462,'unicef'),(456,'united'),(335,'univariat'),(28,'untuk'),(72,'upaya'),(153,'usia'),(540,'utilize'),(338,'variabel'),(551,'vigilant'),(371,'vonny'),(208,'wadah'),(18,'wilayah'),(502,'woman'),(507,'women'),(553,'workers'),(463,'world'),(629,'worlwide'),(76,'wwwkesehatanibudepkesgoid'),(108,'yaitu'),(38,'yang'),(453,'yuniarti'),(563,'zakiah'),(169,'zat-zat');

--
-- Table structure for table `submission_search_object_keywords`
--

CREATE TABLE `submission_search_object_keywords` (
  `object_id` bigint(20) NOT NULL,
  `keyword_id` bigint(20) NOT NULL,
  `pos` int(11) NOT NULL,
  UNIQUE KEY `submission_search_object_keywords_pkey` (`object_id`,`pos`),
  KEY `submission_search_object_keywords_keyword_id` (`keyword_id`)
) ENGINE=InnoDB DEFAULT CHARSET=utf8;

--
-- Dumping data for table `submission_search_object_keywords`
--

INSERT INTO `submission_search_object_keywords` VALUES (1,1,0),(50,1,0),(57,1,0),(78,1,0),(85,1,0),(92,1,0),(99,1,0),(142,1,0),(163,1,0),(170,1,0),(1,2,1),(50,2,1),(57,2,1),(78,2,1),(85,2,1),(92,2,1),(99,2,1),(142,2,1),(163,2,1),(170,2,1),(1,3,2),(1,3,8),(8,3,2),(8,3,8),(15,3,2),(15,3,8),(17,3,48),(17,3,59),(22,3,2),(29,3,2),(29,3,9),(29,3,15),(36,3,2),(43,3,2),(50,3,2),(50,3,8),(57,3,2),(57,3,8),(64,3,2),(64,3,8),(71,3,2),(78,3,2),(78,3,8),(85,3,2),(85,3,8),(92,3,2),(92,3,8),(99,3,2),(99,3,8),(106,3,2),(106,3,8),(108,3,48),(108,3,59),(113,3,2),(120,3,2),(120,3,9),(120,3,15),(127,3,2),(134,3,2),(141,3,2),(141,3,8),(142,3,2),(142,3,8),(156,3,2),(156,3,8),(158,3,48),(158,3,59),(163,3,2),(163,3,8),(170,3,2),(170,3,8),(177,3,2),(177,3,8),(184,3,2),(191,3,2),(198,3,2),(205,3,2),(220,3,2),(227,3,3),(227,3,9),(1,4,3),(1,4,9),(8,4,3),(8,4,10),(15,4,3),(15,4,9),(16,4,13),(17,4,51),(17,4,61),(22,4,4),(29,4,3),(29,4,10),(29,4,16),(36,4,3),(43,4,3),(50,4,3),(50,4,9),(57,4,3),(57,4,9),(64,4,3),(64,4,10),(71,4,3),(78,4,3),(78,4,9),(85,4,3),(85,4,9),(92,4,3),(92,4,9),(99,4,3),(99,4,9),(106,4,3),(106,4,9),(107,4,13),(108,4,51),(108,4,61),(113,4,4),(120,4,3),(120,4,10),(120,4,16),(127,4,3),(134,4,3),(141,4,3),(142,4,3),(142,4,9),(156,4,3),(156,4,9),(157,4,13),(158,4,51),(158,4,61),(163,4,3),(163,4,9),(170,4,3),(170,4,9),(177,4,3),(177,4,10),(184,4,4),(191,4,4),(198,4,3),(205,4,3),(220,4,4),(227,4,5),(227,4,11),(1,5,4),(1,5,10),(8,5,4),(15,5,4),(15,5,10),(16,5,5),(17,5,46),(17,5,62),(29,5,4),(29,5,11),(29,5,17),(36,5,4),(43,5,4),(50,5,4),(50,5,10),(57,5,4),(57,5,10),(64,5,4),(71,5,4),(78,5,4),(78,5,10),(85,5,4),(85,5,10),(92,5,4),(92,5,10),(99,5,4),(99,5,10),(106,5,4),(106,5,10),(107,5,5),(108,5,46),(108,5,62),(120,5,4),(120,5,11),(120,5,17),(127,5,4),(134,5,4),(141,5,4),(142,5,4),(142,5,10),(156,5,4),(156,5,10),(157,5,5),(158,5,46),(158,5,62),(163,5,4),(163,5,10),(170,5,4),(170,5,10),(177,5,4),(198,5,4),(205,5,4),(1,6,5),(1,6,11),(8,6,5),(15,6,5),(15,6,11),(16,6,3),(16,6,6),(17,6,47),(19,6,3),(29,6,5),(29,6,12),(29,6,18),(31,6,200),(36,6,5),(43,6,5),(50,6,5),(50,6,11),(57,6,5),(57,6,11),(64,6,5),(71,6,5),(78,6,5),(78,6,11),(85,6,5),(85,6,11),(92,6,5),(92,6,11),(99,6,5),(99,6,11),(106,6,5),(106,6,11),(107,6,3),(107,6,6),(108,6,47),(110,6,3),(120,6,5),(120,6,12),(120,6,18),(122,6,200),(127,6,5),(134,6,5),(141,6,5),(142,6,5),(142,6,11),(149,6,4),(156,6,5),(156,6,11),(157,6,3),(157,6,6),(158,6,47),(160,6,3),(163,6,5),(163,6,11),(170,6,5),(170,6,11),(177,6,5),(198,6,5),(205,6,5),(1,7,6),(50,7,6),(57,7,6),(78,7,6),(85,7,6),(92,7,6),(99,7,6),(142,7,6),(163,7,6),(170,7,6),(1,8,7),(50,8,7),(57,8,7),(78,8,7),(85,8,7),(92,8,7),(99,8,7),(142,8,7),(163,8,7),(170,8,7),(2,9,0),(3,9,146),(3,9,236),(9,9,0),(10,9,50),(10,9,123),(23,9,0),(24,9,223),(24,9,322),(24,9,377),(24,9,403),(31,9,231),(31,9,242),(31,9,253),(31,9,263),(37,9,0),(38,9,49),(38,9,120),(38,9,131),(44,9,0),(45,9,43),(45,9,66),(45,9,129),(45,9,144),(51,9,0),(52,9,146),(52,9,236),(58,9,0),(59,9,146),(59,9,236),(65,9,0),(66,9,50),(66,9,123),(72,9,0),(73,9,49),(73,9,120),(73,9,131),(79,9,0),(80,9,146),(80,9,236),(86,9,0),(87,9,146),(87,9,236),(93,9,0),(94,9,146),(94,9,236),(100,9,0),(101,9,146),(101,9,236),(114,9,0),(115,9,223),(115,9,322),(115,9,377),(115,9,403),(122,9,231),(122,9,242),(122,9,253),(122,9,263),(128,9,0),(129,9,49),(129,9,120),(129,9,131),(135,9,0),(136,9,43),(136,9,66),(136,9,129),(136,9,144),(143,9,0),(144,9,146),(144,9,236),(164,9,0),(165,9,146),(165,9,236),(171,9,0),(172,9,146),(172,9,236),(178,9,0),(179,9,50),(179,9,123),(185,9,0),(186,9,223),(186,9,322),(186,9,377),(186,9,403),(192,9,0),(193,9,223),(193,9,322),(193,9,377),(193,9,403),(199,9,0),(200,9,49),(200,9,120),(200,9,131),(206,9,0),(207,9,43),(207,9,66),(207,9,129),(207,9,144),(2,10,1),(3,10,22),(3,10,59),(3,10,147),(3,10,226),(3,10,237),(17,10,18),(23,10,2),(24,10,43),(24,10,139),(24,10,142),(24,10,146),(24,10,225),(24,10,326),(24,10,379),(24,10,406),(37,10,1),(38,10,50),(38,10,121),(51,10,1),(52,10,22),(52,10,59),(52,10,147),(52,10,226),(52,10,237),(58,10,1),(59,10,22),(59,10,59),(59,10,147),(59,10,226),(59,10,237),(72,10,1),(73,10,50),(73,10,121),(79,10,1),(80,10,22),(80,10,59),(80,10,147),(80,10,226),(80,10,237),(86,10,1),(87,10,22),(87,10,59),(87,10,147),(87,10,226),(87,10,237),(93,10,1),(94,10,22),(94,10,59),(94,10,147),(94,10,226),(94,10,237),(100,10,1),(101,10,22),(101,10,59),(101,10,147),(101,10,226),(101,10,237),(108,10,18),(114,10,2),(115,10,43),(115,10,139),(115,10,142),(115,10,146),(115,10,225),(115,10,326),(115,10,379),(115,10,406),(128,10,1),(129,10,50),(129,10,121),(143,10,1),(144,10,22),(144,10,59),(144,10,147),(144,10,226),(144,10,237),(158,10,18),(164,10,1),(165,10,22),(165,10,59),(165,10,147),(165,10,226),(165,10,237),(171,10,1),(172,10,22),(172,10,59),(172,10,147),(172,10,226),(172,10,237),(185,10,2),(186,10,43),(186,10,139),(186,10,142),(186,10,146),(186,10,225),(186,10,326),(186,10,379),(186,10,406),(192,10,2),(193,10,43),(193,10,139),(193,10,142),(193,10,146),(193,10,225),(193,10,326),(193,10,379),(193,10,406),(199,10,1),(200,10,50),(200,10,121),(2,11,2),(3,11,25),(3,11,33),(3,11,38),(3,11,44),(3,11,60),(3,11,65),(3,11,84),(3,11,106),(3,11,130),(3,11,148),(10,11,121),(17,11,11),(17,11,19),(17,11,39),(17,11,70),(24,11,4),(24,11,31),(24,11,116),(24,11,119),(24,11,123),(24,11,144),(24,11,155),(24,11,173),(24,11,192),(24,11,211),(24,11,237),(24,11,259),(24,11,299),(24,11,311),(24,11,342),(31,11,34),(31,11,38),(31,11,44),(31,11,59),(31,11,71),(31,11,174),(37,11,2),(38,11,7),(38,11,51),(38,11,85),(45,11,7),(45,11,34),(45,11,121),(45,11,139),(45,11,172),(51,11,2),(52,11,25),(52,11,33),(52,11,38),(52,11,44),(52,11,60),(52,11,65),(52,11,84),(52,11,106),(52,11,130),(52,11,148),(58,11,2),(59,11,25),(59,11,33),(59,11,38),(59,11,44),(59,11,60),(59,11,65),(59,11,84),(59,11,106),(59,11,130),(59,11,148),(66,11,121),(72,11,2),(73,11,7),(73,11,51),(73,11,85),(79,11,2),(80,11,25),(80,11,33),(80,11,38),(80,11,44),(80,11,60),(80,11,65),(80,11,84),(80,11,106),(80,11,130),(80,11,148),(86,11,2),(87,11,25),(87,11,33),(87,11,38),(87,11,44),(87,11,60),(87,11,65),(87,11,84),(87,11,106),(87,11,130),(87,11,148),(93,11,2),(94,11,25),(94,11,33),(94,11,38),(94,11,44),(94,11,60),(94,11,65),(94,11,84),(94,11,106),(94,11,130),(94,11,148),(100,11,2),(101,11,25),(101,11,33),(101,11,38),(101,11,44),(101,11,60),(101,11,65),(101,11,84),(101,11,106),(101,11,130),(101,11,148),(108,11,11),(108,11,19),(108,11,39),(108,11,70),(115,11,4),(115,11,31),(115,11,116),(115,11,119),(115,11,123),(115,11,144),(115,11,155),(115,11,173),(115,11,192),(115,11,211),(115,11,237),(115,11,259),(115,11,299),(115,11,311),(115,11,342),(122,11,34),(122,11,38),(122,11,44),(122,11,59),(122,11,71),(122,11,174),(128,11,2),(129,11,7),(129,11,51),(129,11,85),(136,11,7),(136,11,34),(136,11,121),(136,11,139),(136,11,172),(143,11,2),(144,11,25),(144,11,33),(144,11,38),(144,11,44),(144,11,60),(144,11,65),(144,11,84),(144,11,106),(144,11,130),(144,11,148),(158,11,11),(158,11,19),(158,11,39),(158,11,70),(164,11,2),(165,11,25),(165,11,33),(165,11,38),(165,11,44),(165,11,60),(165,11,65),(165,11,84),(165,11,106),(165,11,130),(165,11,148),(171,11,2),(172,11,25),(172,11,33),(172,11,38),(172,11,44),(172,11,60),(172,11,65),(172,11,84),(172,11,106),(172,11,130),(172,11,148),(179,11,121),(186,11,4),(186,11,31),(186,11,116),(186,11,119),(186,11,123),(186,11,144),(186,11,155),(186,11,173),(186,11,192),(186,11,211),(186,11,237),(186,11,259),(186,11,299),(186,11,311),(186,11,342),(193,11,4),(193,11,31),(193,11,116),(193,11,119),(193,11,123),(193,11,144),(193,11,155),(193,11,173),(193,11,192),(193,11,211),(193,11,237),(193,11,259),(193,11,299),(193,11,311),(193,11,342),(199,11,2),(200,11,7),(200,11,51),(200,11,85),(207,11,7),(207,11,34),(207,11,121),(207,11,139),(207,11,172),(2,12,3),(3,12,149),(3,12,232),(3,12,238),(37,12,3),(38,12,52),(38,12,115),(38,12,133),(51,12,3),(52,12,149),(52,12,232),(52,12,238),(58,12,3),(59,12,149),(59,12,232),(59,12,238),(72,12,3),(73,12,52),(73,12,115),(73,12,133),(79,12,3),(80,12,149),(80,12,232),(80,12,238),(86,12,3),(87,12,149),(87,12,232),(87,12,238),(93,12,3),(94,12,149),(94,12,232),(94,12,238),(100,12,3),(101,12,149),(101,12,232),(101,12,238),(128,12,3),(129,12,52),(129,12,115),(129,12,133),(143,12,3),(144,12,149),(144,12,232),(144,12,238),(164,12,3),(165,12,149),(165,12,232),(165,12,238),(171,12,3),(172,12,149),(172,12,232),(172,12,238),(199,12,3),(200,12,52),(200,12,115),(200,12,133),(2,13,4),(2,13,9),(3,13,1),(3,13,10),(3,13,54),(3,13,63),(3,13,74),(3,13,93),(3,13,102),(3,13,113),(3,13,137),(3,13,150),(3,13,155),(3,13,178),(3,13,213),(3,13,220),(3,13,239),(3,13,244),(5,13,0),(10,13,4),(10,13,74),(37,13,4),(38,13,36),(38,13,53),(44,13,3),(45,13,24),(45,13,33),(45,13,46),(45,13,69),(45,13,87),(45,13,95),(45,13,124),(45,13,148),(45,13,157),(47,13,2),(51,13,4),(51,13,9),(52,13,1),(52,13,10),(52,13,54),(52,13,63),(52,13,74),(52,13,93),(52,13,102),(52,13,113),(52,13,137),(52,13,150),(52,13,155),(52,13,178),(52,13,213),(52,13,220),(52,13,239),(52,13,244),(54,13,0),(58,13,4),(58,13,9),(59,13,1),(59,13,10),(59,13,54),(59,13,63),(59,13,74),(59,13,93),(59,13,102),(59,13,113),(59,13,137),(59,13,150),(59,13,155),(59,13,178),(59,13,213),(59,13,220),(59,13,239),(59,13,244),(61,13,0),(66,13,4),(66,13,74),(72,13,4),(73,13,36),(73,13,53),(79,13,4),(79,13,9),(80,13,1),(80,13,10),(80,13,54),(80,13,63),(80,13,74),(80,13,93),(80,13,102),(80,13,113),(80,13,137),(80,13,150),(80,13,155),(80,13,178),(80,13,213),(80,13,220),(80,13,239),(80,13,244),(82,13,0),(86,13,4),(86,13,9),(87,13,1),(87,13,10),(87,13,54),(87,13,63),(87,13,74),(87,13,93),(87,13,102),(87,13,113),(87,13,137),(87,13,150),(87,13,155),(87,13,178),(87,13,213),(87,13,220),(87,13,239),(87,13,244),(89,13,0),(93,13,4),(93,13,9),(94,13,1),(94,13,10),(94,13,54),(94,13,63),(94,13,74),(94,13,93),(94,13,102),(94,13,113),(94,13,137),(94,13,150),(94,13,155),(94,13,178),(94,13,213),(94,13,220),(94,13,239),(94,13,244),(96,13,0),(100,13,4),(100,13,9),(101,13,1),(101,13,10),(101,13,54),(101,13,63),(101,13,74),(101,13,93),(101,13,102),(101,13,113),(101,13,137),(101,13,150),(101,13,155),(101,13,178),(101,13,213),(101,13,220),(101,13,239),(101,13,244),(103,13,0),(128,13,4),(129,13,36),(129,13,53),(135,13,3),(136,13,24),(136,13,33),(136,13,46),(136,13,69),(136,13,87),(136,13,95),(136,13,124),(136,13,148),(136,13,157),(138,13,2),(143,13,4),(143,13,9),(144,13,1),(144,13,10),(144,13,54),(144,13,63),(144,13,74),(144,13,93),(144,13,102),(144,13,113),(144,13,137),(144,13,150),(144,13,155),(144,13,178),(144,13,213),(144,13,220),(144,13,239),(144,13,244),(146,13,0),(164,13,4),(164,13,9),(165,13,1),(165,13,10),(165,13,54),(165,13,63),(165,13,74),(165,13,93),(165,13,102),(165,13,113),(165,13,137),(165,13,150),(165,13,155),(165,13,178),(165,13,213),(165,13,220),(165,13,239),(165,13,244),(167,13,0),(171,13,4),(171,13,9),(172,13,1),(172,13,10),(172,13,54),(172,13,63),(172,13,74),(172,13,93),(172,13,102),(172,13,113),(172,13,137),(172,13,150),(172,13,155),(172,13,178),(172,13,213),(172,13,220),(172,13,239),(172,13,244),(174,13,0),(179,13,4),(179,13,74),(199,13,4),(200,13,36),(200,13,53),(206,13,3),(207,13,24),(207,13,33),(207,13,46),(207,13,69),(207,13,87),(207,13,95),(207,13,124),(207,13,148),(207,13,157),(209,13,2),(2,14,5),(2,14,10),(3,14,2),(3,14,11),(3,14,36),(3,14,46),(3,14,55),(3,14,64),(3,14,75),(3,14,94),(3,14,103),(3,14,114),(3,14,138),(3,14,151),(3,14,156),(3,14,214),(3,14,221),(3,14,240),(3,14,245),(5,14,1),(10,14,75),(51,14,5),(51,14,10),(52,14,2),(52,14,11),(52,14,36),(52,14,46),(52,14,55),(52,14,64),(52,14,75),(52,14,94),(52,14,103),(52,14,114),(52,14,138),(52,14,151),(52,14,156),(52,14,214),(52,14,221),(52,14,240),(52,14,245),(54,14,1),(58,14,5),(58,14,10),(59,14,2),(59,14,11),(59,14,36),(59,14,46),(59,14,55),(59,14,64),(59,14,75),(59,14,94),(59,14,103),(59,14,114),(59,14,138),(59,14,151),(59,14,156),(59,14,214),(59,14,221),(59,14,240),(59,14,245),(61,14,1),(66,14,75),(79,14,5),(79,14,10),(80,14,2),(80,14,11),(80,14,36),(80,14,46),(80,14,55),(80,14,64),(80,14,75),(80,14,94),(80,14,103),(80,14,114),(80,14,138),(80,14,151),(80,14,156),(80,14,214),(80,14,221),(80,14,240),(80,14,245),(82,14,1),(86,14,5),(86,14,10),(87,14,2),(87,14,11),(87,14,36),(87,14,46),(87,14,55),(87,14,64),(87,14,75),(87,14,94),(87,14,103),(87,14,114),(87,14,138),(87,14,151),(87,14,156),(87,14,214),(87,14,221),(87,14,240),(87,14,245),(89,14,1),(93,14,5),(93,14,10),(94,14,2),(94,14,11),(94,14,36),(94,14,46),(94,14,55),(94,14,64),(94,14,75),(94,14,94),(94,14,103),(94,14,114),(94,14,138),(94,14,151),(94,14,156),(94,14,214),(94,14,221),(94,14,240),(94,14,245),(96,14,1),(100,14,5),(100,14,10),(101,14,2),(101,14,11),(101,14,36),(101,14,46),(101,14,55),(101,14,64),(101,14,75),(101,14,94),(101,14,103),(101,14,114),(101,14,138),(101,14,151),(101,14,156),(101,14,214),(101,14,221),(101,14,240),(101,14,245),(103,14,1),(143,14,5),(143,14,10),(144,14,2),(144,14,11),(144,14,36),(144,14,46),(144,14,55),(144,14,64),(144,14,75),(144,14,94),(144,14,103),(144,14,114),(144,14,138),(144,14,151),(144,14,156),(144,14,214),(144,14,221),(144,14,240),(144,14,245),(146,14,1),(164,14,5),(164,14,10),(165,14,2),(165,14,11),(165,14,36),(165,14,46),(165,14,55),(165,14,64),(165,14,75),(165,14,94),(165,14,103),(165,14,114),(165,14,138),(165,14,151),(165,14,156),(165,14,214),(165,14,221),(165,14,240),(165,14,245),(167,14,1),(171,14,5),(171,14,10),(172,14,2),(172,14,11),(172,14,36),(172,14,46),(172,14,55),(172,14,64),(172,14,75),(172,14,94),(172,14,103),(172,14,114),(172,14,138),(172,14,151),(172,14,156),(172,14,214),(172,14,221),(172,14,240),(172,14,245),(174,14,1),(179,14,75),(2,15,6),(3,15,47),(3,15,99),(3,15,152),(3,15,172),(3,15,176),(3,15,241),(9,15,3),(10,15,53),(10,15,66),(10,15,87),(10,15,92),(10,15,98),(10,15,111),(10,15,127),(23,15,8),(24,15,101),(24,15,138),(24,15,197),(24,15,231),(24,15,295),(24,15,384),(24,15,396),(30,15,3),(31,15,73),(31,15,83),(31,15,107),(31,15,122),(31,15,169),(31,15,234),(31,15,245),(31,15,255),(31,15,269),(37,15,5),(38,15,54),(38,15,70),(38,15,123),(38,15,127),(38,15,135),(38,15,139),(44,15,4),(45,15,16),(45,15,47),(45,15,60),(45,15,70),(45,15,109),(45,15,137),(45,15,149),(51,15,6),(52,15,47),(52,15,99),(52,15,152),(52,15,172),(52,15,176),(52,15,241),(58,15,6),(59,15,47),(59,15,99),(59,15,152),(59,15,172),(59,15,176),(59,15,241),(65,15,3),(66,15,53),(66,15,66),(66,15,87),(66,15,92),(66,15,98),(66,15,111),(66,15,127),(72,15,5),(73,15,54),(73,15,70),(73,15,123),(73,15,127),(73,15,135),(73,15,139),(79,15,6),(80,15,47),(80,15,99),(80,15,152),(80,15,172),(80,15,176),(80,15,241),(86,15,6),(87,15,47),(87,15,99),(87,15,152),(87,15,172),(87,15,176),(87,15,241),(93,15,6),(94,15,47),(94,15,99),(94,15,152),(94,15,172),(94,15,176),(94,15,241),(100,15,6),(101,15,47),(101,15,99),(101,15,152),(101,15,172),(101,15,176),(101,15,241),(114,15,8),(115,15,101),(115,15,138),(115,15,197),(115,15,231),(115,15,295),(115,15,384),(115,15,396),(121,15,3),(122,15,73),(122,15,83),(122,15,107),(122,15,122),(122,15,169),(122,15,234),(122,15,245),(122,15,255),(122,15,269),(128,15,5),(129,15,54),(129,15,70),(129,15,123),(129,15,127),(129,15,135),(129,15,139),(135,15,4),(136,15,16),(136,15,47),(136,15,60),(136,15,70),(136,15,109),(136,15,137),(136,15,149),(143,15,6),(144,15,47),(144,15,99),(144,15,152),(144,15,172),(144,15,176),(144,15,241),(164,15,6),(165,15,47),(165,15,99),(165,15,152),(165,15,172),(165,15,176),(165,15,241),(171,15,6),(172,15,47),(172,15,99),(172,15,152),(172,15,172),(172,15,176),(172,15,241),(178,15,3),(179,15,53),(179,15,66),(179,15,87),(179,15,92),(179,15,98),(179,15,111),(179,15,127),(185,15,8),(186,15,101),(186,15,138),(186,15,197),(186,15,231),(186,15,295),(186,15,384),(186,15,396),(192,15,8),(193,15,101),(193,15,138),(193,15,197),(193,15,231),(193,15,295),(193,15,384),(193,15,396),(199,15,5),(200,15,54),(200,15,70),(200,15,123),(200,15,127),(200,15,135),(200,15,139),(206,15,4),(207,15,16),(207,15,47),(207,15,60),(207,15,70),(207,15,109),(207,15,137),(207,15,149),(2,16,7),(3,16,52),(3,16,153),(3,16,218),(3,16,242),(17,16,37),(30,16,7),(31,16,111),(31,16,187),(31,16,238),(31,16,249),(31,16,259),(31,16,273),(51,16,7),(52,16,52),(52,16,153),(52,16,218),(52,16,242),(58,16,7),(59,16,52),(59,16,153),(59,16,218),(59,16,242),(79,16,7),(80,16,52),(80,16,153),(80,16,218),(80,16,242),(86,16,7),(87,16,52),(87,16,153),(87,16,218),(87,16,242),(93,16,7),(94,16,52),(94,16,153),(94,16,218),(94,16,242),(100,16,7),(101,16,52),(101,16,153),(101,16,218),(101,16,242),(108,16,37),(121,16,7),(122,16,111),(122,16,187),(122,16,238),(122,16,249),(122,16,259),(122,16,273),(143,16,7),(144,16,52),(144,16,153),(144,16,218),(144,16,242),(158,16,37),(164,16,7),(165,16,52),(165,16,153),(165,16,218),(165,16,242),(171,16,7),(172,16,52),(172,16,153),(172,16,218),(172,16,242),(2,17,8),(3,17,0),(3,17,53),(3,17,92),(3,17,101),(3,17,112),(3,17,136),(3,17,154),(3,17,219),(3,17,243),(24,17,266),(51,17,8),(52,17,0),(52,17,53),(52,17,92),(52,17,101),(52,17,112),(52,17,136),(52,17,154),(52,17,219),(52,17,243),(58,17,8),(59,17,0),(59,17,53),(59,17,92),(59,17,101),(59,17,112),(59,17,136),(59,17,154),(59,17,219),(59,17,243),(79,17,8),(80,17,0),(80,17,53),(80,17,92),(80,17,101),(80,17,112),(80,17,136),(80,17,154),(80,17,219),(80,17,243),(86,17,8),(87,17,0),(87,17,53),(87,17,92),(87,17,101),(87,17,112),(87,17,136),(87,17,154),(87,17,219),(87,17,243),(93,17,8),(94,17,0),(94,17,53),(94,17,92),(94,17,101),(94,17,112),(94,17,136),(94,17,154),(94,17,219),(94,17,243),(100,17,8),(101,17,0),(101,17,53),(101,17,92),(101,17,101),(101,17,112),(101,17,136),(101,17,154),(101,17,219),(101,17,243),(115,17,266),(143,17,8),(144,17,0),(144,17,53),(144,17,92),(144,17,101),(144,17,112),(144,17,136),(144,17,154),(144,17,219),(144,17,243),(164,17,8),(165,17,0),(165,17,53),(165,17,92),(165,17,101),(165,17,112),(165,17,136),(165,17,154),(165,17,219),(165,17,243),(171,17,8),(172,17,0),(172,17,53),(172,17,92),(172,17,101),(172,17,112),(172,17,136),(172,17,154),(172,17,219),(172,17,243),(186,17,266),(193,17,266),(2,18,11),(3,18,118),(3,18,157),(3,18,180),(3,18,246),(9,18,6),(10,18,56),(10,18,78),(12,18,3),(37,18,9),(38,18,58),(51,18,11),(52,18,118),(52,18,157),(52,18,180),(52,18,246),(58,18,11),(59,18,118),(59,18,157),(59,18,180),(59,18,246),(65,18,6),(66,18,56),(66,18,78),(68,18,3),(72,18,9),(73,18,58),(79,18,11),(80,18,118),(80,18,157),(80,18,180),(80,18,246),(86,18,11),(87,18,118),(87,18,157),(87,18,180),(87,18,246),(93,18,11),(94,18,118),(94,18,157),(94,18,180),(94,18,246),(100,18,11),(101,18,118),(101,18,157),(101,18,180),(101,18,246),(128,18,9),(129,18,58),(143,18,11),(144,18,118),(144,18,157),(144,18,180),(144,18,246),(164,18,11),(165,18,118),(165,18,157),(165,18,180),(165,18,246),(171,18,11),(172,18,118),(172,18,157),(172,18,180),(172,18,246),(178,18,6),(179,18,56),(179,18,78),(181,18,3),(199,18,9),(200,18,58),(2,19,12),(3,19,89),(3,19,119),(3,19,158),(3,19,181),(3,19,247),(10,19,79),(51,19,12),(52,19,89),(52,19,119),(52,19,158),(52,19,181),(52,19,247),(58,19,12),(59,19,89),(59,19,119),(59,19,158),(59,19,181),(59,19,247),(66,19,79),(79,19,12),(80,19,89),(80,19,119),(80,19,158),(80,19,181),(80,19,247),(86,19,12),(87,19,89),(87,19,119),(87,19,158),(87,19,181),(87,19,247),(93,19,12),(94,19,89),(94,19,119),(94,19,158),(94,19,181),(94,19,247),(100,19,12),(101,19,89),(101,19,119),(101,19,158),(101,19,181),(101,19,247),(143,19,12),(144,19,89),(144,19,119),(144,19,158),(144,19,181),(144,19,247),(164,19,12),(165,19,89),(165,19,119),(165,19,158),(165,19,181),(165,19,247),(171,19,12),(172,19,89),(172,19,119),(172,19,158),(172,19,181),(172,19,247),(179,19,79),(2,20,13),(3,20,90),(3,20,120),(3,20,159),(3,20,182),(3,20,248),(9,20,7),(10,20,57),(10,20,80),(12,20,4),(17,20,69),(37,20,10),(38,20,28),(38,20,59),(51,20,13),(52,20,90),(52,20,120),(52,20,159),(52,20,182),(52,20,248),(58,20,13),(59,20,90),(59,20,120),(59,20,159),(59,20,182),(59,20,248),(65,20,7),(66,20,57),(66,20,80),(68,20,4),(72,20,10),(73,20,28),(73,20,59),(79,20,13),(80,20,90),(80,20,120),(80,20,159),(80,20,182),(80,20,248),(86,20,13),(87,20,90),(87,20,120),(87,20,159),(87,20,182),(87,20,248),(93,20,13),(94,20,90),(94,20,120),(94,20,159),(94,20,182),(94,20,248),(100,20,13),(101,20,90),(101,20,120),(101,20,159),(101,20,182),(101,20,248),(108,20,69),(128,20,10),(129,20,28),(129,20,59),(143,20,13),(144,20,90),(144,20,120),(144,20,159),(144,20,182),(144,20,248),(158,20,69),(164,20,13),(165,20,90),(165,20,120),(165,20,159),(165,20,182),(165,20,248),(171,20,13),(172,20,90),(172,20,120),(172,20,159),(172,20,182),(172,20,248),(178,20,7),(179,20,57),(179,20,80),(181,20,4),(199,20,10),(200,20,28),(200,20,59),(2,21,14),(3,21,91),(3,21,121),(3,21,160),(3,21,183),(51,21,14),(52,21,91),(52,21,121),(52,21,160),(52,21,183),(58,21,14),(59,21,91),(59,21,121),(59,21,160),(59,21,183),(79,21,14),(80,21,91),(80,21,121),(80,21,160),(80,21,183),(86,21,14),(87,21,91),(87,21,121),(87,21,160),(87,21,183),(93,21,14),(94,21,91),(94,21,121),(94,21,160),(94,21,183),(100,21,14),(101,21,91),(101,21,121),(101,21,160),(101,21,183),(143,21,14),(144,21,91),(144,21,121),(144,21,160),(144,21,183),(164,21,14),(165,21,91),(165,21,121),(165,21,160),(165,21,183),(171,21,14),(172,21,91),(172,21,121),(172,21,160),(172,21,183),(2,22,15),(3,22,161),(3,22,184),(3,22,250),(30,22,11),(31,22,54),(31,22,115),(31,22,136),(31,22,149),(31,22,276),(51,22,15),(52,22,161),(52,22,184),(52,22,250),(58,22,15),(59,22,161),(59,22,184),(59,22,250),(79,22,15),(80,22,161),(80,22,184),(80,22,250),(86,22,15),(87,22,161),(87,22,184),(87,22,250),(93,22,15),(94,22,161),(94,22,184),(94,22,250),(100,22,15),(101,22,161),(101,22,184),(101,22,250),(121,22,11),(122,22,54),(122,22,115),(122,22,136),(122,22,149),(122,22,276),(143,22,15),(144,22,161),(144,22,184),(144,22,250),(164,22,15),(165,22,161),(165,22,184),(165,22,250),(171,22,15),(172,22,161),(172,22,184),(172,22,250),(2,23,16),(3,23,162),(3,23,185),(3,23,251),(51,23,16),(52,23,162),(52,23,185),(52,23,251),(58,23,16),(59,23,162),(59,23,185),(59,23,251),(79,23,16),(80,23,162),(80,23,185),(80,23,251),(86,23,16),(87,23,162),(87,23,185),(87,23,251),(93,23,16),(94,23,162),(94,23,185),(94,23,251),(100,23,16),(101,23,162),(101,23,185),(101,23,251),(143,23,16),(144,23,162),(144,23,185),(144,23,251),(164,23,16),(165,23,162),(165,23,185),(165,23,251),(171,23,16),(172,23,162),(172,23,185),(172,23,251),(2,24,17),(3,24,163),(3,24,186),(3,24,252),(51,24,17),(52,24,163),(52,24,186),(52,24,252),(58,24,17),(59,24,163),(59,24,186),(59,24,252),(79,24,17),(80,24,163),(80,24,186),(80,24,252),(86,24,17),(87,24,163),(87,24,186),(87,24,252),(93,24,17),(94,24,163),(94,24,186),(94,24,252),(100,24,17),(101,24,163),(101,24,186),(101,24,252),(143,24,17),(144,24,163),(144,24,186),(144,24,252),(164,24,17),(165,24,163),(165,24,186),(165,24,252),(171,24,17),(172,24,163),(172,24,186),(172,24,252),(2,25,18),(3,25,98),(3,25,164),(3,25,192),(3,25,253),(10,25,89),(23,25,19),(24,25,247),(24,25,258),(24,25,272),(30,25,13),(31,25,18),(31,25,117),(31,25,138),(31,25,151),(31,25,209),(31,25,227),(38,25,34),(38,25,63),(44,25,9),(45,25,54),(45,25,82),(45,25,154),(51,25,18),(52,25,98),(52,25,164),(52,25,192),(52,25,253),(58,25,18),(59,25,98),(59,25,164),(59,25,192),(59,25,253),(66,25,89),(73,25,34),(73,25,63),(79,25,18),(80,25,98),(80,25,164),(80,25,192),(80,25,253),(86,25,18),(87,25,98),(87,25,164),(87,25,192),(87,25,253),(93,25,18),(94,25,98),(94,25,164),(94,25,192),(94,25,253),(100,25,18),(101,25,98),(101,25,164),(101,25,192),(101,25,253),(114,25,19),(115,25,247),(115,25,258),(115,25,272),(121,25,13),(122,25,18),(122,25,117),(122,25,138),(122,25,151),(122,25,209),(122,25,227),(129,25,34),(129,25,63),(135,25,9),(136,25,54),(136,25,82),(136,25,154),(143,25,18),(144,25,98),(144,25,164),(144,25,192),(144,25,253),(164,25,18),(165,25,98),(165,25,164),(165,25,192),(165,25,253),(171,25,18),(172,25,98),(172,25,164),(172,25,192),(172,25,253),(179,25,89),(185,25,19),(186,25,247),(186,25,258),(186,25,272),(192,25,19),(193,25,247),(193,25,258),(193,25,272),(200,25,34),(200,25,63),(206,25,9),(207,25,54),(207,25,82),(207,25,154),(212,25,9),(3,26,3),(10,26,2),(17,26,2),(17,26,12),(31,26,2),(52,26,3),(59,26,3),(66,26,2),(80,26,3),(87,26,3),(94,26,3),(101,26,3),(108,26,2),(108,26,12),(122,26,2),(144,26,3),(158,26,2),(158,26,12),(165,26,3),(172,26,3),(179,26,2),(3,27,4),(52,27,4),(59,27,4),(80,27,4),(87,27,4),(94,27,4),(101,27,4),(144,27,4),(165,27,4),(172,27,4),(3,28,5),(3,28,20),(3,28,144),(10,28,48),(17,28,16),(17,28,34),(24,28,57),(24,28,221),(31,28,36),(31,28,102),(38,28,47),(45,28,32),(45,28,64),(45,28,116),(45,28,127),(45,28,161),(45,28,174),(52,28,5),(52,28,20),(52,28,144),(59,28,5),(59,28,20),(59,28,144),(66,28,48),(73,28,47),(80,28,5),(80,28,20),(80,28,144),(87,28,5),(87,28,20),(87,28,144),(94,28,5),(94,28,20),(94,28,144),(101,28,5),(101,28,20),(101,28,144),(108,28,16),(108,28,34),(115,28,57),(115,28,221),(122,28,36),(122,28,102),(129,28,47),(136,28,32),(136,28,64),(136,28,116),(136,28,127),(136,28,161),(136,28,174),(144,28,5),(144,28,20),(144,28,144),(158,28,16),(158,28,34),(165,28,5),(165,28,20),(165,28,144),(172,28,5),(172,28,20),(172,28,144),(179,28,48),(186,28,57),(186,28,221),(193,28,57),(193,28,221),(200,28,47),(207,28,32),(207,28,64),(207,28,116),(207,28,127),(207,28,161),(207,28,174),(3,29,6),(17,29,26),(52,29,6),(59,29,6),(80,29,6),(87,29,6),(94,29,6),(101,29,6),(108,29,26),(144,29,6),(158,29,26),(165,29,6),(172,29,6),(3,30,7),(52,30,7),(59,30,7),(80,30,7),(87,30,7),(94,30,7),(101,30,7),(144,30,7),(165,30,7),(172,30,7),(3,31,8),(23,31,3),(24,31,226),(24,31,327),(24,31,380),(24,31,407),(52,31,8),(59,31,8),(80,31,8),(87,31,8),(94,31,8),(101,31,8),(114,31,3),(115,31,226),(115,31,327),(115,31,380),(115,31,407),(144,31,8),(165,31,8),(172,31,8),(185,31,3),(186,31,226),(186,31,327),(186,31,380),(186,31,407),(192,31,3),(193,31,226),(193,31,327),(193,31,380),(193,31,407),(3,32,9),(3,32,72),(16,32,10),(16,32,12),(24,32,38),(24,32,51),(24,32,112),(31,32,12),(31,32,42),(31,32,46),(45,32,31),(52,32,9),(52,32,72),(59,32,9),(59,32,72),(80,32,9),(80,32,72),(87,32,9),(87,32,72),(94,32,9),(94,32,72),(101,32,9),(101,32,72),(107,32,10),(107,32,12),(115,32,38),(115,32,51),(115,32,112),(122,32,12),(122,32,42),(122,32,46),(136,32,31),(144,32,9),(144,32,72),(157,32,10),(157,32,12),(165,32,9),(165,32,72),(172,32,9),(172,32,72),(186,32,38),(186,32,51),(186,32,112),(193,32,38),(193,32,51),(193,32,112),(207,32,31),(3,33,12),(3,33,16),(10,33,119),(24,33,121),(24,33,249),(24,33,307),(30,33,6),(31,33,110),(31,33,186),(31,33,237),(31,33,248),(31,33,258),(31,33,272),(38,33,23),(45,33,38),(52,33,12),(52,33,16),(59,33,12),(59,33,16),(66,33,119),(73,33,23),(80,33,12),(80,33,16),(87,33,12),(87,33,16),(94,33,12),(94,33,16),(101,33,12),(101,33,16),(115,33,121),(115,33,249),(115,33,307),(121,33,6),(122,33,110),(122,33,186),(122,33,237),(122,33,248),(122,33,258),(122,33,272),(129,33,23),(136,33,38),(144,33,12),(144,33,16),(165,33,12),(165,33,16),(172,33,12),(172,33,16),(179,33,119),(186,33,121),(186,33,249),(186,33,307),(193,33,121),(193,33,249),(193,33,307),(200,33,23),(207,33,38),(212,33,2),(3,34,13),(24,34,308),(52,34,13),(59,34,13),(80,34,13),(87,34,13),(94,34,13),(101,34,13),(115,34,308),(144,34,13),(165,34,13),(172,34,13),(186,34,308),(193,34,308),(3,35,14),(52,35,14),(59,35,14),(80,35,14),(87,35,14),(94,35,14),(101,35,14),(144,35,14),(165,35,14),(172,35,14),(3,36,15),(52,36,15),(59,36,15),(80,36,15),(87,36,15),(94,36,15),(101,36,15),(144,36,15),(165,36,15),(172,36,15),(3,37,17),(3,37,100),(3,37,129),(3,37,134),(24,37,277),(52,37,17),(52,37,100),(52,37,129),(52,37,134),(59,37,17),(59,37,100),(59,37,129),(59,37,134),(80,37,17),(80,37,100),(80,37,129),(80,37,134),(87,37,17),(87,37,100),(87,37,129),(87,37,134),(94,37,17),(94,37,100),(94,37,129),(94,37,134),(101,37,17),(101,37,100),(101,37,129),(101,37,134),(115,37,277),(144,37,17),(144,37,100),(144,37,129),(144,37,134),(165,37,17),(165,37,100),(165,37,129),(165,37,134),(172,37,17),(172,37,100),(172,37,129),(172,37,134),(186,37,277),(193,37,277),(3,38,18),(3,38,76),(3,38,166),(3,38,193),(3,38,204),(3,38,215),(10,38,11),(10,38,32),(10,38,76),(17,38,4),(17,38,14),(24,38,14),(24,38,17),(24,38,25),(24,38,108),(24,38,114),(24,38,127),(24,38,165),(24,38,178),(24,38,187),(24,38,195),(24,38,200),(24,38,261),(24,38,293),(24,38,319),(24,38,334),(24,38,347),(24,38,353),(24,38,367),(24,38,369),(30,38,1),(31,38,13),(31,38,27),(31,38,64),(31,38,81),(31,38,105),(31,38,132),(31,38,145),(31,38,184),(31,38,264),(38,38,40),(38,38,79),(38,38,87),(38,38,101),(38,38,109),(38,38,113),(45,38,98),(45,38,101),(45,38,107),(45,38,158),(52,38,18),(52,38,76),(52,38,166),(52,38,193),(52,38,204),(52,38,215),(59,38,18),(59,38,76),(59,38,166),(59,38,193),(59,38,204),(59,38,215),(66,38,11),(66,38,32),(66,38,76),(73,38,40),(73,38,79),(73,38,87),(73,38,101),(73,38,109),(73,38,113),(80,38,18),(80,38,76),(80,38,166),(80,38,193),(80,38,204),(80,38,215),(87,38,18),(87,38,76),(87,38,166),(87,38,193),(87,38,204),(87,38,215),(94,38,18),(94,38,76),(94,38,166),(94,38,193),(94,38,204),(94,38,215),(101,38,18),(101,38,76),(101,38,166),(101,38,193),(101,38,204),(101,38,215),(108,38,4),(108,38,14),(115,38,14),(115,38,17),(115,38,25),(115,38,108),(115,38,114),(115,38,127),(115,38,165),(115,38,178),(115,38,187),(115,38,195),(115,38,200),(115,38,261),(115,38,293),(115,38,319),(115,38,334),(115,38,347),(115,38,353),(115,38,367),(115,38,369),(121,38,1),(122,38,13),(122,38,27),(122,38,64),(122,38,81),(122,38,105),(122,38,132),(122,38,145),(122,38,184),(122,38,264),(129,38,40),(129,38,79),(129,38,87),(129,38,101),(129,38,109),(129,38,113),(136,38,98),(136,38,101),(136,38,107),(136,38,158),(144,38,18),(144,38,76),(144,38,166),(144,38,193),(144,38,204),(144,38,215),(158,38,4),(158,38,14),(165,38,18),(165,38,76),(165,38,166),(165,38,193),(165,38,204),(165,38,215),(172,38,18),(172,38,76),(172,38,166),(172,38,193),(172,38,204),(172,38,215),(179,38,11),(179,38,32),(179,38,76),(186,38,14),(186,38,17),(186,38,25),(186,38,108),(186,38,114),(186,38,127),(186,38,165),(186,38,178),(186,38,187),(186,38,195),(186,38,200),(186,38,261),(186,38,293),(186,38,319),(186,38,334),(186,38,347),(186,38,353),(186,38,367),(186,38,369),(193,38,14),(193,38,17),(193,38,25),(193,38,108),(193,38,114),(193,38,127),(193,38,165),(193,38,178),(193,38,187),(193,38,195),(193,38,200),(193,38,261),(193,38,293),(193,38,319),(193,38,334),(193,38,347),(193,38,353),(193,38,367),(193,38,369),(200,38,40),(200,38,79),(200,38,87),(200,38,101),(200,38,109),(200,38,113),(207,38,98),(207,38,101),(207,38,107),(207,38,158),(3,39,19),(3,39,143),(10,39,47),(24,39,320),(38,39,46),(52,39,19),(52,39,143),(59,39,19),(59,39,143),(66,39,47),(73,39,46),(80,39,19),(80,39,143),(87,39,19),(87,39,143),(94,39,19),(94,39,143),(101,39,19),(101,39,143),(115,39,320),(129,39,46),(144,39,19),(144,39,143),(165,39,19),(165,39,143),(172,39,19),(172,39,143),(179,39,47),(186,39,320),(193,39,320),(200,39,46),(3,40,21),(3,40,58),(3,40,69),(52,40,21),(52,40,58),(52,40,69),(59,40,21),(59,40,58),(59,40,69),(80,40,21),(80,40,58),(80,40,69),(87,40,21),(87,40,58),(87,40,69),(94,40,21),(94,40,58),(94,40,69),(101,40,21),(101,40,58),(101,40,69),(144,40,21),(144,40,58),(144,40,69),(165,40,21),(165,40,58),(165,40,69),(172,40,21),(172,40,58),(172,40,69),(3,41,23),(17,41,20),(52,41,23),(59,41,23),(80,41,23),(87,41,23),(94,41,23),(101,41,23),(108,41,20),(144,41,23),(158,41,20),(165,41,23),(172,41,23),(3,42,24),(52,42,24),(59,42,24),(80,42,24),(87,42,24),(94,42,24),(101,42,24),(144,42,24),(165,42,24),(172,42,24),(3,43,26),(3,43,66),(52,43,26),(52,43,66),(59,43,26),(59,43,66),(80,43,26),(80,43,66),(87,43,26),(87,43,66),(94,43,26),(94,43,66),(101,43,26),(101,43,66),(144,43,26),(144,43,66),(165,43,26),(165,43,66),(172,43,26),(172,43,66),(3,44,27),(24,44,44),(52,44,27),(59,44,27),(80,44,27),(87,44,27),(94,44,27),(101,44,27),(115,44,44),(144,44,27),(165,44,27),(172,44,27),(186,44,44),(193,44,44),(3,45,28),(3,45,40),(52,45,28),(52,45,40),(59,45,28),(59,45,40),(80,45,28),(80,45,40),(87,45,28),(87,45,40),(94,45,28),(94,45,40),(101,45,28),(101,45,40),(144,45,28),(144,45,40),(165,45,28),(165,45,40),(172,45,28),(172,45,40),(3,46,29),(9,46,1),(10,46,0),(10,46,10),(10,46,14),(10,46,51),(10,46,112),(10,46,120),(10,46,125),(12,46,0),(52,46,29),(59,46,29),(65,46,1),(66,46,0),(66,46,10),(66,46,14),(66,46,51),(66,46,112),(66,46,120),(66,46,125),(68,46,0),(80,46,29),(87,46,29),(94,46,29),(101,46,29),(144,46,29),(165,46,29),(172,46,29),(178,46,1),(179,46,0),(179,46,10),(179,46,14),(179,46,51),(179,46,112),(179,46,120),(179,46,125),(181,46,0),(3,47,30),(52,47,30),(59,47,30),(80,47,30),(87,47,30),(94,47,30),(101,47,30),(144,47,30),(165,47,30),(172,47,30),(212,47,5),(3,48,31),(3,48,39),(3,48,179),(52,48,31),(52,48,39),(52,48,179),(59,48,31),(59,48,39),(59,48,179),(80,48,31),(80,48,39),(80,48,179),(87,48,31),(87,48,39),(87,48,179),(94,48,31),(94,48,39),(94,48,179),(101,48,31),(101,48,39),(101,48,179),(144,48,31),(144,48,39),(144,48,179),(165,48,31),(165,48,39),(165,48,179),(172,48,31),(172,48,39),(172,48,179),(3,49,32),(24,49,239),(24,49,366),(52,49,32),(59,49,32),(80,49,32),(87,49,32),(94,49,32),(101,49,32),(115,49,239),(115,49,366),(144,49,32),(165,49,32),(172,49,32),(186,49,239),(186,49,366),(193,49,239),(193,49,366),(3,50,34),(52,50,34),(59,50,34),(80,50,34),(87,50,34),(94,50,34),(101,50,34),(144,50,34),(165,50,34),(172,50,34),(3,51,35),(24,51,0),(24,51,71),(24,51,84),(24,51,90),(52,51,35),(59,51,35),(80,51,35),(87,51,35),(94,51,35),(101,51,35),(115,51,0),(115,51,71),(115,51,84),(115,51,90),(144,51,35),(165,51,35),(172,51,35),(186,51,0),(186,51,71),(186,51,84),(186,51,90),(193,51,0),(193,51,71),(193,51,84),(193,51,90),(3,52,37),(45,52,99),(52,52,37),(59,52,37),(80,52,37),(87,52,37),(94,52,37),(101,52,37),(136,52,99),(144,52,37),(165,52,37),(172,52,37),(207,52,99),(3,53,41),(38,53,12),(45,53,17),(45,53,35),(45,53,160),(52,53,41),(59,53,41),(73,53,12),(80,53,41),(87,53,41),(94,53,41),(101,53,41),(129,53,12),(136,53,17),(136,53,35),(136,53,160),(144,53,41),(165,53,41),(172,53,41),(200,53,12),(207,53,17),(207,53,35),(207,53,160),(3,54,42),(3,54,95),(31,54,62),(52,54,42),(52,54,95),(59,54,42),(59,54,95),(80,54,42),(80,54,95),(87,54,42),(87,54,95),(94,54,42),(94,54,95),(101,54,42),(101,54,95),(122,54,62),(144,54,42),(144,54,95),(165,54,42),(165,54,95),(172,54,42),(172,54,95),(3,55,43),(52,55,43),(59,55,43),(80,55,43),(87,55,43),(94,55,43),(101,55,43),(144,55,43),(165,55,43),(172,55,43),(3,56,45),(52,56,45),(59,56,45),(80,56,45),(87,56,45),(94,56,45),(101,56,45),(144,56,45),(165,56,45),(172,56,45),(3,57,48),(10,57,62),(24,57,284),(24,57,289),(24,57,296),(24,57,316),(31,57,170),(38,57,66),(45,57,132),(52,57,48),(59,57,48),(66,57,62),(73,57,66),(80,57,48),(87,57,48),(94,57,48),(101,57,48),(115,57,284),(115,57,289),(115,57,296),(115,57,316),(122,57,170),(129,57,66),(136,57,132),(144,57,48),(165,57,48),(172,57,48),(179,57,62),(186,57,284),(186,57,289),(186,57,296),(186,57,316),(193,57,284),(193,57,289),(193,57,296),(193,57,316),(200,57,66),(207,57,132),(3,58,49),(52,58,49),(59,58,49),(80,58,49),(87,58,49),(94,58,49),(101,58,49),(144,58,49),(165,58,49),(172,58,49),(3,59,50),(52,59,50),(59,59,50),(80,59,50),(87,59,50),(94,59,50),(101,59,50),(144,59,50),(165,59,50),(172,59,50),(3,60,51),(52,60,51),(59,60,51),(80,60,51),(87,60,51),(94,60,51),(101,60,51),(144,60,51),(165,60,51),(172,60,51),(3,61,56),(52,61,56),(59,61,56),(80,61,56),(87,61,56),(94,61,56),(101,61,56),(144,61,56),(165,61,56),(172,61,56),(3,62,57),(3,62,68),(3,62,78),(38,62,97),(52,62,57),(52,62,68),(52,62,78),(59,62,57),(59,62,68),(59,62,78),(73,62,97),(80,62,57),(80,62,68),(80,62,78),(87,62,57),(87,62,68),(87,62,78),(94,62,57),(94,62,68),(94,62,78),(101,62,57),(101,62,68),(101,62,78),(129,62,97),(144,62,57),(144,62,68),(144,62,78),(165,62,57),(165,62,68),(165,62,78),(172,62,57),(172,62,68),(172,62,78),(200,62,97),(3,63,61),(52,63,61),(59,63,61),(80,63,61),(87,63,61),(94,63,61),(101,63,61),(144,63,61),(165,63,61),(172,63,61),(3,64,62),(52,64,62),(59,64,62),(80,64,62),(87,64,62),(94,64,62),(101,64,62),(144,64,62),(165,64,62),(172,64,62),(3,65,67),(10,65,28),(10,65,42),(52,65,67),(59,65,67),(66,65,28),(66,65,42),(80,65,67),(87,65,67),(94,65,67),(101,65,67),(144,65,67),(165,65,67),(172,65,67),(179,65,28),(179,65,42),(3,66,70),(52,66,70),(59,66,70),(80,66,70),(87,66,70),(94,66,70),(101,66,70),(144,66,70),(165,66,70),(172,66,70),(3,67,71),(52,67,71),(59,67,71),(80,67,71),(87,67,71),(94,67,71),(101,67,71),(144,67,71),(165,67,71),(172,67,71),(3,68,73),(24,68,39),(24,68,50),(24,68,55),(24,68,62),(24,68,80),(52,68,73),(59,68,73),(80,68,73),(87,68,73),(94,68,73),(101,68,73),(115,68,39),(115,68,50),(115,68,55),(115,68,62),(115,68,80),(144,68,73),(165,68,73),(172,68,73),(186,68,39),(186,68,50),(186,68,55),(186,68,62),(186,68,80),(193,68,39),(193,68,50),(193,68,55),(193,68,62),(193,68,80),(3,69,77),(52,69,77),(59,69,77),(80,69,77),(87,69,77),(94,69,77),(101,69,77),(144,69,77),(165,69,77),(172,69,77),(3,70,79),(52,70,79),(59,70,79),(80,70,79),(87,70,79),(94,70,79),(101,70,79),(144,70,79),(165,70,79),(172,70,79),(3,71,80),(52,71,80),(59,71,80),(80,71,80),(87,71,80),(94,71,80),(101,71,80),(144,71,80),(165,71,80),(172,71,80),(3,72,81),(52,72,81),(59,72,81),(80,72,81),(87,72,81),(94,72,81),(101,72,81),(144,72,81),(165,72,81),(172,72,81),(3,73,82),(52,73,82),(59,73,82),(80,73,82),(87,73,82),(94,73,82),(101,73,82),(144,73,82),(165,73,82),(172,73,82),(3,74,83),(5,74,2),(52,74,83),(54,74,2),(59,74,83),(61,74,2),(80,74,83),(82,74,2),(87,74,83),(89,74,2),(94,74,83),(96,74,2),(101,74,83),(103,74,2),(144,74,83),(146,74,2),(165,74,83),(167,74,2),(172,74,83),(174,74,2),(3,75,85),(5,75,3),(52,75,85),(54,75,3),(59,75,85),(61,75,3),(80,75,85),(82,75,3),(87,75,85),(89,75,3),(94,75,85),(96,75,3),(101,75,85),(103,75,3),(144,75,85),(146,75,3),(165,75,85),(167,75,3),(172,75,85),(174,75,3),(3,76,86),(52,76,86),(59,76,86),(80,76,86),(87,76,86),(94,76,86),(101,76,86),(144,76,86),(165,76,86),(172,76,86),(3,77,87),(52,77,87),(59,77,87),(80,77,87),(87,77,87),(94,77,87),(101,77,87),(144,77,87),(165,77,87),(172,77,87),(3,78,88),(52,78,88),(59,78,88),(80,78,88),(87,78,88),(94,78,88),(101,78,88),(144,78,88),(165,78,88),(172,78,88),(3,79,96),(3,79,116),(17,79,58),(52,79,96),(52,79,116),(59,79,96),(59,79,116),(80,79,96),(80,79,116),(87,79,96),(87,79,116),(94,79,96),(94,79,116),(101,79,96),(101,79,116),(108,79,58),(144,79,96),(144,79,116),(158,79,58),(165,79,96),(165,79,116),(172,79,96),(172,79,116),(3,80,97),(3,80,108),(3,80,122),(3,80,188),(10,80,15),(16,80,4),(23,80,13),(24,80,70),(24,80,83),(24,80,89),(24,80,134),(24,80,240),(24,80,339),(24,80,417),(31,80,16),(31,80,50),(31,80,93),(38,80,11),(38,80,33),(45,80,50),(52,80,97),(52,80,108),(52,80,122),(52,80,188),(59,80,97),(59,80,108),(59,80,122),(59,80,188),(66,80,15),(73,80,11),(73,80,33),(80,80,97),(80,80,108),(80,80,122),(80,80,188),(87,80,97),(87,80,108),(87,80,122),(87,80,188),(94,80,97),(94,80,108),(94,80,122),(94,80,188),(101,80,97),(101,80,108),(101,80,122),(101,80,188),(107,80,4),(114,80,13),(115,80,70),(115,80,83),(115,80,89),(115,80,134),(115,80,240),(115,80,339),(115,80,417),(122,80,16),(122,80,50),(122,80,93),(129,80,11),(129,80,33),(136,80,50),(144,80,97),(144,80,108),(144,80,122),(144,80,188),(157,80,4),(165,80,97),(165,80,108),(165,80,122),(165,80,188),(172,80,97),(172,80,108),(172,80,122),(172,80,188),(179,80,15),(185,80,13),(186,80,70),(186,80,83),(186,80,89),(186,80,134),(186,80,240),(186,80,339),(186,80,417),(192,80,13),(193,80,70),(193,80,83),(193,80,89),(193,80,134),(193,80,240),(193,80,339),(193,80,417),(200,80,11),(200,80,33),(207,80,50),(3,81,104),(3,81,126),(3,81,131),(3,81,199),(10,81,83),(17,81,7),(17,81,24),(17,81,73),(24,81,47),(24,81,110),(24,81,204),(24,81,301),(24,81,363),(31,81,6),(31,81,57),(31,81,226),(38,81,31),(52,81,104),(52,81,126),(52,81,131),(52,81,199),(59,81,104),(59,81,126),(59,81,131),(59,81,199),(66,81,83),(73,81,31),(80,81,104),(80,81,126),(80,81,131),(80,81,199),(87,81,104),(87,81,126),(87,81,131),(87,81,199),(94,81,104),(94,81,126),(94,81,131),(94,81,199),(101,81,104),(101,81,126),(101,81,131),(101,81,199),(108,81,7),(108,81,24),(108,81,73),(115,81,47),(115,81,110),(115,81,204),(115,81,301),(115,81,363),(122,81,6),(122,81,57),(122,81,226),(129,81,31),(144,81,104),(144,81,126),(144,81,131),(144,81,199),(158,81,7),(158,81,24),(158,81,73),(165,81,104),(165,81,126),(165,81,131),(165,81,199),(172,81,104),(172,81,126),(172,81,131),(172,81,199),(179,81,83),(186,81,47),(186,81,110),(186,81,204),(186,81,301),(186,81,363),(193,81,47),(193,81,110),(193,81,204),(193,81,301),(193,81,363),(200,81,31),(3,82,105),(3,82,132),(30,82,9),(31,82,0),(31,82,20),(31,82,23),(31,82,26),(31,82,52),(31,82,61),(31,82,63),(31,82,68),(31,82,72),(31,82,75),(31,82,80),(31,82,85),(31,82,89),(31,82,95),(31,82,113),(31,82,134),(31,82,147),(31,82,189),(31,82,239),(31,82,250),(31,82,260),(31,82,274),(33,82,2),(38,82,32),(52,82,105),(52,82,132),(59,82,105),(59,82,132),(73,82,32),(80,82,105),(80,82,132),(87,82,105),(87,82,132),(94,82,105),(94,82,132),(101,82,105),(101,82,132),(121,82,9),(122,82,0),(122,82,20),(122,82,23),(122,82,26),(122,82,52),(122,82,61),(122,82,63),(122,82,68),(122,82,72),(122,82,75),(122,82,80),(122,82,85),(122,82,89),(122,82,95),(122,82,113),(122,82,134),(122,82,147),(122,82,189),(122,82,239),(122,82,250),(122,82,260),(122,82,274),(124,82,2),(129,82,32),(144,82,105),(144,82,132),(165,82,105),(165,82,132),(172,82,105),(172,82,132),(200,82,32),(3,83,107),(3,83,127),(52,83,107),(52,83,127),(59,83,107),(59,83,127),(80,83,107),(80,83,127),(87,83,107),(87,83,127),(94,83,107),(94,83,127),(101,83,107),(101,83,127),(144,83,107),(144,83,127),(165,83,107),(165,83,127),(172,83,107),(172,83,127),(3,84,109),(52,84,109),(59,84,109),(80,84,109),(87,84,109),(94,84,109),(101,84,109),(144,84,109),(165,84,109),(172,84,109),(3,85,110),(52,85,110),(59,85,110),(80,85,110),(87,85,110),(94,85,110),(101,85,110),(144,85,110),(165,85,110),(172,85,110),(3,86,111),(3,86,142),(17,86,32),(17,86,57),(24,86,1),(24,86,104),(24,86,220),(24,86,251),(31,86,100),(31,86,128),(38,86,27),(38,86,45),(38,86,65),(45,86,40),(45,86,74),(52,86,111),(52,86,142),(59,86,111),(59,86,142),(73,86,27),(73,86,45),(73,86,65),(80,86,111),(80,86,142),(87,86,111),(87,86,142),(94,86,111),(94,86,142),(101,86,111),(101,86,142),(108,86,32),(108,86,57),(115,86,1),(115,86,104),(115,86,220),(115,86,251),(122,86,100),(122,86,128),(129,86,27),(129,86,45),(129,86,65),(136,86,40),(136,86,74),(144,86,111),(144,86,142),(158,86,32),(158,86,57),(165,86,111),(165,86,142),(172,86,111),(172,86,142),(186,86,1),(186,86,104),(186,86,220),(186,86,251),(193,86,1),(193,86,104),(193,86,220),(193,86,251),(200,86,27),(200,86,45),(200,86,65),(207,86,40),(207,86,74),(3,87,115),(31,87,21),(31,87,215),(31,87,223),(52,87,115),(59,87,115),(80,87,115),(87,87,115),(94,87,115),(101,87,115),(122,87,21),(122,87,215),(122,87,223),(144,87,115),(165,87,115),(172,87,115),(3,88,117),(31,88,19),(31,88,130),(31,88,143),(45,88,86),(52,88,117),(59,88,117),(80,88,117),(87,88,117),(94,88,117),(101,88,117),(122,88,19),(122,88,130),(122,88,143),(136,88,86),(144,88,117),(165,88,117),(172,88,117),(207,88,86),(3,89,123),(3,89,189),(10,89,84),(38,89,17),(45,89,19),(52,89,123),(52,89,189),(59,89,123),(59,89,189),(66,89,84),(73,89,17),(80,89,123),(80,89,189),(87,89,123),(87,89,189),(94,89,123),(94,89,189),(101,89,123),(101,89,189),(129,89,17),(136,89,19),(144,89,123),(144,89,189),(165,89,123),(165,89,189),(172,89,123),(172,89,189),(179,89,84),(200,89,17),(207,89,19),(3,90,124),(52,90,124),(59,90,124),(80,90,124),(87,90,124),(94,90,124),(101,90,124),(144,90,124),(165,90,124),(172,90,124),(3,91,125),(52,91,125),(59,91,125),(80,91,125),(87,91,125),(94,91,125),(101,91,125),(144,91,125),(165,91,125),(172,91,125),(3,92,128),(3,92,133),(31,92,60),(45,92,159),(52,92,128),(52,92,133),(59,92,128),(59,92,133),(80,92,128),(80,92,133),(87,92,128),(87,92,133),(94,92,128),(94,92,133),(101,92,128),(101,92,133),(122,92,60),(136,92,159),(144,92,128),(144,92,133),(165,92,128),(165,92,133),(172,92,128),(172,92,133),(207,92,159),(3,93,135),(52,93,135),(59,93,135),(80,93,135),(87,93,135),(94,93,135),(101,93,135),(144,93,135),(165,93,135),(172,93,135),(3,94,139),(10,94,20),(10,94,26),(52,94,139),(59,94,139),(66,94,20),(66,94,26),(80,94,139),(87,94,139),(94,94,139),(101,94,139),(144,94,139),(165,94,139),(172,94,139),(179,94,20),(179,94,26),(3,95,140),(52,95,140),(59,95,140),(80,95,140),(87,95,140),(94,95,140),(101,95,140),(144,95,140),(165,95,140),(172,95,140),(3,96,141),(10,96,46),(10,96,61),(10,96,106),(17,96,31),(24,96,219),(24,96,250),(31,96,99),(31,96,119),(31,96,127),(31,96,179),(38,96,44),(38,96,64),(38,96,75),(38,96,96),(45,96,39),(45,96,56),(45,96,73),(45,96,84),(45,96,104),(45,96,141),(52,96,141),(59,96,141),(66,96,46),(66,96,61),(66,96,106),(73,96,44),(73,96,64),(73,96,75),(73,96,96),(80,96,141),(87,96,141),(94,96,141),(101,96,141),(108,96,31),(115,96,219),(115,96,250),(122,96,99),(122,96,119),(122,96,127),(122,96,179),(129,96,44),(129,96,64),(129,96,75),(129,96,96),(136,96,39),(136,96,56),(136,96,73),(136,96,84),(136,96,104),(136,96,141),(144,96,141),(158,96,31),(165,96,141),(172,96,141),(179,96,46),(179,96,61),(179,96,106),(186,96,219),(186,96,250),(193,96,219),(193,96,250),(200,96,44),(200,96,64),(200,96,75),(200,96,96),(207,96,39),(207,96,56),(207,96,73),(207,96,84),(207,96,104),(207,96,141),(3,97,145),(10,97,49),(17,97,35),(24,97,222),(24,97,321),(31,97,103),(38,97,48),(45,97,42),(45,97,117),(52,97,145),(59,97,145),(66,97,49),(73,97,48),(80,97,145),(87,97,145),(94,97,145),(101,97,145),(108,97,35),(115,97,222),(115,97,321),(122,97,103),(129,97,48),(136,97,42),(136,97,117),(144,97,145),(158,97,35),(165,97,145),(172,97,145),(179,97,49),(186,97,222),(186,97,321),(193,97,222),(193,97,321),(200,97,48),(207,97,42),(207,97,117),(3,98,165),(10,98,63),(38,98,67),(45,98,55),(52,98,165),(59,98,165),(66,98,63),(73,98,67),(80,98,165),(87,98,165),(94,98,165),(101,98,165),(129,98,67),(136,98,55),(144,98,165),(165,98,165),(172,98,165),(179,98,63),(200,98,67),(207,98,55),(3,99,167),(3,99,205),(24,99,262),(24,99,335),(45,99,115),(52,99,167),(52,99,205),(59,99,167),(59,99,205),(80,99,167),(80,99,205),(87,99,167),(87,99,205),(94,99,167),(94,99,205),(101,99,167),(101,99,205),(115,99,262),(115,99,335),(136,99,115),(144,99,167),(144,99,205),(165,99,167),(165,99,205),(172,99,167),(172,99,205),(186,99,262),(186,99,335),(193,99,262),(193,99,335),(207,99,115),(3,100,168),(3,100,197),(3,100,206),(10,100,68),(10,100,72),(17,100,33),(24,100,252),(24,100,263),(24,100,314),(24,100,336),(24,100,346),(24,100,361),(24,100,374),(31,100,101),(31,100,129),(31,100,142),(31,100,157),(31,100,163),(38,100,2),(45,100,41),(45,100,57),(45,100,85),(45,100,94),(52,100,168),(52,100,197),(52,100,206),(59,100,168),(59,100,197),(59,100,206),(66,100,68),(66,100,72),(73,100,2),(80,100,168),(80,100,197),(80,100,206),(87,100,168),(87,100,197),(87,100,206),(94,100,168),(94,100,197),(94,100,206),(101,100,168),(101,100,197),(101,100,206),(108,100,33),(115,100,252),(115,100,263),(115,100,314),(115,100,336),(115,100,346),(115,100,361),(115,100,374),(122,100,101),(122,100,129),(122,100,142),(122,100,157),(122,100,163),(129,100,2),(136,100,41),(136,100,57),(136,100,85),(136,100,94),(144,100,168),(144,100,197),(144,100,206),(158,100,33),(165,100,168),(165,100,197),(165,100,206),(172,100,168),(172,100,197),(172,100,206),(179,100,68),(179,100,72),(186,100,252),(186,100,263),(186,100,314),(186,100,336),(186,100,346),(186,100,361),(186,100,374),(193,100,252),(193,100,263),(193,100,314),(193,100,336),(193,100,346),(193,100,361),(193,100,374),(200,100,2),(207,100,41),(207,100,57),(207,100,85),(207,100,94),(3,101,169),(52,101,169),(59,101,169),(80,101,169),(87,101,169),(94,101,169),(101,101,169),(144,101,169),(165,101,169),(172,101,169),(3,102,170),(31,102,120),(38,102,68),(45,102,58),(52,102,170),(59,102,170),(73,102,68),(80,102,170),(87,102,170),(94,102,170),(101,102,170),(122,102,120),(129,102,68),(136,102,58),(144,102,170),(151,102,33),(165,102,170),(172,102,170),(200,102,68),(207,102,58),(3,103,171),(10,103,65),(31,103,121),(38,103,69),(45,103,59),(52,103,171),(59,103,171),(66,103,65),(73,103,69),(80,103,171),(87,103,171),(94,103,171),(101,103,171),(122,103,121),(129,103,69),(136,103,59),(144,103,171),(165,103,171),(172,103,171),(179,103,65),(200,103,69),(207,103,59),(3,104,173),(10,104,67),(31,104,123),(38,104,71),(45,104,61),(52,104,173),(59,104,173),(66,104,67),(73,104,71),(80,104,173),(87,104,173),(94,104,173),(101,104,173),(122,104,123),(129,104,71),(136,104,61),(144,104,173),(165,104,173),(172,104,173),(179,104,67),(200,104,71),(207,104,61),(3,105,174),(10,105,69),(31,105,124),(38,105,72),(45,105,62),(52,105,174),(59,105,174),(66,105,69),(73,105,72),(80,105,174),(87,105,174),(94,105,174),(101,105,174),(122,105,124),(129,105,72),(136,105,62),(144,105,174),(151,105,35),(165,105,174),(172,105,174),(179,105,69),(200,105,72),(207,105,62),(3,106,175),(10,106,70),(31,106,125),(38,106,73),(45,106,63),(52,106,175),(59,106,175),(66,106,70),(73,106,73),(80,106,175),(87,106,175),(94,106,175),(101,106,175),(122,106,125),(129,106,73),(136,106,63),(144,106,175),(151,106,36),(165,106,175),(172,106,175),(179,106,70),(200,106,73),(207,106,63),(3,107,177),(3,107,200),(10,107,71),(24,107,248),(31,107,126),(45,107,83),(52,107,177),(52,107,200),(59,107,177),(59,107,200),(66,107,71),(80,107,177),(80,107,200),(87,107,177),(87,107,200),(94,107,177),(94,107,200),(101,107,177),(101,107,200),(115,107,248),(122,107,126),(136,107,83),(144,107,177),(144,107,200),(165,107,177),(165,107,200),(172,107,177),(172,107,200),(179,107,71),(186,107,248),(193,107,248),(207,107,83),(3,108,187),(24,108,287),(31,108,25),(52,108,187),(59,108,187),(80,108,187),(87,108,187),(94,108,187),(101,108,187),(115,108,287),(122,108,25),(144,108,187),(165,108,187),(172,108,187),(186,108,287),(193,108,287),(3,109,190),(52,109,190),(59,109,190),(80,109,190),(87,109,190),(94,109,190),(101,109,190),(144,109,190),(165,109,190),(172,109,190),(3,110,191),(52,110,191),(59,110,191),(80,110,191),(87,110,191),(94,110,191),(101,110,191),(144,110,191),(165,110,191),(172,110,191),(3,111,194),(31,111,139),(31,111,152),(45,111,105),(52,111,194),(59,111,194),(80,111,194),(87,111,194),(94,111,194),(101,111,194),(122,111,139),(122,111,152),(136,111,105),(144,111,194),(165,111,194),(172,111,194),(207,111,105),(3,112,195),(10,112,91),(10,112,95),(10,112,109),(10,112,115),(24,112,5),(24,112,217),(31,112,140),(31,112,153),(31,112,192),(31,112,202),(31,112,211),(31,112,219),(31,112,229),(38,112,38),(38,112,39),(38,112,84),(38,112,93),(38,112,107),(38,112,111),(38,112,118),(52,112,195),(59,112,195),(66,112,91),(66,112,95),(66,112,109),(66,112,115),(73,112,38),(73,112,39),(73,112,84),(73,112,93),(73,112,107),(73,112,111),(73,112,118),(80,112,195),(87,112,195),(94,112,195),(101,112,195),(115,112,5),(115,112,217),(122,112,140),(122,112,153),(122,112,192),(122,112,202),(122,112,211),(122,112,219),(122,112,229),(129,112,38),(129,112,39),(129,112,84),(129,112,93),(129,112,107),(129,112,111),(129,112,118),(144,112,195),(165,112,195),(172,112,195),(179,112,91),(179,112,95),(179,112,109),(179,112,115),(186,112,5),(186,112,217),(193,112,5),(193,112,217),(200,112,38),(200,112,39),(200,112,84),(200,112,93),(200,112,107),(200,112,111),(200,112,118),(3,113,196),(52,113,196),(59,113,196),(80,113,196),(87,113,196),(94,113,196),(101,113,196),(144,113,196),(165,113,196),(172,113,196),(3,114,198),(3,114,222),(3,114,228),(24,114,264),(31,114,195),(31,114,205),(31,114,213),(31,114,221),(52,114,198),(52,114,222),(52,114,228),(59,114,198),(59,114,222),(59,114,228),(80,114,198),(80,114,222),(80,114,228),(87,114,198),(87,114,222),(87,114,228),(94,114,198),(94,114,222),(94,114,228),(101,114,198),(101,114,222),(101,114,228),(115,114,264),(122,114,195),(122,114,205),(122,114,213),(122,114,221),(144,114,198),(144,114,222),(144,114,228),(165,114,198),(165,114,222),(165,114,228),(172,114,198),(172,114,222),(172,114,228),(186,114,264),(193,114,264),(3,115,201),(31,115,154),(31,115,160),(45,115,110),(52,115,201),(59,115,201),(80,115,201),(87,115,201),(94,115,201),(101,115,201),(122,115,154),(122,115,160),(136,115,110),(144,115,201),(165,115,201),(172,115,201),(207,115,110),(3,116,202),(52,116,202),(59,116,202),(80,116,202),(87,116,202),(94,116,202),(101,116,202),(144,116,202),(165,116,202),(172,116,202),(3,117,203),(10,117,93),(10,117,97),(24,117,260),(24,117,275),(31,117,141),(31,117,156),(45,117,93),(52,117,203),(59,117,203),(66,117,93),(66,117,97),(80,117,203),(87,117,203),(94,117,203),(101,117,203),(115,117,260),(115,117,275),(122,117,141),(122,117,156),(136,117,93),(144,117,203),(165,117,203),(172,117,203),(179,117,93),(179,117,97),(186,117,260),(186,117,275),(193,117,260),(193,117,275),(207,117,93),(3,118,207),(52,118,207),(59,118,207),(80,118,207),(87,118,207),(94,118,207),(101,118,207),(144,118,207),(165,118,207),(172,118,207),(3,119,208),(10,119,101),(10,119,104),(24,119,281),(31,119,158),(45,119,112),(52,119,208),(59,119,208),(66,119,101),(66,119,104),(80,119,208),(87,119,208),(94,119,208),(101,119,208),(115,119,281),(122,119,158),(136,119,112),(144,119,208),(151,119,43),(165,119,208),(172,119,208),(179,119,101),(179,119,104),(186,119,281),(193,119,281),(207,119,112),(3,120,209),(10,120,105),(10,120,130),(24,120,345),(24,120,376),(24,120,391),(24,120,395),(31,120,178),(38,120,74),(38,120,95),(45,120,140),(52,120,209),(59,120,209),(66,120,105),(66,120,130),(73,120,74),(73,120,95),(80,120,209),(87,120,209),(94,120,209),(101,120,209),(115,120,345),(115,120,376),(115,120,391),(115,120,395),(122,120,178),(129,120,74),(129,120,95),(136,120,140),(144,120,209),(165,120,209),(172,120,209),(179,120,105),(179,120,130),(186,120,345),(186,120,376),(186,120,391),(186,120,395),(193,120,345),(193,120,376),(193,120,391),(193,120,395),(200,120,74),(200,120,95),(207,120,140),(3,121,210),(52,121,210),(59,121,210),(80,121,210),(87,121,210),(94,121,210),(101,121,210),(144,121,210),(165,121,210),(172,121,210),(3,122,211),(31,122,92),(52,122,211),(59,122,211),(80,122,211),(87,122,211),(94,122,211),(101,122,211),(122,122,92),(144,122,211),(165,122,211),(172,122,211),(3,123,212),(24,123,2),(45,123,28),(52,123,212),(59,123,212),(80,123,212),(87,123,212),(94,123,212),(101,123,212),(115,123,2),(136,123,28),(144,123,212),(165,123,212),(172,123,212),(186,123,2),(193,123,2),(207,123,28),(3,124,216),(10,124,6),(10,124,12),(24,124,58),(24,124,93),(24,124,99),(24,124,160),(24,124,358),(24,124,401),(38,124,21),(38,124,88),(38,124,102),(38,124,129),(52,124,216),(59,124,216),(66,124,6),(66,124,12),(73,124,21),(73,124,88),(73,124,102),(73,124,129),(80,124,216),(87,124,216),(94,124,216),(101,124,216),(115,124,58),(115,124,93),(115,124,99),(115,124,160),(115,124,358),(115,124,401),(129,124,21),(129,124,88),(129,124,102),(129,124,129),(144,124,216),(165,124,216),(172,124,216),(179,124,6),(179,124,12),(186,124,58),(186,124,93),(186,124,99),(186,124,160),(186,124,358),(186,124,401),(193,124,58),(193,124,93),(193,124,99),(193,124,160),(193,124,358),(193,124,401),(200,124,21),(200,124,88),(200,124,102),(200,124,129),(3,125,217),(52,125,217),(59,125,217),(80,125,217),(87,125,217),(94,125,217),(101,125,217),(144,125,217),(165,125,217),(172,125,217),(3,126,223),(3,126,229),(31,126,196),(31,126,206),(31,126,214),(31,126,222),(52,126,223),(52,126,229),(59,126,223),(59,126,229),(80,126,223),(80,126,229),(87,126,223),(87,126,229),(94,126,223),(94,126,229),(101,126,223),(101,126,229),(122,126,196),(122,126,206),(122,126,214),(122,126,222),(144,126,223),(144,126,229),(165,126,223),(165,126,229),(172,126,223),(172,126,229),(3,127,224),(3,127,230),(10,127,110),(10,127,116),(24,127,351),(24,127,362),(24,127,373),(38,127,78),(38,127,86),(38,127,100),(38,127,108),(38,127,112),(38,127,122),(38,127,134),(45,127,106),(52,127,224),(52,127,230),(59,127,224),(59,127,230),(66,127,110),(66,127,116),(73,127,78),(73,127,86),(73,127,100),(73,127,108),(73,127,112),(73,127,122),(73,127,134),(80,127,224),(80,127,230),(87,127,224),(87,127,230),(94,127,224),(94,127,230),(101,127,224),(101,127,230),(115,127,351),(115,127,362),(115,127,373),(129,127,78),(129,127,86),(129,127,100),(129,127,108),(129,127,112),(129,127,122),(129,127,134),(136,127,106),(144,127,224),(144,127,230),(165,127,224),(165,127,230),(172,127,224),(172,127,230),(179,127,110),(179,127,116),(186,127,351),(186,127,362),(186,127,373),(193,127,351),(193,127,362),(193,127,373),(200,127,78),(200,127,86),(200,127,100),(200,127,108),(200,127,112),(200,127,122),(200,127,134),(207,127,106),(3,128,225),(3,128,231),(31,128,28),(38,128,114),(52,128,225),(52,128,231),(59,128,225),(59,128,231),(73,128,114),(80,128,225),(80,128,231),(87,128,225),(87,128,231),(94,128,225),(94,128,231),(101,128,225),(101,128,231),(122,128,28),(129,128,114),(144,128,225),(144,128,231),(165,128,225),(165,128,231),(172,128,225),(172,128,231),(200,128,114),(3,129,227),(24,129,140),(24,129,182),(24,129,349),(52,129,227),(59,129,227),(80,129,227),(87,129,227),(94,129,227),(101,129,227),(115,129,140),(115,129,182),(115,129,349),(144,129,227),(165,129,227),(172,129,227),(186,129,140),(186,129,182),(186,129,349),(193,129,140),(193,129,182),(193,129,349),(3,130,233),(52,130,233),(59,130,233),(80,130,233),(87,130,233),(94,130,233),(101,130,233),(144,130,233),(165,130,233),(172,130,233),(3,131,234),(52,131,234),(59,131,234),(80,131,234),(87,131,234),(94,131,234),(101,131,234),(144,131,234),(165,131,234),(172,131,234),(3,132,235),(24,132,402),(31,132,230),(31,132,241),(31,132,252),(31,132,262),(38,132,119),(38,132,130),(45,132,143),(52,132,235),(59,132,235),(73,132,119),(73,132,130),(80,132,235),(87,132,235),(94,132,235),(101,132,235),(115,132,402),(122,132,230),(122,132,241),(122,132,252),(122,132,262),(129,132,119),(129,132,130),(136,132,143),(144,132,235),(165,132,235),(172,132,235),(186,132,402),(193,132,402),(200,132,119),(200,132,130),(207,132,143),(3,133,249),(52,133,249),(59,133,249),(80,133,249),(87,133,249),(94,133,249),(101,133,249),(144,133,249),(165,133,249),(172,133,249),(8,134,0),(8,134,1),(64,134,0),(64,134,1),(141,134,0),(141,134,1),(177,134,0),(177,134,1),(8,135,6),(64,135,6),(141,135,6),(177,135,6),(8,136,7),(64,136,7),(141,136,7),(177,136,7),(8,137,9),(16,137,11),(17,137,60),(22,137,3),(64,137,9),(107,137,11),(108,137,60),(113,137,3),(141,137,9),(157,137,11),(158,137,60),(177,137,9),(184,137,3),(191,137,3),(220,137,3),(227,137,4),(227,137,10),(9,138,2),(10,138,1),(10,138,17),(10,138,52),(10,138,113),(10,138,126),(12,138,1),(24,138,3),(24,138,56),(65,138,2),(66,138,1),(66,138,17),(66,138,52),(66,138,113),(66,138,126),(68,138,1),(115,138,3),(115,138,56),(178,138,2),(179,138,1),(179,138,17),(179,138,52),(179,138,113),(179,138,126),(181,138,1),(186,138,3),(186,138,56),(193,138,3),(193,138,56),(9,139,4),(10,139,54),(10,139,128),(65,139,4),(66,139,54),(66,139,128),(178,139,4),(179,139,54),(179,139,128),(9,140,5),(10,140,45),(10,140,55),(10,140,118),(10,140,129),(12,140,2),(65,140,5),(66,140,45),(66,140,55),(66,140,118),(66,140,129),(68,140,2),(150,140,3),(151,140,0),(151,140,10),(151,140,16),(151,140,25),(151,140,82),(153,140,0),(178,140,5),(179,140,45),(179,140,55),(179,140,118),(179,140,129),(181,140,2),(9,141,8),(10,141,58),(10,141,81),(12,141,5),(65,141,8),(66,141,58),(66,141,81),(68,141,5),(178,141,8),(179,141,58),(179,141,81),(181,141,5),(9,142,9),(10,142,59),(12,142,6),(17,142,55),(44,142,7),(45,142,52),(45,142,80),(45,142,91),(45,142,152),(65,142,9),(66,142,59),(68,142,6),(108,142,55),(135,142,7),(136,142,52),(136,142,80),(136,142,91),(136,142,152),(158,142,55),(178,142,9),(179,142,59),(181,142,6),(206,142,7),(207,142,52),(207,142,80),(207,142,91),(207,142,152),(9,143,10),(10,143,60),(10,143,82),(12,143,7),(44,143,8),(45,143,53),(45,143,81),(45,143,92),(45,143,153),(65,143,10),(66,143,60),(66,143,82),(68,143,7),(135,143,8),(136,143,53),(136,143,81),(136,143,92),(136,143,153),(178,143,10),(179,143,60),(179,143,82),(181,143,7),(206,143,8),(207,143,53),(207,143,81),(207,143,92),(207,143,153),(9,144,11),(65,144,11),(178,144,11),(9,145,12),(65,145,12),(178,145,12),(9,146,13),(17,146,75),(65,146,13),(108,146,75),(158,146,75),(178,146,13),(10,147,3),(66,147,3),(179,147,3),(10,148,5),(10,148,18),(24,148,28),(24,148,276),(31,148,47),(66,148,5),(66,148,18),(115,148,28),(115,148,276),(122,148,47),(179,148,5),(179,148,18),(186,148,28),(186,148,276),(193,148,28),(193,148,276),(10,149,7),(66,149,7),(179,149,7),(10,150,8),(66,150,8),(179,150,8),(10,151,9),(66,151,9),(179,151,9),(10,152,13),(24,152,115),(24,152,147),(66,152,13),(115,152,115),(115,152,147),(179,152,13),(186,152,115),(186,152,147),(193,152,115),(193,152,147),(10,153,16),(66,153,16),(179,153,16),(10,154,19),(66,154,19),(179,154,19),(10,155,21),(66,155,21),(151,155,102),(179,155,21),(10,156,22),(66,156,22),(179,156,22),(10,157,23),(66,157,23),(179,157,23),(10,158,24),(66,158,24),(179,158,24),(10,159,25),(66,159,25),(179,159,25),(10,160,27),(66,160,27),(179,160,27),(10,161,29),(45,161,169),(66,161,29),(136,161,169),(179,161,29),(207,161,169),(10,162,30),(10,162,117),(24,162,209),(24,162,212),(66,162,30),(66,162,117),(115,162,209),(115,162,212),(179,162,30),(179,162,117),(186,162,209),(186,162,212),(193,162,209),(193,162,212),(10,163,31),(66,163,31),(179,163,31),(10,164,33),(66,164,33),(179,164,33),(10,165,34),(24,165,42),(66,165,34),(115,165,42),(179,165,34),(186,165,42),(193,165,42),(10,166,35),(66,166,35),(179,166,35),(10,167,36),(66,167,36),(179,167,36),(10,168,37),(24,168,154),(24,168,162),(24,168,360),(66,168,37),(115,168,154),(115,168,162),(115,168,360),(179,168,37),(186,168,154),(186,168,162),(186,168,360),(193,168,154),(193,168,162),(193,168,360),(10,169,38),(66,169,38),(179,169,38),(10,170,39),(66,170,39),(179,170,39),(10,171,40),(66,171,40),(179,171,40),(10,172,41),(66,172,41),(179,172,41),(10,173,43),(66,173,43),(179,173,43),(10,174,44),(66,174,44),(179,174,44),(10,175,64),(66,175,64),(179,175,64),(10,176,73),(66,176,73),(179,176,73),(10,177,77),(66,177,77),(179,177,77),(10,178,85),(66,178,85),(179,178,85),(10,179,86),(38,179,15),(45,179,15),(66,179,86),(73,179,15),(129,179,15),(136,179,15),(179,179,86),(200,179,15),(207,179,15),(10,180,88),(66,180,88),(179,180,88),(10,181,90),(10,181,94),(10,181,108),(10,181,114),(24,181,350),(31,181,191),(31,181,201),(31,181,210),(31,181,218),(31,181,228),(38,181,92),(38,181,106),(38,181,117),(66,181,90),(66,181,94),(66,181,108),(66,181,114),(73,181,92),(73,181,106),(73,181,117),(115,181,350),(122,181,191),(122,181,201),(122,181,210),(122,181,218),(122,181,228),(129,181,92),(129,181,106),(129,181,117),(179,181,90),(179,181,94),(179,181,108),(179,181,114),(186,181,350),(193,181,350),(200,181,92),(200,181,106),(200,181,117),(10,182,96),(24,182,274),(31,182,155),(66,182,96),(115,182,274),(122,182,155),(179,182,96),(186,182,274),(193,182,274),(10,183,99),(66,183,99),(179,183,99),(10,184,100),(66,184,100),(179,184,100),(10,185,102),(66,185,102),(179,185,102),(10,186,103),(66,186,103),(179,186,103),(10,187,107),(10,187,133),(24,187,128),(24,187,136),(24,187,394),(45,187,142),(66,187,107),(66,187,133),(115,187,128),(115,187,136),(115,187,394),(136,187,142),(179,187,107),(179,187,133),(186,187,128),(186,187,136),(186,187,394),(193,187,128),(193,187,136),(193,187,394),(207,187,142),(10,188,122),(66,188,122),(179,188,122),(10,189,124),(24,189,404),(31,189,266),(38,189,132),(45,189,145),(66,189,124),(73,189,132),(115,189,404),(122,189,266),(129,189,132),(136,189,145),(179,189,124),(186,189,404),(193,189,404),(200,189,132),(207,189,145),(10,190,131),(24,190,332),(24,190,392),(31,190,171),(45,190,133),(66,190,131),(115,190,332),(115,190,392),(122,190,171),(136,190,133),(179,190,131),(186,190,332),(186,190,392),(193,190,332),(193,190,392),(207,190,133),(10,191,132),(66,191,132),(179,191,132),(10,192,134),(24,192,397),(38,192,128),(38,192,140),(45,192,138),(66,192,134),(73,192,128),(73,192,140),(115,192,397),(129,192,128),(129,192,140),(136,192,138),(179,192,134),(186,192,397),(193,192,397),(200,192,128),(200,192,140),(207,192,138),(15,193,0),(106,193,0),(156,193,0),(15,194,1),(106,194,1),(156,194,1),(15,195,6),(15,195,7),(106,195,6),(106,195,7),(156,195,6),(156,195,7),(16,196,0),(19,196,0),(107,196,0),(110,196,0),(157,196,0),(160,196,0),(16,197,1),(17,197,0),(17,197,44),(17,197,54),(17,197,66),(17,197,71),(19,197,1),(45,197,77),(107,197,1),(108,197,0),(108,197,44),(108,197,54),(108,197,66),(108,197,71),(110,197,1),(136,197,77),(157,197,1),(158,197,0),(158,197,44),(158,197,54),(158,197,66),(158,197,71),(160,197,1),(207,197,77),(16,198,2),(17,198,1),(17,198,45),(19,198,2),(107,198,2),(108,198,1),(108,198,45),(110,198,2),(157,198,2),(158,198,1),(158,198,45),(160,198,2),(16,199,7),(31,199,198),(107,199,7),(122,199,198),(157,199,7),(16,200,8),(31,200,67),(31,200,199),(107,200,8),(122,200,67),(122,200,199),(157,200,8),(16,201,9),(107,201,9),(157,201,9),(17,202,3),(17,202,64),(108,202,3),(108,202,64),(158,202,3),(158,202,64),(17,203,5),(108,203,5),(158,203,5),(17,204,6),(108,204,6),(158,204,6),(17,205,8),(108,205,8),(158,205,8),(17,206,9),(108,206,9),(149,206,2),(158,206,9),(17,207,10),(108,207,10),(158,207,10),(17,208,13),(108,208,13),(158,208,13),(17,209,15),(108,209,15),(158,209,15),(17,210,17),(108,210,17),(158,210,17),(17,211,21),(108,211,21),(158,211,21),(17,212,22),(108,212,22),(158,212,22),(17,213,23),(108,213,23),(158,213,23),(17,214,25),(108,214,25),(158,214,25),(17,215,27),(108,215,27),(158,215,27),(17,216,28),(45,216,156),(45,216,165),(108,216,28),(136,216,156),(136,216,165),(158,216,28),(207,216,156),(207,216,165),(17,217,29),(108,217,29),(158,217,29),(17,218,30),(108,218,30),(158,218,30),(17,219,36),(108,219,36),(158,219,36),(17,220,38),(108,220,38),(158,220,38),(17,221,40),(108,221,40),(158,221,40),(17,222,41),(24,222,148),(31,222,32),(31,222,78),(108,222,41),(115,222,148),(122,222,32),(122,222,78),(158,222,41),(186,222,148),(193,222,148),(17,223,42),(108,223,42),(158,223,42),(17,224,43),(108,224,43),(158,224,43),(17,225,49),(108,225,49),(158,225,49),(17,226,50),(108,226,50),(158,226,50),(17,227,52),(108,227,52),(158,227,52),(17,228,53),(108,228,53),(158,228,53),(17,229,56),(108,229,56),(158,229,56),(17,230,63),(108,230,63),(158,230,63),(17,231,65),(108,231,65),(158,231,65),(17,232,67),(108,232,67),(158,232,67),(17,233,68),(108,233,68),(158,233,68),(17,234,72),(31,234,48),(31,234,87),(108,234,72),(122,234,48),(122,234,87),(158,234,72),(17,235,74),(108,235,74),(158,235,74),(22,236,0),(113,236,0),(184,236,0),(191,236,0),(22,237,1),(113,237,1),(184,237,1),(191,237,1),(23,238,1),(24,238,224),(24,238,325),(24,238,340),(24,238,378),(24,238,405),(114,238,1),(115,238,224),(115,238,325),(115,238,340),(115,238,378),(115,238,405),(185,238,1),(186,238,224),(186,238,325),(186,238,340),(186,238,378),(186,238,405),(192,238,1),(193,238,224),(193,238,325),(193,238,340),(193,238,378),(193,238,405),(23,239,4),(24,239,45),(24,239,227),(24,239,328),(24,239,381),(24,239,408),(45,239,30),(114,239,4),(115,239,45),(115,239,227),(115,239,328),(115,239,381),(115,239,408),(136,239,30),(185,239,4),(186,239,45),(186,239,227),(186,239,328),(186,239,381),(186,239,408),(192,239,4),(193,239,45),(193,239,227),(193,239,328),(193,239,381),(193,239,408),(207,239,30),(23,240,5),(24,240,66),(24,240,74),(24,240,88),(24,240,113),(24,240,186),(24,240,228),(24,240,234),(24,240,329),(24,240,355),(24,240,382),(24,240,387),(24,240,409),(24,240,414),(114,240,5),(115,240,66),(115,240,74),(115,240,88),(115,240,113),(115,240,186),(115,240,228),(115,240,234),(115,240,329),(115,240,355),(115,240,382),(115,240,387),(115,240,409),(115,240,414),(185,240,5),(186,240,66),(186,240,74),(186,240,88),(186,240,113),(186,240,186),(186,240,228),(186,240,234),(186,240,329),(186,240,355),(186,240,382),(186,240,387),(186,240,409),(186,240,414),(192,240,5),(193,240,66),(193,240,74),(193,240,88),(193,240,113),(193,240,186),(193,240,228),(193,240,234),(193,240,329),(193,240,355),(193,240,382),(193,240,387),(193,240,409),(193,240,414),(23,241,6),(24,241,10),(24,241,48),(24,241,60),(24,241,67),(24,241,75),(24,241,102),(24,241,151),(24,241,158),(24,241,163),(24,241,180),(24,241,185),(24,241,229),(24,241,235),(24,241,330),(24,241,356),(24,241,388),(24,241,410),(24,241,415),(26,241,0),(38,241,19),(45,241,22),(73,241,19),(114,241,6),(115,241,10),(115,241,48),(115,241,60),(115,241,67),(115,241,75),(115,241,102),(115,241,151),(115,241,158),(115,241,163),(115,241,180),(115,241,185),(115,241,229),(115,241,235),(115,241,330),(115,241,356),(115,241,388),(115,241,410),(115,241,415),(117,241,0),(129,241,19),(136,241,22),(185,241,6),(186,241,10),(186,241,48),(186,241,60),(186,241,67),(186,241,75),(186,241,102),(186,241,151),(186,241,158),(186,241,163),(186,241,180),(186,241,185),(186,241,229),(186,241,235),(186,241,330),(186,241,356),(186,241,388),(186,241,410),(186,241,415),(188,241,0),(192,241,6),(193,241,10),(193,241,48),(193,241,60),(193,241,67),(193,241,75),(193,241,102),(193,241,151),(193,241,158),(193,241,163),(193,241,180),(193,241,185),(193,241,229),(193,241,235),(193,241,330),(193,241,356),(193,241,388),(193,241,410),(193,241,415),(195,241,0),(200,241,19),(207,241,22),(23,242,7),(23,242,12),(24,242,11),(24,242,49),(24,242,61),(24,242,68),(24,242,76),(24,242,103),(24,242,152),(24,242,159),(24,242,164),(24,242,181),(24,242,230),(24,242,236),(24,242,331),(24,242,357),(24,242,389),(24,242,416),(26,242,1),(38,242,20),(73,242,20),(114,242,7),(114,242,12),(115,242,11),(115,242,49),(115,242,61),(115,242,68),(115,242,76),(115,242,103),(115,242,152),(115,242,159),(115,242,164),(115,242,181),(115,242,230),(115,242,236),(115,242,331),(115,242,357),(115,242,389),(115,242,416),(117,242,1),(129,242,20),(185,242,7),(185,242,12),(186,242,11),(186,242,49),(186,242,61),(186,242,68),(186,242,76),(186,242,103),(186,242,152),(186,242,159),(186,242,164),(186,242,181),(186,242,230),(186,242,236),(186,242,331),(186,242,357),(186,242,389),(186,242,416),(188,242,1),(192,242,7),(192,242,12),(193,242,11),(193,242,49),(193,242,61),(193,242,68),(193,242,76),(193,242,103),(193,242,152),(193,242,159),(193,242,164),(193,242,181),(193,242,230),(193,242,236),(193,242,331),(193,242,357),(193,242,389),(193,242,416),(195,242,1),(200,242,20),(23,243,9),(24,243,232),(24,243,385),(24,243,412),(38,243,35),(73,243,35),(114,243,9),(115,243,232),(115,243,385),(115,243,412),(129,243,35),(185,243,9),(186,243,232),(186,243,385),(186,243,412),(192,243,9),(193,243,232),(193,243,385),(193,243,412),(200,243,35),(23,244,10),(24,244,233),(24,244,386),(24,244,413),(114,244,10),(115,244,233),(115,244,386),(115,244,413),(185,244,10),(186,244,233),(186,244,386),(186,244,413),(192,244,10),(193,244,233),(193,244,386),(193,244,413),(23,245,11),(114,245,11),(185,245,11),(192,245,11),(23,246,14),(24,246,135),(24,246,137),(24,246,141),(24,246,145),(24,246,149),(24,246,156),(24,246,167),(24,246,208),(24,246,241),(24,246,253),(24,246,265),(24,246,418),(114,246,14),(115,246,135),(115,246,137),(115,246,141),(115,246,145),(115,246,149),(115,246,156),(115,246,167),(115,246,208),(115,246,241),(115,246,253),(115,246,265),(115,246,418),(185,246,14),(186,246,135),(186,246,137),(186,246,141),(186,246,145),(186,246,149),(186,246,156),(186,246,167),(186,246,208),(186,246,241),(186,246,253),(186,246,265),(186,246,418),(192,246,14),(193,246,135),(193,246,137),(193,246,141),(193,246,145),(193,246,149),(193,246,156),(193,246,167),(193,246,208),(193,246,241),(193,246,253),(193,246,265),(193,246,418),(23,247,15),(24,247,129),(24,247,242),(24,247,254),(24,247,268),(24,247,419),(114,247,15),(115,247,129),(115,247,242),(115,247,254),(115,247,268),(115,247,419),(185,247,15),(186,247,129),(186,247,242),(186,247,254),(186,247,268),(186,247,419),(192,247,15),(193,247,129),(193,247,242),(193,247,254),(193,247,268),(193,247,419),(23,248,16),(24,248,130),(24,248,243),(24,248,255),(24,248,269),(24,248,420),(114,248,16),(115,248,130),(115,248,243),(115,248,255),(115,248,269),(115,248,420),(185,248,16),(186,248,130),(186,248,243),(186,248,255),(186,248,269),(186,248,420),(192,248,16),(193,248,130),(193,248,243),(193,248,255),(193,248,269),(193,248,420),(23,249,17),(24,249,132),(24,249,245),(24,249,256),(24,249,270),(24,249,422),(31,249,58),(37,249,12),(38,249,61),(72,249,12),(73,249,61),(114,249,17),(115,249,132),(115,249,245),(115,249,256),(115,249,270),(115,249,422),(122,249,58),(128,249,12),(129,249,61),(185,249,17),(186,249,132),(186,249,245),(186,249,256),(186,249,270),(186,249,422),(192,249,17),(193,249,132),(193,249,245),(193,249,256),(193,249,270),(193,249,422),(199,249,12),(200,249,61),(212,249,6),(23,250,18),(24,250,131),(24,250,133),(24,250,244),(24,250,246),(24,250,257),(24,250,271),(24,250,421),(24,250,423),(114,250,18),(115,250,131),(115,250,133),(115,250,244),(115,250,246),(115,250,257),(115,250,271),(115,250,421),(115,250,423),(185,250,18),(186,250,131),(186,250,133),(186,250,244),(186,250,246),(186,250,257),(186,250,271),(186,250,421),(186,250,423),(192,250,18),(193,250,131),(193,250,133),(193,250,244),(193,250,246),(193,250,257),(193,250,271),(193,250,421),(193,250,423),(24,251,6),(115,251,6),(186,251,6),(193,251,6),(24,252,7),(24,252,22),(24,252,150),(24,252,157),(24,252,354),(115,252,7),(115,252,22),(115,252,150),(115,252,157),(115,252,354),(186,252,7),(186,252,22),(186,252,150),(186,252,157),(186,252,354),(193,252,7),(193,252,22),(193,252,150),(193,252,157),(193,252,354),(24,253,8),(115,253,8),(186,253,8),(193,253,8),(24,254,9),(24,254,64),(115,254,9),(115,254,64),(186,254,9),(186,254,64),(193,254,9),(193,254,64),(24,255,12),(115,255,12),(186,255,12),(193,255,12),(24,256,13),(24,256,16),(24,256,23),(24,256,177),(24,256,194),(38,256,8),(73,256,8),(115,256,13),(115,256,16),(115,256,23),(115,256,177),(115,256,194),(129,256,8),(186,256,13),(186,256,16),(186,256,23),(186,256,177),(186,256,194),(193,256,13),(193,256,16),(193,256,23),(193,256,177),(193,256,194),(200,256,8),(24,257,15),(115,257,15),(186,257,15),(193,257,15),(24,258,18),(115,258,18),(186,258,18),(193,258,18),(24,259,19),(115,259,19),(186,259,19),(193,259,19),(24,260,20),(24,260,86),(24,260,214),(24,260,278),(115,260,20),(115,260,86),(115,260,214),(115,260,278),(186,260,20),(186,260,86),(186,260,214),(186,260,278),(193,260,20),(193,260,86),(193,260,214),(193,260,278),(24,261,21),(24,261,92),(38,261,18),(73,261,18),(115,261,21),(115,261,92),(129,261,18),(186,261,21),(186,261,92),(193,261,21),(193,261,92),(200,261,18),(24,262,24),(115,262,24),(186,262,24),(193,262,24),(24,263,26),(115,263,26),(186,263,26),(193,263,26),(24,264,27),(24,264,166),(115,264,27),(115,264,166),(186,264,27),(186,264,166),(193,264,27),(193,264,166),(24,265,29),(115,265,29),(186,265,29),(193,265,29),(24,266,30),(115,266,30),(186,266,30),(193,266,30),(24,267,32),(24,267,105),(31,267,22),(115,267,32),(115,267,105),(122,267,22),(186,267,32),(186,267,105),(193,267,32),(193,267,105),(24,268,33),(115,268,33),(186,268,33),(193,268,33),(24,269,34),(24,269,65),(24,269,107),(115,269,34),(115,269,65),(115,269,107),(186,269,34),(186,269,65),(186,269,107),(193,269,34),(193,269,65),(193,269,107),(24,270,35),(115,270,35),(186,270,35),(193,270,35),(24,271,36),(45,271,25),(115,271,36),(136,271,25),(186,271,36),(193,271,36),(207,271,25),(24,272,37),(115,272,37),(186,272,37),(193,272,37),(24,273,40),(115,273,40),(186,273,40),(193,273,40),(24,274,41),(115,274,41),(186,274,41),(193,274,41),(24,275,46),(24,275,175),(24,275,183),(31,275,225),(115,275,46),(115,275,175),(115,275,183),(122,275,225),(186,275,46),(186,275,175),(186,275,183),(193,275,46),(193,275,175),(193,275,183),(24,276,52),(115,276,52),(186,276,52),(193,276,52),(24,277,53),(38,277,41),(38,277,80),(38,277,89),(38,277,103),(45,277,29),(45,277,162),(73,277,41),(73,277,80),(73,277,89),(73,277,103),(115,277,53),(129,277,41),(129,277,80),(129,277,89),(129,277,103),(136,277,29),(136,277,162),(186,277,53),(193,277,53),(200,277,41),(200,277,80),(200,277,89),(200,277,103),(207,277,29),(207,277,162),(24,278,54),(115,278,54),(186,278,54),(193,278,54),(24,279,59),(115,279,59),(186,279,59),(193,279,59),(24,280,63),(115,280,63),(186,280,63),(193,280,63),(24,281,69),(24,281,77),(24,281,170),(31,281,79),(38,281,83),(73,281,83),(115,281,69),(115,281,77),(115,281,170),(122,281,79),(129,281,83),(186,281,69),(186,281,77),(186,281,170),(193,281,69),(193,281,77),(193,281,170),(200,281,83),(24,282,72),(24,282,82),(115,282,72),(115,282,82),(186,282,72),(186,282,82),(193,282,72),(193,282,82),(24,283,73),(115,283,73),(186,283,73),(193,283,73),(24,284,78),(115,284,78),(186,284,78),(193,284,78),(24,285,79),(115,285,79),(186,285,79),(193,285,79),(24,286,81),(24,286,202),(115,286,81),(115,286,202),(186,286,81),(186,286,202),(193,286,81),(193,286,202),(24,287,85),(24,287,91),(24,287,96),(115,287,85),(115,287,91),(115,287,96),(186,287,85),(186,287,91),(186,287,96),(193,287,85),(193,287,91),(193,287,96),(24,288,87),(115,288,87),(186,288,87),(193,288,87),(24,289,94),(115,289,94),(186,289,94),(193,289,94),(24,290,95),(115,290,95),(186,290,95),(193,290,95),(24,291,97),(24,291,174),(115,291,97),(115,291,174),(186,291,97),(186,291,174),(193,291,97),(193,291,174),(24,292,98),(115,292,98),(186,292,98),(193,292,98),(24,293,100),(115,293,100),(186,293,100),(193,293,100),(24,294,106),(24,294,111),(24,294,238),(24,294,365),(115,294,106),(115,294,111),(115,294,238),(115,294,365),(186,294,106),(186,294,111),(186,294,238),(186,294,365),(193,294,106),(193,294,111),(193,294,238),(193,294,365),(24,295,109),(115,295,109),(186,295,109),(193,295,109),(24,296,117),(115,296,117),(186,296,117),(193,296,117),(24,297,118),(115,297,118),(186,297,118),(193,297,118),(24,298,120),(115,298,120),(186,298,120),(193,298,120),(24,299,122),(115,299,122),(186,299,122),(193,299,122),(24,300,124),(115,300,124),(186,300,124),(193,300,124),(24,301,125),(24,301,390),(38,301,94),(73,301,94),(115,301,125),(115,301,390),(129,301,94),(186,301,125),(186,301,390),(193,301,125),(193,301,390),(200,301,94),(24,302,126),(24,302,283),(24,302,305),(31,302,162),(31,302,165),(31,302,176),(115,302,126),(115,302,283),(115,302,305),(122,302,162),(122,302,165),(122,302,176),(186,302,126),(186,302,283),(186,302,305),(193,302,126),(193,302,283),(193,302,305),(24,303,143),(115,303,143),(186,303,143),(193,303,143),(24,304,153),(24,304,161),(24,304,359),(115,304,153),(115,304,161),(115,304,359),(186,304,153),(186,304,161),(186,304,359),(193,304,153),(193,304,161),(193,304,359),(24,305,168),(115,305,168),(186,305,168),(193,305,168),(24,306,169),(115,306,169),(186,306,169),(193,306,169),(24,307,171),(115,307,171),(186,307,171),(193,307,171),(24,308,172),(115,308,172),(186,308,172),(193,308,172),(24,309,176),(115,309,176),(186,309,176),(193,309,176),(24,310,179),(115,310,179),(186,310,179),(193,310,179),(24,311,184),(115,311,184),(186,311,184),(193,311,184),(24,312,188),(115,312,188),(186,312,188),(193,312,188),(24,313,189),(115,313,189),(186,313,189),(193,313,189),(24,314,190),(115,314,190),(186,314,190),(193,314,190),(24,315,191),(45,315,23),(115,315,191),(136,315,23),(186,315,191),(193,315,191),(207,315,23),(24,316,193),(115,316,193),(186,316,193),(193,316,193),(24,317,196),(115,317,196),(186,317,196),(193,317,196),(24,318,198),(115,318,198),(186,318,198),(193,318,198),(24,319,199),(115,319,199),(186,319,199),(193,319,199),(24,320,201),(115,320,201),(186,320,201),(193,320,201),(24,321,203),(115,321,203),(186,321,203),(193,321,203),(24,322,205),(115,322,205),(186,322,205),(193,322,205),(24,323,206),(115,323,206),(186,323,206),(193,323,206),(24,324,207),(115,324,207),(186,324,207),(193,324,207),(24,325,210),(24,325,375),(115,325,210),(115,325,375),(186,325,210),(186,325,375),(193,325,210),(193,325,375),(24,326,213),(115,326,213),(186,326,213),(193,326,213),(24,327,215),(115,327,215),(186,327,215),(193,327,215),(24,328,216),(115,328,216),(186,328,216),(193,328,216),(24,329,218),(31,329,98),(45,329,36),(115,329,218),(122,329,98),(136,329,36),(186,329,218),(193,329,218),(207,329,36),(24,330,267),(115,330,267),(186,330,267),(193,330,267),(24,331,273),(115,331,273),(186,331,273),(193,331,273),(24,332,279),(115,332,279),(186,332,279),(193,332,279),(24,333,280),(115,333,280),(186,333,280),(193,333,280),(24,334,282),(24,334,285),(24,334,288),(24,334,312),(24,334,315),(31,334,161),(45,334,113),(115,334,282),(115,334,285),(115,334,288),(115,334,312),(115,334,315),(122,334,161),(136,334,113),(186,334,282),(186,334,285),(186,334,288),(186,334,312),(186,334,315),(193,334,282),(193,334,285),(193,334,288),(193,334,312),(193,334,315),(207,334,113),(24,335,286),(31,335,167),(45,335,114),(115,335,286),(122,335,167),(136,335,114),(186,335,286),(193,335,286),(207,335,114),(24,336,290),(115,336,290),(186,336,290),(193,336,290),(24,337,291),(115,337,291),(186,337,291),(193,337,291),(24,338,292),(24,338,303),(24,338,323),(45,338,131),(115,338,292),(115,338,303),(115,338,323),(136,338,131),(186,338,292),(186,338,303),(186,338,323),(193,338,292),(193,338,303),(193,338,323),(207,338,131),(24,339,294),(115,339,294),(186,339,294),(193,339,294),(24,340,297),(115,340,297),(186,340,297),(193,340,297),(24,341,298),(115,341,298),(186,341,298),(193,341,298),(24,342,300),(115,342,300),(186,342,300),(193,342,300),(24,343,302),(115,343,302),(186,343,302),(193,343,302),(24,344,304),(115,344,304),(186,344,304),(193,344,304),(24,345,306),(115,345,306),(186,345,306),(193,345,306),(24,346,309),(115,346,309),(186,346,309),(193,346,309),(24,347,310),(115,347,310),(186,347,310),(193,347,310),(24,348,313),(115,348,313),(186,348,313),(193,348,313),(24,349,317),(115,349,317),(186,349,317),(193,349,317),(24,350,318),(115,350,318),(186,350,318),(193,350,318),(24,351,324),(115,351,324),(186,351,324),(193,351,324),(24,352,333),(24,352,393),(45,352,134),(115,352,333),(115,352,393),(136,352,134),(186,352,333),(186,352,393),(193,352,333),(193,352,393),(207,352,134),(24,353,337),(31,353,172),(115,353,337),(122,353,172),(186,353,337),(193,353,337),(24,354,338),(31,354,173),(115,354,338),(122,354,173),(186,354,338),(193,354,338),(24,355,341),(115,355,341),(186,355,341),(193,355,341),(24,356,343),(115,356,343),(186,356,343),(193,356,343),(24,357,344),(115,357,344),(186,357,344),(193,357,344),(24,358,348),(115,358,348),(186,358,348),(193,358,348),(24,359,352),(31,359,88),(115,359,352),(122,359,88),(186,359,352),(193,359,352),(24,360,364),(115,360,364),(186,360,364),(193,360,364),(24,361,368),(115,361,368),(186,361,368),(193,361,368),(24,362,370),(115,362,370),(186,362,370),(193,362,370),(24,363,371),(115,363,371),(186,363,371),(193,363,371),(24,364,372),(115,364,372),(186,364,372),(193,364,372),(24,365,383),(115,365,383),(186,365,383),(193,365,383),(24,366,398),(115,366,398),(186,366,398),(193,366,398),(24,367,399),(115,367,399),(186,367,399),(193,367,399),(24,368,400),(115,368,400),(186,368,400),(193,368,400),(24,369,411),(115,369,411),(186,369,411),(193,369,411),(29,370,0),(29,370,1),(120,370,0),(120,370,1),(29,371,6),(120,371,6),(29,372,7),(120,372,7),(29,373,8),(120,373,8),(29,374,13),(29,374,14),(120,374,13),(120,374,14),(30,375,0),(31,375,104),(121,375,0),(122,375,104),(30,376,2),(31,376,106),(121,376,2),(122,376,106),(30,377,4),(31,377,108),(31,377,182),(31,377,235),(31,377,246),(31,377,256),(31,377,270),(33,377,0),(121,377,4),(122,377,108),(122,377,182),(122,377,235),(122,377,246),(122,377,256),(122,377,270),(124,377,0),(30,378,5),(31,378,109),(31,378,131),(31,378,144),(31,378,183),(31,378,194),(31,378,204),(31,378,212),(31,378,220),(31,378,233),(31,378,236),(31,378,244),(31,378,247),(31,378,257),(31,378,271),(33,378,1),(45,378,76),(121,378,5),(122,378,109),(122,378,131),(122,378,144),(122,378,183),(122,378,194),(122,378,204),(122,378,212),(122,378,220),(122,378,233),(122,378,236),(122,378,244),(122,378,247),(122,378,257),(122,378,271),(124,378,1),(136,378,76),(207,378,76),(30,379,8),(31,379,112),(31,379,188),(121,379,8),(122,379,112),(122,379,188),(30,380,10),(31,380,1),(31,380,24),(31,380,53),(31,380,69),(31,380,76),(31,380,86),(31,380,90),(31,380,96),(31,380,114),(31,380,135),(31,380,148),(31,380,190),(31,380,240),(31,380,251),(31,380,261),(31,380,275),(33,380,3),(121,380,10),(122,380,1),(122,380,24),(122,380,53),(122,380,69),(122,380,76),(122,380,86),(122,380,90),(122,380,96),(122,380,114),(122,380,135),(122,380,148),(122,380,190),(122,380,240),(122,380,251),(122,380,261),(122,380,275),(124,380,3),(30,381,12),(31,381,55),(31,381,116),(31,381,137),(31,381,150),(31,381,277),(121,381,12),(122,381,55),(122,381,116),(122,381,137),(122,381,150),(122,381,277),(31,382,3),(122,382,3),(31,383,4),(122,383,4),(31,384,5),(31,384,8),(122,384,5),(122,384,8),(31,385,7),(122,385,7),(31,386,9),(122,386,9),(31,387,10),(122,387,10),(31,388,11),(122,388,11),(31,389,14),(122,389,14),(31,390,15),(31,390,181),(38,390,99),(73,390,99),(122,390,15),(122,390,181),(129,390,99),(200,390,99),(31,391,17),(122,391,17),(31,392,29),(122,392,29),(31,393,30),(122,393,30),(31,394,31),(122,394,31),(31,395,33),(122,395,33),(31,396,35),(122,396,35),(31,397,37),(122,397,37),(31,398,39),(122,398,39),(31,399,40),(31,399,41),(122,399,40),(122,399,41),(31,400,43),(122,400,43),(31,401,45),(122,401,45),(31,402,49),(122,402,49),(31,403,51),(122,403,51),(31,404,56),(38,404,30),(73,404,30),(122,404,56),(129,404,30),(200,404,30),(31,405,65),(122,405,65),(31,406,66),(31,406,74),(31,406,84),(31,406,94),(122,406,66),(122,406,74),(122,406,84),(122,406,94),(31,407,70),(122,407,70),(31,408,77),(122,408,77),(31,409,82),(122,409,82),(31,410,91),(122,410,91),(31,411,97),(122,411,97),(31,412,118),(122,412,118),(31,413,133),(31,413,146),(31,413,224),(31,413,268),(122,413,133),(122,413,146),(122,413,224),(122,413,268),(31,414,159),(122,414,159),(31,415,164),(31,415,175),(45,415,125),(122,415,164),(122,415,175),(136,415,125),(207,415,125),(212,415,0),(31,416,166),(122,416,166),(31,417,168),(45,417,126),(122,417,168),(136,417,126),(207,417,126),(31,418,177),(122,418,177),(31,419,180),(38,419,76),(73,419,76),(122,419,180),(129,419,76),(200,419,76),(31,420,185),(122,420,185),(31,421,193),(31,421,232),(122,421,193),(122,421,232),(31,422,197),(122,422,197),(31,423,203),(31,423,243),(122,423,203),(122,423,243),(31,424,207),(122,424,207),(31,425,208),(122,425,208),(31,426,216),(122,426,216),(31,427,217),(31,427,254),(122,427,217),(122,427,254),(31,428,265),(122,428,265),(31,429,267),(122,429,267),(36,430,0),(71,430,0),(127,430,0),(198,430,0),(36,431,1),(71,431,1),(127,431,1),(198,431,1),(37,432,6),(38,432,3),(38,432,55),(38,432,124),(38,432,136),(44,432,5),(45,432,12),(45,432,20),(45,432,48),(45,432,71),(45,432,119),(45,432,150),(72,432,6),(73,432,3),(73,432,55),(73,432,124),(73,432,136),(128,432,6),(129,432,3),(129,432,55),(129,432,124),(129,432,136),(135,432,5),(136,432,12),(136,432,20),(136,432,48),(136,432,71),(136,432,119),(136,432,150),(199,432,6),(200,432,3),(200,432,55),(200,432,124),(200,432,136),(206,432,5),(207,432,12),(207,432,20),(207,432,48),(207,432,71),(207,432,119),(207,432,150),(37,433,7),(38,433,0),(38,433,4),(38,433,25),(38,433,42),(38,433,56),(38,433,81),(38,433,90),(38,433,104),(38,433,125),(38,433,137),(40,433,0),(44,433,6),(45,433,13),(45,433,49),(45,433,72),(45,433,120),(45,433,151),(45,433,164),(45,433,168),(47,433,0),(72,433,7),(73,433,0),(73,433,4),(73,433,25),(73,433,42),(73,433,56),(73,433,81),(73,433,90),(73,433,104),(73,433,125),(73,433,137),(75,433,0),(128,433,7),(129,433,0),(129,433,4),(129,433,25),(129,433,42),(129,433,56),(129,433,81),(129,433,90),(129,433,104),(129,433,125),(129,433,137),(131,433,0),(135,433,6),(136,433,13),(136,433,49),(136,433,72),(136,433,120),(136,433,151),(136,433,164),(136,433,168),(138,433,0),(199,433,7),(200,433,0),(200,433,4),(200,433,25),(200,433,42),(200,433,56),(200,433,81),(200,433,90),(200,433,104),(200,433,125),(200,433,137),(202,433,0),(206,433,6),(207,433,13),(207,433,49),(207,433,72),(207,433,120),(207,433,151),(207,433,164),(207,433,168),(209,433,0),(37,434,8),(38,434,1),(38,434,26),(38,434,43),(38,434,57),(38,434,82),(38,434,91),(38,434,105),(38,434,126),(38,434,138),(45,434,14),(72,434,8),(73,434,1),(73,434,26),(73,434,43),(73,434,57),(73,434,82),(73,434,91),(73,434,105),(73,434,126),(73,434,138),(128,434,8),(129,434,1),(129,434,26),(129,434,43),(129,434,57),(129,434,82),(129,434,91),(129,434,105),(129,434,126),(129,434,138),(136,434,14),(199,434,8),(200,434,1),(200,434,26),(200,434,43),(200,434,57),(200,434,82),(200,434,91),(200,434,105),(200,434,126),(200,434,138),(207,434,14),(37,435,11),(38,435,29),(38,435,60),(72,435,11),(73,435,29),(73,435,60),(128,435,11),(129,435,29),(129,435,60),(199,435,11),(200,435,29),(200,435,60),(37,436,13),(72,436,13),(128,436,13),(199,436,13),(38,437,5),(73,437,5),(129,437,5),(200,437,5),(38,438,6),(73,438,6),(129,438,6),(200,438,6),(38,439,9),(73,439,9),(129,439,9),(200,439,9),(38,440,10),(73,440,10),(129,440,10),(200,440,10),(38,441,13),(45,441,18),(73,441,13),(129,441,13),(136,441,18),(200,441,13),(207,441,18),(38,442,14),(73,442,14),(129,442,14),(200,442,14),(38,443,16),(73,443,16),(129,443,16),(200,443,16),(38,444,22),(45,444,170),(73,444,22),(129,444,22),(136,444,170),(200,444,22),(207,444,170),(38,445,24),(73,445,24),(129,445,24),(200,445,24),(38,446,37),(73,446,37),(129,446,37),(200,446,37),(38,447,62),(73,447,62),(129,447,62),(200,447,62),(38,448,77),(73,448,77),(129,448,77),(200,448,77),(38,449,98),(73,449,98),(129,449,98),(200,449,98),(38,450,110),(73,450,110),(129,450,110),(200,450,110),(38,451,116),(73,451,116),(129,451,116),(200,451,116),(40,452,1),(75,452,1),(131,452,1),(202,452,1),(43,453,0),(43,453,1),(134,453,0),(134,453,1),(205,453,0),(205,453,1),(44,454,1),(45,454,44),(45,454,67),(45,454,122),(45,454,146),(135,454,1),(136,454,44),(136,454,67),(136,454,122),(136,454,146),(206,454,1),(207,454,44),(207,454,67),(207,454,122),(207,454,146),(44,455,2),(45,455,45),(45,455,68),(45,455,123),(45,455,147),(47,455,1),(135,455,2),(136,455,45),(136,455,68),(136,455,123),(136,455,147),(138,455,1),(206,455,2),(207,455,45),(207,455,68),(207,455,123),(207,455,147),(209,455,1),(45,456,0),(136,456,0),(207,456,0),(45,457,1),(136,457,1),(207,457,1),(45,458,2),(136,458,2),(207,458,2),(45,459,3),(136,459,3),(151,459,53),(151,459,78),(207,459,3),(45,460,4),(136,460,4),(151,460,98),(207,460,4),(45,461,5),(136,461,5),(207,461,5),(45,462,6),(136,462,6),(207,462,6),(45,463,8),(136,463,8),(207,463,8),(45,464,9),(136,464,9),(151,464,65),(151,464,79),(151,464,93),(151,464,94),(151,464,97),(151,464,103),(207,464,9),(45,465,10),(136,465,10),(207,465,10),(45,466,11),(136,466,11),(207,466,11),(45,467,21),(136,467,21),(207,467,21),(45,468,26),(136,468,26),(207,468,26),(45,469,27),(45,469,167),(136,469,27),(136,469,167),(207,469,27),(207,469,167),(45,470,37),(136,470,37),(207,470,37),(45,471,51),(136,471,51),(207,471,51),(45,472,65),(136,472,65),(207,472,65),(45,473,75),(136,473,75),(207,473,75),(45,474,78),(136,474,78),(207,474,78),(45,475,79),(45,475,90),(45,475,100),(136,475,79),(136,475,90),(136,475,100),(207,475,79),(207,475,90),(207,475,100),(45,476,88),(45,476,96),(136,476,88),(136,476,96),(207,476,88),(207,476,96),(45,477,89),(45,477,97),(136,477,89),(136,477,97),(207,477,89),(207,477,97),(45,478,102),(136,478,102),(207,478,102),(45,479,103),(136,479,103),(207,479,103),(45,480,108),(136,480,108),(207,480,108),(45,481,111),(136,481,111),(207,481,111),(45,482,118),(136,482,118),(207,482,118),(45,483,128),(136,483,128),(207,483,128),(45,484,130),(136,484,130),(207,484,130),(45,485,135),(136,485,135),(207,485,135),(45,486,136),(136,486,136),(207,486,136),(45,487,155),(136,487,155),(207,487,155),(45,488,163),(136,488,163),(207,488,163),(45,489,166),(45,489,175),(136,489,166),(136,489,175),(207,489,166),(207,489,175),(45,490,171),(136,490,171),(207,490,171),(45,491,173),(136,491,173),(207,491,173),(149,492,0),(149,493,1),(149,494,3),(149,495,5),(149,496,6),(149,497,7),(150,498,0),(151,498,24),(153,498,2),(150,499,1),(150,500,2),(151,500,81),(150,501,4),(151,501,5),(151,501,17),(151,501,26),(151,501,40),(151,501,83),(151,501,85),(151,501,99),(150,502,5),(151,503,1),(151,504,2),(151,505,3),(151,506,4),(151,507,6),(151,507,18),(151,507,27),(151,507,41),(151,507,84),(151,507,86),(151,507,100),(151,508,7),(151,509,8),(151,509,15),(151,510,9),(151,511,11),(151,512,12),(151,513,13),(151,514,14),(151,515,19),(151,516,20),(151,516,28),(151,517,21),(151,518,22),(151,518,39),(151,519,23),(151,520,29),(151,521,30),(151,522,31),(151,523,32),(151,523,44),(151,524,34),(151,525,37),(151,526,38),(151,527,42),(151,528,45),(151,529,46),(151,529,70),(151,530,47),(151,530,49),(151,530,52),(151,530,54),(151,530,57),(151,530,59),(151,530,63),(151,531,48),(151,532,50),(151,533,51),(151,534,55),(151,535,56),(151,535,73),(151,535,89),(151,536,58),(151,536,74),(151,537,60),(151,538,61),(151,538,75),(151,539,62),(151,539,76),(151,540,64),(151,541,66),(151,541,80),(151,542,67),(151,543,68),(151,544,69),(151,545,71),(151,546,72),(151,547,77),(151,548,87),(151,549,88),(151,550,90),(153,550,1),(151,551,91),(151,552,92),(151,553,95),(151,554,96),(151,554,101),(151,555,104),(212,556,1),(212,557,3),(212,558,4),(212,559,7),(212,560,8),(213,561,0),(213,562,1),(213,563,2),(213,563,3),(220,563,0),(220,563,1),(227,564,0),(227,564,6),(227,565,1),(227,565,7),(227,566,2),(227,566,8);

--
-- Table structure for table `submission_search_objects`
--

CREATE TABLE `submission_search_objects` (
  `object_id` bigint(20) NOT NULL AUTO_INCREMENT,
  `submission_id` bigint(20) NOT NULL,
  `type` int(11) NOT NULL,
  `assoc_id` bigint(20) DEFAULT NULL,
  PRIMARY KEY (`object_id`)
) ENGINE=InnoDB AUTO_INCREMENT=234 DEFAULT CHARSET=utf8;

--
-- Dumping data for table `submission_search_objects`
--

INSERT INTO `submission_search_objects` VALUES (1,1,1,0),(2,1,2,0),(3,1,4,0),(4,1,8,0),(5,1,16,0),(6,1,32,0),(7,1,64,0),(8,2,1,0),(9,2,2,0),(10,2,4,0),(11,2,8,0),(12,2,16,0),(13,2,32,0),(14,2,64,0),(15,3,1,0),(16,3,2,0),(17,3,4,0),(18,3,8,0),(19,3,16,0),(20,3,32,0),(21,3,64,0),(22,4,1,0),(23,4,2,0),(24,4,4,0),(25,4,8,0),(26,4,16,0),(27,4,32,0),(28,4,64,0),(29,5,1,0),(30,5,2,0),(31,5,4,0),(32,5,8,0),(33,5,16,0),(34,5,32,0),(35,5,64,0),(36,6,1,0),(37,6,2,0),(38,6,4,0),(39,6,8,0),(40,6,16,0),(41,6,32,0),(42,6,64,0),(43,7,1,0),(44,7,2,0),(45,7,4,0),(46,7,8,0),(47,7,16,0),(48,7,32,0),(49,7,64,0),(50,1,1,0),(51,1,2,0),(52,1,4,0),(53,1,8,0),(54,1,16,0),(55,1,32,0),(56,1,64,0),(57,1,1,0),(58,1,2,0),(59,1,4,0),(60,1,8,0),(61,1,16,0),(62,1,32,0),(63,1,64,0),(64,2,1,0),(65,2,2,0),(66,2,4,0),(67,2,8,0),(68,2,16,0),(69,2,32,0),(70,2,64,0),(71,6,1,0),(72,6,2,0),(73,6,4,0),(74,6,8,0),(75,6,16,0),(76,6,32,0),(77,6,64,0),(78,1,1,0),(79,1,2,0),(80,1,4,0),(81,1,8,0),(82,1,16,0),(83,1,32,0),(84,1,64,0),(85,1,1,0),(86,1,2,0),(87,1,4,0),(88,1,8,0),(89,1,16,0),(90,1,32,0),(91,1,64,0),(92,1,1,0),(93,1,2,0),(94,1,4,0),(95,1,8,0),(96,1,16,0),(97,1,32,0),(98,1,64,0),(99,1,1,0),(100,1,2,0),(101,1,4,0),(102,1,8,0),(103,1,16,0),(104,1,32,0),(105,1,64,0),(106,3,1,0),(107,3,2,0),(108,3,4,0),(109,3,8,0),(110,3,16,0),(111,3,32,0),(112,3,64,0),(113,4,1,0),(114,4,2,0),(115,4,4,0),(116,4,8,0),(117,4,16,0),(118,4,32,0),(119,4,64,0),(120,5,1,0),(121,5,2,0),(122,5,4,0),(123,5,8,0),(124,5,16,0),(125,5,32,0),(126,5,64,0),(127,6,1,0),(128,6,2,0),(129,6,4,0),(130,6,8,0),(131,6,16,0),(132,6,32,0),(133,6,64,0),(134,7,1,0),(135,7,2,0),(136,7,4,0),(137,7,8,0),(138,7,16,0),(139,7,32,0),(140,7,64,0),(141,2,1,0),(142,1,1,0),(143,1,2,0),(144,1,4,0),(145,1,8,0),(146,1,16,0),(147,1,32,0),(148,1,64,0),(149,9,1,0),(150,9,2,0),(151,9,4,0),(152,9,8,0),(153,9,16,0),(154,9,32,0),(155,9,64,0),(156,3,1,0),(157,3,2,0),(158,3,4,0),(159,3,8,0),(160,3,16,0),(161,3,32,0),(162,3,64,0),(163,1,1,0),(164,1,2,0),(165,1,4,0),(166,1,8,0),(167,1,16,0),(168,1,32,0),(169,1,64,0),(170,1,1,0),(171,1,2,0),(172,1,4,0),(173,1,8,0),(174,1,16,0),(175,1,32,0),(176,1,64,0),(177,2,1,0),(178,2,2,0),(179,2,4,0),(180,2,8,0),(181,2,16,0),(182,2,32,0),(183,2,64,0),(184,4,1,0),(185,4,2,0),(186,4,4,0),(187,4,8,0),(188,4,16,0),(189,4,32,0),(190,4,64,0),(191,4,1,0),(192,4,2,0),(193,4,4,0),(194,4,8,0),(195,4,16,0),(196,4,32,0),(197,4,64,0),(198,6,1,0),(199,6,2,0),(200,6,4,0),(201,6,8,0),(202,6,16,0),(203,6,32,0),(204,6,64,0),(205,7,1,0),(206,7,2,0),(207,7,4,0),(208,7,8,0),(209,7,16,0),(210,7,32,0),(211,7,64,0),(212,19,256,56),(213,12,1,0),(214,12,2,0),(215,12,4,0),(216,12,8,0),(217,12,16,0),(218,12,32,0),(219,12,64,0),(220,22,1,0),(221,22,2,0),(222,22,4,0),(223,22,8,0),(224,22,16,0),(225,22,32,0),(226,22,64,0),(227,27,1,0),(228,27,2,0),(229,27,4,0),(230,27,8,0),(231,27,16,0),(232,27,32,0),(233,27,64,0);

--
-- Table structure for table `submission_settings`
--

CREATE TABLE `submission_settings` (
  `submission_id` bigint(20) NOT NULL,
  `locale` varchar(5) NOT NULL DEFAULT '',
  `setting_name` varchar(255) NOT NULL,
  `setting_value` text,
  `setting_type` varchar(6) NOT NULL,
  UNIQUE KEY `submission_settings_pkey` (`submission_id`,`locale`,`setting_name`),
  KEY `submission_settings_submission_id` (`submission_id`),
  KEY `submission_settings_name_value` (`setting_name`(50),`setting_value`(150))
) ENGINE=InnoDB DEFAULT CHARSET=utf8;

--
-- Dumping data for table `submission_settings`
--

INSERT INTO `submission_settings` VALUES (1,'','copyrightYear','2017','string'),(1,'','licenseURL','','string'),(1,'','pub-id::doi','10.31964/jkb.v1i1.1','string'),(1,'','pub-id::publisher-id','11-15','string'),(1,'en_US','abstract','Kelas ibu hamil merupakan sarana untuk belajar bersama tentang kesehatan ibu hamil, dalam bentuk tatap muka dalam kelompok yang bertujuan untuk meningkatkan pengetahuan, keterampilan ibu-ibu dan keluarga mengenai perawatan kehamilan, persalinan, nifas, penyakit dan komplikasi saat hamil, bersalin dan nifas, perawatan bayi baru lahir, dan senam hamil dengan menggunakan buku KIA. Melalui pelaksanaan Kelas Ibu Hamil diharapkan dapat meningkatkan pengetahuan dan perubahan perilaku ibu hamil dan keluarga sehingga dapat meningkatkan cakupan pelayanan kesehatan bagi ibu hamil yang akhirnya dapat berkontribusi terhadap upaya penurunan AKI dan AKB (www.kesehatanibu.depkes.go.id/archives/438).\r\nDiwilayah kerja Puskesmas Pelaihari Kelas Ibu Hamil baru dilaksanakan pada tahun 2011 dengan 8 kelompok Kelas Ibu Hamil dari 12 desa dan 5 Kelurahan. Pada perkembangannya ditahun 2014 ini Kelas Ibu Hamil telah dilaksanakan di seluruh wilayah kerja Puskesmas Pelaihari pada bulan Juni 2014, dimana dari 3 kelurahan mempunyai 10 kelompok dan dari 9 desa mempunyai 14 kelompok. Pemanfaatan Kelas Ibu Hamil belum maksimal\r\nPenelitian ini bertujuan untuk mengetahui Hubungan Pengetahuan dan Sikap Ibu Hamil dengan Pelaksanaan Kelas Ibu Hamil di Wilayah Kerja Puskesmas Pelaihari Kabupaten Tanah Laut Tahun 2014 Rancangan yang digunakan adalah metode survey analitik dengan pendekatan cross sectional. Dengan Populasi  ibu nifas di wilayah kerja Puskesmas Pelaihari Kabupaten Tanah Laut yaitu pada bulan Nopember s/d Desember tahun 2014, yang berjumlah 120 orang. Sampelnyai adalah sebagian dari populasi. Teknik pengembilan sampel yang digunakan adalah Accidental Sampling \r\nHasil Peneltian masih banyak ibu hamil yang tidak ikut pelaksanaan Kelas Ibu Hamil, sebagian besar responden memiliki pengetahuan kurang, sebagian besar responden memiliki sikap negatif,  Kesimpulan ada hubungan Pengetahuan, sikap Ibu Hamil dengan Pelaksanaan Kelas Ibu Hamil di Wilayah Kerja Puskesmas Peleihari Kabupaten Tanah Laut Tahun 2014','string'),(1,'en_US','cleanTitle','Hubungan Pengetahuan dan Sikap Ibu Hamil dengan Pelaksanaan  Kelas  Ibu Hamil di Wilayah Kerja Puskesmas Pelaihari Kabupaten Tanah Laut Tahun 2014','string'),(1,'en_US','copyrightHolder','JURNAL KEBIDANAN BESTARI','string'),(1,'en_US','sponsor','','string'),(1,'en_US','subject','ibu hamil;AKI;AKB','string'),(1,'en_US','title','Hubungan Pengetahuan dan Sikap Ibu Hamil dengan Pelaksanaan  Kelas  Ibu Hamil di Wilayah Kerja Puskesmas Pelaihari Kabupaten Tanah Laut Tahun 2014','string'),(2,'','copyrightYear','2017','string'),(2,'','licenseURL','','string'),(2,'','pub-id::doi','10.31964/jkb.v1i1.2','string'),(2,'','pub-id::publisher-id','16-23','string'),(2,'en_US','abstract','Kehamilan remaja merupakan penyebabkematian ibu secara tidak langsung danmemiliki keluaran kehamilan yang tidak baik. Kehamilan pada usia remaja secara biologis belum optimal, emosinya cenderung labil, mentalnya belum matang sehingga mudah mengalami keguncangan yang mengakibatkan kurangnya perhatian pemenuhan kebutuhan zat-zat gizi  selama kehamilannya sehingga berakibat terjadinya anemia\r\nPenelitian bertujuan untuk mengetahui hubungan kehamilan remaja dengan kejadian anemia di wilayah Puskesmas Cempaka Kota Banjarbaru.\r\nPenelitian menggunakan rancangan Survei analitik dengan pendekatan adalah  cross sectional.  Populasi adalah semua ibu hamil  yang berada di wilayah kerja Puskesmas Cempaka Banjarbaru dari bulan Januari sampai dengan  Juli tahun 2013 sebanyak 382 orang dengan sampel sebanyak  80 orang. Pengambilan sampel  dengan cara Random Sampling dengansistimatis (systematic sampling).\r\nHasil penelitian didapatkan sebanyak 18 orang (22,5%) responden dengan kehamilan remaja, sebanyak 31 orang (38.75%) responden mengalami anemia dalam kehamilan dan terdapat  hubungan antara kehamilan remaja dengan kejadian anemia, hasil uji Chi-Square didapatkan nilai p = 0,013 <<α = 0,05,.','string'),(2,'en_US','cleanTitle','HUBUNGAN KEHAMILAN REMAJA DENGAN KEJADIAN ANEMIA DI WILAYAH PUSKESMAS CEMPAKA KOTA BANJARBARU PROPINSI KALMANTAN SELATAN','string'),(2,'en_US','copyrightHolder','JURNAL KEBIDANAN BESTARI','string'),(2,'en_US','sponsor','','string'),(2,'en_US','subject','Kehamilan Remaja ; Anemia; Di Wilayah Puskesmas Cempaka Kota Banjarbaru','string'),(2,'en_US','title','HUBUNGAN KEHAMILAN REMAJA DENGAN KEJADIAN ANEMIA DI WILAYAH PUSKESMAS CEMPAKA KOTA BANJARBARU PROPINSI KALMANTAN SELATAN','string'),(3,'','copyrightYear','2017','string'),(3,'','licenseURL','','string'),(3,'','pub-id::doi','10.31964/jkb.v1i1.3','string'),(3,'','pub-id::publisher-id','1-10','string'),(3,'en_US','abstract','Praktik klinik merupakan bagian yang tak terpisahkan dari system program pengajaran dan merupakan wadah yang tepat untuk mengaplikasikan pengetahuan dan keterampilan para peserta didik dari proses belajar mengajar kepada situasi nyata.Tujuan penelitian ini adalah untuk mengetahui :Perencanaan, pelaksanaan, pengelolaan, dan monitoring serta evaluasi penyelenggaraan praktik klinik Jurusan Kebidanan Poltekkes Dep kes Banjarmasin diberbagai lahan praktik se Kota Banjarmasin.Peneliti ini dilaksanakan di Poltekkes Kemenkes Banjarmasin Jurusan Kebidanandi bagian lapangan praktik : Rumah Sakit, Puskesmas dan Praktik Mandiri dari Kalimantan Selatan','string'),(3,'en_US','cleanTitle','MANAJEMEN PRAKTIK KLINIK KEBIDANAN PADA JURUSAN KEBIDANAN DIPLOMA III POLITEKNIK KESEHATAN KEMENKES KESEHATAN BANJARMASIN','string'),(3,'en_US','copyrightHolder','JURNAL KEBIDANAN BESTARI','string'),(3,'en_US','sponsor','','string'),(3,'en_US','subject','Manajemen praktik klinik kebidanan','string'),(3,'en_US','title','MANAJEMEN PRAKTIK KLINIK KEBIDANAN PADA JURUSAN KEBIDANAN DIPLOMA III POLITEKNIK KESEHATAN KEMENKES KESEHATAN BANJARMASIN','string'),(4,'','copyrightYear','2017','string'),(4,'','licenseURL','','string'),(4,'','pub-id::doi','10.31964/jkb.v1i1.4','string'),(4,'','pub-id::publisher-id','24-28','string'),(4,'en_US','abstract','Saat ini banyak remaja dan orang dewasa mengkonsumsi minuman-minuman selain air putih, seperti minuman yang bersoda, minuman yang mengandung kafein, atau bahkan mengkonsumsi minuman beralkohol yang apabila dikonsumsi secara terus menerus dan menjadi sebuah kebiasaan akan sangat merugikan kesehatan bagi dirinya sendiri. Kurangnya pengetahuan mengenai manfaat lebih dari air putih bagi kesehatan tubuh memberikan peluang bagi remaja untuk tidak memperhatikan air putih bagi tubuhnya. Selain kebiasaan minum air putih hanya pada saat haus saja, minum air putih hanya sebagai pelengkap bagi rasa haus pada saat makan, atau sesegera minum pada saat makan, bahkan tidak jarang di tempat-tempat makan mereka justru tidak dibarengi dengan air putih ini menjadi pola kebiasaan yang jauh dari pola kesehatan minum yang baik dan benar (Fauziyah dan Maulana, 2010 dalam Pratiwi dan Rahayu, 2014).\r\nBerdasarkan data yang didapatkan di SMP Negeri I Alalak Kecamatan Alalak pada 30 siswa didapatkan 16 siswa dengan pengetahuan kurang,  8 siswa pengetahuan cukup dan 6 siswa pengetahuan baik serta 6 siswa mengkonsumsi air putih sesuai kebutuhan dan 24 siswa mengkonsumsi air putih tidak sesuai kebutuhan. \r\nAir putih yang dikonsumsi siswa per hari rata-rata hanya dua gelas dan mereka lebih meyukai minuman yang bukan air putih kurang lebih 80 % kebanyakansiswamenyukai air minum yang berasa sepertiteh, sirup, susu, es dan juga minuman yang dikemas dengan cangkir plastik yang beragam rasa. Informasi dari guru pengajarnya kebanyakan siswa mengalami diare  58 % dan mengalami demam atau panas sekitar 42 orang.\r\nTujuan penelitian ini untuk mengetahui Hubungan Tingkat Pengetahuan Tentang Manfaat Minum Air Putih dengan Jumlah Konsumsi Minum Air Putih dan Pola Penyakit Pada siswa SMP Negeri I Alalak Kecamatan Alalak Tahun 2016.\r\nPopulasi dalam penelitian ini adalah Siswa SMP Negeri I Kecamatan Alalak Tahun 2016 dan sampel yang digunakan adalah sebagian Siswa kelas delapan  SMP Negeri I Kecamatan Alalak Tahun  2016 tehnik  pengambilan sampel secara kelompok atau gugus  (claster sampling). Analisa data menggunakan analisa univariat yaitu analisa menggunakan karakteristik masing-masing variabel yang diteliti dengan menggunakan distribusi  frekuensi dan persentasi dari tiap-tiap variabel, selanjutnya data dikumpulkan dalam bentuk tabel narasi dan Analisa Bivariabel adalah Analisa  menggunakan tabulasi silang  yang bertujuan mengetahui hubungan variabel  bebas Tingkat Pengetahuan Tentang manfaat Minum Air Putih. uji statistik yang digunakan adalah Chi Square  X2 pada tingkat kemaknaan p < 0,05 dan Confidance interval 95%.\r\nHasil adalah yang berpengatahuan kurang sebanyak 99 responden. Sedangkan yang mengkonsumsi minum air putih tidak sesuai kebutuhan adalah 57 responden. Dari beberapa pola penyakit yang terbanyak yang pernah dialami oleh responden adalah diare.\r\nHasil hubungan tingkat pengetahuan tentang manfaat minum airputih dengan jumlah konsumsi minum air putih, berdasarkan hasil uji statistik didapatkan hasil P value 0,252 dengan nilai α 0,05. Berarti P value > α. Ha diterima artinya tidak ada hubungan antara tingkat pengetahuan tentang manfaat minum air putihdengan jumlah konsumsi minum air putih pada siswa SMP Negeri I Alalak Kecamatan Alalak.','string'),(4,'en_US','cleanTitle','HUBUNGAN TINGKAT PENGETAHUAN TENTANG MANFAAT MINUM AIR PUTIH DENGAN JUMLAH KONSUMSI MINUMAIR PUTIH PADA SISWA SMP NEGERI I KECAMATAN ALALAK TAHUN 2016','string'),(4,'en_US','copyrightHolder','JURNAL KEBIDANAN BESTARI','string'),(4,'en_US','sponsor','','string'),(4,'en_US','subject','air putih','string'),(4,'en_US','title','HUBUNGAN TINGKAT PENGETAHUAN TENTANG MANFAAT MINUM AIR PUTIH DENGAN JUMLAH KONSUMSI MINUMAIR PUTIH PADA SISWA SMP NEGERI I KECAMATAN ALALAK TAHUN 2016','string'),(5,'','copyrightYear','2017','string'),(5,'','licenseURL','','string'),(5,'','pub-id::publisher-id','3','string'),(5,'en_US','abstract','Desa Siaga merupakan salah satu sasaran dari tiga sasaran Grand Strategy Departemen Kesehatan, yang menyebutkan bahwa pada akhir tahun 2008, seluruh desa telah menjadi Desa siaga, yaitu desa yang memiliki kesiapan sumber daya serta kemauan dan kemampuan untuk mencegah dan mengatasi masalah masalah kesehatan, bencana dan kegawatdaruratan kesehatan secara mandiri     (Depkes RI, 2008).,Pada pengembangan Desa Siaga di  Kabupaten Tapin  terdiri dari 12 kecamatan dan mempunyai 132 desa, baru 5 desa yang mencapai strata III (Desa Siaga Purnama) dan 31 desa dengan strata II (Desa Siaga Madya) serta hanya 1 desa yang sudah dengan strata IV (Desa Siaga Mandiri), sedangkan 50 Desa Siaga lainya masih pada strata I (Desa Siaga Pratama). \r\nTujuan penelitian ini adalah untuk mengetahui faktor-faktor yang berhubungan dengan kinerja bidan dalam pelaksanaan kegiatan Desa Siaga di Kabupaten Tapin tahun 2014.\r\nJenis penelitian survey analitik dengan pendekatan cross sectional.  Populasi penelitian ini adalah seluruh bidan yang bekerja di Desa Siaga Kabupaten Tapin tahun 2014  berjumlah 62 orang.  Sampel adalah seluruh bidan yang bekerja di Desa Siaga Kabupaten Tapin tahun 2014, berjumlah 62 orang. Teknik pengambilan sampel adalah sampling jenuh. Teknik analisa data adalah analisis data Kuantitatif : univariat, bivariat dengan menggunakan uji chi square dan analisis data kualitatif \r\nHasil penelitian menunjukkan bahwa kinerja bidan yang aktif dalam pelaksanaan kegiatan Desa Siaga sebanyak  40 orang (64,5%, Pendidikan bidan sebagian besar lulusan Diploma III Kebidanan sebanyak 53 orang (85,5%), Umur bidan sebagian besar berusia di atas 35 tahun sebanyak 43 orang (69,3%), Bidan sebagian besar telah mengikuti pelatihan sebanyak 38 orang (61,3%), Bidan sebagian besar telah bekerja lebih dari 5 tahun sebanyak 44 orang (71%), ada hubungan pendidikan bidan dengan kinerja bidan dalam pelaksanaan Desa Siaga , ada hubungan umur bidan dengan kinerja bidan dalam pelaksanaan Desa Siaga, ada hubungan pelatihan dengan kinerja bidan dalam pelaksanaan Desa Siaga, ada hubungan yang bermakna antara lama bekerja dengan kinerja bidan dalam pelaksanaan Desa Siaga di Kabupaten Tapin.','string'),(5,'en_US','cleanTitle','FAKTORFAKTOR YANG BERHUBUNGAN DENGAN KINERJA BIDAN DALAM PELAKSANAAN KEGIATAN DESA SIAGA DI KABUPATEN TAPIN TAHUN 2014','string'),(5,'en_US','copyrightHolder','JURNAL KEBIDANAN BESTARI','string'),(5,'en_US','sponsor','','string'),(5,'en_US','subject','Kinerja Bidan;Desa Siaga','string'),(5,'en_US','title','FAKTOR-FAKTOR YANG BERHUBUNGAN DENGAN KINERJA BIDAN DALAM PELAKSANAAN KEGIATAN DESA SIAGA DI KABUPATEN TAPIN TAHUN 2014','string'),(6,'','copyrightYear','2017','string'),(6,'','licenseURL','','string'),(6,'','pub-id::doi','10.31964/jkb.v1i1.6','string'),(6,'','pub-id::publisher-id','29-35','string'),(6,'en_US','abstract','ASI Eksklusif adalah pemberian ASI tanpa makanan dan minuman tambahan lain pada bayi berumur nol sampai enam bulan. Bahkan air putih tidak diberikan dalam tahap ASI Eksklusif ini. Puskesmas Lokbatu terdiri dari 6 desa, pada tahun 2011 jumlah ibu menyusui 148 orang ,  44 orang  yang memberikan ASI Eksklusif (0%). \r\nPenelitian ini bertujuan untuk mengetahui hubungan pengetahuan dan sikap ibu dengan pemberian  ASI Eksklusif di wilayah Puskesmas Lokbatu Kecamatan Batuman di tahun 2012. Penelitian ini menggunakan rancangan survey analitik dengan pendekatan Cross Sectional. Hasil penelitian menunjukkan bahwadari 40 responden, yang memberikan ASI Eksklusif hanya 16 orang (40%), dan responden yang tidak memberikan ASI Eksklusif sebanyak 24 orang (60%). Berdasarkan hasil penelitian dapat disimpulkan bahwa responden yang tidak memberikan ASI Eksklusif sebanyak 24 orang (40%), responden yang memilikipengetahuancukupsebanyak 14 orang (35%), responden yang memiliki sikap positif sebanyak 23 orang (57,5%), ada hubungan Pengetahuan Responden dengan Pemberian ASI Eksklusif dengan nilai p < (α) 0,05. Tidak ada hubungan antara Sikap Responden dengan Pemberian ASI Eksklusif dengan nilai p > (α) 0,05.','string'),(6,'en_US','cleanTitle','HUBUNGAN  PENGETAHUAN DAN SIKAP IBU  DENGAN PEMBERIAN ASI  EKSKLUSIF  DI WILAYAH PUSKESMAS LOKBATU  KECAMATAN BATUMANDI','string'),(6,'en_US','copyrightHolder','JURNAL KEBIDANAN BESTARI','string'),(6,'en_US','sponsor','','string'),(6,'en_US','subject','asi ekskusif','string'),(6,'en_US','title','HUBUNGAN  PENGETAHUAN DAN SIKAP IBU  DENGAN PEMBERIAN ASI  EKSKLUSIF  DI WILAYAH PUSKESMAS LOKBATU  KECAMATAN BATUMANDI','string'),(7,'','copyrightYear','2017','string'),(7,'','licenseURL','','string'),(7,'','pub-id::doi','10.31964/jkb.v1i1.7','string'),(7,'','pub-id::publisher-id','36-44','string'),(7,'en_US','abstract','United Nation International Children Education Found (UNICEF) dan World Health Organization (WHO) merekomendasikan pemberian ASI eksklusif sampai dengan bayi berumur 6 bulan. Pemberian awal air susu ibu sangat dianjurkan karena banyak memberikan manfaat kesehatan untuk ibu dan bayi. Tujuan umum dalam penelitian ini adalah mengetahui hubungan status pekerjaan ibu dengan pemberian ASI pada neonatus di Kota Banjarbaru  Tahun 2016.\r\nRancangan penelitian adalah survey analitik dengan pendekatan cross sectional  untuk melihat  hubungan status pekerjaan ibu dengan pemberian ASI. Penelitian ini dilakukan di 15 Bidan Praktik Swasta (BPM) di kota Banjarbaru Tahun 2016. Populasi penelitian adalah seluruh ibu post partum di BPM di Kota Banjarbaru, sampel adalah ibu post partum yang bersalin di BPM yang dijadikan tempat penelitian berjumlah 100 Responden yang diambil dengan teknik Purposive Sampling.  Analisa Univariat, digunakan untuk mengetahui gambaran pemberian ASI dan status pekerjaan ibu. Analisis bivariat untuk menganalisis hubungan antar variabel menggunakan uji statistik Speartman Rank dengan nilai α 0,05 dan CI 95%. \r\nHasil penelitian didapatkan ada hubungan antara status pekerjaan ibu dengan  pemberian ASI di Kota Banjarbaru Tahun 2016 (P=0,031). Saran kepada ibu yang mempunyai bayi untuk memberikan full ASI kepada bayinya karena ASI mudah diberikan, murah dan menyehatkan untuk bayinya.','string'),(7,'en_US','cleanTitle','HUBUNGAN STATUS PEKERJAAN IBU DENGAN PEMBERIAN ASI  DI KOTA BANJARBARU TAHUN 2016','string'),(7,'en_US','copyrightHolder','JURNAL KEBIDANAN BESTARI','string'),(7,'en_US','sponsor','','string'),(7,'en_US','subject','ASI, Pekerjaan Ibu','string'),(7,'en_US','title','HUBUNGAN STATUS PEKERJAAN IBU DENGAN PEMBERIAN ASI  DI KOTA BANJARBARU TAHUN 2016','string'),(8,'','licenseURL','','string'),(8,'en_US','abstract','Tujuan : untuk mengetahui efek pemberian ekstrak buah delima merah terhadap kadar SOD dan MDA pada kultur HUVECs yang dipapar plasma preeklampsi.\r\nMetode : Penelitian ini dilakukan secara eksperimental dengan menggunakan metode eksplorasi laboratorium dan merupakan penelitian in vitro. Menggunaka uji asumsi normalitas dan homogenitas ragam dengan menggunakan uji Levene sebagai prasyarat pengujian statistika parametrik, (2) uji Anova One Way (Uji F), dan (3) uji korelasi Pearson.\r\nHasil : Ekstrak buah delima merah efektif mampu mencegah penurunan kadar SOD pada dosis 56 ppm dan mampu menurunkan kadar MDA hingga titik terendah.\r\nKesimpulan : Ekstrak buah delima merah terbukti dapat meningkatkan kadar SOD dan menurunkan kadar MDA','string'),(8,'en_US','cleanTitle','EFEK PEMBERIAN EKSTRAK DELIMA MERAH  TERHADAP KADAR SOD DAN MDA PADA KULTUR HUVECs  YANG DIPAPAR PLASMA PREEKLAMPSI','string'),(8,'en_US','copyrightHolder','JURNAL KEBIDANAN BESTARI','string'),(8,'en_US','sponsor','','string'),(8,'en_US','subject','SOD; MDA; Preeklampsi','string'),(8,'en_US','title','EFEK PEMBERIAN EKSTRAK DELIMA MERAH  TERHADAP KADAR SOD DAN MDA PADA KULTUR HUVECs  YANG DIPAPAR PLASMA PREEKLAMPSI','string'),(9,'','licenseURL','','string'),(9,'en_US','abstract','Anemia is one of the most common problems affecting malnourished pregnant women. The high prevalence of maternal anemia is still a cause of perinatal morbidity and mortality are quite large. The prevalence of anemia in pregnant women in BPS Armita in 2014 and in 2016. The purpose of this study was to determine the determinant with anemia in pregnant women in Armita Subdistrict Sintang District 2017. The method used was survey analysis with cross sectional approach. Sample in this study were 30 pregnant women taken by total sampling method. The results showed that 70.0% of respondents who are anemic, 50% of respondents were aged risk, 50% of respondents have more than 2 children, 56.7% of respondents have good knowledge, 60.0% of respondents have less attitude, 53.3% of respondents have bad diet pattern, 53.3% of respondents who are less well utilize health services. Based on the statitical result, it showed that there is a relationship between age ( p value = 0,014), knowledge (p value = 0,042), attitude (p value = 0,015), diet pattern (p value = 0,017), number of children (p value = 0,014), and health services (p value = 0,017), with the incidence of anemia on pregnant women. Pregnant women are advised to multiply knowledge about pregnancy and more vigilant in maintaining health, for health workers can provide health education for pregnant women and provide optimal health care.','string'),(9,'en_US','cleanTitle','DETERMINANT RELATED TO THE INCIDENCE OF ANEMIA ON PREGNANT WOMAN','string'),(9,'en_US','copyrightHolder','JURNAL KEBIDANAN BESTARI','string'),(9,'en_US','coverImageAltText','','string'),(9,'en_US','hideCoverPageAbstract','0','int'),(9,'en_US','hideCoverPageToc','0','int'),(9,'en_US','showCoverPage','0','int'),(9,'en_US','sponsor','','string'),(9,'en_US','subject','Anemia, Pregnancy, Determinant','string'),(9,'en_US','title','DETERMINANT RELATED TO THE INCIDENCE OF ANEMIA ON PREGNANT WOMAN','string'),(11,'','licenseURL','','string'),(11,'en_US','abstract','<p><em>United Nation International Children Education Found </em>(UNICEF) dan <em>World Health Organization </em>(WHO) merekomendasikan pemberian ASI eksklusif sampai dengan bayi berumur 6 bulan. Pemberian awal air susu ibu sangat dianjurkan karena banyak memberikan manfaat kesehatan untuk ibu dan bayi. Tujuan umum dalam penelitian ini adalah mengetahui hubungan status pekerjaan ibu dengan pemberian ASI pada neonatus di Kota Banjarbaru  Tahun 2016.</p><p>Rancangan penelitian adalah survey analitik dengan pendekatan cross sectional  untuk melihat  hubungan status pekerjaan ibu dengan pemberian ASI. Penelitian ini dilakukan di 15 Bidan Praktik Swasta (BPM) di kota Banjarbaru Tahun 2016. Populasi penelitian adalah seluruh ibu post partum di BPM di Kota Banjarbaru, sampel adalah ibu post partum yang bersalin di BPM yang dijadikan tempat penelitian berjumlah 100 Responden yang diambil dengan teknik <em>Purposive Sampling</em>.  Analisa Univariat, digunakan untuk mengetahui gambaran pemberian ASI dan status pekerjaan ibu. Analisis bivariat untuk menganalisis hubungan antar variabel menggunakan uji statistik <em>Speartman Rank</em> dengan nilai α 0,05 dan CI 95%.</p><p>Hasil penelitian didapatkan ada hubungan antara status pekerjaan ibu dengan  pemberian ASI di Kota Banjarbaru Tahun 2016 (P=0,031). Saran kepada ibu yang mempunyai bayi untuk memberikan full ASI kepada bayinya karena ASI mudah diberikan, murah dan menyehatkan untuk bayinya.</p><strong></strong>','string'),(11,'en_US','cleanTitle','HUBUNGAN STATUS PEKERJAAN IBU DENGAN PEMBERIAN ASI  DI KOTA BANJARBARU TAHUN 2016','string'),(11,'en_US','copyrightHolder','JURNAL KEBIDANAN BESTARI','string'),(11,'en_US','sponsor','Poltekkes Kemenkes Banjarmasin','string'),(11,'en_US','subject','ASI; Pekerjaan Ibu','string'),(11,'en_US','title','HUBUNGAN STATUS PEKERJAAN IBU DENGAN PEMBERIAN ASI  DI KOTA BANJARBARU TAHUN 2016','string'),(12,'','licenseURL','','string'),(12,'en_US','abstract','aoseiafhgbnsad','string'),(12,'en_US','cleanTitle','judul artikel','string'),(12,'en_US','copyrightHolder','JURNAL KEBIDANAN BESTARI','string'),(12,'en_US','sponsor','','string'),(12,'en_US','subject','fghjkl','string'),(12,'en_US','title','judul artikel','string'),(13,'','licenseURL','','string'),(13,'en_US','abstract','Laporan KIA tahun 2015 cakupan pelayanan K1 sebesar 87,5%  dan  K4 sebesar 41,6%, berarti terdapat 25,9% yang melakukan pemeriksaan kehamilan K1, namun tidak sesuai standar kunjungan ANC. Salah satu faktor yang mempengaruhi ketidakpatuhan ibu hamil dalam melakukan pemeriksaan kehamilan (ANC) menurut Depkes RI (2008) adalah karena kondisi geografis. Letak geografis sangat menentukan terhadap pelayanan kesehatan, ditempat yang terpencil ibu hamil sulit memeriksakan kehamilannya, hal ini karena transportasi yang sulit menjangkau sampai tempat terpencil. Terdapat 13 desa di wilayah Kecamatan Candi Laras Utara Kabupaten Tapin dan seluruh desa berada di pinggiran sungai margasari yang terdiri dari 1 desa sangat terpencil, 10 desa terpencil dan 2 desa tidak terpencil. Transportasi masyarakat masih menggunakan transportasi sungai, seperti perahu atau perahu motor dengan waktu tempuh ke Puskesmas Margasari lebih dari 6 jam. <strong>Tujuan</strong> : menganalisis hubungan kondisi geografis dengan kepatuhan pemeriksaan kehamilan. <strong>Metode</strong> <strong>Penelitian</strong> menggunakan rancangan survey analitik dengan pendekatan <em>cross sectional</em>. Populasi adalah 121 ibu melahirkan tahun 2017 dan pemilihan sampel dengan teknik <em>purposive sampling </em>berjumlah 83 orang. Instrumen penelitian dengan kuesioner dan buku KIA. Analisa data menggunakan uji <em>spearman rho</em> digunakan untuk menguji hubungan kondisi geografis dengan kepatuhan ibu hamil dalam melakukan pemeriksaan kehamilan.<em> </em><strong>Hasil</strong> : 70 orang (84,3%) patuh melakukan pemeriksaan kehamilan, 3 orang (3,6%) di desa sangat terpencil dan 68 orang (81,9%) di desa terpencil. Terdapat 2 desa yang dapat diakses harus melalui transportasi air (feri penyeberangan) yitu desa Sawaja dan desa Rawana Hulu serta hanya 2 desa yang dapat dilalui oleh mobil yaitu desa tidak terpencil (Margasari Ilir dan Pariok).  <strong>Kesimpulan </strong>: ada hubungan yang signifikan kondisi geografis dengan kepatuhan pemeriksaan kehamilan.','string'),(13,'en_US','cleanTitle','KEPATUHAN PEMERIKSAAN KEHAMILAN DITINJAU DARI KONDISI GEOGRAFIS DI DAERAH PINGGIRAN SUNGAI MARGASARI KECAMATAN CANDI LARAS UTARA KABUPATEN TAPIN  TAHUN 2017','string'),(13,'en_US','copyrightHolder','JURNAL KEBIDANAN BESTARI','string'),(13,'en_US','sponsor','','string'),(13,'en_US','subject','Kondisi geografis, Kepatuhan dan Pemeriksaan kehamilan','string'),(13,'en_US','title','KEPATUHAN PEMERIKSAAN KEHAMILAN DITINJAU DARI KONDISI GEOGRAFIS DI DAERAH PINGGIRAN SUNGAI MARGASARI KECAMATAN CANDI LARAS UTARA KABUPATEN TAPIN  TAHUN 2017','string'),(14,'','licenseURL','','string'),(14,'en_US','abstract','Preeklampsia merupakan komplikasi medis dari kehamilan dan terjadi sekitar 5% - 8% dari kehamilan yang menyebabkan tingginya morbiditas dan mortilitas pada ibu dan janin. Tujuan Penelitian ini untuk mengetahui hubungan paritas dan pendidikan ibu terhadap kejadian preeklampsia di RSUD Idaman Banjarbaru. <strong>Metode </strong><em>:</em> yang digunakan adalah <em>survey analitik</em> dengan Rancangan penelitian yang digunakan adalah <em>case control</em><em>, <em>menggunakan teknik sampel </em> purposive sampling<em>, responden yang digunakan pada kasus adalah 100 orang ibu hamil dengan preeklampsia dan pada kontrol 100 orang ibu hamil normal, pengumpulan data ini dengan cara melihat rekam medik lalu dianalisis secara univariat dan bivariat dengan menggunakan analisis </em>Rank Spearman Correlation<em>. Hasil penelitian ada hubungan yang signifikan antara paritas dengan kejadian preeklampsia (p=</em></em>0,002<em>), tidak ada hubungan yang signifikan pendidikan dengan kejadian preeklampsia (p=</em>0,121<em>). Penelitian ini dapat disimpulkan bahwa ada hubungan yang signifikan antara paritas dengan kejadian preeklampsia dan tidak ada hubungan yang signifikan antara pendidikan dengan kejadian preeklampsia.</em>','string'),(14,'en_US','cleanTitle','HUBUNGAN PARITAS DAN PENDIDIKAN IBU TERHADAP KEJADIAN PREEKLAMPSIA DI RSUD IDAMAN BANJARBARU','string'),(14,'en_US','copyrightHolder','JURNAL KEBIDANAN BESTARI','string'),(14,'en_US','sponsor','','string'),(14,'en_US','subject','Preeklampsia; Paritas; Pendidikan','string'),(14,'en_US','title','HUBUNGAN PARITAS DAN PENDIDIKAN IBU TERHADAP KEJADIAN PREEKLAMPSIA DI RSUD IDAMAN BANJARBARU','string'),(15,'','licenseURL','','string'),(15,'en_US','abstract','<p>Diare merupakan masalah kesehatan yang penting karena penyumbang utama ketiga kesakitan dan kematian balita di Indonesia (Riskesdas, 2013). Kejadian diare di Kabupaten Banjar menduduki peringkat ke-2 setelah Kota Banjarmasin. Penyakit diare di Puskesmas Martapura sebesar 306 orang menduduki peringkat kedua setelah Puskesmas Gambut, sebanyak 936 penderita (Dinkes Kabupaten Banjar,2013). Penyakit diare sebagai 10 besar penyakit terbanyak dan prevalensi tertinggi terjadi pada balita. Risiko  diare berkaitan dengan pengetahuan, perilaku tentang pemberian ASI eksklusif serta sanitasi lingkungan. Ketiga faktor ini akan berinteraksi dengan perilaku manusia (PHBS) yang bisa berdampak pada kejadian diare.</p><p>Tujuan penelitian ini untuk menganalisis pemberian ASI eksklusif, sanitasi lingkungan dan budaya tentang maruas dengan kejadian diare pada balita.</p><p>Penelitian ini merupakan survey analitik dengan rancangan <em>cross sectional.</em> Instrumen yang digunakan yaitu kuesioner dan dokumenter. Populasi penelitian adalah ibu yang membawa anaknya berkunjung ke Poliklinik MTBS di Puskesmas Martapura tahun 2016. Sampel adalah ibu yang berkunjung ke Poliklinik MTBS di wilayah kerja Puskesmas Martapura sebesar 100 orang. Analisis data menggunakan <em>Uji Chi Square .</em></p><p>Hasil penelitian didapatkan ada hubungan kejadian diare dengan umur (<em>Ï</em> = 0,000),  pendidikan (<em>Ï</em> = 0,021), pekerjaan (<em>Ï</em> = 0,026) OR=4,012, pengetahuan (<em>Ï</em> = 0,001 ), pemberian ASI eksklusif  (<em>Ï</em> = 0,013) OR=4,573, sanitasi lingkungan (<em>Ï</em> = 0,000 ) OR=16,579, budaya maruas (<em>Ï</em> = 0,020) OR= 3,250. Risiko kejadian diare paling tinggi oleh faktor sanitasi lingkungan yakni 16,579 kali berisiko terjadi pada keluarga dengan sanitasi lingkungan rumahnya tidak sehat.</p><p> </p>','string'),(15,'en_US','cleanTitle','FAKTOR YANG BERHUBUNGAN DENGAN KEJADIAN DIARE PADA BALITA DI WILAYAH KERJA PUSKESMAS MARTAPURA KABUPATEN BANJAR','string'),(15,'en_US','copyrightHolder','JURNAL KEBIDANAN BESTARI','string'),(15,'en_US','sponsor','','string'),(15,'en_US','subject','Diare; Sanitasi; ASI;Budaya','string'),(15,'en_US','title','FAKTOR YANG BERHUBUNGAN DENGAN KEJADIAN DIARE PADA BALITA DI WILAYAH KERJA PUSKESMAS MARTAPURA KABUPATEN BANJAR','string'),(16,'','licenseURL','','string'),(16,'en_US','abstract','Data imunisasi Dinas Kesehatan Kabupaten Banjar, dari 23 Puskesmas yang ada di Kabupaten Banjar, angka pencapaian cakupan imunisasi Hepatitis B 0-7 hari di Puskesmas Karang Intan Kabupaten masih rendah yaitu pada tahun 2014, dari sasaran bayi berjumlah 255, ada 77 bayi yang mendapatkan imunisasi Hepatitis B 0-7 hari (30,2%), tahun 2015 dari sasaran bayi sebanyak 259, ada 81 bayi yang mendapat imunisasi Hepatitis B 0-7 hari (31,3%) dan tahun 2016 dari sasaran bayi sebanyak 286 bayi dan yang mendapatkan imunisasi hepatitis B 0-7 hari sebanyak 173 bayi (60,5%) dengan target pencapaian 90%. Selama tiga tahun terakhir, pencapaian cakupan imunisasi Hepatitis B 0-7 hari memang meningkat, namun masih jauh dari target yang ditetapkan. Metode penelitian menggunakan survey analitik dengan pendekatan <em>cross sectional</em>. Pada penelitian ini seluruh anggota populasi dijadikan sampel yaitu ibu yang memiliki bayi berusia 8 hari-2 bulan di wilayah kerja Puskesmas Karang Intan Kabupaten Banjar yaitu sebanyak 97orang. Analisis data mengunakan uji statistik. Hasil penelitian menyatakan 46 responden (47,4%) tidak mendapatkan imunisasi Hepatitis B 0-7 hari, 53 responden (54,6%) tidak mendukung pemberian imunisasi Hepatitis B 0-7, ada hubungan antara dukungan keluarga dengan pemberian imunisasi Hepatitis B','string'),(16,'en_US','cleanTitle','DUKUNGAN KELUARGA TERHADAP PEMBERIAN IMUNISASI HEPATITIS B 07 HARI PADA BAYI KHUSUSNYA DI WILAYAH KERJA PUSKESMAS  KARANG INTAN KABUPATEN BANJAR','string'),(16,'en_US','copyrightHolder','JURNAL KEBIDANAN BESTARI','string'),(16,'en_US','sponsor','','string'),(16,'en_US','subject','Dukungan Keluarga, Imunisasi Hepatitis B','string'),(16,'en_US','title','DUKUNGAN KELUARGA TERHADAP PEMBERIAN IMUNISASI HEPATITIS B 0-7 HARI PADA BAYI KHUSUSNYA DI WILAYAH KERJA PUSKESMAS  KARANG INTAN KABUPATEN BANJAR','string'),(18,'','licenseURL','','string'),(18,'en_US','abstract','<p>Data imunisasi Dinas Kesehatan Kabupaten Banjar, dari 23 Puskesmas yang ada di Kabupaten Banjar, angka pencapaian cakupan imunisasi Hepatitis B 0-7 hari di Puskesmas Karang Intan Kabupaten masih rendah yaitu pada tahun 2014, dari sasaran bayi berjumlah 255, ada 77 bayi yang mendapatkan imunisasi Hepatitis B 0-7 hari (30,2%), tahun 2015 dari sasaran bayi sebanyak 259, ada 81 bayi yang mendapat imunisasi Hepatitis B 0-7 hari (31,3%) dan tahun 2016 dari sasaran bayi sebanyak 286 bayi dan yang mendapatkan imunisasi hepatitis B 0-7 hari sebanyak 173 bayi (60,5%) dengan target pencapaian 90%. Selama tiga tahun terakhir, pencapaian cakupan imunisasi Hepatitis B 0-7 hari memang meningkat, namun masih jauh dari target yang ditetapkan.</p><p>Metode penelitian menggunakan survey analitik dengan pendekatan <em>cross sectional</em>. Pada penelitian ini seluruh anggota populasi dijadikan sampel yaitu ibu yang memiliki bayi berusia 8 hari-2 bulan di wilayah kerja Puskesmas Karang Intan Kabupaten Banjar yaitu sebanyak 97orang. Analisis data mengunakan uji statistik.</p><p>Hasil penelitian menyatakan 46 responden (47,4%) tidak mendapatkan imunisasi Hepatitis B 0-7 hari, 53 responden (54,6%) tidak mendukung pemberian imunisasi Hepatitis B 0-7, ada hubungan antara dukungan keluarga dengan pemberian imunisasi Hepatitis B</p><p> </p>','string'),(18,'en_US','cleanTitle','Dukungan Keluarga Terhadap Pemberian Imunisasi Hepatitis B 07 Hari Pada Bayi Khususnya Di Wilayah Kerja Puskesmas Karang Intan Kabupaten Banjar Tahun 2016','string'),(18,'en_US','copyrightHolder','JURNAL KEBIDANAN BESTARI','string'),(18,'en_US','sponsor','','string'),(18,'en_US','subject','Dukungan Keluarga;,Imunisasi Hepatitis B','string'),(18,'en_US','title','Dukungan Keluarga Terhadap Pemberian Imunisasi Hepatitis B 0-7 Hari Pada Bayi Khususnya Di Wilayah Kerja Puskesmas Karang Intan Kabupaten Banjar Tahun 2016','string'),(19,'','licenseURL','','string'),(19,'en_US','abstract','Kematian ibu bersalin sangat erat kaitannya dengan penolong persalinan, sehingga salah satu upaya penurunan angka kematian ibu dapat dilakukan melalui upaya kesehatan ibu yaitu pertolongan persalinan oleh tenaga kesehatan. Namun masih ditemukan kelahiran yang ditolong oleh dukun bayi melalui cara tradisional. Tujuan penelitian ini adalah mengetahui faktor yang berhubungan dengan pemilihan penolong persalinan di Kecamatan Sungai Tabuk tahun 2017. Jenis penelitan yang digunakan adalah survei analitik dengan rancangan <em>cross sectional study</em>. Sampel peneiltian adalah semua ibu bersalin di Kecamaatn Sungai Tabuk pada bulan Maret-Juli 2017 yang memenuhi kriteria inklusi dan eksklusi dengan jumlah 180 responden. Pengumpulan data diperoleh dari data primer dan sekunder. Uji statistik yang digunakan adalah uji Chi Square. Hasil penelitian diperoleh terdapat 152 (84,4%) responden yang memilih fasilitas kesehatan sebagai tempat persalinan, 157 responden (87,2%) umur tidak berisiko, 162 responden (90%) paritas rendah, 99 responden (55%) jarak dekat dengan fasilitas kesehatan, 112 responden (62,2%) dengan pendapatan keluarga yang kurang dari UMP. Ada hubungan yang bermakna antara jarak dengan pemilihan penolong persalinan (p=0,000) dan tidak ada hubungan yang bermakna antara umur (p=0,212), paritas (p=0,100) dan pendapatan keluarga (p=0,257) dengan pemilihan penolong persalinan. Kesimpulan penelitian faktor yang memiliki hubungan bermakna dengan pemilihan penolong persalinan adalah jarak ke fasiitas kesehatan.','string'),(19,'en_US','cleanTitle','ANALISIS FAKTOR  DALAM PEMILIHAN PENOLONG PERSALINAN  DI KECAMATAN SUNGAI TABUK TAHUN 2017','string'),(19,'en_US','copyrightHolder','JURNAL KEBIDANAN BESTARI','string'),(19,'en_US','sponsor','','string'),(19,'en_US','subject','pemilihan penolong persalinan, umur, paritas, jarak ke faslirtas kesehatan, pendapatan keluarga','string'),(19,'en_US','title','ANALISIS FAKTOR  DALAM PEMILIHAN PENOLONG PERSALINAN  DI KECAMATAN SUNGAI TABUK TAHUN 2017','string'),(21,'','licenseURL','','string'),(21,'en_US','abstract','<p><strong>ABSTRACT</strong><strong> :</strong></p><p><strong> </strong></p><p>Neonatal mortality rate in Bengkulu Province Year 2015 amounted to 8/1000 KH as well as in 2016 of 8/1000 KH. This nenonatal AKN is higher than Seluma Regency which has increased by 25% and this is lower than Kepahiang Regency (14/1000 KH), Bengkulu tengah District (12/1000 KH). The purpose of this study was to determine the factors affecting neonatal mortality in Seluma District in 2016. The research is a descriptive analytic study with case control design. The study population of live-born infants in 2016 was 3338. The sample of the study of dead neonatal cases was 35 samples taken in total sampling. A sample of live neonatal control group of 126 was taken systematic random sampling.The results showed that there were correlation between education, age, parity, history of ANC mother and LBW with neonatal mortality in Seluma District in 2016. Furthermore, there was no correlation between birth spacing, labor and asphyxia with neonatal mortality in Seluma District in 2016. the effect on neonatal mortality is education, antenatal care dan LBW. Seluma District Health Office is expected to work with the Village Midwife in an effort to reduce the number of neonatal deaths by periodically providing KIE, APN training for midwives, improvement of ANC services and family planning services and infant care of LBW.</p><p><strong>ABSTRAK : </strong></p><p><strong> </strong></p><p>Angka kematian neonatal di  Indonesia cukup tinggi, begitupun di Kabupaten Seluma yang mengalami peningkatan sebesar 25% pada tahun 2015 dan 2016. Faktor-faktor yang mempengaruhi kematian neonatal di Kabupaten Seluma adalah pendidikan, umur, paritas, jarak kelahiran, riwayat ANC, jenis persalinan, BBLR dan asfiksia. Tujuan penelitian dilakukan untuk mengetahui faktor-faktor yang mempengaruhi kematian neonatal di Kabupaten Seluma tahun 2016. Penelitian merupakan penelitian deskriptif analitik dengan rancangan <em>case control</em>.  Populasi penelitian adalah neonatal yang lahir tahun 2016  yang tercatat di register kohort ibu, register kohort bayi dan AMP sebanyak 3338. Sampel penelitian kelompok kasus  adalah neonatal mati berjumlah 35 orang diambil secara <em>total sampling</em>. Sampel  kelompok kontrol adalah neonatal hidup yang berjumlah 126 orang diambil secara  <em>systematic random sampling</em>. Data dianalisis secara univariat, bivariat dan multivariat dengan menggunakan uji <em>c</em><em>h</em><em>i square</em> dan <em>regresi binary logistic</em><em>. </em>Hasil penelitian didapatkan bahwa ada hubungan pendidikan, umur, paritas, riwayat ANC ibu dan BBLR dengan kematian neonatal di Kabupaten Seluma tahun 2016. Selanjutnya, Tidak ada hubungan jarak kelahiran, jenis persalinan dan asfiksia dengan kematian neonatal di Kabupaten Seluma tahun 2016. Faktor yang paling berpengaruh terhadap kematian neonatal adalah pendidikan, ANC dan BBLR. Dinas Kesehatan Kabupaten Seluma diharapkan bisa bekerja sama dengan Bidan Desa dalam upaya menekan angka kematian neonatal dengan cara pemberian KIE secara berkala, pelatihan APN bagi Bidan, peningkatan pelayanan ANC dan  pelayanan keluarga berencana serta  perawatan bayi BBLR.</p>','string'),(21,'en_US','cleanTitle','Faktor Yang Mempengaruhi Kematian Neonatal Di Kabupaten Seluma','string'),(21,'en_US','copyrightHolder','JURNAL KEBIDANAN BESTARI','string'),(21,'en_US','sponsor','','string'),(21,'en_US','subject','Pendidikan, Antenatal Care, Berat Badan Lahir Rendah, Kematian Neonatal','string'),(21,'en_US','title','Faktor Yang Mempengaruhi Kematian Neonatal Di Kabupaten Seluma','string'),(22,'','licenseURL','','string'),(22,'en_US','abstract','percobaan dlama men submition','string'),(22,'en_US','cleanTitle','cobazakiah','string'),(22,'en_US','copyrightHolder','JURNAL KEBIDANAN BESTARI','string'),(22,'en_US','sponsor','','string'),(22,'en_US','subject','kata kunci; ibu hamil;','string'),(22,'en_US','title','cobazakiah','string'),(24,'','licenseURL','','string'),(24,'en_US','abstract','isinya memang abstrak','string'),(24,'en_US','cleanTitle','BAB 1 Pendahuluan','string'),(24,'en_US','copyrightHolder','JURNAL KEBIDANAN BESTARI','string'),(24,'en_US','sponsor','','string'),(24,'en_US','subject','bab 1; pendahuluan','string'),(24,'en_US','title','BAB 1 Pendahuluan','string'),(25,'','licenseURL','','string'),(25,'en_US','abstract','<p>Kanker serviks merupakan penyakit tertinggi penyebab kematian pada wanita di dunia. Setiap tahun 250.000 jiwa meninggal. Hal ini terjadi kanker serviks menunjukkan gejela spesifik pada stadium lanjut sehingga terlambat untuk ditangani. Pemeriksaan IVA merupakan salah satu cara deteksi dini kanker serviks. Cakupan pemeriksaan IVA masih rendah karena kurangnya pengetahuan WUS. Tujuan penelitian ini adalah untuk mengetahui perbedaan pengetahuan dan sikap WUS terhadap pemeriksaan IVA sebagai deteksi dini kanker serviks. Penelitian ini menggunakan metode <em>One group Pre-test post test</em>. Penelitian ini dilakukan di RW 20 Wilayah Kerja Puskesmas Simpang Baru dan dilaksanakan pada bulan  September 2016 – Juli  2017. Populasi dalam penelitian ini berjumlah 89 orang, sampel dalam penelitian ini berjumlah 50 orang. Teknik analisis data dengan uji <em>T-Test dependent </em>dan <em>Wilcoxon</em>. Hasil penelitian adalah terdapat perbedaan signifikan  pengetahuan WUS sebelum dan setelah diberikan penyuluhan dengan <em>p value 0,000</em> dan terdapat perbedaan signifikan sikap WUS sebelum dan setelah diberikan penyuluhan dengan <em>p value 0,000</em>. Disarankan  kepada tenaga kesehatan agar lebih menggiatkan pemberian informasi mengenai pemeriksaan IVA dan bahaya kanker serviks.</p>','string'),(25,'en_US','cleanTitle','Perbedaan Pengetahuan Dan Sikap Wanita Usia Subur Terhadap Penyuluhan Tentang Pemeriksaan Inspeksi Visual Asam Asetat Sebagai Deteksi Dini Kanker Serviks Di RW 20 Wilayah Kerja Puskesmas Simpang Baru Kota Pekanbaru Tahun 2017','string'),(25,'en_US','copyrightHolder','JURNAL KEBIDANAN BESTARI','string'),(25,'en_US','sponsor','','string'),(25,'en_US','subject','Pengetahuan, sikap, penyuluhan, Insepksi Visual Asam Asetat (IVA)','string'),(25,'en_US','title','Perbedaan Pengetahuan Dan Sikap Wanita Usia Subur Terhadap Penyuluhan Tentang Pemeriksaan Inspeksi Visual Asam Asetat Sebagai Deteksi Dini Kanker Serviks Di RW 20 Wilayah Kerja Puskesmas Simpang Baru Kota Pekanbaru Tahun 2017','string'),(26,'','licenseURL','','string'),(26,'en_US','abstract','<p><strong>Background    </strong>: The fetus\'s death in the utero is called Intra Uterine Fetal Death (IUFD) according to WHO and American Collage of Obstetrician and Gynecologist, the fetus\'s death in utero has weigh 500 gram or more at 20 weeks gestation or more.The Provincial Health Office of South Kalimantan in 2016 that Maternal Mortality Rate (MMR) of 92 mothers is caused by bleeding, pre-eclampsia, infection, abortion, long duration of partum and other causes. And Infants Mortality Rate (IMR) is 96 infants from all childbirths of 669 because of Low Birth Weight (LBW), asphyxia, tetanus, neonetus, and other causes. In 2016-2017 in Banjarbaru MMR anda IMR was 10 mothers and 41 infants respectively (Banjarbaru City Health Office). Based on data obtained in the last 1 year from Idaman Banjarbaru Hospital is obtained fetus who suffered IUFD in 2017 is 38 fetus from all childbirths of 1,974 (5,20%), but there is no information about factors affecting on incidence of IUFD in 2017.</p><p><strong>Method            </strong>: This study was descriptive method. The population was 38 mothers who suffered IUFD. Sampling method used total sampling technique, it was 38 mothers who suffered IUFD. Data collected through secondary data was obtained from maternity register record and medical record.</p><p><strong>Conclusion      </strong>: The result of descriptive study in January-December 2017 at Idaman Banjarbaru Hospital was found 38 mothers who suffered IUFD from all childbirths of 1974 (5.20%). Based on that result, maternal age &lt;20 and&gt; 35 years old was 17 respondents (44.7%),  parity factor 1-&gt; 4 was 16 respondents (42,1%),  abnormalities of the breech location was 3 respondents (7.9%),  premature rupture of the membrane was 2 respondents (5.2%),  preeclampsia/eclampsia was 2 respondents (5.2%) and based on multiple pregnancy was 2 respondents (5.2%).</p>','string'),(26,'en_US','cleanTitle','THE FACTORS OF INCIDENCE OF INTRA UTERINE FETAL DEATH IUFD AT IDAMAN BANJARBARU HOSPITAL IN 2017','string'),(26,'en_US','copyrightHolder','JURNAL KEBIDANAN BESTARI','string'),(26,'en_US','sponsor','mandiri','string'),(26,'en_US','subject','Intra Uterine Fetal Death (IUFD)','string'),(26,'en_US','title','THE FACTORS OF INCIDENCE OF INTRA UTERINE FETAL DEATH (IUFD) AT IDAMAN BANJARBARU HOSPITAL IN 2017','string'),(27,'','licenseURL','','string'),(27,'en_US','abstract','<p>Aparatur Sipil Negara yang selanjutnya disebut ASN merupakan pegawai Pemerintah Republik Indonesia yang memiliki peran dan fungsi sebagai pembuat dan pelaksana kebijakan publik, pelayan publik, serta perekat dan pemersatu bangsa. ASN pada dewasa ini dituntut untuk memiliki perilaku yang akuntabilitas, nasionalisme, etika publik, komitmen mutu dan anti korupsi. Masyarakatpun menuntut ASN untuk bekerja profesional dan kompeten. Dalam persaigan global seorang ASN dituntut untuk bekerja efektif, efisien dan inovatif.</p><p>Namun dalam kenyataannya birokrasi kita masih menjadi hambatan dalam pembangunan, yang ditandai dengan masih rendahnya kinerja pelayanan birokrasi dan masih tingginya angka korupsi di Indonesia. Hal ini tergambar dari beberapa laporan kinerja pemerintahan seperti The Global Competitiveness Report 2014-2015 (World Economic Forum, 2014) dimana Indonesia menempati peringkat 37 dari 140 negara, dan laporan Bank Dunia melalui Worlwide Governance Indicators yang menunjukkan bahwa efektivitas pemerintahan (Government Effectiveness) Indonesia masih sangat rendah, dengan nilai indeks di tahun 2014 adalah – 0, 01. Selain itu Indeks Persepsi Korupsi (The Corruption Perceptions Index) Indonesia berdasarkan data dari Transparency International juga masih rendah pada nilai indeks 34 (dari nilai indeks bersih korupsi 100) dan berada pada ranking 107 dari 175 negara pada tahun 2014.</p>','string'),(27,'en_US','cleanTitle','Laporan Aktualisasi','string'),(27,'en_US','copyrightHolder','JURNAL KEBIDANAN BESTARI','string'),(27,'en_US','sponsor','Poltekkes Kemenkes Banjarmasin','string'),(27,'en_US','subject','Laporan; Aktualisai','string'),(27,'en_US','title','Laporan Aktualisasi','string');

--
-- Table structure for table `submission_supplementary_files`
--

CREATE TABLE `submission_supplementary_files` (
  `file_id` bigint(20) NOT NULL,
  `revision` bigint(20) NOT NULL,
  PRIMARY KEY (`file_id`,`revision`)
) ENGINE=MyISAM DEFAULT CHARSET=latin1;

--
-- Dumping data for table `submission_supplementary_files`
--

INSERT INTO `submission_supplementary_files` VALUES (56,1);

--
-- Table structure for table `submission_tombstones`
--

CREATE TABLE `submission_tombstones` (
  `tombstone_id` bigint(20) NOT NULL AUTO_INCREMENT,
  `submission_id` bigint(20) NOT NULL,
  `date_deleted` datetime NOT NULL,
  `journal_id` bigint(20) NOT NULL,
  `section_id` bigint(20) NOT NULL,
  `set_spec` varchar(255) NOT NULL,
  `set_name` varchar(255) NOT NULL,
  `oai_identifier` varchar(255) NOT NULL,
  PRIMARY KEY (`tombstone_id`),
  KEY `submission_tombstones_journal_id` (`journal_id`),
  KEY `submission_tombstones_submission_id` (`submission_id`)
) ENGINE=MyISAM DEFAULT CHARSET=latin1;

--
-- Dumping data for table `submission_tombstones`
--


--
-- Table structure for table `submission_xml_galleys`
--

CREATE TABLE `submission_xml_galleys` (
  `xml_galley_id` bigint(20) NOT NULL AUTO_INCREMENT,
  `galley_id` bigint(20) NOT NULL,
  `submission_id` bigint(20) NOT NULL,
  `label` varchar(32) NOT NULL,
  `galley_type` varchar(255) NOT NULL,
  `views` int(11) NOT NULL DEFAULT '0',
  PRIMARY KEY (`xml_galley_id`)
) ENGINE=InnoDB DEFAULT CHARSET=utf8;

--
-- Dumping data for table `submission_xml_galleys`
--


--
-- Table structure for table `submissions`
--

CREATE TABLE `submissions` (
  `submission_id` bigint(20) NOT NULL AUTO_INCREMENT,
  `locale` varchar(5) DEFAULT NULL,
  `context_id` bigint(20) NOT NULL,
  `section_id` bigint(20) DEFAULT NULL,
  `language` varchar(10) DEFAULT 'en',
  `citations` text,
  `date_submitted` datetime DEFAULT NULL,
  `last_modified` datetime DEFAULT NULL,
  `date_status_modified` datetime DEFAULT NULL,
  `status` tinyint(4) NOT NULL DEFAULT '1',
  `submission_progress` tinyint(4) NOT NULL DEFAULT '1',
  `current_round` tinyint(4) NOT NULL DEFAULT '1',
  `pages` varchar(255) DEFAULT NULL,
  `fast_tracked` tinyint(4) NOT NULL DEFAULT '0',
  `hide_author` tinyint(4) NOT NULL DEFAULT '0',
  `stage_id` bigint(20) NOT NULL DEFAULT '1',
  PRIMARY KEY (`submission_id`),
  KEY `submissions_section_id` (`section_id`)
) ENGINE=InnoDB AUTO_INCREMENT=29 DEFAULT CHARSET=utf8;

--
-- Dumping data for table `submissions`
--

INSERT INTO `submissions` VALUES (1,'en_US',2,1,'ind','1.	A. Wawan dan Dewi M, 2010, Pengetahuan, Sikap, dan Perilaku Manusia, Nuha Medika, Yogyakarta.\r\n2.	Azwar, Saifuddin, 2010, Sikap Manusia Teori dan Pengukurannya, Pustaka Pelajar, Yogyakarta.\r\n\r\n3.	Budiarto, Eko, 2001, Biostatika Untuk Kedokteran dan Kesehatan Masyarakat. EGC. Jakarta\r\n4.	Depkes RI, 2009, Pedoman Umum Manajemen Kelas Ibu, Depkes RI, Jakarta.\r\n5.	Depkes RI, 2009, Pedoman Pelaksanaan Kelas Ibu Hamil, Depkes RI, Jakarta.\r\n6.	Depkes RI, 2012, Kelas Ibu Hamil, Tersedia dalam website (http://www.kesehatanibu.depkes.go.id/archives/438) diakses tanggal 9 September 2012.\r\n7.	Dinkes Kabupaten Tanah Laut, 2011, Laporan Kegiatan KIA, Dinkes Kabupaten Tanah Laut, Pelaihari.\r\n8.	Dinkes Kabupaten Tanah Laut, 2012, Laporan Kegiatan KIA, Dinkes Kabupaten Tanah Laut, Pelaihari.\r\n9.	Hidayat, 2007, Metode Penelitian Kebidanan Teknik Analisa Data, Salemba Medika, Jakarta.\r\n10.	Historyanti, Dyah, 2011, Hubungan Pengetahuan dan Sikap Ibu Hamil Dengan Partisipasi Dalam Kelas Ibu Hamil Di Wilayah Kerja Puskesmas Tembelang, Karya Tulis Ilmiah, Surabaya.\r\n11.	Kemenkes RI, 2011, Pedoman Pelaksanaan Kelas Ibu Hamil, Kemenkes RI, Jakarta.\r\n12.	Notoadmodjo, S, 2003, Pendidikan dan Perilaku Kesehatan, Rineka Cipta, Jakarta.\r\n13.	Notoadmodjo, S, 2005, Metodologi Penelitian Kesehatan, Rineka Cipta, Jakarta.\r\n14.	Notoadmodjo, S, 2005, Promosi Kesehatan Teori dan Aplikasi, Rineka Cipta, Jakarta.\r\n15.	Notoadmodjo, S, 2010, Metodologi Penelitian Kesehatan, Rineka Cipta, Jakarta.\r\n16.	Puskesmas Pelaihari, 2011, Laporan Kegiatan KIA, Puskesmas Pelaihari, Pelaihari.\r\n17.	Puskesmas Pelaihari, 2012, Laporan Hasil Kegiatan KIA, Puskesmas Pelaihari, Pelaihari.\r\n18.	Setiawan, A., & Saryono, 2010, Metodologi Penelitian Kebidanan DIII, DIV, S1, dan S2, Nuha Medika, Yogyakarta.\r\n19.	Syarifudin, B, 2010, Panduan TA Keperawatan dan Kebidanan Dengan SPSS, 2010, Grafindo, Yogyakarta.\r\n20.	Www.google.com, 2012, Hubungan Pengetahuan dan Motivasi Ibu Hamil Terhadap Senam Hamil dengan Keikutsertaan di Kelas Senam Hamil, Tersedia dalam website (http://alkhanzaworld.files.wordpress.com) diakses tanggal 9 September 2012.','2017-06-05 08:33:55','2019-03-26 09:20:30','2017-06-06 07:54:31',3,0,1,NULL,1,0,4),(2,'en_US',2,1,'','Ahira A, 2012. Status Kesehatan IbuHamil.Diakses pada Mei 2013\r\nAmiruddin R, 2007. Evidence Base Epidemiologi Anemia Defisiensi Zat Besi pada Ibu Hamil di Indonesia.Diakses pada Mei 2013.\r\nBKKBN. 2011.Policy Brief Pusat Penelitian dan Pengembangan Pependudukan - bkkbn  dalam Kajian Profil Penduduk Remaja (10-24 thn)  seri i no.6/Pusdu-BKKBN/Desember 2011 \r\nKajian Pernikahan Dini pada Beberapa Provinsi di Indonesia\r\nBKKBN.2012. Kajian Pernikahan Dini pada Beberapa Provinsi di Indonesia,Diakses pada April 2013.\r\nDharmadi dkk, 2012.Penyuluhan Anemia Defisiensi Besi (Adb) Pada Remaja 	PutriDi Sekolah Menengah Atas Negeri 1 Bangli..Diakses pada Mei 2013\r\nKaraoglu,L.,Pehlivan,E.,Egri,M.,Deprem,C.,Gunes,G.,Genc,M.,&Temel,I.(2010).The Prevalence Of Nutritional Anemia In Pregnancy In An East Anatolian Province, Turkey. Journal of Biomedical Public Health.\r\nKementrian Kesehatan Republik Indonesia.(2012). Pedoman Pelayanan Antenatal Terpadu Edisi Kedua.Direktorat Jenderal Bina Gizi dan Kesehatan Ibu dan Anak. Direktorat Bina Kesehatan Ibu. Jakarta\r\nKUA Kecamatan Cempaka, 2013. Laporan Bulanan Perkawinan Kecamatan Cempaka, Banjarbaru. \r\nProverawati A, 2011. Anemia dan Anemia Kehamilan, Nuha Medika, Yogyakarta.\r\nManuaba dkk, 2010.Ilmu Kebidanan, Penyakit Kandungan, dan Keluarga Berencana untuk Pendidikan Bidan, Penerbit Buku Kedokteran EGC, Jakarta.\r\nMonika, 2012.Anemia pada remaja putri.Diakses pada Mei 2013.\r\n\r\nNotoatmodjo S, 2010. Metodologi Penelitian Kesehatan. Rineka Cipta, Jakarta. \r\nNurya K, 2011. Resiko Kehamilan pada Usia Dini (Primi Muda),nurse-carewithlove.blogspot.com/2011/09/resiko-kehamilan-pada-usia-dini-primi.html, Diakses pada Mei 2013.\r\nRiskesdes, 2010Badan Penelitian Dan Pengembangan Kesehatan Kementerian Kesehatan RI\r\nRomauli S dan Anna V. 2009.Kesehatan Reproduksi Buat Mahasiswa Kebidanan, Nuha Medika, Jakarta. \r\nRukiyah, A, dkk.(2011). Asuhan Kebidanan III (Nifas).Trans Info Media. Jakarta\r\nRiskesdes , 2013 Badan Penelitian Dan Pengembangan Kesehatan Kementerian Kesehatan RI Tahun \r\nSaifuddin A.B (ed), 2006. Buku Acuan Nasional Pelayanan Kesehatan Maternal Neonatal, Yayasan Bina Pustaka Sarwono Prawirohardjo, Jakarta.\r\nSibagariang E E dkk,  2010. Kesehatan Reproduksi Wanita, CV Trans Info Media, Jakarta. \r\nSyafrudin. 2012. Kehamilan Remaja : Bahaya Kehamilan pada Usia Muda. materi-paksyaf.blogspot.com/2012/08/kehamilan-remaja.html, Diakses pada Mei 2013.\r\nUNICEF. 2008. Young People and Family Planning : Teenage Pregnancy. eprints.unicef.ac.ml.,Diakses pada Mei 2013\r\nWawan A dan Dewi M, 2010.Teori & Pengukuran Pengetahuan, Sikap, dan Perilaku Manusia, Nuha Medika, Yogyakarta.','2017-06-05 08:38:54','2019-03-26 09:20:30','2017-06-06 07:54:03',3,0,1,NULL,1,0,4),(3,'en_US',2,1,'ind','Badan Pengembangan dan pemberdayaan SDM Kesehatan Pusat Pendidikan Tenaga Kesehatan. 2004. Petunjuk Teknis Peyelenggaraan Pendidikan Jenjang Pendidikan Tinggi Tenaga Kesehatan. Jakarta : Diknakes\r\nBadan Pengembangan dan Pemberdayaan SDM Kesehatan Pusat Pendidikan Tenaga Kesehatan. 2006. Standar Pembelajaran Praktik Kebidanan.Jakarta : Depkes\r\nDepertemen Kesehatan Republik. 1999. Indonesia Sehat. Jakarta\r\nDapertemen Kesehatan Republik Indonesia. 1999. Rencana pembanguanan Kesehatan Menuju Indonesia Sehat 2010. Jakarta : Depkes\r\nDapertemen Kesehatan. 2002. Kurikulum Pendidikan Diploma III Kebidanan.Jakarta : Depkes\r\nMantja, W. 2002.Manajemen Pendidikan dan Supervisi Pengajaran.Malang : Elineka Media\r\nMantja, W. 2007.Profesionalisme Tenaga Kependidikan ; Manajemen Pendidikan dan Supervisi Pengajaran. Kumpulan Karya Tulis Terpublikasi. Malang : Elang Emas','2017-06-05 08:43:37','2019-03-26 09:20:29','2017-06-06 07:52:57',3,0,1,NULL,1,0,4),(4,'en_US',2,1,'ind','Pratiwi, H. U. danRahayu E. 2015.PerilakuMengkonsumsi Air PutihDitinjau  DariPersepsiTerhadapPerilakuKesehatan, (Online), (http://eprints. Unika.ac.id/11811/1/Perilaku_Mengkonsumsi_Air_Putih_Ditinjau_Dari_Persepsi_Terhadap_Perilaku_Kesehatan.pdf, diakses 3 Februari 2015).','2017-06-05 08:46:32','2019-03-26 09:20:30','2017-06-06 07:53:03',3,0,1,NULL,1,0,4),(5,'en_US',2,1,'ind','Azwar, Syaifuddin, 2003, Sikap Manusia, Teori dan Pengukurannya, Pustaka Pelajar, Yogyakarta\r\nDepartemen Kesehatan RI., 2008, Petunjuk Teknis Penggerakan dan Pemberdayaan Masyarakat Dalam Pengembangan Desa Siaga, Jakarta.\r\nDepartemen Kesehatan RI., 2010, Pengembangan Desa dan Kelurahan Siaga Aktif. Jakarta \r\nDinas Kesehatan Kabupaten Tapin, 2013, Profil Kesehatan Kabupaten Tapin tahun 2013\r\nHurlock,E.B.1993. Psikologi Perkembangan: Suatu pendekatan sepanjang rentang kehidupan (edisi kelima). Erlangga,  Jakarta\r\nKemenkes, 2010, Peraturan Menteri Kesehatan Republik Indonesia, No. 1464/MENKES/PER/X/2010. \r\nNotoatmodjo, S.,2003, Pendidikan dan Perilaku Kesehatan, Rineka Cipta, Jakarta.\r\nRobbins, Stephen P. 2001. Perilaku Organisasi Jilid I, Aditya Media, Yogyakarta\r\nSoetomo, 2006 Strategi-strategi Pembangunan Masyarakat, Pustaka Pelajar, Yogyakarta.\r\nSyafrudin & Hamidah, 2007. Kebidanan Komunitas, Buku Kedokteran EGC, Jakarta.','2017-06-05 08:53:00','2019-03-26 09:20:11','2019-03-26 09:20:11',1,0,1,NULL,1,0,4),(6,'en_US',2,1,'ind','1.	Ambarwati. ER &Wulandari. D,  2010, AsuhanKebidananNifas, NuhaMedika, Yogyakarta.\r\n2.	Hidayat. A.A.A, 2007, MetodePenelitian KebidanandanTeknikAnalisis Data,Salemba Medika Jakarta.\r\n3.	________, 2009, MetodePenelitian Keperawatan danTeknikAnalisis Data,Salemba Medika Jakarta.\r\n4.	Hasan. I, 2004, Analisis Data Penelitiandenganstatistik. BumiAksara, Jakarta\r\n5.	Profil Dinas Kesehatan Kabupaten Balangan  2011, Dinas Kesehatan Kabupaten Balangan.\r\n6.	Kristiyansari. W, 2010, ASI, Menyusui & Sadari, Nuha Medika, Yogjakarta.\r\n7.	Maryunani, 2009, AsuhanPadaIbudalamMasaNifas (Postpartum), TIM. Jakarta.\r\n8.	Nisman. WA, dkk, 2011, PanduanPintarIbuMenyusui, AndiBestbook, Yogyakarta.\r\n9.	Notoatmodjo. S, 2003, Pendidikan dan Prilaku Kesehatan, Rineka Cipta,Jakarta.\r\n10.	________, 2005,Metodelogi Penelitian Kesehatan,Rineka Cipta, Jakarta.\r\n11.	_______,2007,\r\nKesehatanMasyarakatilmudanseni, Rineka Cipta, Jakarta.\r\n12.	_______, 2010,Metodelogi Penelitian Kesehatan, Rineka Cipta, Jakarta.\r\n13.	Syafrudin, 2011, Penyuluhan KIA, Trans Info Media, Jakarta.\r\n14.	Setiawan, 2010, Metode Penelitian Kebidanan DIII, DIV, S1 dan S2, NuhaMedika, Yogyakarta.\r\n15.	Roesli. U, 2009, MengenalASI Eksklusif, TrubusAgriwidya, Jakarta.\r\n16.	Wawan. A &Dewi, 2010,Teori&Pengukuran, Sikap, danPrilakuManusia.NuhaMedika, Yogyakarta.','2017-06-05 09:01:45','2019-03-26 09:20:30','2017-06-06 07:53:42',3,0,1,NULL,1,0,4),(7,'en_US',2,1,'ind','Suradi R, Tobing HKP. (2007). Bahan bacaan manajemen laktasi. Cetakan ke-3. Jakarta: Program Manajemen Laktasi Perkumpulan Perinatologi Indonesia.\r\n2.	American Academy of Pediatrics, Work Group on Breastfeeding.(2005).  Breastfeeding and the use of human milk. Pediatrics ;115:496–506\r\n3.	WHO (2004) Exclussive breastfeeding. Available at:<www.CAH-Exclusive Breastfeeding.HTML>\r\n4.	WHO (2009) Infant and Young Child Feeding: Model Chapter For Textbooks For Medical Students and Allied Health Professionals, Geneva: WHO.\r\n5.	Morhason-Bello, I. O., Adedokun, B. O. & Ojengbede, O. A. (2009) Social support during childbirth as a catalyst for early breastfeeding initiation for first-time Nigerian mothers. Int Breastfeed J, 4: 16.\r\n6.	Agampodi, S. B., Agampodi, T. C. & Piyaseeli, U. K. (2007) Breastfeeding practices in a public health field practice area in Sri Lanka: a survival analysis. Int Breastfeed J, 2: 13.\r\n7.	Kementerian Kesehatan RI. (2013). Profil Kesehatan Indonesia 2012. Jakarta\r\n8.	Arora, S., McJunkin, C., Wehrer, J. & Kuhn, P. (2000) Major factors influencing breastfeeding rates: Mother\'s perception of father\'s attitude and milk supply. Pediatrics, 106 (5): E67. \r\n9.	Mattar, C. N., Fok, D. & Chong, Y. S. (2008) Common concerns regarding breastfeeding in a family practice setting. Singapore Med J, 49 (4): 272-279.\r\n10.	Binns, C., Gilchrist, D., Gracey, M., Zhang, M., Scott, J. & Lee, A. (2004) Factors associated with the initiation of breast-feeding by Aboriginal mothers in Perth. Public Health Nutr, 7 (7): 857-61.\r\n11.	Kimbro, R. T. (2006) On-the-job moms: work and breastfeeding initiation and duration for a sample of low-income women. Matern Child Health J, 10 (1): 19-26.\r\n12.	Roesli, U. (2008) Inisiasi Menyusu Dini Plus Asi Eksklusif. Jakarta: Pustaka Bunda.\r\n13.	Hall Moran, V., Edwards, J., Dykes, F. & Downe, S. (2007) A systematic review of the nature of support for breast-feeding adolescent mothers. Midwifery, 23 (2): 157-71.\r\n14.	Chen, Y. C., Wu, Y. C. & Chie, W. C. (2006) Effects of work-related factors on the breastfeeding behavior of working mothers in a Taiwanese semiconductor manufacturer: a cross-sectional survey. BMC Public Health, 6: 160.\r\n15.	Depkes (2008) Manajemen Laktasi. Buku Panduan Bagi Bidan dan            Petugas Kesehatan di Puskesmas Jakarta: Dirjen Binkesmas Departemen Kesehatan Republik Indonesia.','2017-06-05 09:04:33','2019-03-26 09:20:30','2017-06-06 07:53:53',3,0,1,NULL,1,0,4),(8,'en_US',2,1,'en','1.	Adiga, U., D’souza V., Kamath A., 2007, Ant ioxidant Activity and Lipid Peroxidation in Preeclampsia, J Chin Med Assoc, 70 (10) : 435 – 438.\r\n2.	Agarwal A., Gupta S., Sharma R.K., 2005. Review role of oxidative stress in female reproduction, Reproductive Biology and Endocrinology 3 : 28, p. 1-21.\r\n3.	Basu A. and Penugonda K., 2009, Pomegranate juice: a heart-healthy fruit juice, Emerging Science, Nutrition Reviews®, 67(1):49–56.\r\n4.	Deshpande, Angkeow P., Huang J., Ozaki M., Iran K., 2000, Rac1 inhibits TNF-α-induced endothelial cell apoptosis: dual regulation by reactive oxygen species, The FASEB Journal, 14 (12) 1705-1714\r\n5.	El-Bahr S.M., 2013, Biochemistry of free radicals and oxidative stress, Science Inernational 1 (5); 111 – 117.','2017-11-15 10:30:38','2019-08-02 10:29:47','2019-08-02 10:29:47',4,0,1,NULL,0,0,1),(9,'en_US',2,1,'en','Dewi. 2010. Teori Proses dan sikap : Jakarta\r\nDinas Kesehatan. 2012. Data Anemia Ibu Hamil. Kabupaten Sintang \r\n   2013. Data Anemia Ibu Hamil. Kabupaten Sintang \r\n     2014. Data Anemia Ibu Hamil. Kabupaten Sintang \r\nFebriana. 2010. Upaya Perbaikan Gizi Sejak Dalam Kandungan Sampai Lansia : Jakarta\r\nhttp://americanpregnancy.org/pragnancy-concerns/anemia-during-pragnancy/ ©2017 American pregnancy assosiation. Web Design\r\nIndriani, Mita Putri. 2014. Faktor-Faktor yang Berhubungan dengan Kejadian Anemia pada Ibu Hamil di Desa Tanjung Niaga Kecamatan Nanga Pinoh Kabupaten Melawi\r\nNotoatmodjo, Soekidjo. 2005. Metodologi Penelitian Kesehatan. Jakarta : Rineka Cipta \r\nNotoatmodjo. 2008. Teori Pengetahuan. Jakarta : Rineka Cipta\r\nSaminem. 2008. Resiko Komplikasi Kehamilan : Jakarta\r\nSarwono. 2009. Teori Kopi Dan Teh : Jakarta\r\n	 2009. Teori Defenisi Pola Konsumsi Makan\r\n			   2011. Kesehatan Masyartakat. Jakarta : Rineka Cipta\r\n			   2007. Promosi Kesehatan dan Ilmu Perilaku. Jakarta : Rineka Cipta \r\nSaifudin, Abdul Bari, dkk. Buku Acuan Nasional Pelayanan Kesehatan Maternal dan Neonatal, Ed 1, Cet 5. Jakarta : PT. Bina Pustaka Sarwono Prawirohardjo. 2009\r\nSaryono dan Angraeni, Mekar Dwi. 2013. Metode Penelitian Kualitatif dan Kuantitatif dalam Bidang Kesehatan. Yogyakarta : Nuha Medika \r\nSlee, Schmidt. 2008. Teori kesehatan\r\nSurvei Demografi dan Kependudukan Indonesia. 2012. Data Kelahiran dan    Kematian Ibu : Jakarta','2018-03-26 15:41:53','2018-03-28 05:35:14','2018-03-26 15:41:53',1,0,1,NULL,0,0,1),(10,'en_US',2,1,'en',NULL,NULL,'2018-12-26 14:07:22','2018-12-26 14:07:22',1,2,1,NULL,0,0,1),(11,'en_US',2,1,'ind','1.	 Suradi R, Tobing HKP. (2007). Bahan bacaan manajemen laktasi. Cetakan ke-3. Jakarta: Program Manajemen Laktasi Perkumpulan Perinatologi Indonesia.\r\n2.	American Academy of Pediatrics, Work Group on Breastfeeding.(2005).  Breastfeeding and the use of human milk. Pediatrics ;115:496–506\r\n3.	WHO (2004) Exclussive breastfeeding. Available at:<www.CAH-Exclusive Breastfeeding.HTML>\r\n4.	WHO (2009) Infant and Young Child Feeding: Model Chapter For Textbooks For Medical Students and Allied Health Professionals, Geneva: WHO.\r\n5.	Morhason-Bello, I. O., Adedokun, B. O. & Ojengbede, O. A. (2009) Social support during childbirth as a catalyst for early breastfeeding initiation for first-time Nigerian mothers. Int Breastfeed J, 4: 16.\r\n6.	Agampodi, S. B., Agampodi, T. C. & Piyaseeli, U. K. (2007) Breastfeeding practices in a public health field practice area in Sri Lanka: a survival analysis. Int Breastfeed J, 2: 13.\r\n7.	Kementerian Kesehatan RI. (2013). Profil Kesehatan Indonesia 2012. Jakarta\r\n8.	Arora, S., McJunkin, C., Wehrer, J. & Kuhn, P. (2000) Major factors influencing breastfeeding rates: Mother\'s perception of father\'s attitude and milk supply. Pediatrics, 106 (5): E67. \r\n9.	Mattar, C. N., Fok, D. & Chong, Y. S. (2008) Common concerns regarding breastfeeding in a family practice setting. Singapore Med J, 49 (4): 272-279.\r\n10.	Binns, C., Gilchrist, D., Gracey, M., Zhang, M., Scott, J. & Lee, A. (2004) Factors associated with the initiation of breast-feeding by Aboriginal mothers in Perth. Public Health Nutr, 7 (7): 857-61.\r\n11.	Kimbro, R. T. (2006) On-the-job moms: work and breastfeeding initiation and duration for a sample of low-income women. Matern Child Health J, 10 (1): 19-26.\r\n12.	Roesli, U. (2008) Inisiasi Menyusu Dini Plus Asi Eksklusif. Jakarta: Pustaka Bunda.\r\n13.	Hall Moran, V., Edwards, J., Dykes, F. & Downe, S. (2007) A systematic review of the nature of support for breast-feeding adolescent mothers. Midwifery, 23 (2): 157-71.\r\n14.	Chen, Y. C., Wu, Y. C. & Chie, W. C. (2006) Effects of work-related factors on the breastfeeding behavior of working mothers in a Taiwanese semiconductor manufacturer: a cross-sectional survey. BMC Public Health, 6: 160.\r\n15.	Depkes (2008) Manajemen Laktasi. Buku Panduan Bagi Bidan dan            Petugas Kesehatan di Puskesmas Jakarta: Dirjen Binkesmas Departemen Kesehatan Republik Indonesia.','2018-12-26 14:43:09','2018-12-26 14:43:10','2018-12-26 14:43:09',1,0,1,NULL,0,0,1),(12,'en_US',2,1,'en','erfghjkl','2019-03-26 10:16:23','2019-09-04 10:23:58','2019-09-04 10:23:58',1,0,1,NULL,0,0,4),(13,'en_US',2,1,'en','Depkes RI. 2009. Pedoman Pelayanan Antenatal Di Tingkat Pelayanan Dasar. Jakarta : Direktorat Bina Kesehatan Keluarga.\r\nWiknjosastro. 2011. Ilmu Kebidanan. Yayasan Bina Pusataka Sarwono Prawiroharjo. Jakarta\r\nKemenkes, 2016, Profil Kesehatan Indonesia Tahun 2015 tersedia dalam web. www.depkes.go.id diakses Desember 2016.\r\nSaifuddin, AB (2011) Ilmu Kebidanan Sarwono Prawiroharjo, Bina Pustaka SP, Jakarta\r\nDepkes RI. 2008. Pedoman Pemantauan Wilayah Setempat Kesehatan Ibu dan Anak (PWS–KIA). Jakarta.\r\n\r\nNiven, N. 2002. Health Psychology: An Introduction for Nurses and Other Health Care Professionals.  (alih bahasa). Jakarta: EGC.\r\nSofian Amru (2013) Sinopsis Obstetri Rustam Mochtar jilid 1, EGC, Jakarta\r\nDepkes RI. 2007. Peraturan Kemenkes No.949/Menkes/Per/VIII/2007 Kriteria Sarana Pelayanan Kesehatan\r\nWidyawati R. (2015) Buku Kebidanan Komunitas. Tersedia dalam http://www.profesibidan.com diakses tanggal 13 Agustus 2017','2019-03-27 11:50:42','2019-03-27 11:50:42','2019-03-27 11:50:42',1,0,1,NULL,0,0,1),(14,'en_US',2,1,'en','1.	Bothamley, Judy dan Maureen Boyle. 2012. Patofisiologi dalam Kebidanan. Jakarta: EGC\r\n\r\n2.	Dien Gusta Anggraini Nursal , Pratiwi Tamela, F. (2015). Faktor risiko kejadian preeklampsia pada ibu hamil di rsup dr. m. djamil padang tahun 2014, 2014, 38–44.\r\n\r\n3.	Dinas Kesehatan Provinsi Kalsel (2016). Profil Kesehatan Provinsi Kalimantan Selatan Tahun 2016. Banjarmasin\r\n\r\n4.	Ditjen  Bina  Gizi  dan  KIA  Kemenkes  RI.2013.  Upaya  percepatan  penurunan angka kematian ibu di Indonesia. Downloud on, June, 09, 2014\r\n\r\n5.	Kandou, P. R. D., Hutabarat, R. A., Suparman, E., Wagey, F., (2016). Karakteristik pasien dengan preeklampsia Kandidat Skripsi Fakultas Kedokteran Universitas Sam Ratulangi Manado World Health Organization \r\n\r\n6.	Lindheimer M.D, Robert J.M, Cunningham F.G, 2009. Chesley’s hypertensive disorders in pregnancy, Third Edition. Elseiver Inc. All rights Reserved.p: 87-103\r\n\r\n7.	Lockwood, C.J., Paidas, M.J. 2000. Preeclampsia and Hypertensive Disorders. In:Complication of Pregnancy fifth ed. Baltimore : Lippincott Wiliams and Wilkins. P. 214-215.\r\n\r\n8.	Maryunani, Anik dan Yulianingsih. 2011. Asuhan Kegawatdaruratan Dalam Kebidanan. Jakarta : CV Trans Info Media.\r\n\r\n9.	Novianti, H. (2016). Pengaruh Usia Dan Paritas Terhadap Kejadian Pre Eklampsia Di RSUD Sidoarjo Abstract :Jurnal Ilmiah Kesehatan, Vol. 9, No, 25–31.\r\n\r\n10.	Pratiwi, I. (2015). Hubungan Paritas Dengan Kejadian Preeklampsia Pada Ibu Hamil Di RSUD WONOSARI. Skripsi.\r\n\r\n11.	Rozikhan. (2007) Faktor-Faktor Risiko Terjadinya Pre-eklampsia Berat di Rumah Sakit Dr. H. Soewondo Kendal. Tesis. Semarang: Universitas Diponegoro. \r\n\r\n12.	Shah, D. A., & Khalil, R. A. 2015. Bioactive factors in uteroplacental and systemic circulation link placental ischemia to generalized vascular dysfunction in hypertensive pregnancy and preeclampsia. Biochemical Pharmacology, 95(4), 211–226.\r\n\r\n13.	Suwanti, Edi Prasetyo Wibowo, & Nur Aini Safitri. (2012) Hubungan Tekanan Darah Dan Paritas Dengan Kejadian Preklampsia Di Ruang Bersalin RSUP NTB Tahun 2012. Media Bina Ilmiah . Volume 8, No. 1, Februari 2014. ISSN No. 1978-3787. Pp 25-30 \r\n\r\n14.	WHO. 2011. Recommendations for Prevention and Treatment of Preeclampsia and Eclampsia, WHO Department of Maternal and Child Health, Geneva, Switzerland','2019-04-01 09:23:01','2019-09-05 09:28:03','2019-09-05 09:28:03',4,0,1,NULL,0,0,1),(15,'en_US',2,1,'en','1.	Badan Penelitian dan Pengembangan Kesehatan Kemenkes RI., Riskesdas 2013, Jakarta. 2013.\r\n2.	Dinas Kesehatan Provinsi Kalsel, Laporan Diare Kabupaten/Kota Provinsi Kalimantan   Selatan, Banjarmasin, 2013.\r\n3.	Dinas Kesehatan Kabupaten Banjar, Laporan diare Kabupaten/Kota Kabupaten Banjar. Kalimantan Selatan,. Kabupaten Banjar, 2013.\r\n4.	Hidayat AAA., Metode Penelitian Kebidanan dan Teknik Analisa Data, Jakarta,Salemba Medika, 2012.\r\n5.	Ruswana. 2006. Pelayanan Kesehatan Maternal dan Neonatal. Salemba Medika. Jakarta\r\n\r\n6.	IB Marta. 2000. Hubungan Tingkat Pengetahuan dengan Kejadian Diare di Desa Bedudu. Universitas Indonesia. Jakarta.\r\n\r\n7.	Purbasari, E. 2009. Tingkat Pengetahuan, Sikap dan Perilaku Ibu dalam Penanganan Awal Diare Pada Balita Di Puskesmas Kecamatan Ciputat, Tanggerang Selatan, Banten. Laporan Penelitian Fakultas Dan Ilmu Kesehatan Universitas Negeri Syarif Hidayatullah, Jakarta.\r\n\r\n8.	Lamberti, Laura M et al. “Breastfeeding and the risk for diarrhea morbidity and mortalityâ€, (diunduh 10 November 2018),Tersedia dari URL:HYPERLINK http: //www.biomedcentral.com/1471-2458/11/S3/S15, 2011.\r\n9.	Rahmadhani,E.P.,Lubis G.,Edison,â€Hubungan Pemberian ASI Eksklusif dengan Angka Kejadian Diare Akut pada Bayi Usia 0-1 Tahun di Puskesmas Kuranji Kota Padangâ€, http://jurnal.fk.unand.ac.id. Jurnal Kesehatan Andalas. 2013.\r\n10.	Wijayanti, Winda, “Hubungan antara Pemberian ASI Eksklusif dengan Angka Kejadian Diare pada Bayi Umur 0-6 Bulan di Puskesmas Gilingan Kecamatan Banjarsari Surakartaâ€, Skripsi, Universitas Sebelas Maret, Surakarta, 2010. \r\n11.	Suradi, Rulina, Manfaat ASI dan Menyusui. Jakarta: Fakultas Kedokteran Universitas Indonesia. 2008.\r\n12.	Hegar, Badriul dan Magdalena Sahetapy, “Air Susu Ibu dan Kesehatan Saluran Cernaâ€, (diunduh 2 November 2017). 2009, Tersedia dari URL:HYPERLINK http: /www.idai.or.id/asi/artikel.asp?q=20091029105942 \r\n13.	Lely, “Peran ASI Eksklusif yang Mengandung Antibodi SIgA terhadap Risiko Diare Akut pada Bayi Usia 1-6 Bulanâ€ 2011 (diunduh 25 Februari 2012) Tersedia dari URL:HYPERLINK http: //www.pps.unud.ac.id/disertasi \r\n14.	Vivian, Asuhan Neonatus Bayi dan Anak Balita. Salemba Medika, Jakarta, 2012.\r\n15.	Depkes, RI., Pedoman Pemberantasan Penyakit Diare. Jakarta : Ditjen PPM dan\r\n  PL., 2005.\r\n13.  Siti A., “hubungan sanitasi lingkungan dan faktor budaya dengan kejadian diare pada anak balita di desa toriyo kecamatan bendosari kabupaten sukoharjo.â€Nurseline  Journal Vol.1 No.1,Mei ,2016 http://jurnal.unimus.ac.id/index.ph p/psn12012010/article/view/52\r\n14.  Karyono., Basirun., & Septiwi, C. “Faktor-Faktor Yang Mempengaruhi Kejadian   \r\n       Pasien Diare Pada Anak Di Rsud Majenang Kabupaten Cilacap Tahun 2008â€, Jurnal\r\n  Ilmiah Kesehatan Keperawatan, 5 (1), 2009.\r\n15.  Agus, S., Handoyo,. & Widiyantis, D.A.K, Analisis Faktor-Faktor Resiko Yang         \r\n       Mempengaruhi Kejadian Diare Pada Balita Di Puskesmas Ambal 1 Kecamatan Ambal\r\n       Faktor-Faktor Yang Berhubungan Dengan Kejadian Diare Kabupaten Kebumen. “Jurnal   \r\n       Ilmiah Kesehatan Keperawatan, 5 (2), 2009.\r\n16.  Depkes Rl, Perilaku Hidup Bersih Dan Sehat,Jakarta : Depkes RI. 2010.\r\n17.    Kemenkes RI., Kurikulum dan Modul Pelatihan Sanitasi Total Berbasis Masyarakat   \r\n       (STBM),Jakarta Kementerian Kesehatan RI; 2014.(Online), \r\n18.  Zubir, Juffrie, M., Dan Wibowo, T. Faktor-Faktor Risiko Kejadian Diare Akut Pada Anak    \r\n       0-35 Bulan (Batita) Di Kabupaten Bantul, Sains Kesehatan.Vol 19. No 3. Januari 2016.   \r\n       Issn 1411-6197 : 319-332; 2006.\r\n19. Saktiansyah, ‘Hubungan Sanitasi Lingkungan dengan Kejadian Penyakit Diare pada   \r\n      Masyarakat Kawasan Pesisir Kelurahan Nambo Kecamatan Abeli Kota Kendari.’’ Skripsi. \r\n      Universitas Haluoleo, Kendari, 2010.\r\n20. Nasili, Thaha, RM dan Seweng, A., Perilaku pencegahan diare anak balita di           \r\n      wilayah bantaran kali Kelurahan Bataraguru Kecamatan Wolio Kota Bau-Bau,   \r\n      Universitas Sulawesi Tenggara, 2011.\r\n21. Sander, M.A, Hubungan Faktor Sosial Budaya dengan Kejadian Diare di Desa  \r\n      Candinegoro Kecamatan Winoayu Sidoarjo, Jurnal Medika, Vol 2, No.2 Juli- Desember \r\n      2005 :163-193, 2005','2019-04-11 11:18:39','2019-04-11 11:18:40','2019-04-11 11:18:39',1,0,1,NULL,0,0,1),(16,'en_US',2,1,'en','Dinkes Kabupaten Banjar, 2013. Rekapitulasi Imunisasi Pada Bayi dan Balita.\r\nEfendi, 2011. Kuesioner Pengaruh Faktor Pengetahuan, Dukungan Keluarga Dan Kepercayaan Terhadap Pemberian Imunisasi Hepatitis B (0-7 Hari) Pada Bayi Di Desa Selotong Kecamatan Secanggang Kabupaten Langkat Tahun 2011, tersedia dalam http://rusmanefendi.files.wordpress.com/2011/10/ml-u06-pengaruh-faktor-pengetahuan-dukungan-keluarga5.pdf. diakses tanggal 27 Mei 2014. \r\nHariadi, 2011. Penyakit yang Dapat Dicegah dengan Imunisasi, http://cpddokter.com/home/index2.php, diakses tanggal 18 Mei 2014.\r\nMaryunani, A, 2010. Ilmu Kesehatan Anak Dalam Kebidanan, Trans Info Media, Jakarta.\r\nMuflihah, 2013. Hubungan Pengetahuan dan Sikap Ibu dengan Pemberian Imunisasi Hepatitis B 0-7 Hari di Wilayah Kerja Puskesmas Lampihong Kabupaten Balangan Tahun 2012.\r\nNadia, H, 2011. Gambaran Pengetahuan Ibu Tentang Imunisasi Hepatitis B 0-7 Hari di Wilayah Kerja Puskesmas Pekauman Banjarmasin Tahun 2011\r\nNotoatmodjo, S, 2007. Promosi Kesehatan dan Ilmu Perilaku, Rineka Cipta, Jakarta.\r\nParidawati, dkk, 2013. Faktor Yang Berhubungan Dengan Tindakan Ibu Dalam Pemberian Imunisasi Dasar Pada Bayi Di Wilayah Kerja Puskesmas Bajeng Kecamatan Bajeng Kabupaten Gowa. http://repository.unhas.ac.id/bitstream/handle/123456789/5833/JURNAL%20SKRIPSI.pdf?sequence=1, diakses tanggal 28 Mei 2014.\r\nPurnawan. 2008. Pengertian Dukungan Keluarga. Diakses dalam\r\nhttp://www.psychologymania.com/2008/12/pengertian-dukungan-keluarga.html tanggal 17 Juli 2014\r\nRanuh, I.G.N., dkk, 2008. Pedoman Imunisasi Di Indonesia, Badan Penerbit Ikatan Dokter Anak Indonesia, Jakarta.\r\nSuparyanto, 2011. Konsep Kelengkapan Imunisasi. Diakses dalam http://dr-suparyanto.com/2011/06/konsep-kelengkapan-imunisasi.html tanggal 18 Juli 2014','2019-04-11 11:30:24','2019-04-11 11:30:24','2019-04-11 11:30:24',1,0,1,NULL,0,0,1),(18,'en_US',2,1,'en','Arikunto, S, 2010. Prosedur Penelitian, Rineka Cipta, Jakarta.\r\n\r\nAzwar S, 2011. Sikap Manusia Teori dan Pengukurannya, edisi ke 2, Pustaka Pelajar, Yogyakarta.\r\n\r\nDinkes Kabupaten Banjar, 2013. Rekapitulasi Imunisasi Pada Bayi dan Balita.\r\n\r\nEfendi, 2011. Kuesioner Pengaruh Faktor Pengetahuan, Dukungan Keluarga Dan Kepercayaan Terhadap Pemberian Imunisasi Hepatitis B (0-7 Hari) Pada Bayi Di Desa Selotong Kecamatan Secanggang Kabupaten Langkat Tahun 2011, tersedia dalam http://rusmanefendi.files.wordpress.com/2011/10/ml-u06-pengaruh-faktor-pengetahuan-dukungan-keluarga5.pdf. diakses tanggal 27 Mei 2014. \r\n\r\nEfendi, F dan Makhfudli, 2009. Keperawatan Kesehatan Komunitas, Salemba Medika, Jakarta.\r\n\r\nHariadi, 2011. Penyakit yang Dapat Dicegah dengan Imunisasi, http://cpddokter.com/home/index2.php, diakses tanggal 18 Mei 2014.\r\n\r\nHartono, 2011. Statistik untuk Penelitian, Pustaka Pelajar, Yogyakarta.\r\n\r\nHidayat, A.A.A., 2007. Metode Penelitian Kebidanan dan Teknik Analisis Data, Salemba Medika, Jakarta.\r\n\r\nHidayat, A.A.A., 2008. Ilmu Kesehatan Anak untuk Pendidikan Kebidanan,Salemba Medika, Jakarta.\r\nMarmi dan Kukuh R, 2012. Asuhan Neonatus, Bayi, Balita dan Anak Prasekolah, Pustaka Pelajar, Yogyakarta.\r\nMaryunani, A, 2010. Ilmu Kesehatan Anak Dalam Kebidanan, Trans Info Media, Jakarta.\r\n\r\nMuflihah, 2013. Hubungan Pengetahuan dan Sikap Ibu dengan Pemberian Imunisasi Hepatitis B 0-7 Hari di Wilayah Kerja Puskesmas Lampihong Kabupaten Balangan Tahun 2012.\r\n\r\nMuscari, M.E., 2005. Keperawatan Pediatrik, EGC, Jakarta.\r\n\r\nNadia, H, 2011. Gambaran Pengetahuan Ibu Tentang Imunisasi Hepatitis B 0-7 Hari di Wilayah Kerja Puskesmas Pekauman Banjarmasin Tahun 2011\r\n\r\nNotoatmodjo, S, 2010. Metode Penelitian Kesehatan, Rineka Cipta, Jakarta.\r\n\r\nNotoatmodjo, S, 2007. Promosi Kesehatan dan Ilmu Perilaku, Rineka Cipta, Jakarta.\r\n\r\nNursalam dan Ninuk D.K., 2007. Asuhan Keperawatan pada Pasien Terinfeksi HIV/AIDS, Salemba Medika.\r\n\r\nProverawati, A dan Citra S. D. A., 2010. Imunisasi dan Vaksinasi,Nuha Medika, Yogyakarta.\r\nParidawati, dkk, 2013. Faktor Yang Berhubungan Dengan Tindakan Ibu Dalam Pemberian Imunisasi Dasar Pada Bayi Di Wilayah Kerja Puskesmas Bajeng Kecamatan Bajeng Kabupaten Gowa. http://repository.unhas.ac.id/bitstream/handle/123456789/5833/JURNAL%20SKRIPSI.pdf?sequence=1, diakses tanggal 28 Mei 2014.\r\n\r\nPurnawan. 2008. Pengertian Dukungan Keluarga. Diakses dalam\r\nhttp://www.psychologymania.com/2008/12/pengertian-dukungan-keluarga.html tanggal 17 Juli 2014\r\n\r\nPuskemas Karang Intan Kabupaten Banjar, 2011. Imunisasi Pada Bayi dan Balita.','2019-08-02 09:13:00','2019-09-04 14:35:22','2019-09-04 14:35:22',4,0,1,NULL,0,0,3),(19,'en_US',2,1,'ind','Ali, M., Emch, M. & Donnay, J. P. (2002) Spatial filtering using a rastergeographic information system: methods for scaling health and environmental data. Health Place, 8(2):85-92.\r\nAlisjahbana, Armida S. Pedoman Penyusunan Rencana Aksi Percepatan Pencapaian Tujuan MDGs Di daerah (RADMDGs). Kementrian Perencanaan Pembangunan Nasional atau Badan Perencanaan Pembangunan Nasional, 2010.\r\nCosta A.D., Jhalani S.M., Mahadik V.K., & Diwan V.K. (2008) Managing with maps? The development and institutionalization of a mapbased health management information system in Madya Pradesh, India. Scan J Publict Health, 36:99.\r\nDepKes RI.2009 Menuju Persalinan yang aman dan Selamat agar Ibu Sehat Bayi Sehat. Pusat Promosi Kesehatan. Departemen Kesehatan RI, 2009\r\nEkadinata, A.,Dewi, S., Hadi, Danan, P., Nugroho, Dudy, K., & Johana, F. (2008) Sistem Informasi Geografis untuk Pengelolaan Bentang Lahan Berbasis Sumber Daya alam. World agroforestry Centre.\r\nForand, S. P., Talbot, T. O., Druschel, C. & Cross, P. K. (2002) Data quality and the spatial analysis of disease rates: Congenital malformations in New York State. Health Place, 8(3):191-9.\r\nJuliawanto E. 2008. Faktor-faktor yang Mempengaruhi Keputusan Memilih Penolong Persalinan Oleh Ibu Bersalin di Kecamatan Babul Rahmah Kabupaten Aceh Tenggara. Tesis. Sumatra Utara :FKM USU. \r\nNiaty. S, 2010, Pengaruh Keikutsertaan dalam Kelas Ibu Hamil terhadap Pemilihan Penolong Persalinandi Wilayah Kerja Puskesmas Mekarwangi Kabupaten Garut Jawa Barat, skripsi FKM-UI, Depok.\r\nNurhasni, 2010, Faktor-Faktor yang Mempengaruhi Pemilihan Penolong Persalinan di Wilayah Kerja Puskesmas Cijeruk Kecamatan Cijeruk Kabupaten Bogor, Skripsi FJM-UI, Depok.\r\nParenden, RD. Kandou, GD. Pangemanan, JM. Analisis Keputusan Ibu Memilih Penolong Persalinan Di Wilayah Puskesmas Kabila Bone. JIKMU, Vol. 5, No. 2a April 2015. \r\nPrahasta, E. (2009) Sistem Informasi Geografis: Konsep-Konsep Dasar Perspektif Geodesi & Geomatika. Bandung: Informatika.\r\nPrawirohardjo, 2009, Buku Acuan Nasional pelayanan Kesehatan Maternal dan Neonatal, Bina Pustaka, Jakarta\r\nRosnani, 2011, Budaya dan Faktor-Faktor Lain yang Berhubungan dengan Pemilihan  Penolong Persalinandi Wilayah Kerja Puskesmas Rakit Kulim Kecamatan Rakit Kulim Kabupaten Indragiri Hulu Porpinsi Riau, Skripsi FKM-UI, Depok\r\nWidavvati. Faktor-Faktor yang Berhubungan dengan Pola Pemilihan Penolong Persalinan Pada Ibu Melahirkan Di Wilayah Kerja Puskesmas Kopo Bandung Tahun 2007. Skripsi diterbitkan. Depok: Program Sarjana Kesehatan Masyarakat FKM UI, 2008.\r\nZalbawi, 2006, Pemilihan Tenaga Penolong Persalinan, diakses dari http:/www.google.co.id','2019-08-02 09:33:22','2019-08-02 10:30:54','2019-08-02 10:30:54',4,0,1,NULL,0,0,3),(21,'en_US',2,1,'en','Abdiana. 2015. Determinan Kematian Bayi Di Kota Payakumbuh. Jurnal Kesehatan Masyarakat Andalas 9(2) 88-92\r\nAbdullah.2012. Faktor Risiko Kematian Neonatal Dini di Rumah Sakit Bersalin. Jurnal Kesehatan Masyarakat Nasional  6(6):283-288\r\nArinta.2012. Faktor Penyebab Kematian Bayi Di Kabupaten Sidoarjo.  Jurnal Biometrika dan Kependudukan 1(1): 33-42\r\nArliana. 2013. Faktor yang Berhubungan dengan Penggunaan Metode Kontrasepsi Hormonal pada Akseptor KB di Kelurahan Pasarwajo Kec. Pasarwajo Kab. Buton Sulawesi Tenggara Tahun 2013.Skripsi. Universitas Hasanuddin Makassar \r\n\r\nAstri dkk. 2012. Analisis Faktor Risiko Kematian Neonatal Dini Di Rumah Sakit Khusus Daerah Ibu Dan Anak Pertiwi Kota Makassar Tahun 2011-2012. Bagian Biostatistik/KKB Fakultas Kesehatan Masyarakat Universitas Hasanuddin\r\nAzizah.2017. Kematian Neonatal Di Kabupaten Grobogan. Higeia Journal Of Public Health Research And Development 1(4):72-85\r\nBAPPENAS. 2017. SDG’S Indonesia Diakses dalam http://www.sdgsindonesia.or.id/ tanggal 3 Juni 2017 pukul 20.00 WIB\r\nBustami dkk. 2015.  Faktor Risiko Yang Berhubungan Dengan Kematian Perinatal Di Kabupaten Lampung Utara Tahun 2014. Jurnal Kesehatan Holistik Vol 9, No 3, Juli 2015: 103-108\r\nDinas Kesehatan Provinsi Bengkulu. 2015. Profil Kesehatan Provinsi Bengkulu. Bengkulu\r\nDinas Kesehatan Provinsi Bengkulu. 2016. Profil Kesehatan Provinsi Bengkulu. Bengkulu\r\nDjaja.2007. Peran Faktor Sosio-Ekonomi, Biologi dan Pelayanan Kesehatan terhadap Kesakitan dan Kematian Neonatal. Kedokt Indon 59 (8):371-377\r\nFitri.dkk.2017. Pengaruh Jarak Kelahiran terhadap Kematian Bayi di Indonesia, Filipina, dan Kamboja (Analisis Data Survei Demografi Kesehatan). Jurnal Epidemiologi Kesehatan Indonesia 1(2): 45-5\r\nKemenkes RI. 2010. Pedoman Pelayanan Antenatal Terpadu. Direktur Jenderal Bina Kesehatan Masyarakat Kementerian Kesehatan Republik Indonesia. Jakarta\r\nKemenkes, RI. Profil Kesehatan Indonesia 2012. Kementerian Kesehatan Republik Indonseia. Jakarta \r\nMasitoh dkk. 2014. Asfiksia Faktor Dominan Penyebab Kematian NeonataL. Jurnal Ilmu dan Teknologi Kesehatan, Vol. 1, Nomor 2, Maret 2014, hlm : 163 – 16\r\n Murwati. 2015. Faktor Ibu, Bayi Dan Budaya Yang Mempengaruhi Kejadian Kematian Bayi Di Puskesmas Pedan. Jurnal Kesehatan  VI( 1): 83-88\r\nNovidaswati. 2014. Hubungan Antara Jenis Persalinan Dengan  Tingkat Asfiksia Neonatorum Di Rsud  Panembahan Senopati Bantul Tahun 2013. Naskah Publikasi.  Program Studi Bidan Pendidik Jenjang DIV  Sekolah Tinggi Ilmu Kesehatan  ‘Aisyiyah Yogyakarta\r\nNurliawati. 2014.  Faktor-Faktor Yang Berhubungan Dengan Kematian Neonatus Dini Di Ruang Perinatalogi Rsud Tasikmalaya Tahun 2012. Jurnal Kesehatan Bakti Tunas Husada Volume 11 No.1 Februari 2014\r\nPratama. 2013. Analisis Faktor – Faktor Penyebab Kejadian Kematian Neonatus Di Kabupaten Boyolali. Naskah Publikasi.  Fakultas Ilmu Kesehatan Universitas Muhammadiyah Surakarta\r\nRahmah H. Faktor-faktor yang Berhubungan dengan Kematian Perinatal di Rumah Sakit Umum Daerah Kota Bau-bau Tahu 2009. Skripsi.  Universitas Hasanuddin Makassar\r\nTyas.Analisis Hubungan Kunjungan Neonatal, Asfiksia danBBLR dengan Kematian Neonatal. Jurnal Biometrika dan Kependudukan 3(2) : 168–174\r\nWorld Health Organization (WHO).  2015. Neonatal Death. Diakses dalam http://www.who.int/gho/child_health/mortality/neonatal/en/index1.html tanggal 3 Juni 2017 pukul 20.00 WIB\r\n\r\nYani.2013. Pelayanan Kesehatan Ibu dan Kematian Neonatal. Jurnal Kesehatan Masyarakat Nasional 7(8) , Maret 2013.373-377','2019-08-06 14:29:22','2019-08-06 14:29:23','2019-08-06 14:29:22',1,0,1,NULL,0,0,1),(22,'en_US',2,1,'id','copas yg di artikel ke sini','2019-09-04 11:32:35','2019-09-04 14:16:41','2019-09-04 14:16:41',1,0,1,NULL,0,0,4),(24,'en_US',2,1,'id','dapus ini tentang pendahuluan','2019-09-04 11:22:22','2019-09-04 14:50:27','2019-09-04 11:22:22',1,0,1,NULL,0,0,3),(25,'en_US',2,1,'id','Arikunto, S. (2006). Prosedur Penelitian dan Pendekatan Praktek. Jakarta : Rineka Cipta\r\n\r\nAzis,M.F. 2002. Skrining Dan Deteksi Dini Kanker Serviks. In : Ramli H.M, et al, eds. Deteksi Dini Kanker. Jakarta : balai penerbit FKUI.\r\n\r\nBustan,M.N. 2007. Epidemiologi Penyakit Tidak Menular.\r\n\r\nDahlan, Sopiyudin. 2011. Statistik Untuk Kedokteran Dan Kesehatan. Jakarta : Salemba Medika\r\nDewi L. 2014. Faktor-Faktor Yang Berhubungan Dengan Perilaku Wanita Usia Subur Dalam Deteksi Dini Kanker Serviks Dengan Metode Inspeksi Visual Asam Asetat (IVA) Di Wilayah Kerja Puskesmas Tanjung Hulu Pontianak Tiur Tahun 2014. \r\nhttp://ejournal.unsri.ac.id   diperoleh tanggal 13 November 2016','2019-09-04 11:33:14','2019-09-05 09:32:45','2019-09-05 09:32:45',4,0,1,NULL,0,0,1),(26,'en_US',2,1,'en','Adelia, 2017.Buku Saku Bidan. Jakarta : EGC.  \r\nAi Yeyeh, Rukiyah dkk. Asuhan kebidanan 1 (kehamilan. Edisi ke 2. Jakarta: Trans Info Media 2011.\r\nAnggun Chairunisa Chrisna Putri, 2017.  Kematian Janin Intra Uterine Fetal Death Dengan Peeklamsia. Desember2017.\r\nAni Triana,2012. Pengaruh Kadar Hb Dan Paritas Dengan Kejadian Intra Uterine Fetal  \r\nAri Setiawan Dan Saryono. Metodologi Penelitian Kebidanan Diii, Div, S1, S2. Yogyakarta : Nulia Medika 2010.\r\nAriani, A.P. (2014). Aplikasi Metodologi Penelitian Kebidanan Dan Kesehatan    Reproduksi. Yogyakarta : Nuha Medika.\r\nBadan Pusat Statistik. 2008. Survei Demografis Dan Kesehatan Indonesia (Sdki) 2012. Jakarta : Badan Pusat Statistik.\r\nDaili, F., 2003. Ilmu penyakit kulit dan kelamin. Jakarta Fakultas Kedokteran Universitas Indonesia.\r\nDepkes, 2012. Petunjuk Pelaksanaan Penetapan Indikator Enuju Indonesia Sehat 2010. \r\nDepkes.2012.  Asuhan Persalinan Normal. Depkes RI. Jakarta.\r\nDewinggga. Helma P. 2014. Gambaran Kejadiana Intra Uterifetal Death (Uifd) Berdasarkan Penyebab Di Rsud Dr. H.Moch Ansari Saleh Banjarmasin, Karya Tulis Ilmiah.\r\nDianty Maternity, S.ST.,M.Keb, 2016, hal.158\r\nHidayat, A Ai Alimul, 2007. Metode Penelitian Kebidanan Dan Tehnik Analisis Data. Jakarta : Salemba Medika.','2019-09-04 12:50:53','2019-09-04 13:10:35','2019-09-04 12:50:53',1,0,1,NULL,0,0,1),(27,'en_US',2,1,'id','Banjarmasin, P.K., 2019. Poltekkes Kemenkes Banjarmasin. Profil Poltekkes Kemenkes Banjarmasin.www.poltekkes-bjm.ac.id \r\nKumorotomo, W., Wirapradja, N.R.D., Imbaruddin, A., 2015. Etika Publik Modul Pendidikan dan Pelatihan Prajabatan Golongan II dan III. Lembaga Administrasi Negara RI, Jakarta.\r\nKusumasari, B., Dwiputrianti, S., Allo, E.L., 2015. Akuntabilitas Modul Pendidikan dan Pelatihan Prajabatan Golongan II dan III. Lembaga Administrasi Negara RI, Jakarta.\r\nLatief, Y., Suryanto, A., Muslim, A.A., 2015. Nasionalisme Modul Pendidikan dan Pelatihan Prajabatan Golongan II dan III. Lembaga Administrasi Negara RI, Jakarta.\r\nMahpolah, 2015. STATUTA POLTEKKES KEMENKES BANJARMASIN. Poltekkes Kemenkes Banjarmasin, Banjarbaru.\r\nRistekdikti, F., 2019. Forlap Ristekdikti. program studi.\r\nTim Penulis KPK, 2014. Anti Korupsi Modul Pendidikan dan Pelatihan Prajabatan Golongan I/II dan III. Lembaga Administrasi Negara RI, Jakarta.\r\nUtomo, T.W.W., Basseng, Purwana, B.H., 2016. Modul Pelatihan Dasar Calon PNS Habituasi. Lembaga Administrasi Negara RI, Jakarta.\r\nYudhoyono, S.B., 2014. Undang-Undang Republik Indonesia Nomor 5 Tahun 2014 tentang Aparatur Sipil Negara. Kementerian Hukum dan Hak Asasi Manusia RI, Jakarta.\r\nYuniarsih, T., Taufiq, M., 2015. Komitmen Mutu Modul Pendidikan dan Pelatihan Prajabatan Golongan II dan III. Lembaga Administrasi Negara RI, Jakarta.','2019-09-04 12:32:57','2019-10-03 15:30:51','2019-09-04 14:47:33',1,0,1,NULL,0,0,4),(28,'id_ID',2,1,'id',NULL,NULL,'2020-02-22 14:17:37','2020-02-22 14:17:08',1,2,1,NULL,0,0,1);

--
-- Table structure for table `subscription_type_settings`
--

CREATE TABLE `subscription_type_settings` (
  `type_id` bigint(20) NOT NULL,
  `locale` varchar(5) NOT NULL DEFAULT '',
  `setting_name` varchar(255) NOT NULL,
  `setting_value` text,
  `setting_type` varchar(6) NOT NULL,
  UNIQUE KEY `subscription_type_settings_pkey` (`type_id`,`locale`,`setting_name`),
  KEY `subscription_type_settings_type_id` (`type_id`)
) ENGINE=InnoDB DEFAULT CHARSET=utf8;

--
-- Dumping data for table `subscription_type_settings`
--


--
-- Table structure for table `subscription_types`
--

CREATE TABLE `subscription_types` (
  `type_id` bigint(20) NOT NULL AUTO_INCREMENT,
  `journal_id` bigint(20) NOT NULL,
  `cost` double NOT NULL,
  `currency_code_alpha` varchar(3) NOT NULL,
  `non_expiring` tinyint(4) NOT NULL DEFAULT '0',
  `duration` smallint(6) DEFAULT NULL,
  `format` smallint(6) NOT NULL,
  `institutional` tinyint(4) NOT NULL DEFAULT '0',
  `membership` tinyint(4) NOT NULL DEFAULT '0',
  `disable_public_display` tinyint(4) NOT NULL,
  `seq` double NOT NULL,
  PRIMARY KEY (`type_id`)
) ENGINE=InnoDB DEFAULT CHARSET=utf8;

--
-- Dumping data for table `subscription_types`
--


--
-- Table structure for table `subscriptions`
--

CREATE TABLE `subscriptions` (
  `subscription_id` bigint(20) NOT NULL AUTO_INCREMENT,
  `journal_id` bigint(20) NOT NULL,
  `user_id` bigint(20) NOT NULL,
  `type_id` bigint(20) NOT NULL,
  `date_start` date DEFAULT NULL,
  `date_end` datetime DEFAULT NULL,
  `status` tinyint(4) NOT NULL DEFAULT '1',
  `membership` varchar(40) DEFAULT NULL,
  `reference_number` varchar(40) DEFAULT NULL,
  `notes` text,
  PRIMARY KEY (`subscription_id`)
) ENGINE=InnoDB DEFAULT CHARSET=utf8;

--
-- Dumping data for table `subscriptions`
--


--
-- Table structure for table `temporary_files`
--

CREATE TABLE `temporary_files` (
  `file_id` bigint(20) NOT NULL AUTO_INCREMENT,
  `user_id` bigint(20) NOT NULL,
  `file_name` varchar(90) NOT NULL,
  `file_type` varchar(255) DEFAULT NULL,
  `file_size` bigint(20) NOT NULL,
  `original_file_name` varchar(127) DEFAULT NULL,
  `date_uploaded` datetime NOT NULL,
  PRIMARY KEY (`file_id`),
  KEY `temporary_files_user_id` (`user_id`)
) ENGINE=InnoDB DEFAULT CHARSET=utf8;

--
-- Dumping data for table `temporary_files`
--


--
-- Table structure for table `theses`
--

CREATE TABLE `theses` (
  `thesis_id` bigint(20) NOT NULL AUTO_INCREMENT,
  `journal_id` bigint(20) NOT NULL,
  `status` smallint(6) NOT NULL,
  `degree` smallint(6) NOT NULL,
  `degree_name` varchar(255) DEFAULT NULL,
  `department` varchar(255) NOT NULL,
  `university` varchar(255) NOT NULL,
  `date_approved` datetime NOT NULL,
  `title` varchar(255) NOT NULL,
  `url` text,
  `abstract` text,
  `comment` text,
  `student_first_name` varchar(40) NOT NULL,
  `student_middle_name` varchar(40) DEFAULT NULL,
  `student_last_name` varchar(90) NOT NULL,
  `student_email` varchar(90) NOT NULL,
  `student_email_publish` tinyint(4) DEFAULT '0',
  `student_bio` text,
  `supervisor_first_name` varchar(40) NOT NULL,
  `supervisor_middle_name` varchar(40) DEFAULT NULL,
  `supervisor_last_name` varchar(90) NOT NULL,
  `supervisor_email` varchar(90) NOT NULL,
  `discipline` varchar(255) DEFAULT NULL,
  `subject_class` varchar(255) DEFAULT NULL,
  `subject` varchar(255) DEFAULT NULL,
  `coverage_geo` varchar(255) DEFAULT NULL,
  `coverage_chron` varchar(255) DEFAULT NULL,
  `coverage_sample` varchar(255) DEFAULT NULL,
  `method` varchar(255) DEFAULT NULL,
  `language` varchar(10) DEFAULT 'en',
  `date_submitted` datetime NOT NULL,
  PRIMARY KEY (`thesis_id`),
  KEY `theses_journal_id` (`journal_id`)
) ENGINE=InnoDB DEFAULT CHARSET=utf8;

--
-- Dumping data for table `theses`
--


--
-- Table structure for table `usage_stats_temporary_records`
--

CREATE TABLE `usage_stats_temporary_records` (
  `assoc_id` bigint(20) NOT NULL,
  `assoc_type` bigint(20) NOT NULL,
  `day` bigint(20) NOT NULL,
  `metric` bigint(20) NOT NULL DEFAULT '1',
  `country_id` varchar(2) DEFAULT NULL,
  `region` varchar(2) DEFAULT NULL,
  `city` varchar(255) DEFAULT NULL,
  `load_id` varchar(255) NOT NULL,
  `file_type` tinyint(4) DEFAULT NULL,
  `entry_time` bigint(20) NOT NULL
) ENGINE=InnoDB DEFAULT CHARSET=utf8;

--
-- Dumping data for table `usage_stats_temporary_records`
--


--
-- Table structure for table `user_group_settings`
--

CREATE TABLE `user_group_settings` (
  `user_group_id` bigint(20) NOT NULL,
  `locale` varchar(5) NOT NULL DEFAULT '',
  `setting_name` varchar(255) NOT NULL,
  `setting_value` text,
  `setting_type` varchar(6) NOT NULL,
  UNIQUE KEY `user_group_settings_pkey` (`user_group_id`,`locale`,`setting_name`)
) ENGINE=MyISAM DEFAULT CHARSET=latin1;

--
-- Dumping data for table `user_group_settings`
--

INSERT INTO `user_group_settings` VALUES (2,'','nameLocaleKey','default.groups.name.manager','string'),(2,'','abbrevLocaleKey','default.groups.abbrev.manager','string'),(2,'en_US','name','Journal manager','string'),(2,'en_US','abbrev','JM','string'),(2,'id_ID','name','##default.groups.name.manager##','string'),(2,'id_ID','abbrev','##default.groups.abbrev.manager##','string'),(3,'','nameLocaleKey','default.groups.name.editor','string'),(3,'','abbrevLocaleKey','default.groups.abbrev.editor','string'),(3,'en_US','name','Journal editor','string'),(3,'en_US','abbrev','JE','string'),(3,'id_ID','name','##default.groups.name.editor##','string'),(3,'id_ID','abbrev','##default.groups.abbrev.editor##','string'),(4,'','nameLocaleKey','default.groups.name.productionEditor','string'),(4,'','abbrevLocaleKey','default.groups.abbrev.productionEditor','string'),(4,'en_US','name','Production editor','string'),(4,'en_US','abbrev','ProdE','string'),(4,'id_ID','name','##default.groups.name.productionEditor##','string'),(4,'id_ID','abbrev','##default.groups.abbrev.productionEditor##','string'),(5,'','nameLocaleKey','default.groups.name.sectionEditor','string'),(5,'','abbrevLocaleKey','default.groups.abbrev.sectionEditor','string'),(5,'en_US','name','Section editor','string'),(5,'en_US','abbrev','SecE','string'),(5,'id_ID','name','##default.groups.name.sectionEditor##','string'),(5,'id_ID','abbrev','##default.groups.abbrev.sectionEditor##','string'),(6,'','nameLocaleKey','default.groups.name.guestEditor','string'),(6,'','abbrevLocaleKey','default.groups.abbrev.guestEditor','string'),(6,'en_US','name','Guest editor','string'),(6,'en_US','abbrev','GE','string'),(6,'id_ID','name','##default.groups.name.guestEditor##','string'),(6,'id_ID','abbrev','##default.groups.abbrev.guestEditor##','string'),(7,'','nameLocaleKey','default.groups.name.copyeditor','string'),(7,'','abbrevLocaleKey','default.groups.abbrev.copyeditor','string'),(7,'en_US','name','Copyeditor','string'),(7,'en_US','abbrev','CE','string'),(7,'id_ID','name','##default.groups.name.copyeditor##','string'),(7,'id_ID','abbrev','##default.groups.abbrev.copyeditor##','string'),(8,'','nameLocaleKey','default.groups.name.designer','string'),(8,'','abbrevLocaleKey','default.groups.abbrev.designer','string'),(8,'en_US','name','Designer','string'),(8,'en_US','abbrev','Design','string'),(8,'id_ID','name','##default.groups.name.designer##','string'),(8,'id_ID','abbrev','##default.groups.abbrev.designer##','string'),(9,'','nameLocaleKey','default.groups.name.funding','string'),(9,'','abbrevLocaleKey','default.groups.abbrev.funding','string'),(9,'en_US','name','Funding coordinator','string'),(9,'en_US','abbrev','FC','string'),(9,'id_ID','name','##default.groups.name.funding##','string'),(9,'id_ID','abbrev','##default.groups.abbrev.funding##','string'),(10,'','nameLocaleKey','default.groups.name.indexer','string'),(10,'','abbrevLocaleKey','default.groups.abbrev.indexer','string'),(10,'en_US','name','Indexer','string'),(10,'en_US','abbrev','IND','string'),(10,'id_ID','name','##default.groups.name.indexer##','string'),(10,'id_ID','abbrev','##default.groups.abbrev.indexer##','string'),(11,'','nameLocaleKey','default.groups.name.layoutEditor','string'),(11,'','abbrevLocaleKey','default.groups.abbrev.layoutEditor','string'),(11,'en_US','name','Layout Editor','string'),(11,'en_US','abbrev','LE','string'),(11,'id_ID','name','##default.groups.name.layoutEditor##','string'),(11,'id_ID','abbrev','##default.groups.abbrev.layoutEditor##','string'),(12,'','nameLocaleKey','default.groups.name.marketing','string'),(12,'','abbrevLocaleKey','default.groups.abbrev.marketing','string'),(12,'en_US','name','Marketing and sales coordinator','string'),(12,'en_US','abbrev','MS','string'),(12,'id_ID','name','##default.groups.name.marketing##','string'),(12,'id_ID','abbrev','##default.groups.abbrev.marketing##','string'),(13,'','nameLocaleKey','default.groups.name.proofreader','string'),(13,'','abbrevLocaleKey','default.groups.abbrev.proofreader','string'),(13,'en_US','name','Proofreader','string'),(13,'en_US','abbrev','PR','string'),(13,'id_ID','name','##default.groups.name.proofreader##','string'),(13,'id_ID','abbrev','##default.groups.abbrev.proofreader##','string'),(14,'','nameLocaleKey','default.groups.name.author','string'),(14,'','abbrevLocaleKey','default.groups.abbrev.author','string'),(14,'en_US','name','Author','string'),(14,'en_US','abbrev','AU','string'),(14,'id_ID','name','##default.groups.name.author##','string'),(14,'id_ID','abbrev','##default.groups.abbrev.author##','string'),(15,'','nameLocaleKey','default.groups.name.translator','string'),(15,'','abbrevLocaleKey','default.groups.abbrev.translator','string'),(15,'en_US','name','Translator','string'),(15,'en_US','abbrev','Trans','string'),(15,'id_ID','name','##default.groups.name.translator##','string'),(15,'id_ID','abbrev','##default.groups.abbrev.translator##','string'),(16,'','nameLocaleKey','default.groups.name.externalReviewer','string'),(16,'','abbrevLocaleKey','default.groups.abbrev.externalReviewer','string'),(16,'en_US','name','Reviewer','string'),(16,'en_US','abbrev','R','string'),(16,'id_ID','name','##default.groups.name.externalReviewer##','string'),(16,'id_ID','abbrev','##default.groups.abbrev.externalReviewer##','string'),(17,'','nameLocaleKey','default.groups.name.reader','string'),(17,'','abbrevLocaleKey','default.groups.abbrev.reader','string'),(17,'en_US','name','Reader','string'),(17,'en_US','abbrev','Read','string'),(17,'id_ID','name','##default.groups.name.reader##','string'),(17,'id_ID','abbrev','##default.groups.abbrev.reader##','string'),(18,'','nameLocaleKey','default.groups.name.subscriptionManager','string'),(18,'','abbrevLocaleKey','default.groups.abbrev.subscriptionManager','string'),(18,'en_US','name','Subscription Manager','string'),(18,'en_US','abbrev','SubM','string'),(18,'id_ID','name','##default.groups.name.subscriptionManager##','string'),(18,'id_ID','abbrev','##default.groups.abbrev.subscriptionManager##','string');

--
-- Table structure for table `user_group_stage`
--

CREATE TABLE `user_group_stage` (
  `context_id` bigint(20) NOT NULL,
  `user_group_id` bigint(20) NOT NULL,
  `stage_id` bigint(20) NOT NULL,
  UNIQUE KEY `user_group_stage_pkey` (`context_id`,`user_group_id`,`stage_id`),
  KEY `user_group_stage_context_id` (`context_id`),
  KEY `user_group_stage_user_group_id` (`user_group_id`),
  KEY `user_group_stage_stage_id` (`stage_id`)
) ENGINE=MyISAM DEFAULT CHARSET=latin1;

--
-- Dumping data for table `user_group_stage`
--

INSERT INTO `user_group_stage` VALUES (2,3,1),(2,3,3),(2,3,4),(2,3,5),(2,4,4),(2,4,5),(2,5,1),(2,5,3),(2,5,4),(2,5,5),(2,6,1),(2,6,3),(2,6,4),(2,6,5),(2,7,4),(2,8,5),(2,9,1),(2,9,3),(2,10,5),(2,11,5),(2,12,4),(2,13,5),(2,14,1),(2,14,3),(2,14,4),(2,14,5),(2,15,1),(2,15,3),(2,15,4),(2,15,5),(2,16,3);

--
-- Table structure for table `user_groups`
--

CREATE TABLE `user_groups` (
  `user_group_id` bigint(20) NOT NULL AUTO_INCREMENT,
  `context_id` bigint(20) NOT NULL,
  `role_id` bigint(20) NOT NULL,
  `is_default` tinyint(4) NOT NULL DEFAULT '0',
  `show_title` tinyint(4) NOT NULL DEFAULT '1',
  `permit_self_registration` tinyint(4) NOT NULL DEFAULT '0',
  PRIMARY KEY (`user_group_id`),
  KEY `user_groups_user_group_id` (`user_group_id`),
  KEY `user_groups_context_id` (`context_id`),
  KEY `user_groups_role_id` (`role_id`)
) ENGINE=MyISAM AUTO_INCREMENT=19 DEFAULT CHARSET=latin1;

--
-- Dumping data for table `user_groups`
--

INSERT INTO `user_groups` VALUES (1,0,1,1,1,0),(2,2,16,1,0,0),(3,2,16,1,0,0),(4,2,16,1,0,0),(5,2,17,1,0,0),(6,2,17,1,0,0),(7,2,4097,1,0,0),(8,2,4097,1,0,0),(9,2,4097,1,0,0),(10,2,4097,1,0,0),(11,2,4097,1,0,0),(12,2,4097,1,0,0),(13,2,4097,1,0,0),(14,2,65536,1,0,1),(15,2,65536,1,0,0),(16,2,4096,1,0,1),(17,2,1048576,1,0,1),(18,2,2097152,1,0,0);

--
-- Table structure for table `user_interests`
--

CREATE TABLE `user_interests` (
  `user_id` bigint(20) NOT NULL,
  `controlled_vocab_entry_id` bigint(20) NOT NULL,
  UNIQUE KEY `u_e_pkey` (`user_id`,`controlled_vocab_entry_id`)
) ENGINE=InnoDB DEFAULT CHARSET=utf8;

--
-- Dumping data for table `user_interests`
--


--
-- Table structure for table `user_settings`
--

CREATE TABLE `user_settings` (
  `user_id` bigint(20) NOT NULL,
  `locale` varchar(5) NOT NULL DEFAULT '',
  `setting_name` varchar(255) NOT NULL,
  `assoc_type` bigint(20) DEFAULT '0',
  `assoc_id` bigint(20) DEFAULT '0',
  `setting_value` text,
  `setting_type` varchar(6) NOT NULL,
  UNIQUE KEY `user_settings_pkey` (`user_id`,`locale`,`setting_name`,`assoc_type`,`assoc_id`),
  KEY `user_settings_user_id` (`user_id`)
) ENGINE=InnoDB DEFAULT CHARSET=utf8;

--
-- Dumping data for table `user_settings`
--

INSERT INTO `user_settings` VALUES (2,'en_US','biography',0,0,'','string'),(2,'en_US','signature',0,0,'','string'),(2,'en_US','gossip',0,0,'','string'),(2,'en_US','affiliation',0,0,'Jurusan Kebidanan Poltekkes Kemenkes Banjarmasin','string'),(2,'','orcid',0,0,'','string'),(3,'en_US','biography',0,0,'','string'),(3,'en_US','signature',0,0,'','string'),(3,'en_US','gossip',0,0,'','string'),(3,'en_US','affiliation',0,0,'Jurusan Kebidanan Poltekkes Kebidanan Banjarmasin','string'),(3,'','orcid',0,0,'','string'),(4,'en_US','biography',0,0,'','string'),(4,'en_US','signature',0,0,'','string'),(4,'en_US','gossip',0,0,'','string'),(4,'en_US','affiliation',0,0,'Jurusan Kebidanan Poltekkes Kemenkes Banjarmasin','string'),(4,'','orcid',0,0,'','string'),(5,'en_US','biography',0,0,'','string'),(5,'en_US','signature',0,0,'','string'),(5,'en_US','gossip',0,0,'','string'),(5,'en_US','affiliation',0,0,'Jurusan Kebidanan Poltekkes Kemenkes Banjarmasin','string'),(5,'','orcid',0,0,'','string'),(6,'en_US','biography',0,0,'','string'),(6,'en_US','signature',0,0,'','string'),(6,'en_US','gossip',0,0,'','string'),(6,'en_US','affiliation',0,0,'Jurusan Kebidanan Poltekkes Kemenkes Banjarmasin','string'),(6,'','orcid',0,0,'','string'),(7,'en_US','biography',0,0,'','string'),(7,'en_US','signature',0,0,'','string'),(7,'en_US','gossip',0,0,'','string'),(7,'en_US','affiliation',0,0,'Ahli Obstetri Ginekologi/Praktisi','string'),(7,'','orcid',0,0,'','string'),(8,'en_US','biography',0,0,'','string'),(8,'en_US','signature',0,0,'','string'),(8,'en_US','gossip',0,0,'','string'),(8,'en_US','affiliation',0,0,'Ahli Kebidanan/Akademisi','string'),(8,'','orcid',0,0,'','string'),(9,'en_US','biography',0,0,'','string'),(9,'en_US','signature',0,0,'','string'),(9,'en_US','gossip',0,0,'','string'),(9,'en_US','affiliation',0,0,'Ahli Tata BAhasa/Akademisi','string'),(9,'','orcid',0,0,'','string'),(10,'en_US','biography',0,0,'','string'),(10,'en_US','signature',0,0,'','string'),(10,'en_US','affiliation',0,0,'','string'),(10,'','orcid',0,0,'','string'),(11,'en_US','biography',0,0,'','string'),(11,'en_US','signature',0,0,'','string'),(11,'en_US','affiliation',0,0,'','string'),(11,'','orcid',0,0,'','string'),(1,'en_US','biography',0,0,'','string'),(1,'en_US','signature',0,0,'','string'),(1,'en_US','gossip',0,0,'','string'),(1,'en_US','affiliation',0,0,'','string'),(1,'','orcid',0,0,'','string'),(12,'en_US','biography',0,0,'','string'),(12,'en_US','signature',0,0,'','string'),(12,'en_US','gossip',0,0,'','string'),(12,'en_US','affiliation',0,0,'','string'),(12,'','orcid',0,0,'','string'),(13,'en_US','biography',0,0,'','string'),(13,'en_US','signature',0,0,'','string'),(13,'en_US','affiliation',0,0,'','string'),(13,'','orcid',0,0,'','string'),(14,'en_US','biography',0,0,'','string'),(14,'en_US','signature',0,0,'','string'),(14,'en_US','affiliation',0,0,'','string'),(14,'','orcid',0,0,'','string'),(15,'en_US','biography',0,0,'','string'),(15,'en_US','signature',0,0,'','string'),(15,'en_US','affiliation',0,0,'','string'),(15,'','orcid',0,0,'','string'),(16,'en_US','biography',0,0,'','string'),(16,'en_US','signature',0,0,'','string'),(16,'en_US','affiliation',0,0,'poltekkes banjarmasin','string'),(16,'','orcid',0,0,'','string'),(17,'en_US','biography',0,0,'','string'),(17,'en_US','signature',0,0,'','string'),(17,'en_US','affiliation',0,0,'','string'),(17,'','orcid',0,0,'','string'),(18,'en_US','biography',0,0,'','string'),(18,'en_US','signature',0,0,'','string'),(18,'en_US','affiliation',0,0,'','string'),(18,'','orcid',0,0,'','string'),(19,'en_US','biography',0,0,'Kebidanan','string'),(19,'en_US','signature',0,0,'','string'),(19,'en_US','affiliation',0,0,'','string'),(19,'','orcid',0,0,'','string'),(20,'en_US','biography',0,0,'','string'),(20,'en_US','signature',0,0,'','string'),(20,'en_US','affiliation',0,0,'','string'),(20,'','orcid',0,0,'','string'),(21,'en_US','biography',0,0,'','string'),(21,'en_US','signature',0,0,'','string'),(21,'en_US','affiliation',0,0,'','string'),(21,'','orcid',0,0,'','string'),(22,'en_US','biography',0,0,'cd','string'),(22,'en_US','signature',0,0,'ccd','string'),(22,'en_US','affiliation',0,0,'ccd','string'),(22,'','orcid',0,0,'','string'),(23,'en_US','biography',0,0,'','string'),(23,'en_US','signature',0,0,'','string'),(23,'en_US','affiliation',0,0,'','string'),(23,'','orcid',0,0,'','string'),(13,'en_US','gossip',0,0,'','string'),(3,'','filterEditor',256,2,'0','int'),(3,'','filterSection',256,2,'0','int'),(13,'','filterEditor',256,2,'0','int'),(13,'','filterSection',256,2,'0','int'),(4,'','filterEditor',256,2,'0','int'),(4,'','filterSection',256,2,'1','int'),(2,'','filterEditor',256,2,'0','int'),(2,'','filterSection',256,2,'0','int'),(24,'en_US','biography',0,0,'','string'),(24,'en_US','signature',0,0,'','string'),(24,'en_US','affiliation',0,0,'Program Studi Kebidanan, STIKes Kapuas Raya','string'),(24,'','orcid',0,0,'','string'),(25,'en_US','biography',0,0,'','string'),(25,'en_US','signature',0,0,'','string'),(25,'en_US','affiliation',0,0,'','string'),(25,'','orcid',0,0,'','string'),(26,'en_US','biography',0,0,'','string'),(26,'en_US','signature',0,0,'','string'),(26,'en_US','affiliation',0,0,'','string'),(26,'','orcid',0,0,'','string'),(18,'en_US','gossip',0,0,'','string'),(19,'en_US','gossip',0,0,'','string'),(14,'en_US','gossip',0,0,'','string'),(17,'en_US','gossip',0,0,'','string'),(27,'en_US','biography',0,0,'','string'),(27,'en_US','signature',0,0,'','string'),(27,'en_US','affiliation',0,0,'Poltekkes Kemenkes Banjarmasin','string'),(27,'','orcid',0,0,'','string'),(28,'en_US','biography',0,0,'','string'),(28,'en_US','signature',0,0,'','string'),(28,'en_US','gossip',0,0,'','string'),(28,'en_US','affiliation',0,0,'','string'),(28,'','orcid',0,0,'','string'),(28,'','filterEditor',256,2,'0','int'),(28,'','filterSection',256,2,'0','int'),(25,'en_US','gossip',0,0,'','string'),(27,'en_US','gossip',0,0,'','string'),(15,'en_US','gossip',0,0,'','string'),(29,'en_US','biography',0,0,'Kebidanan','string'),(29,'en_US','signature',0,0,'','string'),(29,'en_US','gossip',0,0,'','string'),(29,'en_US','affiliation',0,0,'','string'),(29,'','orcid',0,0,'','string'),(18,'','filterEditor',256,2,'0','int'),(18,'','filterSection',256,2,'0','int'),(30,'en_US','biography',0,0,'','string'),(30,'en_US','signature',0,0,'VIII','string'),(30,'en_US','affiliation',0,0,'Poltekkes Kemenkes Banjarmasin Jurusan Kebidanan','string'),(30,'','orcid',0,0,'','string'),(31,'en_US','biography',0,0,'Pode me chamar por Flossie vim de Saint-Benoit. Sobre isso meus hobies, eu amo de Lute. Ah, também sou fă de Darts.\r\nEncontre isto assim como\r\nhttp://www.resad.es/Acotaciones/index.php/ACT/comment/view/246/284/976\r\nhttps://cp2.g12.br/ojs/index.php/meduc/comment/view/463/0/143053','string'),(31,'en_US','signature',0,0,'Se vocę quiser saber um pouco mais de fatos, recomendo que veja este blog; Read More Here','string'),(31,'en_US','affiliation',0,0,'','string'),(31,'','orcid',0,0,'','string'),(32,'en_US','biography',0,0,'Eu sou Francisca e vivo em Switzerland, Kefikon. Eu já tenho 40 anos e minha pretençăo é prosseguir estudando na faculdade pra finalizar a formaçăo de Theatre.\r\nAcesse isso bem como\r\nhttps://ananakihen.club/\r\nhttps://goldfingerconsulting.com','string'),(32,'en_US','signature',0,0,'Recomendo que veja mais sugestőes sobre isso este assunto acessando ao weblog ... Full Article (https://Albanavia.com)','string'),(32,'en_US','affiliation',0,0,'','string'),(32,'','orcid',0,0,'','string'),(33,'en_US','biography',0,0,'Me chame por Enrico vim de Beddingestrand. Sobre o assunto meus hobies, eu amo de Trumpet. Ah, também sou fă de Airsoft.\r\nVeja mais sobre o assunto mim abaixo\r\nhttps://Salvatores.site/\r\nhttps://Eblogs.space/','string'),(33,'en_US','signature',0,0,'Acesse sobre este meu incrível weblog veja','string'),(33,'en_US','affiliation',0,0,'','string'),(33,'','orcid',0,0,'','string'),(34,'en_US','biography',0,0,'Olááá! Pode me chamar por Zulma. Eu sou alguém muito feliz de fazer cota nesse universo, recentemente comecei a mudar minha vida e prontamente consigo ver as coisas de forma diferente. Atualmente vivo em Poland, na NA. Eu sonho visitar vários países, diferentes culturas, saborear e testemunhar tudo que a vida tem a me doar, sou sim alguém sonhadora, adoro viver esta vida.\r\n.\r\nMeus blogs\r\nhttps://Superboss.top\r\nhttps://Eveleman.com','string'),(34,'en_US','signature',0,0,'Recomendo que veja mais dicas sobre isso esse foco acessando ao website just click the up coming site (uplo4d.com)','string'),(34,'en_US','affiliation',0,0,'','string'),(34,'','orcid',0,0,'','string'),(35,'en_US','biography',0,0,'Vamos lá! Me chamo Bryan eu nasci em 6 November 1987. Sobre o assunto meus hobies, eu adoro de Bass Guitar. Ah, assim como sou fă de Paintball.\r\nEncontre isso bem como\r\nhttp://aprendeenlinea.udea.edu.co/revistas/index.php/estudiospoliticos/comment/view/1944/0/64906\r\nhttps://apuntesuniversitarios.upeu.edu.pe/index.php/revapuntes/comment/view/226/0/56882','string'),(35,'en_US','signature',0,0,'Recomendo que leia mais informaçőes sobre isto esse foco acessando ao website; site relacionado','string'),(35,'en_US','affiliation',0,0,'','string'),(35,'','orcid',0,0,'','string'),(36,'en_US','biography',0,0,'Meu nome é Lavinia e resido em Austria, Kotzing. Eu já tenho 39 anos e minha vontade é prosseguir estudando pela instituiçăo pra finalizar a formaçăo de Chemistry.\r\nAlguns locais relevantes\r\nhttps://refrigerante.site\r\nhttps://dorot.online/','string'),(36,'en_US','signature',0,0,'Acesse sobre este meu querido web page: Nosso Web Site (blogdojohn.site)','string'),(36,'en_US','affiliation',0,0,'','string'),(36,'','orcid',0,0,'','string'),(37,'en_US','biography',0,0,'I am Jayson from Buffalo studying Japanese Studies. I did my schooling, secured 88% and hope to find someone with same interests in Model Aircraft Hobbies.','string'),(37,'en_US','signature',0,0,'Visit my web page; seo em curitiba','string'),(37,'en_US','affiliation',0,0,'','string'),(37,'','orcid',0,0,'','string'),(38,'en_US','biography',0,0,'Got nothing to write about myself I think.\r\nGreat to be a member of ejurnalbidanbestari-poltekkesbjm.com.\r\nI really wish Im useful at all','string'),(38,'en_US','signature',0,0,'Feel free to visit my site :: consultor seo','string'),(38,'en_US','affiliation',0,0,'','string'),(38,'','orcid',0,0,'','string'),(39,'en_US','biography',0,0,'Bem vamos ver :) Me chame por Eduardo, estou numa fase da existęncia que eu me dedico aos estudos e procuras correlacionadas sobre Biology a partir de Eichberg, Austria.\r\nVeja mais sobre isso mim abaixo\r\nhttps://hipenet.space\r\nhttps://pagerankup.org','string'),(39,'en_US','signature',0,0,'Pare e veja meu incrível web page - Saiba mais','string'),(39,'en_US','affiliation',0,0,'','string'),(39,'','orcid',0,0,'','string'),(40,'en_US','biography',0,0,'','string'),(40,'en_US','signature',0,0,'','string'),(40,'en_US','affiliation',0,0,'Poltekkes Kemenkes Banjarmasin','string'),(40,'','orcid',0,0,'','string'),(41,'en_US','biography',0,0,'','string'),(41,'en_US','signature',0,0,'','string'),(41,'en_US','affiliation',0,0,'','string'),(41,'','orcid',0,0,'','string'),(42,'en_US','biography',0,0,'','string'),(42,'en_US','signature',0,0,'','string'),(42,'en_US','affiliation',0,0,'','string'),(42,'','orcid',0,0,'','string'),(5,'','filterEditor',256,2,'0','int'),(5,'','filterSection',256,2,'0','int'),(43,'en_US','biography',0,0,'Eu sou Dexter me domicilio em Corbais. Sobre isso meus hobies, eu gosto de Post horn. Ah, também sou fă de Inline Skating.\r\nVisualize isso assim como\r\nhttp://Estadoycomunes.iaen.edu.ec/index.php/EstadoyComunes/comment/view/30/0/1409224\r\nhttps://www.cp2.g12.br/ojs/index.php/meduc/comment/view/467/49887/147165','string'),(43,'en_US','signature',0,0,'Recomendo que leia mais dicas sobre o assunto este questăo acessando ao blog :: visit the up coming Site (revistas.pucsp.br)','string'),(43,'en_US','affiliation',0,0,'','string'),(43,'','orcid',0,0,'','string'),(44,'en_US','biography',0,0,'Hello, I\'m Lydia, a 28 year old from Fontenelle, Belgium.\r\nMy hobbies include (but are not limited to) Shortwave listening, Cheerleading and watching Modern Family.','string'),(44,'en_US','signature',0,0,'Also visit my web site :: otimização de sites curitiba','string'),(44,'en_US','affiliation',0,0,'','string'),(44,'','orcid',0,0,'','string'),(45,'en_US','biography',0,0,'','string'),(45,'en_US','signature',0,0,'','string'),(45,'en_US','affiliation',0,0,'Poltekkes Kemenkes Banjarmasin','string'),(45,'','orcid',0,0,'','string'),(46,'en_US','biography',0,0,'','string'),(46,'en_US','signature',0,0,'','string'),(46,'en_US','affiliation',0,0,'Poltekkes Kemenkes Bengkulu','string'),(46,'','orcid',0,0,'','string'),(26,'','filterEditor',256,2,'0','int'),(26,'','filterSection',256,2,'0','int'),(47,'en_US','biography',0,0,'Me chame por Jonelle. Bem veja, tenho 30 anos, em um noivado. Vivo em Ahnsbeck, Germany. Ah, assim como sou fă de Handball.\r\nMeus websites\r\nhttps://dominium.website/the-best-way-to-stop-smoking-cigarettes-permanently-this-time/\r\nhttps://easymarketersclub.net/the-best-way-to-get-rid-of-pimples-making-use-of-100-natural-ingredients/','string'),(47,'en_US','signature',0,0,'Se vocę quiser saber um pouco mais de dados, recomendo que veja esse web blog :: please Click the following web site [Onmarketboston.com]','string'),(47,'en_US','affiliation',0,0,'','string'),(47,'','orcid',0,0,'','string'),(48,'en_US','biography',0,0,'Eu adoro bastante Surfing. Sim, quem sabe pra vocę possa parecer excęntrico, no entanto esse é meu gosto preferido pra distraçăo.\r\nTambém interesso-me em preparar-se e assimilar mais a respeito Hindi no meu tempo livre e lazer. \r\n.\r\nMinhas páginas na web\r\nhttps://puzzleblocks.net\r\nhttps://albanavia.com','string'),(48,'en_US','signature',0,0,'Recomendo que leia mais sugestőes a respeito este tema acessando ao website ... See this site','string'),(48,'en_US','affiliation',0,0,'','string'),(48,'','orcid',0,0,'','string'),(49,'en_US','biography',0,0,'Me chame por Ryan vim de Greenlands. A respeito de meus hobies, eu gosto de Piano. Ah, também sou fă de Skydiving.\r\nMeus web sites\r\nhttps://workingself.com/\r\nhttps://Positiveblogs.website/','string'),(49,'en_US','signature',0,0,'Recomendo que veja mais sugestőes sobre isso esse cenário acessando ao homepage ... visit this hyperlink - https://linkmania.info,','string'),(49,'en_US','affiliation',0,0,'','string'),(49,'','orcid',0,0,'','string'),(50,'en_US','biography',0,0,'','string'),(50,'en_US','signature',0,0,'','string'),(50,'en_US','affiliation',0,0,'','string'),(50,'','orcid',0,0,'http://orcid.org/0000-0001-7995-6221','string'),(51,'en_US','biography',0,0,'','string'),(51,'en_US','signature',0,0,'','string'),(51,'en_US','affiliation',0,0,'Poltekkes Kemenkes Banjarmasin','string'),(51,'','orcid',0,0,'','string'),(26,'en_US','gossip',0,0,'','string'),(52,'en_US','biography',0,0,'','string'),(52,'en_US','signature',0,0,'','string'),(52,'en_US','affiliation',0,0,'','string'),(52,'','orcid',0,0,'','string'),(41,'','filterEditor',256,2,'0','int'),(41,'','filterSection',256,2,'0','int'),(52,'','filterEditor',256,2,'0','int'),(52,'','filterSection',256,2,'0','int'),(51,'','filterEditor',256,2,'0','int'),(51,'','filterSection',256,2,'0','int'),(40,'','filterEditor',256,2,'0','int'),(40,'','filterSection',256,2,'0','int'),(50,'','filterEditor',256,2,'0','int'),(50,'','filterSection',256,2,'0','int'),(51,'en_US','gossip',0,0,'','string'),(51,'id_ID','biography',0,0,'','string'),(51,'id_ID','signature',0,0,'','string'),(51,'id_ID','gossip',0,0,'','string'),(51,'id_ID','affiliation',0,0,'Poltekkes Kemenkes Banjarmasin','string'),(50,'id_ID','biography',0,0,'','string'),(50,'id_ID','signature',0,0,'','string'),(50,'id_ID','gossip',0,0,'','string'),(50,'id_ID','affiliation',0,0,'Poltekkes Kemenkes Banjarmasin','string'),(41,'id_ID','biography',0,0,'','string'),(41,'id_ID','signature',0,0,'','string'),(41,'id_ID','gossip',0,0,'','string'),(41,'id_ID','affiliation',0,0,'Poltekkes Kemenkes Banjarmasin','string'),(53,'en_US','biography',0,0,'Olá tudo bem?\r\nMe chamo Arron e eu tenho nada mais que 20 anos de idade, resido em Carruba.\r\n.\r\nVeja mais a respeito de mim abaixo\r\nhttps://ciencias.fun\r\nhttps://phpmylibrary.org','string'),(53,'en_US','signature',0,0,'Recomendo que leia mais infos a respeito de este tópico acessando ao weblog ... Get More Info','string'),(53,'en_US','affiliation',0,0,'','string'),(53,'','orcid',0,0,'','string'),(54,'en_US','biography',0,0,'Idade é 41 e me chame por Rebeca Leoni. Eu resido em Angern (Austria).\r\nAlguns locais intrigantes\r\nhttps://Mpoll.org/\r\nhttps://gestorb.net','string'),(54,'en_US','signature',0,0,'Se vocę quiser saber pouco mais de dados, recomendo que encontre esse webpage visite a Minha página inicial','string'),(54,'en_US','affiliation',0,0,'','string'),(54,'','orcid',0,0,'','string'),(55,'en_US','biography',0,0,'I\'m Blair and I live in Dalton. \r\nI\'m interested in Design and Technology, Inline Skating \r\nand Russian art. I like travelling and reading fantasy.\r\n\r\n\r\nMy page ... <a href=\"https://onlinecasinounion.us.com\">real money casino</a>','string'),(55,'en_US','signature',0,0,'free casino games online <a href=\"https://onlinecasinounion.us.com\">real money casino</a> casino online slots [url=http://onlinecasinounion.us.com]online casino[/url] <a href=\"http://onlinecasinounion.us.com\">casino real money</a>','string'),(55,'en_US','affiliation',0,0,'','string'),(55,'','orcid',0,0,'','string'),(56,'en_US','biography',0,0,'I\'m a 45 years old and working at the university (Directing).\r\n\r\nIn my free time I teach myself Russian. I have been twicethere and look \r\nforward to returning sometime near future. I love to read, preferably on my beloved Kindle.\r\nI really love to watch The Vampire Diaries and \r\nModern Family as well as documentaries about nature. I like Vehicle restoration.\r\n\r\nmy web site :: <a href=\"https://onlinecasinounion.us.com\">casino bonus codes</a>','string'),(56,'en_US','signature',0,0,'big fish casino <a href=\"https://onlinecasinounion.us.com\">casino bonus codes</a> free casino [url=http://onlinecasinounion.us.com]casino online[/url] <a href=\"https://onlinecasinounion.us.com\">online casinos</a>','string'),(56,'en_US','affiliation',0,0,'','string'),(56,'','orcid',0,0,'','string'),(57,'en_US','biography',0,0,'My name\'s Magnolia Rees but everybody calls me Magnolia. I\'m from Great Britain. I\'m studying at the college (3rd \r\nyear) and I <a href=\"https://onlinecasinounion.us.com\">play online casino</a> the Euphonium for 4 years.\r\nUsually I choose songs from the famous films \r\n:D. \r\nI have two brothers. I like Audiophilia, watching \r\nmovies and Chainmail making.','string'),(57,'en_US','signature',0,0,'casino online <A HREF=https://onlinecasinounion.us.com>play online casino</A> no deposit casino [url=https://onlinecasinounion.us.com]casino online[/url] <a href=\"https://onlinecasinounion.us.com\">casino games</a>','string'),(57,'en_US','affiliation',0,0,'','string'),(57,'','orcid',0,0,'','string'),(58,'en_US','biography',0,0,'I\'m Tia and I live in a seaside city in northern Denmark, Kobenhavn V.\r\nI\'m 21 and I\'m will soon finish my study at Computer Science.\r\n\r\n\r\nMy blog; <a href=\"https://onlinecasinounion.us.com\">big fish casino</a>','string'),(58,'en_US','signature',0,0,'online casino games <a href=\'https://onlinecasinounion.us.com\'>big fish casino</a> online casinos [url=https://onlinecasinounion.us.com]online casino games[/url] <a href=\"https://onlinecasinounion.us.com\">big fish casino</a>','string'),(58,'en_US','affiliation',0,0,'','string'),(58,'','orcid',0,0,'','string'),(59,'en_US','biography',0,0,'I like my hobby Radio-Controlled Car Racing. Appears boring?\r\nNot at all!\r\nI also  try to learn German in my spare time.\r\n\r\nHave a look at my web-site - <a href=\"https://onlinecasinounion.us.com\">free casino games online</a>','string'),(59,'en_US','signature',0,0,'no deposit casino <a href=\"https://onlinecasinounion.us.com\">free casino games online</a> best online casinos [url=https://onlinecasinounion.us.com]play online casino[/url] <a href=\"https://onlinecasinounion.us.com\">online casino</a>','string'),(59,'en_US','affiliation',0,0,'','string'),(59,'','orcid',0,0,'','string'),(60,'en_US','biography',0,0,'I am Meredith from Northfield. I love to play Piano.\r\nOther hobbies are Footbag.\r\n\r\nAlso visit my blog post ... <a href=\"https://onlinecasinounion.us.com\">online casino real money</a>','string'),(60,'en_US','signature',0,0,'casino online slots <a href=\"https://onlinecasinounion.us.com\">online casino real money</a> play casino [url=https://onlinecasinounion.us.com]casino play[/url] <a href=\"https://onlinecasinounion.us.com\">play online casino</a>','string'),(60,'en_US','affiliation',0,0,'','string'),(60,'','orcid',0,0,'','string'),(61,'en_US','biography',0,0,'Hi! \r\nMy name is Tisha and I\'m a 26 years old boy from Rzeszow.\r\n\r\n\r\nMy blog; <a href=\"https://onlinecasinounion.us.com\">free casino</a>','string'),(61,'en_US','signature',0,0,'online casino real money <A HREF=https://onlinecasinounion.us.com>free casino</A> online casino real money [url=https://onlinecasinounion.us.com]online casino[/url] <a href=\"https://onlinecasinounion.us.com\">free casino games</a>','string'),(61,'en_US','affiliation',0,0,'','string'),(61,'','orcid',0,0,'','string'),(62,'en_US','biography',0,0,'I am 29 years old and my name is Lyndon Greaves. I life in Freudenburg (Germany).\r\n\r\n\r\nMy web blog; <a href=\"https://onlinecasinounion.us.com\">big fish casino</a>','string'),(62,'en_US','signature',0,0,'casino online <A HREF=https://onlinecasinounion.us.com>big fish casino</A> free casino [url=https://onlinecasinounion.us.com]free casino[/url] <a href=\"https://onlinecasinounion.us.com\">casino games</a>','string'),(62,'en_US','affiliation',0,0,'','string'),(62,'','orcid',0,0,'','string'),(63,'en_US','biography',0,0,'34 yr oⅼd Internal Auditor Malcolm Mosby fгom North \r\nVancouver, һas several inteгests thɑt include singing in choir, escort \r\ngirl Ôe luxe <a href=\"https://bunga-escorts.com/paris-escorts/kim\">BUNGA ESCORTS PARIS</a> and hockey.\r\nᎷay be stimulated һow lɑrge thе world іs after setting uⲣ ɑ journey to Thracian Tomb οf Sveshtari.','string'),(63,'en_US','signature',0,0,'my web blog <a href=\"https://bunga-escorts.com/paris-escorts/kim\">BUNGA ESCORTS PARIS</a>','string'),(63,'en_US','affiliation',0,0,'','string'),(63,'','orcid',0,0,'','string'),(64,'en_US','biography',0,0,'','string'),(64,'id_ID','biography',0,0,'','string'),(64,'en_US','signature',0,0,'','string'),(64,'id_ID','signature',0,0,'','string'),(64,'en_US','affiliation',0,0,'','string'),(64,'id_ID','affiliation',0,0,'','string'),(64,'','orcid',0,0,'','string');

--
-- Table structure for table `user_user_groups`
--

CREATE TABLE `user_user_groups` (
  `user_group_id` bigint(20) NOT NULL,
  `user_id` bigint(20) NOT NULL,
  UNIQUE KEY `user_user_groups_pkey` (`user_group_id`,`user_id`),
  KEY `user_user_groups_user_group_id` (`user_group_id`),
  KEY `user_user_groups_user_id` (`user_id`)
) ENGINE=MyISAM DEFAULT CHARSET=latin1;

--
-- Dumping data for table `user_user_groups`
--

INSERT INTO `user_user_groups` VALUES (1,1),(2,1),(2,41),(2,51),(3,18),(3,26),(3,40),(3,41),(3,50),(3,51),(3,52),(14,2),(14,5),(14,6),(14,10),(14,11),(14,13),(14,14),(14,16),(14,17),(14,19),(14,20),(14,21),(14,22),(14,24),(14,26),(14,27),(14,40),(14,41),(14,42),(14,46),(14,50),(14,51),(14,52),(14,64),(16,2),(16,5),(16,7),(16,8),(16,9),(17,2),(17,14),(17,15),(17,16),(17,19),(17,20),(17,21),(17,22),(17,23),(17,24),(17,26),(17,27),(17,30),(17,31),(17,32),(17,33),(17,34),(17,35),(17,36),(17,37),(17,38),(17,39),(17,40),(17,41),(17,42),(17,43),(17,44),(17,45),(17,46),(17,47),(17,48),(17,49),(17,50),(17,51),(17,52),(17,53),(17,54),(17,55),(17,56),(17,57),(17,58),(17,59),(17,60),(17,61),(17,62),(17,63),(17,64);

--
-- Table structure for table `versions`
--

CREATE TABLE `versions` (
  `major` int(11) NOT NULL DEFAULT '0',
  `minor` int(11) NOT NULL DEFAULT '0',
  `revision` int(11) NOT NULL DEFAULT '0',
  `build` int(11) NOT NULL DEFAULT '0',
  `date_installed` datetime NOT NULL,
  `current` tinyint(4) NOT NULL DEFAULT '0',
  `product_type` varchar(30) DEFAULT NULL,
  `product` varchar(30) DEFAULT NULL,
  `product_class_name` varchar(80) DEFAULT NULL,
  `lazy_load` tinyint(4) NOT NULL DEFAULT '0',
  `sitewide` tinyint(4) NOT NULL DEFAULT '0',
  UNIQUE KEY `versions_pkey` (`product_type`,`product`,`major`,`minor`,`revision`,`build`)
) ENGINE=InnoDB DEFAULT CHARSET=utf8;

--
-- Dumping data for table `versions`
--

INSERT INTO `versions` VALUES (1,0,0,0,'2016-06-09 13:02:54',1,'plugins.metadata','nlm30','',0,0),(1,0,0,0,'2016-06-09 13:02:54',1,'plugins.metadata','mods34','',0,0),(1,0,0,0,'2016-06-09 13:02:54',1,'plugins.metadata','dc11','',0,0),(1,0,0,0,'2016-06-09 13:02:54',1,'plugins.metadata','openurl10','',0,0),(1,0,0,0,'2016-06-09 13:02:54',1,'plugins.auth','ldap','',0,0),(1,0,0,0,'2016-06-09 13:02:54',1,'plugins.blocks','information','InformationBlockPlugin',1,0),(1,0,0,0,'2016-06-09 13:02:54',1,'plugins.blocks','authorBios','AuthorBiosBlockPlugin',1,0),(1,0,0,0,'2016-06-09 13:02:54',1,'plugins.blocks','readingTools','ReadingToolsBlockPlugin',1,0),(1,0,0,0,'2016-06-09 13:02:54',1,'plugins.blocks','role','RoleBlockPlugin',1,0),(1,0,0,0,'2016-06-09 13:02:54',1,'plugins.blocks','navigation','NavigationBlockPlugin',1,0),(1,0,0,0,'2016-06-09 13:02:54',1,'plugins.blocks','relatedItems','RelatedItemsBlockPlugin',1,0),(1,0,0,0,'2016-06-09 13:02:54',1,'plugins.blocks','notification','NotificationBlockPlugin',1,0),(1,0,0,0,'2016-06-09 13:02:54',1,'plugins.blocks','subscription','SubscriptionBlockPlugin',1,0),(1,0,0,0,'2016-06-09 13:02:54',1,'plugins.blocks','user','UserBlockPlugin',1,0),(1,0,0,0,'2016-06-09 13:02:54',1,'plugins.blocks','keywordCloud','KeywordCloudBlockPlugin',1,0),(1,0,0,0,'2016-06-09 13:02:54',1,'plugins.blocks','help','HelpBlockPlugin',1,0),(1,0,0,0,'2016-06-09 13:02:54',1,'plugins.blocks','donation','DonationBlockPlugin',1,0),(1,0,0,0,'2016-06-09 13:02:54',1,'plugins.blocks','developedBy','DevelopedByBlockPlugin',1,0),(1,0,0,0,'2016-06-09 13:02:54',1,'plugins.blocks','languageToggle','LanguageToggleBlockPlugin',1,0),(1,0,0,0,'2016-06-09 13:02:54',1,'plugins.blocks','fontSize','FontSizeBlockPlugin',1,0),(1,0,0,0,'2016-06-09 13:02:54',1,'plugins.citationFormats','apa','',0,0),(1,0,0,0,'2016-06-09 13:02:54',1,'plugins.citationFormats','refMan','',0,0),(1,0,0,0,'2016-06-09 13:02:54',1,'plugins.citationFormats','endNote','',0,0),(1,0,0,0,'2016-06-09 13:02:54',1,'plugins.citationFormats','proCite','',0,0),(1,0,0,0,'2016-06-09 13:02:54',1,'plugins.citationFormats','mla','',0,0),(1,1,0,0,'2016-06-09 13:02:54',1,'plugins.citationFormats','abnt','',0,0),(1,0,0,0,'2016-06-09 13:02:54',1,'plugins.citationFormats','bibtex','',0,0),(1,0,0,0,'2016-06-09 13:02:54',1,'plugins.citationFormats','cbe','',0,0),(1,0,0,0,'2016-06-09 13:02:54',1,'plugins.citationFormats','turabian','',0,0),(1,0,0,0,'2016-06-09 13:02:54',1,'plugins.citationFormats','refWorks','',0,0),(1,0,0,0,'2016-06-09 13:02:54',1,'plugins.citationLookup','crossref','',0,0),(1,0,0,0,'2016-06-09 13:02:54',1,'plugins.citationLookup','pubmed','',0,0),(1,0,0,0,'2016-06-09 13:02:54',1,'plugins.citationLookup','worldcat','',0,0),(1,0,0,0,'2016-06-09 13:02:54',1,'plugins.citationLookup','isbndb','',0,0),(1,0,0,0,'2016-06-09 13:02:54',1,'plugins.citationOutput','apa','',0,0),(1,0,0,0,'2016-06-09 13:02:54',1,'plugins.citationOutput','mla','',0,0),(1,0,0,0,'2016-06-09 13:02:54',1,'plugins.citationOutput','abnt','',0,0),(1,0,0,0,'2016-06-09 13:02:54',1,'plugins.citationOutput','vancouver','',0,0),(1,0,0,0,'2016-06-09 13:02:54',1,'plugins.citationParser','regex','',0,0),(1,0,0,0,'2016-06-09 13:02:54',1,'plugins.citationParser','paracite','',0,0),(1,0,0,0,'2016-06-09 13:02:54',1,'plugins.citationParser','parscit','',0,0),(1,0,0,0,'2016-06-09 13:02:54',1,'plugins.citationParser','freecite','',0,0),(1,0,0,0,'2016-06-09 13:02:54',1,'plugins.gateways','resolver','',0,0),(1,0,0,0,'2016-06-09 13:02:54',1,'plugins.gateways','metsGateway','',0,0),(1,0,0,0,'2016-06-09 13:02:54',1,'plugins.generic','backup','BackupPlugin',1,0),(1,0,0,0,'2016-06-09 13:02:54',1,'plugins.generic','externalFeed','ExternalFeedPlugin',1,0),(1,0,0,0,'2016-06-09 13:02:54',1,'plugins.generic','translator','TranslatorPlugin',1,1),(1,0,0,0,'2016-06-09 13:02:54',1,'plugins.generic','webFeed','WebFeedPlugin',1,0),(1,0,0,0,'2016-06-09 13:02:54',1,'plugins.generic','lucene','LucenePlugin',1,1),(1,0,0,0,'2016-06-09 13:02:54',1,'plugins.generic','pdfJsViewer','PdfJsViewerPlugin',1,0),(1,0,0,0,'2016-06-09 13:02:54',1,'plugins.generic','phpMyVisites','PhpMyVisitesPlugin',1,0),(1,0,0,0,'2016-06-09 13:02:54',1,'plugins.generic','browse','BrowsePlugin',1,0),(1,1,1,0,'2016-06-09 13:02:54',1,'plugins.generic','dataverse','DataversePlugin',1,0),(1,0,0,0,'2016-06-09 13:02:54',1,'plugins.generic','piwik','PiwikPlugin',1,0),(1,0,0,0,'2016-06-09 13:02:54',1,'plugins.generic','coins','CoinsPlugin',1,0),(1,0,0,0,'2016-06-09 13:02:54',1,'plugins.generic','googleViewer','GoogleViewerPlugin',1,0),(1,0,0,0,'2016-06-09 13:02:54',1,'plugins.generic','thesisFeed','ThesisFeedPlugin',1,0),(1,0,0,0,'2016-06-09 13:02:54',1,'plugins.generic','booksForReview','BooksForReviewPlugin',1,0),(1,0,0,0,'2016-06-09 13:02:54',1,'plugins.generic','tinymce','TinyMCEPlugin',1,0),(1,0,0,0,'2016-06-09 13:02:54',1,'plugins.generic','driver','DRIVERPlugin',1,0),(1,1,0,0,'2016-06-09 13:02:54',0,'plugins.generic','customBlockManager','CustomBlockManagerPlugin',1,0),(1,0,0,0,'2016-06-09 13:02:54',1,'plugins.generic','thesis','ThesisPlugin',1,0),(1,2,0,0,'2016-06-09 13:02:54',1,'plugins.generic','pln','PLNPlugin',1,0),(1,0,0,0,'2016-06-09 13:02:54',1,'plugins.generic','customLocale','CustomLocalePlugin',1,0),(1,2,0,0,'2016-06-09 13:02:54',1,'plugins.generic','staticPages','StaticPagesPlugin',1,0),(1,1,0,0,'2016-06-09 13:02:54',0,'plugins.generic','acron','AcronPlugin',1,1),(1,0,0,0,'2016-06-09 13:02:54',1,'plugins.generic','usageEvent','',0,0),(1,0,0,0,'2016-06-09 13:02:54',1,'plugins.generic','sehl','SehlPlugin',1,0),(1,0,0,0,'2016-06-09 13:02:54',1,'plugins.generic','xmlGalley','XmlGalleyPlugin',1,0),(1,0,0,0,'2016-06-09 13:02:54',1,'plugins.generic','referral','ReferralPlugin',1,0),(1,0,0,0,'2016-06-09 13:02:54',1,'plugins.generic','usageStats','',0,1),(1,0,0,0,'2016-06-09 13:02:54',1,'plugins.generic','objectsForReview','ObjectsForReviewPlugin',1,1),(1,0,0,0,'2016-06-09 13:02:54',1,'plugins.generic','googleAnalytics','GoogleAnalyticsPlugin',1,0),(1,0,0,0,'2016-06-09 13:02:54',1,'plugins.generic','sword','SwordPlugin',1,0),(1,0,0,0,'2016-06-09 13:02:54',1,'plugins.generic','roundedCorners','RoundedCornersPlugin',1,0),(1,1,0,0,'2016-06-09 13:02:54',1,'plugins.generic','openAIRE','OpenAIREPlugin',1,0),(1,0,0,0,'2016-06-09 13:02:54',1,'plugins.generic','announcementFeed','AnnouncementFeedPlugin',1,0),(1,0,0,0,'2016-06-09 13:02:54',1,'plugins.generic','stopForumSpam','StopForumSpamPlugin',1,0),(1,0,0,0,'2016-06-09 13:02:54',1,'plugins.implicitAuth','shibboleth','',0,1),(1,0,0,0,'2016-06-09 13:02:54',1,'plugins.importexport','duracloud','',0,0),(1,0,0,0,'2016-06-09 13:02:54',0,'plugins.importexport','medra','',0,0),(1,0,0,0,'2016-06-09 13:02:54',1,'plugins.importexport','mets','',0,0),(1,0,0,0,'2016-06-09 13:02:54',1,'plugins.importexport','users','',0,0),(1,0,0,0,'2016-06-09 13:02:54',1,'plugins.importexport','native','',0,0),(1,0,0,0,'2016-06-09 13:02:54',1,'plugins.importexport','pubIds','',0,0),(1,0,0,0,'2016-06-09 13:02:54',1,'plugins.importexport','pubmed','',0,0),(1,0,0,0,'2016-06-09 13:02:54',1,'plugins.importexport','quickSubmit','',0,0),(1,0,0,0,'2016-06-09 13:02:54',0,'plugins.importexport','datacite','',0,0),(1,0,0,0,'2016-06-09 13:02:54',0,'plugins.importexport','doaj','',0,0),(1,0,0,0,'2016-06-09 13:02:54',1,'plugins.importexport','erudit','',0,0),(1,0,0,0,'2016-06-09 13:02:54',1,'plugins.oaiMetadataFormats','nlm','',0,0),(1,0,0,0,'2016-06-09 13:02:54',1,'plugins.oaiMetadataFormats','dc','',0,0),(1,0,0,0,'2016-06-09 13:02:54',1,'plugins.oaiMetadataFormats','marc','',0,0),(1,0,0,0,'2016-06-09 13:02:54',1,'plugins.oaiMetadataFormats','marcxml','',0,0),(1,0,0,0,'2016-06-09 13:02:54',1,'plugins.oaiMetadataFormats','rfc1807','',0,0),(1,0,0,0,'2016-06-09 13:02:54',1,'plugins.paymethod','paypal','',0,0),(1,0,0,0,'2016-06-09 13:02:54',1,'plugins.paymethod','manual','',0,0),(1,0,0,0,'2016-06-09 13:02:54',1,'plugins.pubIds','doi','DOIPubIdPlugin',1,0),(1,0,0,0,'2016-06-09 13:02:54',1,'plugins.pubIds','urn','URNPubIdPlugin',1,0),(1,0,0,0,'2016-06-09 13:02:54',1,'plugins.reports','subscriptions','',0,0),(1,0,0,0,'2016-06-09 13:02:54',1,'plugins.reports','reviews','',0,0),(1,0,0,0,'2016-06-09 13:02:54',1,'plugins.reports','timedViewReport','',0,0),(1,0,0,0,'2016-06-09 13:02:54',1,'plugins.reports','articles','',0,0),(1,0,0,0,'2016-06-09 13:02:54',1,'plugins.reports','views','',0,0),(1,0,0,0,'2016-06-09 13:02:54',1,'plugins.themes','blueSteel','',0,0),(1,0,0,0,'2016-06-09 13:02:54',1,'plugins.themes','lilac','',0,0),(1,0,0,0,'2016-06-09 13:02:54',1,'plugins.themes','custom','',0,0),(1,0,0,0,'2016-06-09 13:02:54',1,'plugins.themes','desert','',0,0),(1,0,0,0,'2016-06-09 13:02:54',1,'plugins.themes','vanilla','',0,0),(1,0,0,0,'2016-06-09 13:02:54',1,'plugins.themes','classicGreen','',0,0),(1,0,0,0,'2016-06-09 13:02:54',1,'plugins.themes','uncommon','',0,0),(1,0,0,0,'2016-06-09 13:02:54',1,'plugins.themes','classicRed','',0,0),(1,0,0,0,'2016-06-09 13:02:54',1,'plugins.themes','steel','',0,0),(1,0,0,0,'2016-06-09 13:02:54',1,'plugins.themes','classicBrown','',0,0),(1,0,0,0,'2016-06-09 13:02:54',1,'plugins.themes','classicNavy','',0,0),(1,0,0,0,'2016-06-09 13:02:54',1,'plugins.themes','night','',0,0),(1,0,0,0,'2016-06-09 13:02:54',1,'plugins.themes','redbar','',0,0),(1,0,0,0,'2016-06-09 13:02:54',1,'plugins.themes','classicBlue','',0,0),(2,4,8,0,'2016-06-09 13:02:54',0,'core','ojs2','',0,1),(1,0,0,0,'2020-03-04 11:07:37',1,'plugins.blocks','makeSubmission','MakeSubmissionBlockPlugin',1,0),(1,0,0,0,'2020-03-04 11:07:37',1,'plugins.generic','lensGalley','LensGalleyPlugin',1,0),(1,0,0,0,'2020-03-04 11:07:37',1,'plugins.generic','googleScholar','GoogleScholarPlugin',1,0),(1,0,0,0,'2020-03-04 11:07:37',1,'plugins.generic','orcidProfile','OrcidProfilePlugin',1,0),(1,0,0,0,'2020-03-04 11:07:37',1,'plugins.generic','htmlArticleGalley','HtmlArticleGalleyPlugin',1,0),(1,0,0,0,'2020-03-04 11:07:37',1,'plugins.generic','recommendByAuthor','RecommendByAuthorPlugin',1,1),(1,2,0,0,'2020-03-04 11:07:37',1,'plugins.generic','acron','AcronPlugin',1,1),(1,2,0,0,'2020-03-04 11:07:37',1,'plugins.generic','customBlockManager','CustomBlockManagerPlugin',1,0),(1,0,0,0,'2020-03-04 11:07:37',1,'plugins.generic','dublinCoreMeta','DublinCoreMetaPlugin',1,0),(2,1,0,0,'2020-03-04 11:07:37',1,'plugins.importexport','crossref','',0,0),(1,1,0,0,'2020-03-04 11:07:37',1,'plugins.importexport','doaj','',0,0),(2,0,0,0,'2020-03-04 11:07:37',1,'plugins.importexport','medra','',0,0),(2,0,0,0,'2020-03-04 11:07:37',1,'plugins.importexport','datacite','',0,0),(2,0,0,0,'2020-03-04 11:07:38',1,'plugins.reports','reviewReport','',0,0),(1,0,0,0,'2020-03-04 11:07:38',1,'plugins.reports','usageStats','',0,0),(1,0,0,0,'2020-03-04 11:07:38',1,'plugins.themes','default','DefaultThemePlugin',1,0),(3,0,2,0,'2020-03-04 11:06:47',1,'core','ojs2','',0,1);


