--
-- Host: localhost    Database: ejub1868_ojs534
-- ------------------------------------------------------


--
-- Table structure for table `access_keys`
--

CREATE TABLE `access_keys` (
  `access_key_id` bigint(20) NOT NULL AUTO_INCREMENT,
  `context` varchar(40) NOT NULL,
  `key_hash` varchar(40) NOT NULL,
  `user_id` bigint(20) NOT NULL,
  `assoc_id` bigint(20) DEFAULT NULL,
  `expiry_date` datetime NOT NULL,
  PRIMARY KEY (`access_key_id`),
  KEY `access_keys_hash` (`key_hash`,`user_id`,`context`)
) ENGINE=InnoDB DEFAULT CHARSET=utf8;

--
-- Dumping data for table `access_keys`
--


--
-- Table structure for table `announcement_settings`
--

CREATE TABLE `announcement_settings` (
  `announcement_id` bigint(20) NOT NULL,
  `locale` varchar(5) NOT NULL DEFAULT '',
  `setting_name` varchar(255) NOT NULL,
  `setting_value` text,
  `setting_type` varchar(6) NOT NULL,
  UNIQUE KEY `announcement_settings_pkey` (`announcement_id`,`locale`,`setting_name`),
  KEY `announcement_settings_announcement_id` (`announcement_id`)
) ENGINE=InnoDB DEFAULT CHARSET=utf8;

--
-- Dumping data for table `announcement_settings`
--

INSERT INTO `announcement_settings` VALUES (1,'en_US','description','','string'),(1,'en_US','descriptionShort','<p>Dear Editors, Reviewers, Authors and Readers.</p><p>Due to a change in the organizational structure of the management of the Journal of Midwifery Bestari (Jurnal Kebidanan Bestari) of the Ministry of Health Polytechnic Banjarmasin. Then, We hereby inform You that there are changes to the Journal Manager and Technical Support as follows.</p><p> </p><p>Journal Manager</p><p>Serilaila, M.PH</p><p>Midwifery Department of the Ministry of Health Polytechnic Banjarmasin</p><p><a href=\"mailto:serilaila11@yahoo.co.id\">serilaila11@yahoo.co.id</a></p><p>081905347931</p><p>  </p><p>Journal Technical Support Contact</p><p>Fitria Jannatul Laili, S.Keb., Bd., M.Keb</p><p>Midwifery Department of the Ministry of Health Polytechnic Banjarmasin</p><p><a href=\"mailto:fitria.jlaili@gmail.com\">fitria.jlaili@gmail.com</a></p><p>082225272888</p>','string'),(1,'en_US','title','The Change of Journal Manager and Journal Technical Support','string');

--
-- Table structure for table `announcement_type_settings`
--

CREATE TABLE `announcement_type_settings` (
  `type_id` bigint(20) NOT NULL,
  `locale` varchar(5) NOT NULL DEFAULT '',
  `setting_name` varchar(255) NOT NULL,
  `setting_value` text,
  `setting_type` varchar(6) NOT NULL,
  UNIQUE KEY `announcement_type_settings_pkey` (`type_id`,`locale`,`setting_name`),
  KEY `announcement_type_settings_type_id` (`type_id`)
) ENGINE=InnoDB DEFAULT CHARSET=utf8;

--
-- Dumping data for table `announcement_type_settings`
--


--
-- Table structure for table `announcement_types`
--

CREATE TABLE `announcement_types` (
  `type_id` bigint(20) NOT NULL AUTO_INCREMENT,
  `assoc_type` smallint(6) DEFAULT NULL,
  `assoc_id` bigint(20) NOT NULL,
  PRIMARY KEY (`type_id`),
  KEY `announcement_types_assoc` (`assoc_type`,`assoc_id`)
) ENGINE=InnoDB DEFAULT CHARSET=utf8;

--
-- Dumping data for table `announcement_types`
--


--
-- Table structure for table `announcements`
--

CREATE TABLE `announcements` (
  `announcement_id` bigint(20) NOT NULL AUTO_INCREMENT,
  `assoc_type` smallint(6) DEFAULT NULL,
  `assoc_id` bigint(20) NOT NULL,
  `type_id` bigint(20) DEFAULT NULL,
  `date_expire` datetime DEFAULT NULL,
  `date_posted` datetime NOT NULL,
  PRIMARY KEY (`announcement_id`),
  KEY `announcements_assoc` (`assoc_type`,`assoc_id`)
) ENGINE=InnoDB AUTO_INCREMENT=2 DEFAULT CHARSET=utf8;

--
-- Dumping data for table `announcements`
--

INSERT INTO `announcements` VALUES (1,256,2,0,NULL,'2019-10-04 00:00:00');

--
-- Table structure for table `article_galley_settings`
--

CREATE TABLE `article_galley_settings` (
  `galley_id` bigint(20) NOT NULL,
  `locale` varchar(5) NOT NULL DEFAULT '',
  `setting_name` varchar(255) NOT NULL,
  `setting_value` text,
  `setting_type` varchar(6) NOT NULL,
  UNIQUE KEY `article_galley_settings_pkey` (`galley_id`,`locale`,`setting_name`),
  KEY `article_galley_settings_galley_id` (`galley_id`),
  KEY `article_galley_settings_name_value` (`setting_name`(50),`setting_value`(150))
) ENGINE=InnoDB DEFAULT CHARSET=utf8;

--
-- Dumping data for table `article_galley_settings`
--


--
-- Table structure for table `auth_sources`
--

CREATE TABLE `auth_sources` (
  `auth_id` bigint(20) NOT NULL AUTO_INCREMENT,
  `title` varchar(60) NOT NULL,
  `plugin` varchar(32) NOT NULL,
  `auth_default` tinyint(4) NOT NULL DEFAULT '0',
  `settings` text,
  PRIMARY KEY (`auth_id`)
) ENGINE=InnoDB DEFAULT CHARSET=utf8;

--
-- Dumping data for table `auth_sources`
--


--
-- Table structure for table `author_settings`
--

CREATE TABLE `author_settings` (
  `author_id` bigint(20) NOT NULL,
  `locale` varchar(5) NOT NULL DEFAULT '',
  `setting_name` varchar(255) NOT NULL,
  `setting_value` text,
  `setting_type` varchar(6) NOT NULL,
  UNIQUE KEY `author_settings_pkey` (`author_id`,`locale`,`setting_name`),
  KEY `author_settings_author_id` (`author_id`)
) ENGINE=InnoDB DEFAULT CHARSET=utf8;

--
-- Dumping data for table `author_settings`
--

INSERT INTO `author_settings` VALUES (1,'','orcid','','string'),(1,'en_US','affiliation','Poltekkes Banjarmasin Jurusan Kebidanan','string'),(1,'en_US','biography','','string'),(2,'','orcid','','string'),(2,'en_US','affiliation','Poltekkes Banjarmasin Jurusan Kebidanan','string'),(2,'en_US','biography','','string'),(3,'','orcid','','string'),(3,'en_US','affiliation','Poltekkes Banjarmasin Jurusan Kebidanan','string'),(3,'en_US','biography','','string'),(4,'','orcid','','string'),(4,'en_US','affiliation','Poltekkes Kemenkes Banjarmasin','string'),(4,'en_US','biography','','string'),(5,'','orcid','','string'),(5,'en_US','affiliation','Poltekkes Banjarmasin Jurusan Kebidanan','string'),(5,'en_US','biography','','string'),(6,'','orcid','','string'),(6,'en_US','affiliation','Poltekkes Banjarmasin Jurusan Kebidanan','string'),(6,'en_US','biography','','string'),(7,'','orcid','','string'),(7,'en_US','affiliation','Poltekkes Kemenkes Banjarmasin','string'),(7,'en_US','biography','','string'),(8,'','orcid','','string'),(8,'en_US','affiliation','Poltekkes Banjarmasin Jurusan Kebidanan','string'),(8,'en_US','biography','','string'),(9,'','orcid','','string'),(9,'en_US','affiliation','Poltekkes Banjarmasin Jurusan Kebidanan','string'),(9,'en_US','biography','','string'),(10,'','orcid','','string'),(10,'en_US','affiliation','Poltekkes Banjarmasin Jurusan kebidanan','string'),(10,'en_US','biography','','string'),(11,'','orcid','','string'),(11,'en_US','affiliation','Poltekkes Banjarmasin Jurusan Kebidanan','string'),(11,'en_US','biography','','string'),(12,'','orcid','','string'),(12,'en_US','affiliation','Poltekkes Banjarmasin Jurusan Kebidanan','string'),(12,'en_US','biography','','string'),(13,'','orcid','','string'),(13,'en_US','affiliation','','string'),(13,'en_US','biography','','string'),(14,'','orcid','','string'),(14,'en_US','affiliation','Program Studi Kebidanan, STIKes Kapuas Raya','string'),(14,'en_US','biography','','string'),(15,'','orcid','','string'),(15,'en_US','affiliation','','string'),(15,'en_US','biography','','string'),(16,'','orcid','','string'),(16,'en_US','affiliation','','string'),(16,'en_US','biography','','string'),(17,'','orcid','','string'),(17,'en_US','affiliation','poltekkes kemenkes banjarmasin','string'),(17,'en_US','biography','kebidanan','string'),(18,'','orcid','','string'),(18,'en_US','affiliation','','string'),(18,'en_US','biography','','string'),(19,'','orcid','','string'),(19,'en_US','affiliation','','string'),(19,'en_US','biography','','string'),(20,'','orcid','','string'),(20,'en_US','affiliation','Jurusan Kebidanan Poltekkes Kemenkes Banjarmasin','string'),(20,'en_US','biography','','string'),(21,'','orcid','','string'),(21,'en_US','affiliation','Poltekkes Kemenkes Banjarmasin','string'),(21,'en_US','biography','','string'),(22,'','orcid','','string'),(22,'en_US','affiliation','','string'),(22,'en_US','biography','','string'),(23,'','orcid','','string'),(23,'en_US','affiliation','','string'),(23,'en_US','biography','Kebidanan','string'),(24,'','orcid','','string'),(24,'en_US','affiliation','','string'),(24,'en_US','biography','','string'),(25,'','orcid','','string'),(25,'en_US','affiliation','','string'),(25,'en_US','biography','','string'),(26,'','orcid','','string'),(26,'en_US','affiliation','','string'),(26,'en_US','biography','','string'),(28,'','orcid','','string'),(28,'en_US','affiliation','','string'),(28,'en_US','biography','','string'),(29,'','orcid','','string'),(29,'en_US','affiliation','Poltekkes Kemenkes Banjarmasin','string'),(29,'en_US','biography','','string'),(30,'','orcid','','string'),(30,'en_US','affiliation','','string'),(30,'en_US','biography','','string'),(31,'','orcid','','string'),(31,'en_US','affiliation','Poltekkes Kemenkes Banjarmasin','string'),(31,'en_US','biography','','string'),(33,'','orcid','','string'),(33,'en_US','affiliation','Poltekkes Kemenkes Bengkulu','string'),(33,'en_US','biography','','string'),(34,'','orcid','','string'),(34,'en_US','affiliation','Poltekkes Kemenkes Banjarmasin','string'),(34,'en_US','biography','','string'),(36,'','orcid','','string'),(36,'en_US','affiliation','jurusan kebidanan bjm','string'),(36,'en_US','biography','','string'),(37,'','orcid','','string'),(37,'en_US','affiliation','','string'),(37,'en_US','biography','','string'),(38,'','orcid','http://orcid.org/0000-0001-7995-6221','string'),(38,'en_US','affiliation','','string'),(38,'en_US','biography','','string'),(39,'','orcid','','string'),(39,'en_US','affiliation','','string'),(39,'en_US','biography','tolong bisa diterbitkan artikel ini di jurnal bestari kebidanan bjm','string'),(40,'','orcid','','string'),(40,'en_US','affiliation','','string'),(40,'en_US','biography','','string'),(41,'','orcid','http://orcid.org/0000-0002-0568-5876','string'),(41,'en_US','affiliation','Poltekkes Kemenkes Banjarmasin','string'),(41,'en_US','biography','','string'),(42,'','orcid','http://orcid.org/0000-0002-0568-5876','string'),(42,'en_US','affiliation','Poltekkes Kemenkes Banjarmasin','string'),(42,'en_US','biography','','string'),(43,'','orcid','','string'),(43,'en_US','affiliation','','string'),(43,'en_US','biography','','string'),(43,'id_ID','affiliation','','string'),(43,'id_ID','biography','','string');

--
-- Table structure for table `authors`
--

CREATE TABLE `authors` (
  `author_id` bigint(20) NOT NULL AUTO_INCREMENT,
  `submission_id` bigint(20) NOT NULL,
  `primary_contact` tinyint(4) NOT NULL DEFAULT '0',
  `seq` double NOT NULL DEFAULT '0',
  `first_name` varchar(40) NOT NULL,
  `middle_name` varchar(40) DEFAULT NULL,
  `last_name` varchar(90) NOT NULL,
  `suffix` varchar(40) DEFAULT NULL,
  `country` varchar(90) DEFAULT NULL,
  `email` varchar(90) NOT NULL,
  `url` varchar(2047) DEFAULT NULL,
  `user_group_id` bigint(20) DEFAULT NULL,
  `include_in_browse` tinyint(4) NOT NULL DEFAULT '1',
  PRIMARY KEY (`author_id`),
  KEY `authors_submission_id` (`submission_id`)
) ENGINE=InnoDB AUTO_INCREMENT=44 DEFAULT CHARSET=utf8;

--
-- Dumping data for table `authors`
--

INSERT INTO `authors` VALUES (1,1,1,1,'erni','','setiawati',NULL,'ID','erni.d3.bjm@gmail.com','',14,1),(2,1,0,2,'muhammad','','mukhtar',NULL,'ID','m.mukhtar230@gmail.com','',14,1),(3,2,1,1,'hapisah','','hapisah',NULL,'ID','hapisah476@yahoo.com1','',14,1),(4,2,0,2,'akhmad','','rizani',NULL,'ID','akhmad_rizanid3@gmail.com','',14,1),(5,3,1,1,'nirwana','','perangin2',NULL,'ID','nirwana_perangin2@gmail.com','',14,1),(6,3,0,2,'isnaniah','','isnaniah',NULL,'ID','isnaniah.bjb@gmail.com','',14,1),(7,4,1,1,'noorhayati','','maslani',NULL,'ID','noorhayatim06@gmail.com','',14,1),(8,5,1,1,'suhrawardi','','suhrawardi',NULL,'ID','wardisuhra1@gmail.com','',14,1),(9,5,0,2,'Vonny','','Khresna Dewi',NULL,'ID','v_khresnadewi@yahoo.com','',14,1),(10,5,0,3,'darmayanti','','darmayanti',NULL,'ID','mayadie01@yahoo.co.id','',14,1),(11,6,1,1,'tri','','tunggal',NULL,'ID','trijurbid.bjm@gmail.com','',14,1),(12,7,1,1,'yuniarti','','yuniarti',NULL,'ID','yuniartifaathir@gmail.com','',14,1),(13,8,1,1,'januarsih','','sugeng',NULL,'','januarsih.januarsih@gmail.com','',14,1),(14,9,1,1,'Rizki','','Amartani',NULL,'ID','rizkiamartani@gmail.com','',14,1),(15,10,1,0,'ian','','Fahrian',NULL,'','balimau24@gmail.com','',14,1),(16,11,1,1,'yuniarti','','yuniarti',NULL,'','yuniartifaathir@gmail.com','https://scholar.google.co.id/citations?user=WGZAyfAAAAJ&hl=id',14,1),(17,11,0,2,'zakiah','','zakiah',NULL,'ID','z4kiahsyah@gmail.com','https://scholar.google.co.id/citations?user=oE6xO0AAAJ&hl=id',14,1),(18,12,1,1,'rusmilawaty','','fauji',NULL,'ID','rusmilawaty71@gmail.com','',14,1),(19,12,0,2,'zakiah','','zakiah',NULL,'ID','z4kiahsyah@gmail.com','',14,1),(20,13,1,1,'Suhrawardi','','Suhrawardi',NULL,'ID','wardisuhra1@gmail.com','',14,1),(21,13,0,2,'darmayanti','','darmayanti',NULL,'ID','mayadie01@yahoo.co.id','',14,1),(22,14,1,1,'RUBIATI','','HIPNI',NULL,'ID','rubiatihipni@yahoo.co.id','https://scholar.google.co.id/citations?user=WAMgPVEAAAAJ&hl=id',14,1),(23,15,1,1,'erni','','yuliastuti',NULL,'ID','ernirokhadi74@gmail.com','https://scholar.google.co.id/citations?hl=en&user=Osx_Id4AAAAJ',14,1),(24,15,0,2,'Tut','','Barkinah',NULL,'ID','tutbarkinah@ymail.com','',14,1),(25,16,1,1,'rusmilawaty','','fauji',NULL,'ID','rusmilawaty71@gmail.com','https://scholar.google.co.id/citations?user=CRFqqncAAAAJ&hl=en',14,1),(26,16,0,2,'zakiah','','zakiah',NULL,'ID','z4kiahsyah@gmail.com','https://scholar.google.co.id/citations?user=oE6xO0AAAJ&hl=id',14,1),(28,18,1,1,'Rusmilawaty','Rusmilawaty','Fauzi',NULL,'','rusmilawatyfauzi71@gmail.com','https://scholar.google.co.id/citations?user=CFRqqncAAAAJ&hl=id',14,1),(29,19,1,1,'zakiah','','zakiah',NULL,'','z4kiahsyah@gmail.com','https://scholar.google.com/citations?user=oEX6xO0AAAAJ&hl=id',14,1),(30,18,0,2,'Zakiah','','zakiah',NULL,'','z4kiahsyah@gmail.com','https://scholar.google.co.id/citations?user=oE6xO0AAAJ&hl=id',14,1),(31,19,0,2,'Yuniarti','','Yuniarti',NULL,'ID','yuniartifaathir@gmail.com','https://scholar.google.co.id/citations?user=WGZAyfAAAAJ&hl=id',14,1),(33,21,1,1,'purnama','sari','kurniawati',NULL,'ID','purnama.arif56@gmail.com','',14,1),(34,22,1,1,'zakiah','','zakiah',NULL,'','z4kiahsyah@gmail.com','https://scholar.google.com/citations?user=oEX6xO0AAAAJ&hl=id',14,1),(36,24,1,1,'yuniarti','','yuniarti',NULL,'','yuniartifaathir@gmail.com','https://scholar.google.co.id/citations?user=WGZAyfAAAAJ&hl=id',14,1),(37,25,1,1,'isrowiyatun','','daiyah',NULL,'ID','owizdaiyah1006@gmail.com','https://scholar.google.com/citations?view_op=new_profile&hl=en&authuser=1',14,1),(38,26,1,1,'rubiati','','hipni',NULL,'ID','rubiatihipni@gmail.com','',14,1),(39,25,0,2,'vinaersa','','vinaersa',NULL,'ID','owizdaiyah1006@gmail.com','',14,1),(40,26,0,2,'Nadia','','Anggriyani',NULL,'ID','rubiatihipni@yahoo.co.id','',14,1),(41,27,1,1,'Fitria','Jannatul','Laili',NULL,'ID','fitria.jlaili@gmail.com','',14,1),(42,27,0,2,'Fitria','Jannatul','Laili',NULL,'ID','fitria.jlaili@gmail.com','',14,1),(43,28,1,1,'B','','H',NULL,'','Hh@gmail.com','',14,1);

--
-- Table structure for table `books_for_review`
--

CREATE TABLE `books_for_review` (
  `book_id` bigint(20) NOT NULL AUTO_INCREMENT,
  `journal_id` bigint(20) NOT NULL,
  `status` smallint(6) NOT NULL,
  `author_type` smallint(6) NOT NULL,
  `publisher` varchar(255) NOT NULL,
  `year` smallint(6) NOT NULL,
  `language` varchar(10) NOT NULL DEFAULT 'en',
  `copy` tinyint(4) NOT NULL DEFAULT '0',
  `url` varchar(255) DEFAULT NULL,
  `edition` tinyint(4) DEFAULT NULL,
  `pages` smallint(6) DEFAULT NULL,
  `isbn` varchar(30) DEFAULT NULL,
  `date_created` datetime NOT NULL,
  `date_requested` datetime DEFAULT NULL,
  `date_assigned` datetime DEFAULT NULL,
  `date_mailed` datetime DEFAULT NULL,
  `date_due` datetime DEFAULT NULL,
  `date_submitted` datetime DEFAULT NULL,
  `user_id` bigint(20) DEFAULT NULL,
  `editor_id` bigint(20) DEFAULT NULL,
  `submission_id` bigint(20) DEFAULT NULL,
  `notes` text,
  PRIMARY KEY (`book_id`),
  KEY `bfr_id` (`book_id`)
) ENGINE=InnoDB DEFAULT CHARSET=utf8;

--
-- Dumping data for table `books_for_review`
--


--
-- Table structure for table `books_for_review_authors`
--

CREATE TABLE `books_for_review_authors` (
  `author_id` bigint(20) NOT NULL AUTO_INCREMENT,
  `book_id` bigint(20) NOT NULL,
  `seq` double NOT NULL DEFAULT '0',
  `first_name` varchar(40) NOT NULL,
  `middle_name` varchar(40) DEFAULT NULL,
  `last_name` varchar(90) NOT NULL,
  PRIMARY KEY (`author_id`),
  KEY `bfr_book_id` (`book_id`)
) ENGINE=InnoDB DEFAULT CHARSET=utf8;

--
-- Dumping data for table `books_for_review_authors`
--


--
-- Table structure for table `books_for_review_settings`
--

CREATE TABLE `books_for_review_settings` (
  `book_id` bigint(20) NOT NULL,
  `locale` varchar(5) NOT NULL DEFAULT '',
  `setting_name` varchar(255) NOT NULL,
  `setting_value` text,
  `setting_type` varchar(6) NOT NULL,
  UNIQUE KEY `bfr_settings_pkey` (`book_id`,`locale`,`setting_name`),
  KEY `bfr_settings_book_id` (`book_id`)
) ENGINE=InnoDB DEFAULT CHARSET=utf8;

--
-- Dumping data for table `books_for_review_settings`
--


--
-- Table structure for table `captchas`
--

CREATE TABLE `captchas` (
  `captcha_id` bigint(20) NOT NULL AUTO_INCREMENT,
  `session_id` varchar(40) NOT NULL,
  `value` varchar(20) NOT NULL,
  `date_created` datetime NOT NULL,
  PRIMARY KEY (`captcha_id`)
) ENGINE=InnoDB DEFAULT CHARSET=utf8;

--
-- Dumping data for table `captchas`
--


--
-- Table structure for table `citation_settings`
--

CREATE TABLE `citation_settings` (
  `citation_id` bigint(20) NOT NULL,
  `locale` varchar(5) NOT NULL DEFAULT '',
  `setting_name` varchar(255) NOT NULL,
  `setting_value` text,
  `setting_type` varchar(6) NOT NULL,
  UNIQUE KEY `citation_settings_pkey` (`citation_id`,`locale`,`setting_name`),
  KEY `citation_settings_citation_id` (`citation_id`)
) ENGINE=InnoDB DEFAULT CHARSET=utf8;

--
-- Dumping data for table `citation_settings`
--


--
-- Table structure for table `citations`
--

CREATE TABLE `citations` (
  `citation_id` bigint(20) NOT NULL AUTO_INCREMENT,
  `assoc_type` bigint(20) NOT NULL DEFAULT '0',
  `assoc_id` bigint(20) NOT NULL DEFAULT '0',
  `citation_state` bigint(20) NOT NULL,
  `raw_citation` text,
  `seq` bigint(20) NOT NULL DEFAULT '0',
  `lock_id` varchar(23) DEFAULT NULL,
  PRIMARY KEY (`citation_id`),
  UNIQUE KEY `citations_assoc_seq` (`assoc_type`,`assoc_id`,`seq`),
  KEY `citations_assoc` (`assoc_type`,`assoc_id`)
) ENGINE=InnoDB AUTO_INCREMENT=299 DEFAULT CHARSET=utf8;

--
-- Dumping data for table `citations`
--

INSERT INTO `citations` VALUES (1,257,1,4,'A. Wawan dan Dewi M, 2010, Pengetahuan, Sikap, dan Perilaku Manusia, Nuha Medika, Yogyakarta.',1,NULL),(2,257,1,4,'Azwar, Saifuddin, 2010, Sikap Manusia Teori dan Pengukurannya, Pustaka Pelajar, Yogyakarta.',2,NULL),(3,257,1,4,'Budiarto, Eko, 2001, Biostatika Untuk Kedokteran dan Kesehatan Masyarakat. EGC. Jakarta',3,NULL),(4,257,1,4,'Depkes RI, 2009, Pedoman Umum Manajemen Kelas Ibu, Depkes RI, Jakarta.',4,NULL),(5,257,1,4,'Depkes RI, 2009, Pedoman Pelaksanaan Kelas Ibu Hamil, Depkes RI, Jakarta.',5,NULL),(6,257,1,4,'Depkes RI, 2012, Kelas Ibu Hamil, Tersedia dalam website (http://www.kesehatanibu.depkes.go.id/archives/438) diakses tanggal 9 September 2012.',6,NULL),(7,257,1,4,'Dinkes Kabupaten Tanah Laut, 2011, Laporan Kegiatan KIA, Dinkes Kabupaten Tanah Laut, Pelaihari.',7,NULL),(8,257,1,4,'Dinkes Kabupaten Tanah Laut, 2012, Laporan Kegiatan KIA, Dinkes Kabupaten Tanah Laut, Pelaihari.',8,NULL),(9,257,1,4,'Hidayat, 2007, Metode Penelitian Kebidanan Teknik Analisa Data, Salemba Medika, Jakarta.',9,NULL),(10,257,1,4,'Historyanti, Dyah, 2011, Hubungan Pengetahuan dan Sikap Ibu Hamil Dengan Partisipasi Dalam Kelas Ibu Hamil Di Wilayah Kerja Puskesmas Tembelang, Karya Tulis Ilmiah, Surabaya.',10,NULL),(11,257,1,4,'Kemenkes RI, 2011, Pedoman Pelaksanaan Kelas Ibu Hamil, Kemenkes RI, Jakarta.',11,NULL),(12,257,1,4,'Notoadmodjo, S, 2003, Pendidikan dan Perilaku Kesehatan, Rineka Cipta, Jakarta.',12,NULL),(13,257,1,4,'Notoadmodjo, S, 2005, Metodologi Penelitian Kesehatan, Rineka Cipta, Jakarta.',13,NULL),(14,257,1,4,'Notoadmodjo, S, 2005, Promosi Kesehatan Teori dan Aplikasi, Rineka Cipta, Jakarta.',14,NULL),(15,257,1,4,'Notoadmodjo, S, 2010, Metodologi Penelitian Kesehatan, Rineka Cipta, Jakarta.',15,NULL),(16,257,1,4,'Puskesmas Pelaihari, 2011, Laporan Kegiatan KIA, Puskesmas Pelaihari, Pelaihari.',16,NULL),(17,257,1,4,'Puskesmas Pelaihari, 2012, Laporan Hasil Kegiatan KIA, Puskesmas Pelaihari, Pelaihari.',17,NULL),(18,257,1,4,'Setiawan, A., & Saryono, 2010, Metodologi Penelitian Kebidanan DIII, DIV, S1, dan S2, Nuha Medika, Yogyakarta.',18,NULL),(19,257,1,4,'Syarifudin, B, 2010, Panduan TA Keperawatan dan Kebidanan Dengan SPSS, 2010, Grafindo, Yogyakarta.',19,NULL),(20,257,1,4,'Www.google.com, 2012, Hubungan Pengetahuan dan Motivasi Ibu Hamil Terhadap Senam Hamil dengan Keikutsertaan di Kelas Senam Hamil, Tersedia dalam website (http://alkhanzaworld.files.wordpress.com) diakses tanggal 9 September 2012.',20,NULL),(21,257,2,4,'Ahira A, 2012. Status Kesehatan IbuHamil.Diakses pada Mei 2013',1,NULL),(22,257,2,4,'Amiruddin R, 2007. Evidence Base Epidemiologi Anemia Defisiensi Zat Besi pada Ibu Hamil di Indonesia.Diakses pada Mei 2013.',2,NULL),(23,257,2,4,'BKKBN. 2011.Policy Brief Pusat Penelitian dan Pengembangan Pependudukan - bkkbn dalam Kajian Profil Penduduk Remaja (10-24 thn) seri i no.6/Pusdu-BKKBN/Desember 2011',3,NULL),(24,257,2,4,'Kajian Pernikahan Dini pada Beberapa Provinsi di Indonesia',4,NULL),(25,257,2,4,'BKKBN.2012. Kajian Pernikahan Dini pada Beberapa Provinsi di Indonesia,Diakses pada April 2013.',5,NULL),(26,257,2,4,'Dharmadi dkk, 2012.Penyuluhan Anemia Defisiensi Besi (Adb) Pada Remaja PutriDi Sekolah Menengah Atas Negeri 1 Bangli..Diakses pada Mei 2013',6,NULL),(27,257,2,4,'Karaoglu,L.,Pehlivan,E.,Egri,M.,Deprem,C.,Gunes,G.,Genc,M.,&Temel,I.(2010).The Prevalence Of Nutritional Anemia In Pregnancy In An East Anatolian Province, Turkey. Journal of Biomedical Public Health.',7,NULL),(28,257,2,4,'Kementrian Kesehatan Republik Indonesia.(2012). Pedoman Pelayanan Antenatal Terpadu Edisi Kedua.Direktorat Jenderal Bina Gizi dan Kesehatan Ibu dan Anak. Direktorat Bina Kesehatan Ibu. Jakarta',8,NULL),(29,257,2,4,'KUA Kecamatan Cempaka, 2013. Laporan Bulanan Perkawinan Kecamatan Cempaka, Banjarbaru.',9,NULL),(30,257,2,4,'Proverawati A, 2011. Anemia dan Anemia Kehamilan, Nuha Medika, Yogyakarta.',10,NULL),(31,257,2,4,'Manuaba dkk, 2010.Ilmu Kebidanan, Penyakit Kandungan, dan Keluarga Berencana untuk Pendidikan Bidan, Penerbit Buku Kedokteran EGC, Jakarta.',11,NULL),(32,257,2,4,'Monika, 2012.Anemia pada remaja putri.Diakses pada Mei 2013.',12,NULL),(33,257,2,4,'Notoatmodjo S, 2010. Metodologi Penelitian Kesehatan. Rineka Cipta, Jakarta.',13,NULL),(34,257,2,4,'Nurya K, 2011. Resiko Kehamilan pada Usia Dini (Primi Muda),nurse-carewithlove.blogspot.com/2011/09/resiko-kehamilan-pada-usia-dini-primi.html, Diakses pada Mei 2013.',14,NULL),(35,257,2,4,'Riskesdes, 2010Badan Penelitian Dan Pengembangan Kesehatan Kementerian Kesehatan RI',15,NULL),(36,257,2,4,'Romauli S dan Anna V. 2009.Kesehatan Reproduksi Buat Mahasiswa Kebidanan, Nuha Medika, Jakarta.',16,NULL),(37,257,2,4,'Rukiyah, A, dkk.(2011). Asuhan Kebidanan III (Nifas).Trans Info Media. Jakarta',17,NULL),(38,257,2,4,'Riskesdes , 2013 Badan Penelitian Dan Pengembangan Kesehatan Kementerian Kesehatan RI Tahun',18,NULL),(39,257,2,4,'Saifuddin A.B (ed), 2006. Buku Acuan Nasional Pelayanan Kesehatan Maternal Neonatal, Yayasan Bina Pustaka Sarwono Prawirohardjo, Jakarta.',19,NULL),(40,257,2,4,'Sibagariang E E dkk, 2010. Kesehatan Reproduksi Wanita, CV Trans Info Media, Jakarta.',20,NULL),(41,257,2,4,'Syafrudin. 2012. Kehamilan Remaja : Bahaya Kehamilan pada Usia Muda. materi-paksyaf.blogspot.com/2012/08/kehamilan-remaja.html, Diakses pada Mei 2013.',21,NULL),(42,257,2,4,'UNICEF. 2008. Young People and Family Planning : Teenage Pregnancy. eprints.unicef.ac.ml.,Diakses pada Mei 2013',22,NULL),(43,257,2,4,'Wawan A dan Dewi M, 2010.Teori & Pengukuran Pengetahuan, Sikap, dan Perilaku Manusia, Nuha Medika, Yogyakarta.',23,NULL),(44,257,3,4,'Badan Pengembangan dan pemberdayaan SDM Kesehatan Pusat Pendidikan Tenaga Kesehatan. 2004. Petunjuk Teknis Peyelenggaraan Pendidikan Jenjang Pendidikan Tinggi Tenaga Kesehatan. Jakarta : Diknakes',1,NULL),(45,257,3,4,'Badan Pengembangan dan Pemberdayaan SDM Kesehatan Pusat Pendidikan Tenaga Kesehatan. 2006. Standar Pembelajaran Praktik Kebidanan.Jakarta : Depkes',2,NULL),(46,257,3,4,'Depertemen Kesehatan Republik. 1999. Indonesia Sehat. Jakarta',3,NULL),(47,257,3,4,'Dapertemen Kesehatan Republik Indonesia. 1999. Rencana pembanguanan Kesehatan Menuju Indonesia Sehat 2010. Jakarta : Depkes',4,NULL),(48,257,3,4,'Dapertemen Kesehatan. 2002. Kurikulum Pendidikan Diploma III Kebidanan.Jakarta : Depkes',5,NULL),(49,257,3,4,'Mantja, W. 2002.Manajemen Pendidikan dan Supervisi Pengajaran.Malang : Elineka Media',6,NULL),(50,257,3,4,'Mantja, W. 2007.Profesionalisme Tenaga Kependidikan ; Manajemen Pendidikan dan Supervisi Pengajaran. Kumpulan Karya Tulis Terpublikasi. Malang : Elang Emas',7,NULL),(51,257,4,4,'Pratiwi, H. U. danRahayu E. 2015.PerilakuMengkonsumsi Air PutihDitinjau DariPersepsiTerhadapPerilakuKesehatan, (Online), (http://eprints. Unika.ac.id/11811/1/Perilaku_Mengkonsumsi_Air_Putih_Ditinjau_Dari_Persepsi_Terhadap_Perilaku_Kesehatan.pdf, diakses 3 Februari 2015).',1,NULL),(52,257,5,4,'Azwar, Syaifuddin, 2003, Sikap Manusia, Teori dan Pengukurannya, Pustaka Pelajar, Yogyakarta',1,NULL),(53,257,5,4,'Departemen Kesehatan RI., 2008, Petunjuk Teknis Penggerakan dan Pemberdayaan Masyarakat Dalam Pengembangan Desa Siaga, Jakarta.',2,NULL),(54,257,5,4,'Departemen Kesehatan RI., 2010, Pengembangan Desa dan Kelurahan Siaga Aktif. Jakarta',3,NULL),(55,257,5,4,'Dinas Kesehatan Kabupaten Tapin, 2013, Profil Kesehatan Kabupaten Tapin tahun 2013',4,NULL),(56,257,5,4,'Hurlock,E.B.1993. Psikologi Perkembangan: Suatu pendekatan sepanjang rentang kehidupan (edisi kelima). Erlangga, Jakarta',5,NULL),(57,257,5,4,'Kemenkes, 2010, Peraturan Menteri Kesehatan Republik Indonesia, No. 1464/MENKES/PER/X/2010.',6,NULL),(58,257,5,4,'Notoatmodjo, S.,2003, Pendidikan dan Perilaku Kesehatan, Rineka Cipta, Jakarta.',7,NULL),(59,257,5,4,'Robbins, Stephen P. 2001. Perilaku Organisasi Jilid I, Aditya Media, Yogyakarta',8,NULL),(60,257,5,4,'Soetomo, 2006 Strategi-strategi Pembangunan Masyarakat, Pustaka Pelajar, Yogyakarta.',9,NULL),(61,257,5,4,'Syafrudin & Hamidah, 2007. Kebidanan Komunitas, Buku Kedokteran EGC, Jakarta.',10,NULL),(62,257,6,4,'Ambarwati. ER &Wulandari. D, 2010, AsuhanKebidananNifas, NuhaMedika, Yogyakarta.',1,NULL),(63,257,6,4,'Hidayat. A.A.A, 2007, MetodePenelitian KebidanandanTeknikAnalisis Data,Salemba Medika Jakarta.',2,NULL),(64,257,6,4,'________, 2009, MetodePenelitian Keperawatan danTeknikAnalisis Data,Salemba Medika Jakarta.',3,NULL),(65,257,6,4,'Hasan. I, 2004, Analisis Data Penelitiandenganstatistik. BumiAksara, Jakarta',4,NULL),(66,257,6,4,'Profil Dinas Kesehatan Kabupaten Balangan 2011, Dinas Kesehatan Kabupaten Balangan.',5,NULL),(67,257,6,4,'Kristiyansari. W, 2010, ASI, Menyusui & Sadari, Nuha Medika, Yogjakarta.',6,NULL),(68,257,6,4,'Maryunani, 2009, AsuhanPadaIbudalamMasaNifas (Postpartum), TIM. Jakarta.',7,NULL),(69,257,6,4,'Nisman. WA, dkk, 2011, PanduanPintarIbuMenyusui, AndiBestbook, Yogyakarta.',8,NULL),(70,257,6,4,'Notoatmodjo. S, 2003, Pendidikan dan Prilaku Kesehatan, Rineka Cipta,Jakarta.',9,NULL),(71,257,6,4,'________, 2005,Metodelogi Penelitian Kesehatan,Rineka Cipta, Jakarta.',10,NULL),(72,257,6,4,'_______,2007,',11,NULL),(73,257,6,4,'KesehatanMasyarakatilmudanseni, Rineka Cipta, Jakarta.',12,NULL),(74,257,6,4,'_______, 2010,Metodelogi Penelitian Kesehatan, Rineka Cipta, Jakarta.',13,NULL),(75,257,6,4,'Syafrudin, 2011, Penyuluhan KIA, Trans Info Media, Jakarta.',14,NULL),(76,257,6,4,'Setiawan, 2010, Metode Penelitian Kebidanan DIII, DIV, S1 dan S2, NuhaMedika, Yogyakarta.',15,NULL),(77,257,6,4,'Roesli. U, 2009, MengenalASI Eksklusif, TrubusAgriwidya, Jakarta.',16,NULL),(78,257,6,4,'Wawan. A &Dewi, 2010,Teori&Pengukuran, Sikap, danPrilakuManusia.NuhaMedika, Yogyakarta.',17,NULL),(79,257,7,4,'Suradi R, Tobing HKP. (2007). Bahan bacaan manajemen laktasi. Cetakan ke-3. Jakarta: Program Manajemen Laktasi Perkumpulan Perinatologi Indonesia.',1,NULL),(80,257,7,4,'American Academy of Pediatrics, Work Group on Breastfeeding.(2005). Breastfeeding and the use of human milk. Pediatrics ;115:496–506',2,NULL),(81,257,7,4,'WHO (2004) Exclussive breastfeeding. Available at:<www.CAH-Exclusive Breastfeeding.HTML>',3,NULL),(82,257,7,4,'WHO (2009) Infant and Young Child Feeding: Model Chapter For Textbooks For Medical Students and Allied Health Professionals, Geneva: WHO.',4,NULL),(83,257,7,4,'Morhason-Bello, I. O., Adedokun, B. O. & Ojengbede, O. A. (2009) Social support during childbirth as a catalyst for early breastfeeding initiation for first-time Nigerian mothers. Int Breastfeed J, 4: 16.',5,NULL),(84,257,7,4,'Agampodi, S. B., Agampodi, T. C. & Piyaseeli, U. K. (2007) Breastfeeding practices in a public health field practice area in Sri Lanka: a survival analysis. Int Breastfeed J, 2: 13.',6,NULL),(85,257,7,4,'Kementerian Kesehatan RI. (2013). Profil Kesehatan Indonesia 2012. Jakarta',7,NULL),(86,257,7,4,'Arora, S., McJunkin, C., Wehrer, J. & Kuhn, P. (2000) Major factors influencing breastfeeding rates: Mother\'s perception of father\'s attitude and milk supply. Pediatrics, 106 (5): E67.',8,NULL),(87,257,7,4,'Mattar, C. N., Fok, D. & Chong, Y. S. (2008) Common concerns regarding breastfeeding in a family practice setting. Singapore Med J, 49 (4): 272-279.',9,NULL),(88,257,7,4,'Binns, C., Gilchrist, D., Gracey, M., Zhang, M., Scott, J. & Lee, A. (2004) Factors associated with the initiation of breast-feeding by Aboriginal mothers in Perth. Public Health Nutr, 7 (7): 857-61.',10,NULL),(89,257,7,4,'Kimbro, R. T. (2006) On-the-job moms: work and breastfeeding initiation and duration for a sample of low-income women. Matern Child Health J, 10 (1): 19-26.',11,NULL),(90,257,7,4,'Roesli, U. (2008) Inisiasi Menyusu Dini Plus Asi Eksklusif. Jakarta: Pustaka Bunda.',12,NULL),(91,257,7,4,'Hall Moran, V., Edwards, J., Dykes, F. & Downe, S. (2007) A systematic review of the nature of support for breast-feeding adolescent mothers. Midwifery, 23 (2): 157-71.',13,NULL),(92,257,7,4,'Chen, Y. C., Wu, Y. C. & Chie, W. C. (2006) Effects of work-related factors on the breastfeeding behavior of working mothers in a Taiwanese semiconductor manufacturer: a cross-sectional survey. BMC Public Health, 6: 160.',14,NULL),(93,257,7,4,'Depkes (2008) Manajemen Laktasi. Buku Panduan Bagi Bidan dan Petugas Kesehatan di Puskesmas Jakarta: Dirjen Binkesmas Departemen Kesehatan Republik Indonesia.',15,NULL),(94,257,8,4,'Adiga, U., D’souza V., Kamath A., 2007, Ant ioxidant Activity and Lipid Peroxidation in Preeclampsia, J Chin Med Assoc, 70 (10) : 435 – 438.',1,NULL),(95,257,8,4,'Agarwal A., Gupta S., Sharma R.K., 2005. Review role of oxidative stress in female reproduction, Reproductive Biology and Endocrinology 3 : 28, p. 1-21.',2,NULL),(96,257,8,4,'Basu A. and Penugonda K., 2009, Pomegranate juice: a heart-healthy fruit juice, Emerging Science, Nutrition Reviews®, 67(1):49–56.',3,NULL),(97,257,8,4,'Deshpande, Angkeow P., Huang J., Ozaki M., Iran K., 2000, Rac1 inhibits TNF-α-induced endothelial cell apoptosis: dual regulation by reactive oxygen species, The FASEB Journal, 14 (12) 1705-1714',4,NULL),(98,257,8,4,'El-Bahr S.M., 2013, Biochemistry of free radicals and oxidative stress, Science Inernational 1 (5); 111 – 117.',5,NULL),(99,257,9,4,'Dewi. 2010. Teori Proses dan sikap : Jakarta',1,NULL),(100,257,9,4,'Dinas Kesehatan. 2012. Data Anemia Ibu Hamil. Kabupaten Sintang',2,NULL),(101,257,9,4,'Data Anemia Ibu Hamil. Kabupaten Sintang',3,NULL),(102,257,9,4,'Data Anemia Ibu Hamil. Kabupaten Sintang',4,NULL),(103,257,9,4,'Febriana. 2010. Upaya Perbaikan Gizi Sejak Dalam Kandungan Sampai Lansia : Jakarta',5,NULL),(104,257,9,4,'http://americanpregnancy.org/pragnancy-concerns/anemia-during-pragnancy/ ©2017 American pregnancy assosiation. Web Design',6,NULL),(105,257,9,4,'Indriani, Mita Putri. 2014. Faktor-Faktor yang Berhubungan dengan Kejadian Anemia pada Ibu Hamil di Desa Tanjung Niaga Kecamatan Nanga Pinoh Kabupaten Melawi',7,NULL),(106,257,9,4,'Notoatmodjo, Soekidjo. 2005. Metodologi Penelitian Kesehatan. Jakarta : Rineka Cipta',8,NULL),(107,257,9,4,'Notoatmodjo. 2008. Teori Pengetahuan. Jakarta : Rineka Cipta',9,NULL),(108,257,9,4,'Saminem. 2008. Resiko Komplikasi Kehamilan : Jakarta',10,NULL),(109,257,9,4,'Sarwono. 2009. Teori Kopi Dan Teh : Jakarta',11,NULL),(110,257,9,4,'Teori Defenisi Pola Konsumsi Makan',12,NULL),(111,257,9,4,'Kesehatan Masyartakat. Jakarta : Rineka Cipta',13,NULL),(112,257,9,4,'Promosi Kesehatan dan Ilmu Perilaku. Jakarta : Rineka Cipta',14,NULL),(113,257,9,4,'Saifudin, Abdul Bari, dkk. Buku Acuan Nasional Pelayanan Kesehatan Maternal dan Neonatal, Ed 1, Cet 5. Jakarta : PT. Bina Pustaka Sarwono Prawirohardjo. 2009',15,NULL),(114,257,9,4,'Saryono dan Angraeni, Mekar Dwi. 2013. Metode Penelitian Kualitatif dan Kuantitatif dalam Bidang Kesehatan. Yogyakarta : Nuha Medika',16,NULL),(115,257,9,4,'Slee, Schmidt. 2008. Teori kesehatan',17,NULL),(116,257,9,4,'Survei Demografi dan Kependudukan Indonesia. 2012. Data Kelahiran dan Kematian Ibu : Jakarta',18,NULL),(117,257,11,4,'Suradi R, Tobing HKP. (2007). Bahan bacaan manajemen laktasi. Cetakan ke-3. Jakarta: Program Manajemen Laktasi Perkumpulan Perinatologi Indonesia.',1,NULL),(118,257,11,4,'American Academy of Pediatrics, Work Group on Breastfeeding.(2005). Breastfeeding and the use of human milk. Pediatrics ;115:496–506',2,NULL),(119,257,11,4,'WHO (2004) Exclussive breastfeeding. Available at:<www.CAH-Exclusive Breastfeeding.HTML>',3,NULL),(120,257,11,4,'WHO (2009) Infant and Young Child Feeding: Model Chapter For Textbooks For Medical Students and Allied Health Professionals, Geneva: WHO.',4,NULL),(121,257,11,4,'Morhason-Bello, I. O., Adedokun, B. O. & Ojengbede, O. A. (2009) Social support during childbirth as a catalyst for early breastfeeding initiation for first-time Nigerian mothers. Int Breastfeed J, 4: 16.',5,NULL),(122,257,11,4,'Agampodi, S. B., Agampodi, T. C. & Piyaseeli, U. K. (2007) Breastfeeding practices in a public health field practice area in Sri Lanka: a survival analysis. Int Breastfeed J, 2: 13.',6,NULL),(123,257,11,4,'Kementerian Kesehatan RI. (2013). Profil Kesehatan Indonesia 2012. Jakarta',7,NULL),(124,257,11,4,'Arora, S., McJunkin, C., Wehrer, J. & Kuhn, P. (2000) Major factors influencing breastfeeding rates: Mother\'s perception of father\'s attitude and milk supply. Pediatrics, 106 (5): E67.',8,NULL),(125,257,11,4,'Mattar, C. N., Fok, D. & Chong, Y. S. (2008) Common concerns regarding breastfeeding in a family practice setting. Singapore Med J, 49 (4): 272-279.',9,NULL),(126,257,11,4,'Binns, C., Gilchrist, D., Gracey, M., Zhang, M., Scott, J. & Lee, A. (2004) Factors associated with the initiation of breast-feeding by Aboriginal mothers in Perth. Public Health Nutr, 7 (7): 857-61.',10,NULL),(127,257,11,4,'Kimbro, R. T. (2006) On-the-job moms: work and breastfeeding initiation and duration for a sample of low-income women. Matern Child Health J, 10 (1): 19-26.',11,NULL),(128,257,11,4,'Roesli, U. (2008) Inisiasi Menyusu Dini Plus Asi Eksklusif. Jakarta: Pustaka Bunda.',12,NULL),(129,257,11,4,'Hall Moran, V., Edwards, J., Dykes, F. & Downe, S. (2007) A systematic review of the nature of support for breast-feeding adolescent mothers. Midwifery, 23 (2): 157-71.',13,NULL),(130,257,11,4,'Chen, Y. C., Wu, Y. C. & Chie, W. C. (2006) Effects of work-related factors on the breastfeeding behavior of working mothers in a Taiwanese semiconductor manufacturer: a cross-sectional survey. BMC Public Health, 6: 160.',14,NULL),(131,257,11,4,'Depkes (2008) Manajemen Laktasi. Buku Panduan Bagi Bidan dan Petugas Kesehatan di Puskesmas Jakarta: Dirjen Binkesmas Departemen Kesehatan Republik Indonesia.',15,NULL),(132,257,12,4,'erfghjkl',1,NULL),(133,257,13,4,'Depkes RI. 2009. Pedoman Pelayanan Antenatal Di Tingkat Pelayanan Dasar. Jakarta : Direktorat Bina Kesehatan Keluarga.',1,NULL),(134,257,13,4,'Wiknjosastro. 2011. Ilmu Kebidanan. Yayasan Bina Pusataka Sarwono Prawiroharjo. Jakarta',2,NULL),(135,257,13,4,'Kemenkes, 2016, Profil Kesehatan Indonesia Tahun 2015 tersedia dalam web. www.depkes.go.id diakses Desember 2016.',3,NULL),(136,257,13,4,'Saifuddin, AB (2011) Ilmu Kebidanan Sarwono Prawiroharjo, Bina Pustaka SP, Jakarta',4,NULL),(137,257,13,4,'Depkes RI. 2008. Pedoman Pemantauan Wilayah Setempat Kesehatan Ibu dan Anak (PWS–KIA). Jakarta.',5,NULL),(138,257,13,4,'Niven, N. 2002. Health Psychology: An Introduction for Nurses and Other Health Care Professionals. (alih bahasa). Jakarta: EGC.',6,NULL),(139,257,13,4,'Sofian Amru (2013) Sinopsis Obstetri Rustam Mochtar jilid 1, EGC, Jakarta',7,NULL),(140,257,13,4,'Depkes RI. 2007. Peraturan Kemenkes No.949/Menkes/Per/VIII/2007 Kriteria Sarana Pelayanan Kesehatan',8,NULL),(141,257,13,4,'Widyawati R. (2015) Buku Kebidanan Komunitas. Tersedia dalam http://www.profesibidan.com diakses tanggal 13 Agustus 2017',9,NULL),(142,257,14,4,'Bothamley, Judy dan Maureen Boyle. 2012. Patofisiologi dalam Kebidanan. Jakarta: EGC',1,NULL),(143,257,14,4,'Dien Gusta Anggraini Nursal , Pratiwi Tamela, F. (2015). Faktor risiko kejadian preeklampsia pada ibu hamil di rsup dr. m. djamil padang tahun 2014, 2014, 38–44.',2,NULL),(144,257,14,4,'Dinas Kesehatan Provinsi Kalsel (2016). Profil Kesehatan Provinsi Kalimantan Selatan Tahun 2016. Banjarmasin',3,NULL),(145,257,14,4,'Ditjen Bina Gizi dan KIA Kemenkes RI.2013. Upaya percepatan penurunan angka kematian ibu di Indonesia. Downloud on, June, 09, 2014',4,NULL),(146,257,14,4,'Kandou, P. R. D., Hutabarat, R. A., Suparman, E., Wagey, F., (2016). Karakteristik pasien dengan preeklampsia Kandidat Skripsi Fakultas Kedokteran Universitas Sam Ratulangi Manado World Health Organization',5,NULL),(147,257,14,4,'Lindheimer M.D, Robert J.M, Cunningham F.G, 2009. Chesley’s hypertensive disorders in pregnancy, Third Edition. Elseiver Inc. All rights Reserved.p: 87-103',6,NULL),(148,257,14,4,'Lockwood, C.J., Paidas, M.J. 2000. Preeclampsia and Hypertensive Disorders. In:Complication of Pregnancy fifth ed. Baltimore : Lippincott Wiliams and Wilkins. P. 214-215.',7,NULL),(149,257,14,4,'Maryunani, Anik dan Yulianingsih. 2011. Asuhan Kegawatdaruratan Dalam Kebidanan. Jakarta : CV Trans Info Media.',8,NULL),(150,257,14,4,'Novianti, H. (2016). Pengaruh Usia Dan Paritas Terhadap Kejadian Pre Eklampsia Di RSUD Sidoarjo Abstract :Jurnal Ilmiah Kesehatan, Vol. 9, No, 25–31.',9,NULL),(151,257,14,4,'Pratiwi, I. (2015). Hubungan Paritas Dengan Kejadian Preeklampsia Pada Ibu Hamil Di RSUD WONOSARI. Skripsi.',10,NULL),(152,257,14,4,'Rozikhan. (2007) Faktor-Faktor Risiko Terjadinya Pre-eklampsia Berat di Rumah Sakit Dr. H. Soewondo Kendal. Tesis. Semarang: Universitas Diponegoro.',11,NULL),(153,257,14,4,'Shah, D. A., & Khalil, R. A. 2015. Bioactive factors in uteroplacental and systemic circulation link placental ischemia to generalized vascular dysfunction in hypertensive pregnancy and preeclampsia. Biochemical Pharmacology, 95(4), 211–226.',12,NULL),(154,257,14,4,'Suwanti, Edi Prasetyo Wibowo, & Nur Aini Safitri. (2012) Hubungan Tekanan Darah Dan Paritas Dengan Kejadian Preklampsia Di Ruang Bersalin RSUP NTB Tahun 2012. Media Bina Ilmiah . Volume 8, No. 1, Februari 2014. ISSN No. 1978-3787. Pp 25-30',13,NULL),(155,257,14,4,'WHO. 2011. Recommendations for Prevention and Treatment of Preeclampsia and Eclampsia, WHO Department of Maternal and Child Health, Geneva, Switzerland',14,NULL),(156,257,15,4,'Badan Penelitian dan Pengembangan Kesehatan Kemenkes RI., Riskesdas 2013, Jakarta. 2013.',1,NULL),(157,257,15,4,'Dinas Kesehatan Provinsi Kalsel, Laporan Diare Kabupaten/Kota Provinsi Kalimantan Selatan, Banjarmasin, 2013.',2,NULL),(158,257,15,4,'Dinas Kesehatan Kabupaten Banjar, Laporan diare Kabupaten/Kota Kabupaten Banjar. Kalimantan Selatan,. Kabupaten Banjar, 2013.',3,NULL),(159,257,15,4,'Hidayat AAA., Metode Penelitian Kebidanan dan Teknik Analisa Data, Jakarta,Salemba Medika, 2012.',4,NULL),(160,257,15,4,'Ruswana. 2006. Pelayanan Kesehatan Maternal dan Neonatal. Salemba Medika. Jakarta',5,NULL),(161,257,15,4,'IB Marta. 2000. Hubungan Tingkat Pengetahuan dengan Kejadian Diare di Desa Bedudu. Universitas Indonesia. Jakarta.',6,NULL),(162,257,15,4,'Purbasari, E. 2009. Tingkat Pengetahuan, Sikap dan Perilaku Ibu dalam Penanganan Awal Diare Pada Balita Di Puskesmas Kecamatan Ciputat, Tanggerang Selatan, Banten. Laporan Penelitian Fakultas Dan Ilmu Kesehatan Universitas Negeri Syarif Hidayatullah, Jakarta.',7,NULL),(163,257,15,4,'Lamberti, Laura M et al. “Breastfeeding and the risk for diarrhea morbidity and mortalityâ€, (diunduh 10 November 2018),Tersedia dari URL:HYPERLINK http: //www.biomedcentral.com/1471-2458/11/S3/S15, 2011.',8,NULL),(164,257,15,4,'Rahmadhani,E.P.,Lubis G.,Edison,â€Hubungan Pemberian ASI Eksklusif dengan Angka Kejadian Diare Akut pada Bayi Usia 0-1 Tahun di Puskesmas Kuranji Kota Padangâ€, http://jurnal.fk.unand.ac.id. Jurnal Kesehatan Andalas. 2013.',9,NULL),(165,257,15,4,'Wijayanti, Winda, “Hubungan antara Pemberian ASI Eksklusif dengan Angka Kejadian Diare pada Bayi Umur 0-6 Bulan di Puskesmas Gilingan Kecamatan Banjarsari Surakartaâ€, Skripsi, Universitas Sebelas Maret, Surakarta, 2010.',10,NULL),(166,257,15,4,'Suradi, Rulina, Manfaat ASI dan Menyusui. Jakarta: Fakultas Kedokteran Universitas Indonesia. 2008.',11,NULL),(167,257,15,4,'Hegar, Badriul dan Magdalena Sahetapy, “Air Susu Ibu dan Kesehatan Saluran Cernaâ€, (diunduh 2 November 2017). 2009, Tersedia dari URL:HYPERLINK http: /www.idai.or.id/asi/artikel.asp?q=20091029105942',12,NULL),(168,257,15,4,'Lely, “Peran ASI Eksklusif yang Mengandung Antibodi SIgA terhadap Risiko Diare Akut pada Bayi Usia 1-6 Bulanâ€ 2011 (diunduh 25 Februari 2012) Tersedia dari URL:HYPERLINK http: //www.pps.unud.ac.id/disertasi',13,NULL),(169,257,15,4,'Vivian, Asuhan Neonatus Bayi dan Anak Balita. Salemba Medika, Jakarta, 2012.',14,NULL),(170,257,15,4,'Depkes, RI., Pedoman Pemberantasan Penyakit Diare. Jakarta : Ditjen PPM dan',15,NULL),(171,257,15,4,'PL., 2005.',16,NULL),(172,257,15,4,'Siti A., “hubungan sanitasi lingkungan dan faktor budaya dengan kejadian diare pada anak balita di desa toriyo kecamatan bendosari kabupaten sukoharjo.â€Nurseline Journal Vol.1 No.1,Mei ,2016 http://jurnal.unimus.ac.id/index.ph p/psn12012010/article/view/52',17,NULL),(173,257,15,4,'Karyono., Basirun., & Septiwi, C. “Faktor-Faktor Yang Mempengaruhi Kejadian',18,NULL),(174,257,15,4,'Pasien Diare Pada Anak Di Rsud Majenang Kabupaten Cilacap Tahun 2008â€, Jurnal',19,NULL),(175,257,15,4,'Ilmiah Kesehatan Keperawatan, 5 (1), 2009.',20,NULL),(176,257,15,4,'Agus, S., Handoyo,. & Widiyantis, D.A.K, Analisis Faktor-Faktor Resiko Yang',21,NULL),(177,257,15,4,'Mempengaruhi Kejadian Diare Pada Balita Di Puskesmas Ambal 1 Kecamatan Ambal',22,NULL),(178,257,15,4,'Faktor-Faktor Yang Berhubungan Dengan Kejadian Diare Kabupaten Kebumen. “Jurnal',23,NULL),(179,257,15,4,'Ilmiah Kesehatan Keperawatan, 5 (2), 2009.',24,NULL),(180,257,15,4,'Depkes Rl, Perilaku Hidup Bersih Dan Sehat,Jakarta : Depkes RI. 2010.',25,NULL),(181,257,15,4,'Kemenkes RI., Kurikulum dan Modul Pelatihan Sanitasi Total Berbasis Masyarakat',26,NULL),(182,257,15,4,'(STBM),Jakarta Kementerian Kesehatan RI; 2014.(Online),',27,NULL),(183,257,15,4,'Zubir, Juffrie, M., Dan Wibowo, T. Faktor-Faktor Risiko Kejadian Diare Akut Pada Anak',28,NULL),(184,257,15,4,'-35 Bulan (Batita) Di Kabupaten Bantul, Sains Kesehatan.Vol 19. No 3. Januari 2016.',29,NULL),(185,257,15,4,'Issn 1411-6197 : 319-332; 2006.',30,NULL),(186,257,15,4,'Saktiansyah, ‘Hubungan Sanitasi Lingkungan dengan Kejadian Penyakit Diare pada',31,NULL),(187,257,15,4,'Masyarakat Kawasan Pesisir Kelurahan Nambo Kecamatan Abeli Kota Kendari.’’ Skripsi.',32,NULL),(188,257,15,4,'Universitas Haluoleo, Kendari, 2010.',33,NULL),(189,257,15,4,'Nasili, Thaha, RM dan Seweng, A., Perilaku pencegahan diare anak balita di',34,NULL),(190,257,15,4,'wilayah bantaran kali Kelurahan Bataraguru Kecamatan Wolio Kota Bau-Bau,',35,NULL),(191,257,15,4,'Universitas Sulawesi Tenggara, 2011.',36,NULL),(192,257,15,4,'Sander, M.A, Hubungan Faktor Sosial Budaya dengan Kejadian Diare di Desa',37,NULL),(193,257,15,4,'Candinegoro Kecamatan Winoayu Sidoarjo, Jurnal Medika, Vol 2, No.2 Juli- Desember',38,NULL),(194,257,15,4,':163-193, 2005',39,NULL),(195,257,16,4,'Dinkes Kabupaten Banjar, 2013. Rekapitulasi Imunisasi Pada Bayi dan Balita.',1,NULL),(196,257,16,4,'Efendi, 2011. Kuesioner Pengaruh Faktor Pengetahuan, Dukungan Keluarga Dan Kepercayaan Terhadap Pemberian Imunisasi Hepatitis B (0-7 Hari) Pada Bayi Di Desa Selotong Kecamatan Secanggang Kabupaten Langkat Tahun 2011, tersedia dalam http://rusmanefendi.files.wordpress.com/2011/10/ml-u06-pengaruh-faktor-pengetahuan-dukungan-keluarga5.pdf. diakses tanggal 27 Mei 2014.',2,NULL),(197,257,16,4,'Hariadi, 2011. Penyakit yang Dapat Dicegah dengan Imunisasi, http://cpddokter.com/home/index2.php, diakses tanggal 18 Mei 2014.',3,NULL),(198,257,16,4,'Maryunani, A, 2010. Ilmu Kesehatan Anak Dalam Kebidanan, Trans Info Media, Jakarta.',4,NULL),(199,257,16,4,'Muflihah, 2013. Hubungan Pengetahuan dan Sikap Ibu dengan Pemberian Imunisasi Hepatitis B 0-7 Hari di Wilayah Kerja Puskesmas Lampihong Kabupaten Balangan Tahun 2012.',5,NULL),(200,257,16,4,'Nadia, H, 2011. Gambaran Pengetahuan Ibu Tentang Imunisasi Hepatitis B 0-7 Hari di Wilayah Kerja Puskesmas Pekauman Banjarmasin Tahun 2011',6,NULL),(201,257,16,4,'Notoatmodjo, S, 2007. Promosi Kesehatan dan Ilmu Perilaku, Rineka Cipta, Jakarta.',7,NULL),(202,257,16,4,'Paridawati, dkk, 2013. Faktor Yang Berhubungan Dengan Tindakan Ibu Dalam Pemberian Imunisasi Dasar Pada Bayi Di Wilayah Kerja Puskesmas Bajeng Kecamatan Bajeng Kabupaten Gowa. http://repository.unhas.ac.id/bitstream/handle/123456789/5833/JURNAL%20SKRIPSI.pdf?sequence=1, diakses tanggal 28 Mei 2014.',8,NULL),(203,257,16,4,'Purnawan. 2008. Pengertian Dukungan Keluarga. Diakses dalam',9,NULL),(204,257,16,4,'http://www.psychologymania.com/2008/12/pengertian-dukungan-keluarga.html tanggal 17 Juli 2014',10,NULL),(205,257,16,4,'Ranuh, I.G.N., dkk, 2008. Pedoman Imunisasi Di Indonesia, Badan Penerbit Ikatan Dokter Anak Indonesia, Jakarta.',11,NULL),(206,257,16,4,'Suparyanto, 2011. Konsep Kelengkapan Imunisasi. Diakses dalam http://dr-suparyanto.com/2011/06/konsep-kelengkapan-imunisasi.html tanggal 18 Juli 2014',12,NULL),(207,257,18,4,'Arikunto, S, 2010. Prosedur Penelitian, Rineka Cipta, Jakarta.',1,NULL),(208,257,18,4,'Azwar S, 2011. Sikap Manusia Teori dan Pengukurannya, edisi ke 2, Pustaka Pelajar, Yogyakarta.',2,NULL),(209,257,18,4,'Dinkes Kabupaten Banjar, 2013. Rekapitulasi Imunisasi Pada Bayi dan Balita.',3,NULL),(210,257,18,4,'Efendi, 2011. Kuesioner Pengaruh Faktor Pengetahuan, Dukungan Keluarga Dan Kepercayaan Terhadap Pemberian Imunisasi Hepatitis B (0-7 Hari) Pada Bayi Di Desa Selotong Kecamatan Secanggang Kabupaten Langkat Tahun 2011, tersedia dalam http://rusmanefendi.files.wordpress.com/2011/10/ml-u06-pengaruh-faktor-pengetahuan-dukungan-keluarga5.pdf. diakses tanggal 27 Mei 2014.',4,NULL),(211,257,18,4,'Efendi, F dan Makhfudli, 2009. Keperawatan Kesehatan Komunitas, Salemba Medika, Jakarta.',5,NULL),(212,257,18,4,'Hariadi, 2011. Penyakit yang Dapat Dicegah dengan Imunisasi, http://cpddokter.com/home/index2.php, diakses tanggal 18 Mei 2014.',6,NULL),(213,257,18,4,'Hartono, 2011. Statistik untuk Penelitian, Pustaka Pelajar, Yogyakarta.',7,NULL),(214,257,18,4,'Hidayat, A.A.A., 2007. Metode Penelitian Kebidanan dan Teknik Analisis Data, Salemba Medika, Jakarta.',8,NULL),(215,257,18,4,'Hidayat, A.A.A., 2008. Ilmu Kesehatan Anak untuk Pendidikan Kebidanan,Salemba Medika, Jakarta.',9,NULL),(216,257,18,4,'Marmi dan Kukuh R, 2012. Asuhan Neonatus, Bayi, Balita dan Anak Prasekolah, Pustaka Pelajar, Yogyakarta.',10,NULL),(217,257,18,4,'Maryunani, A, 2010. Ilmu Kesehatan Anak Dalam Kebidanan, Trans Info Media, Jakarta.',11,NULL),(218,257,18,4,'Muflihah, 2013. Hubungan Pengetahuan dan Sikap Ibu dengan Pemberian Imunisasi Hepatitis B 0-7 Hari di Wilayah Kerja Puskesmas Lampihong Kabupaten Balangan Tahun 2012.',12,NULL),(219,257,18,4,'Muscari, M.E., 2005. Keperawatan Pediatrik, EGC, Jakarta.',13,NULL),(220,257,18,4,'Nadia, H, 2011. Gambaran Pengetahuan Ibu Tentang Imunisasi Hepatitis B 0-7 Hari di Wilayah Kerja Puskesmas Pekauman Banjarmasin Tahun 2011',14,NULL),(221,257,18,4,'Notoatmodjo, S, 2010. Metode Penelitian Kesehatan, Rineka Cipta, Jakarta.',15,NULL),(222,257,18,4,'Notoatmodjo, S, 2007. Promosi Kesehatan dan Ilmu Perilaku, Rineka Cipta, Jakarta.',16,NULL),(223,257,18,4,'Nursalam dan Ninuk D.K., 2007. Asuhan Keperawatan pada Pasien Terinfeksi HIV/AIDS, Salemba Medika.',17,NULL),(224,257,18,4,'Proverawati, A dan Citra S. D. A., 2010. Imunisasi dan Vaksinasi,Nuha Medika, Yogyakarta.',18,NULL),(225,257,18,4,'Paridawati, dkk, 2013. Faktor Yang Berhubungan Dengan Tindakan Ibu Dalam Pemberian Imunisasi Dasar Pada Bayi Di Wilayah Kerja Puskesmas Bajeng Kecamatan Bajeng Kabupaten Gowa. http://repository.unhas.ac.id/bitstream/handle/123456789/5833/JURNAL%20SKRIPSI.pdf?sequence=1, diakses tanggal 28 Mei 2014.',19,NULL),(226,257,18,4,'Purnawan. 2008. Pengertian Dukungan Keluarga. Diakses dalam',20,NULL),(227,257,18,4,'http://www.psychologymania.com/2008/12/pengertian-dukungan-keluarga.html tanggal 17 Juli 2014',21,NULL),(228,257,18,4,'Puskemas Karang Intan Kabupaten Banjar, 2011. Imunisasi Pada Bayi dan Balita.',22,NULL),(229,257,19,4,'Ali, M., Emch, M. & Donnay, J. P. (2002) Spatial filtering using a rastergeographic information system: methods for scaling health and environmental data. Health Place, 8(2):85-92.',1,NULL),(230,257,19,4,'Alisjahbana, Armida S. Pedoman Penyusunan Rencana Aksi Percepatan Pencapaian Tujuan MDGs Di daerah (RADMDGs). Kementrian Perencanaan Pembangunan Nasional atau Badan Perencanaan Pembangunan Nasional, 2010.',2,NULL),(231,257,19,4,'Costa A.D., Jhalani S.M., Mahadik V.K., & Diwan V.K. (2008) Managing with maps? The development and institutionalization of a mapbased health management information system in Madya Pradesh, India. Scan J Publict Health, 36:99.',3,NULL),(232,257,19,4,'DepKes RI.2009 Menuju Persalinan yang aman dan Selamat agar Ibu Sehat Bayi Sehat. Pusat Promosi Kesehatan. Departemen Kesehatan RI, 2009',4,NULL),(233,257,19,4,'Ekadinata, A.,Dewi, S., Hadi, Danan, P., Nugroho, Dudy, K., & Johana, F. (2008) Sistem Informasi Geografis untuk Pengelolaan Bentang Lahan Berbasis Sumber Daya alam. World agroforestry Centre.',5,NULL),(234,257,19,4,'Forand, S. P., Talbot, T. O., Druschel, C. & Cross, P. K. (2002) Data quality and the spatial analysis of disease rates: Congenital malformations in New York State. Health Place, 8(3):191-9.',6,NULL),(235,257,19,4,'Juliawanto E. 2008. Faktor-faktor yang Mempengaruhi Keputusan Memilih Penolong Persalinan Oleh Ibu Bersalin di Kecamatan Babul Rahmah Kabupaten Aceh Tenggara. Tesis. Sumatra Utara :FKM USU.',7,NULL),(236,257,19,4,'Niaty. S, 2010, Pengaruh Keikutsertaan dalam Kelas Ibu Hamil terhadap Pemilihan Penolong Persalinandi Wilayah Kerja Puskesmas Mekarwangi Kabupaten Garut Jawa Barat, skripsi FKM-UI, Depok.',8,NULL),(237,257,19,4,'Nurhasni, 2010, Faktor-Faktor yang Mempengaruhi Pemilihan Penolong Persalinan di Wilayah Kerja Puskesmas Cijeruk Kecamatan Cijeruk Kabupaten Bogor, Skripsi FJM-UI, Depok.',9,NULL),(238,257,19,4,'Parenden, RD. Kandou, GD. Pangemanan, JM. Analisis Keputusan Ibu Memilih Penolong Persalinan Di Wilayah Puskesmas Kabila Bone. JIKMU, Vol. 5, No. 2a April 2015.',10,NULL),(239,257,19,4,'Prahasta, E. (2009) Sistem Informasi Geografis: Konsep-Konsep Dasar Perspektif Geodesi & Geomatika. Bandung: Informatika.',11,NULL),(240,257,19,4,'Prawirohardjo, 2009, Buku Acuan Nasional pelayanan Kesehatan Maternal dan Neonatal, Bina Pustaka, Jakarta',12,NULL),(241,257,19,4,'Rosnani, 2011, Budaya dan Faktor-Faktor Lain yang Berhubungan dengan Pemilihan Penolong Persalinandi Wilayah Kerja Puskesmas Rakit Kulim Kecamatan Rakit Kulim Kabupaten Indragiri Hulu Porpinsi Riau, Skripsi FKM-UI, Depok',13,NULL),(242,257,19,4,'Widavvati. Faktor-Faktor yang Berhubungan dengan Pola Pemilihan Penolong Persalinan Pada Ibu Melahirkan Di Wilayah Kerja Puskesmas Kopo Bandung Tahun 2007. Skripsi diterbitkan. Depok: Program Sarjana Kesehatan Masyarakat FKM UI, 2008.',14,NULL),(243,257,19,4,'Zalbawi, 2006, Pemilihan Tenaga Penolong Persalinan, diakses dari http:/www.google.co.id',15,NULL),(244,257,21,4,'Abdiana. 2015. Determinan Kematian Bayi Di Kota Payakumbuh. Jurnal Kesehatan Masyarakat Andalas 9(2) 88-92',1,NULL),(245,257,21,4,'Abdullah.2012. Faktor Risiko Kematian Neonatal Dini di Rumah Sakit Bersalin. Jurnal Kesehatan Masyarakat Nasional 6(6):283-288',2,NULL),(246,257,21,4,'Arinta.2012. Faktor Penyebab Kematian Bayi Di Kabupaten Sidoarjo. Jurnal Biometrika dan Kependudukan 1(1): 33-42',3,NULL),(247,257,21,4,'Arliana. 2013. Faktor yang Berhubungan dengan Penggunaan Metode Kontrasepsi Hormonal pada Akseptor KB di Kelurahan Pasarwajo Kec. Pasarwajo Kab. Buton Sulawesi Tenggara Tahun 2013.Skripsi. Universitas Hasanuddin Makassar',4,NULL),(248,257,21,4,'Astri dkk. 2012. Analisis Faktor Risiko Kematian Neonatal Dini Di Rumah Sakit Khusus Daerah Ibu Dan Anak Pertiwi Kota Makassar Tahun 2011-2012. Bagian Biostatistik/KKB Fakultas Kesehatan Masyarakat Universitas Hasanuddin',5,NULL),(249,257,21,4,'Azizah.2017. Kematian Neonatal Di Kabupaten Grobogan. Higeia Journal Of Public Health Research And Development 1(4):72-85',6,NULL),(250,257,21,4,'BAPPENAS. 2017. SDG’S Indonesia Diakses dalam http://www.sdgsindonesia.or.id/ tanggal 3 Juni 2017 pukul 20.00 WIB',7,NULL),(251,257,21,4,'Bustami dkk. 2015. Faktor Risiko Yang Berhubungan Dengan Kematian Perinatal Di Kabupaten Lampung Utara Tahun 2014. Jurnal Kesehatan Holistik Vol 9, No 3, Juli 2015: 103-108',8,NULL),(252,257,21,4,'Dinas Kesehatan Provinsi Bengkulu. 2015. Profil Kesehatan Provinsi Bengkulu. Bengkulu',9,NULL),(253,257,21,4,'Dinas Kesehatan Provinsi Bengkulu. 2016. Profil Kesehatan Provinsi Bengkulu. Bengkulu',10,NULL),(254,257,21,4,'Djaja.2007. Peran Faktor Sosio-Ekonomi, Biologi dan Pelayanan Kesehatan terhadap Kesakitan dan Kematian Neonatal. Kedokt Indon 59 (8):371-377',11,NULL),(255,257,21,4,'Fitri.dkk.2017. Pengaruh Jarak Kelahiran terhadap Kematian Bayi di Indonesia, Filipina, dan Kamboja (Analisis Data Survei Demografi Kesehatan). Jurnal Epidemiologi Kesehatan Indonesia 1(2): 45-5',12,NULL),(256,257,21,4,'Kemenkes RI. 2010. Pedoman Pelayanan Antenatal Terpadu. Direktur Jenderal Bina Kesehatan Masyarakat Kementerian Kesehatan Republik Indonesia. Jakarta',13,NULL),(257,257,21,4,'Kemenkes, RI. Profil Kesehatan Indonesia 2012. Kementerian Kesehatan Republik Indonseia. Jakarta',14,NULL),(258,257,21,4,'Masitoh dkk. 2014. Asfiksia Faktor Dominan Penyebab Kematian NeonataL. Jurnal Ilmu dan Teknologi Kesehatan, Vol. 1, Nomor 2, Maret 2014, hlm : 163 – 16',15,NULL),(259,257,21,4,'Murwati. 2015. Faktor Ibu, Bayi Dan Budaya Yang Mempengaruhi Kejadian Kematian Bayi Di Puskesmas Pedan. Jurnal Kesehatan VI( 1): 83-88',16,NULL),(260,257,21,4,'Novidaswati. 2014. Hubungan Antara Jenis Persalinan Dengan Tingkat Asfiksia Neonatorum Di Rsud Panembahan Senopati Bantul Tahun 2013. Naskah Publikasi. Program Studi Bidan Pendidik Jenjang DIV Sekolah Tinggi Ilmu Kesehatan ‘Aisyiyah Yogyakarta',17,NULL),(261,257,21,4,'Nurliawati. 2014. Faktor-Faktor Yang Berhubungan Dengan Kematian Neonatus Dini Di Ruang Perinatalogi Rsud Tasikmalaya Tahun 2012. Jurnal Kesehatan Bakti Tunas Husada Volume 11 No.1 Februari 2014',18,NULL),(262,257,21,4,'Pratama. 2013. Analisis Faktor – Faktor Penyebab Kejadian Kematian Neonatus Di Kabupaten Boyolali. Naskah Publikasi. Fakultas Ilmu Kesehatan Universitas Muhammadiyah Surakarta',19,NULL),(263,257,21,4,'Rahmah H. Faktor-faktor yang Berhubungan dengan Kematian Perinatal di Rumah Sakit Umum Daerah Kota Bau-bau Tahu 2009. Skripsi. Universitas Hasanuddin Makassar',20,NULL),(264,257,21,4,'Tyas.Analisis Hubungan Kunjungan Neonatal, Asfiksia danBBLR dengan Kematian Neonatal. Jurnal Biometrika dan Kependudukan 3(2) : 168–174',21,NULL),(265,257,21,4,'World Health Organization (WHO). 2015. Neonatal Death. Diakses dalam http://www.who.int/gho/child_health/mortality/neonatal/en/index1.html tanggal 3 Juni 2017 pukul 20.00 WIB',22,NULL),(266,257,21,4,'Yani.2013. Pelayanan Kesehatan Ibu dan Kematian Neonatal. Jurnal Kesehatan Masyarakat Nasional 7(8) , Maret 2013.373-377',23,NULL),(267,257,24,4,'dapus ini tentang pendahuluan',1,NULL),(268,257,22,4,'copas yg di artikel ke sini',1,NULL),(270,257,25,4,'Arikunto, S. (2006). Prosedur Penelitian dan Pendekatan Praktek. Jakarta : Rineka Cipta',1,NULL),(271,257,25,4,'Azis,M.F. 2002. Skrining Dan Deteksi Dini Kanker Serviks. In : Ramli H.M, et al, eds. Deteksi Dini Kanker. Jakarta : balai penerbit FKUI.',2,NULL),(272,257,25,4,'Bustan,M.N. 2007. Epidemiologi Penyakit Tidak Menular.',3,NULL),(273,257,25,4,'Dahlan, Sopiyudin. 2011. Statistik Untuk Kedokteran Dan Kesehatan. Jakarta : Salemba Medika',4,NULL),(274,257,25,4,'Dewi L. 2014. Faktor-Faktor Yang Berhubungan Dengan Perilaku Wanita Usia Subur Dalam Deteksi Dini Kanker Serviks Dengan Metode Inspeksi Visual Asam Asetat (IVA) Di Wilayah Kerja Puskesmas Tanjung Hulu Pontianak Tiur Tahun 2014.',5,NULL),(275,257,25,4,'http://ejournal.unsri.ac.id diperoleh tanggal 13 November 2016',6,NULL),(276,257,26,4,'Adelia, 2017.Buku Saku Bidan. Jakarta : EGC.',1,NULL),(277,257,26,4,'Ai Yeyeh, Rukiyah dkk. Asuhan kebidanan 1 (kehamilan. Edisi ke 2. Jakarta: Trans Info Media 2011.',2,NULL),(278,257,26,4,'Anggun Chairunisa Chrisna Putri, 2017. Kematian Janin Intra Uterine Fetal Death Dengan Peeklamsia. Desember2017.',3,NULL),(279,257,26,4,'Ani Triana,2012. Pengaruh Kadar Hb Dan Paritas Dengan Kejadian Intra Uterine Fetal',4,NULL),(280,257,26,4,'Ari Setiawan Dan Saryono. Metodologi Penelitian Kebidanan Diii, Div, S1, S2. Yogyakarta : Nulia Medika 2010.',5,NULL),(281,257,26,4,'Ariani, A.P. (2014). Aplikasi Metodologi Penelitian Kebidanan Dan Kesehatan Reproduksi. Yogyakarta : Nuha Medika.',6,NULL),(282,257,26,4,'Badan Pusat Statistik. 2008. Survei Demografis Dan Kesehatan Indonesia (Sdki) 2012. Jakarta : Badan Pusat Statistik.',7,NULL),(283,257,26,4,'Daili, F., 2003. Ilmu penyakit kulit dan kelamin. Jakarta Fakultas Kedokteran Universitas Indonesia.',8,NULL),(284,257,26,4,'Depkes, 2012. Petunjuk Pelaksanaan Penetapan Indikator Enuju Indonesia Sehat 2010.',9,NULL),(285,257,26,4,'Depkes.2012. Asuhan Persalinan Normal. Depkes RI. Jakarta.',10,NULL),(286,257,26,4,'Dewinggga. Helma P. 2014. Gambaran Kejadiana Intra Uterifetal Death (Uifd) Berdasarkan Penyebab Di Rsud Dr. H.Moch Ansari Saleh Banjarmasin, Karya Tulis Ilmiah.',11,NULL),(287,257,26,4,'Dianty Maternity, S.ST.,M.Keb, 2016, hal.158',12,NULL),(288,257,26,4,'Hidayat, A Ai Alimul, 2007. Metode Penelitian Kebidanan Dan Tehnik Analisis Data. Jakarta : Salemba Medika.',13,NULL),(289,257,27,4,'Banjarmasin, P.K., 2019. Poltekkes Kemenkes Banjarmasin. Profil Poltekkes Kemenkes Banjarmasin.www.poltekkes-bjm.ac.id',1,NULL),(290,257,27,4,'Kumorotomo, W., Wirapradja, N.R.D., Imbaruddin, A., 2015. Etika Publik Modul Pendidikan dan Pelatihan Prajabatan Golongan II dan III. Lembaga Administrasi Negara RI, Jakarta.',2,NULL),(291,257,27,4,'Kusumasari, B., Dwiputrianti, S., Allo, E.L., 2015. Akuntabilitas Modul Pendidikan dan Pelatihan Prajabatan Golongan II dan III. Lembaga Administrasi Negara RI, Jakarta.',3,NULL),(292,257,27,4,'Latief, Y., Suryanto, A., Muslim, A.A., 2015. Nasionalisme Modul Pendidikan dan Pelatihan Prajabatan Golongan II dan III. Lembaga Administrasi Negara RI, Jakarta.',4,NULL),(293,257,27,4,'Mahpolah, 2015. STATUTA POLTEKKES KEMENKES BANJARMASIN. Poltekkes Kemenkes Banjarmasin, Banjarbaru.',5,NULL),(294,257,27,4,'Ristekdikti, F., 2019. Forlap Ristekdikti. program studi.',6,NULL),(295,257,27,4,'Tim Penulis KPK, 2014. Anti Korupsi Modul Pendidikan dan Pelatihan Prajabatan Golongan I/II dan III. Lembaga Administrasi Negara RI, Jakarta.',7,NULL),(296,257,27,4,'Utomo, T.W.W., Basseng, Purwana, B.H., 2016. Modul Pelatihan Dasar Calon PNS Habituasi. Lembaga Administrasi Negara RI, Jakarta.',8,NULL),(297,257,27,4,'Yudhoyono, S.B., 2014. Undang-Undang Republik Indonesia Nomor 5 Tahun 2014 tentang Aparatur Sipil Negara. Kementerian Hukum dan Hak Asasi Manusia RI, Jakarta.',9,NULL),(298,257,27,4,'Yuniarsih, T., Taufiq, M., 2015. Komitmen Mutu Modul Pendidikan dan Pelatihan Prajabatan Golongan II dan III. Lembaga Administrasi Negara RI, Jakarta.',10,NULL);

--
-- Table structure for table `comments`
--

CREATE TABLE `comments` (
  `comment_id` bigint(20) NOT NULL AUTO_INCREMENT,
  `submission_id` bigint(20) NOT NULL,
  `parent_comment_id` bigint(20) DEFAULT NULL,
  `num_children` int(11) NOT NULL DEFAULT '0',
  `user_id` bigint(20) DEFAULT NULL,
  `poster_ip` varchar(15) NOT NULL,
  `poster_name` varchar(90) DEFAULT NULL,
  `poster_email` varchar(90) DEFAULT NULL,
  `title` varchar(255) NOT NULL,
  `body` text,
  `date_posted` datetime DEFAULT NULL,
  `date_modified` datetime DEFAULT NULL,
  PRIMARY KEY (`comment_id`),
  KEY `comments_submission_id` (`submission_id`),
  KEY `comments_parent_comment_id` (`parent_comment_id`),
  KEY `comments_user_id` (`user_id`)
) ENGINE=InnoDB DEFAULT CHARSET=utf8;

--
-- Dumping data for table `comments`
--


--
-- Table structure for table `completed_payments`
--

CREATE TABLE `completed_payments` (
  `completed_payment_id` bigint(20) NOT NULL AUTO_INCREMENT,
  `timestamp` datetime NOT NULL,
  `payment_type` bigint(20) NOT NULL,
  `journal_id` bigint(20) NOT NULL,
  `user_id` bigint(20) DEFAULT NULL,
  `assoc_id` bigint(20) DEFAULT NULL,
  `amount` double NOT NULL,
  `currency_code_alpha` varchar(3) DEFAULT NULL,
  `payment_method_plugin_name` varchar(80) DEFAULT NULL,
  PRIMARY KEY (`completed_payment_id`)
) ENGINE=InnoDB DEFAULT CHARSET=utf8;

--
-- Dumping data for table `completed_payments`
--


--
-- Table structure for table `controlled_vocab_entries`
--

CREATE TABLE `controlled_vocab_entries` (
  `controlled_vocab_entry_id` bigint(20) NOT NULL AUTO_INCREMENT,
  `controlled_vocab_id` bigint(20) NOT NULL,
  `seq` double DEFAULT NULL,
  PRIMARY KEY (`controlled_vocab_entry_id`),
  KEY `controlled_vocab_entries_cv_id` (`controlled_vocab_id`,`seq`)
) ENGINE=InnoDB AUTO_INCREMENT=447 DEFAULT CHARSET=utf8;

--
-- Dumping data for table `controlled_vocab_entries`
--

INSERT INTO `controlled_vocab_entries` VALUES (100,100,1),(101,100,2),(102,100,3),(110,101,1),(111,101,2),(112,101,3),(113,101,4),(114,101,5),(115,101,6),(116,101,7),(120,102,1),(121,102,2),(122,102,3),(130,103,1),(131,103,2),(132,103,3),(133,103,4),(134,103,5),(135,103,6),(136,103,7),(137,103,8),(138,103,9),(139,103,10),(140,103,11),(141,103,12),(150,104,1),(151,104,2),(200,200,1),(201,200,2),(202,200,3),(203,200,4),(300,300,1),(301,300,2),(302,300,3),(303,300,4),(304,300,5),(305,300,6),(306,300,7),(310,301,1),(311,301,2),(312,301,3),(313,301,4),(314,301,5),(315,301,6),(316,301,7),(317,304,1),(318,304,2),(319,304,3),(320,305,1),(321,306,1),(322,306,1),(323,307,1),(324,307,2),(325,307,3),(326,308,1),(327,309,1),(328,309,1),(329,310,1),(330,311,1),(331,312,1),(332,312,1),(333,313,1),(334,314,1),(335,315,1),(336,315,1),(337,316,1),(338,316,2),(339,317,1),(340,318,1),(341,318,1),(342,319,1),(343,320,1),(344,321,1),(345,321,1),(346,322,1),(347,322,2),(348,323,1),(349,324,1),(350,324,1),(351,325,1),(352,325,2),(353,325,3),(354,326,1),(355,327,1),(356,327,1),(357,328,1),(358,328,2),(359,328,3),(360,329,1),(361,330,1),(362,330,1),(363,331,1),(364,331,1),(365,332,1),(366,332,2),(367,333,1),(368,334,1),(369,334,1),(370,335,1),(371,336,1),(372,337,1),(373,337,1),(374,338,1),(375,338,2),(376,339,1),(377,340,1),(378,340,1),(379,341,1),(380,341,2),(381,341,3),(382,342,1),(383,343,1),(384,343,1),(385,344,1),(386,344,2),(387,344,3),(388,344,4),(389,345,1),(390,346,1),(391,346,1),(392,347,1),(393,347,2),(394,348,1),(395,349,1),(396,349,1),(397,350,1),(398,350,2),(399,350,3),(400,351,1),(401,352,1),(402,352,1),(403,353,1),(404,353,2),(405,353,3),(406,353,4),(407,353,5),(408,354,1),(409,355,1),(410,355,1),(411,356,1),(412,356,2),(413,356,3),(414,356,4),(415,357,1),(416,358,1),(417,358,1),(418,359,1),(419,359,2),(420,359,3),(421,360,1),(422,361,1),(423,361,1),(424,362,1),(425,362,2),(426,363,1),(427,364,1),(428,364,1),(429,365,1),(430,365,2),(431,365,3),(432,365,4),(433,366,1),(434,367,1),(435,367,1),(436,368,1),(437,369,1),(438,370,1),(439,370,1),(440,371,1),(441,371,2),(442,372,1),(443,373,1),(444,373,1),(445,374,1),(446,374,1);

--
-- Table structure for table `controlled_vocab_entry_settings`
--

CREATE TABLE `controlled_vocab_entry_settings` (
  `controlled_vocab_entry_id` bigint(20) NOT NULL,
  `locale` varchar(5) NOT NULL DEFAULT '',
  `setting_name` varchar(255) NOT NULL,
  `setting_value` text,
  `setting_type` varchar(6) NOT NULL,
  UNIQUE KEY `c_v_e_s_pkey` (`controlled_vocab_entry_id`,`locale`,`setting_name`),
  KEY `c_v_e_s_entry_id` (`controlled_vocab_entry_id`)
) ENGINE=InnoDB DEFAULT CHARSET=utf8;

--
-- Dumping data for table `controlled_vocab_entry_settings`
--

INSERT INTO `controlled_vocab_entry_settings` VALUES (100,'','name','personal','string'),(101,'','name','corporate','string'),(102,'','name','conference','string'),(110,'','description','Author','string'),(110,'','name','aut','string'),(111,'','description','Contributor','string'),(111,'','name','ctb','string'),(112,'','description','Editor','string'),(112,'','name','edt','string'),(113,'','description','Illustrator','string'),(113,'','name','ill','string'),(114,'','description','Photographer','string'),(114,'','name','pht','string'),(115,'','description','Sponsor','string'),(115,'','name','spn','string'),(116,'','description','Translator','string'),(116,'','name','trl','string'),(120,'','name','multimedia','string'),(121,'','name','still image','string'),(122,'','name','text','string'),(130,'','name','article','string'),(131,'','name','book','string'),(132,'','name','conference publication','string'),(133,'','name','issue','string'),(134,'','name','journal','string'),(135,'','name','newspaper','string'),(136,'','name','picture','string'),(137,'','name','review','string'),(138,'','name','periodical','string'),(139,'','name','series','string'),(140,'','name','thesis','string'),(141,'','name','web site','string'),(150,'','name','electronic','string'),(151,'','name','print','string'),(200,'','name','journal','string'),(201,'','name','book','string'),(202,'','name','conf-proc','string'),(203,'','name','thesis','string'),(300,'','name','journal','string'),(301,'','name','issue','string'),(302,'','name','article','string'),(303,'','name','proceeding','string'),(304,'','name','conference','string'),(305,'','name','preprint','string'),(306,'','name','unknown','string'),(310,'','name','book','string'),(311,'','name','bookitem','string'),(312,'','name','proceeding','string'),(313,'','name','conference','string'),(314,'','name','report','string'),(315,'','name','document','string'),(316,'','name','unknown','string'),(317,'en_US','submissionSubject','ibu hamil','string'),(318,'en_US','submissionSubject','AKI','string'),(319,'en_US','submissionSubject','AKB','string'),(320,'en_US','submissionAgency','','string'),(321,'id_ID','submissionLanguage','ind','string'),(322,'en_US','submissionLanguage','ind','string'),(323,'en_US','submissionSubject','Kehamilan Remaja ','string'),(324,'en_US','submissionSubject',' Anemia','string'),(325,'en_US','submissionSubject',' Di Wilayah Puskesmas Cempaka Kota Banjarbaru','string'),(326,'en_US','submissionAgency','','string'),(327,'id_ID','submissionLanguage','','string'),(328,'en_US','submissionLanguage','','string'),(329,'en_US','submissionSubject','Manajemen praktik klinik kebidanan','string'),(330,'en_US','submissionAgency','','string'),(331,'id_ID','submissionLanguage','ind','string'),(332,'en_US','submissionLanguage','ind','string'),(333,'en_US','submissionSubject','air putih','string'),(334,'en_US','submissionAgency','','string'),(335,'id_ID','submissionLanguage','ind','string'),(336,'en_US','submissionLanguage','ind','string'),(337,'en_US','submissionSubject','Kinerja Bidan','string'),(338,'en_US','submissionSubject','Desa Siaga','string'),(339,'en_US','submissionAgency','','string'),(340,'id_ID','submissionLanguage','ind','string'),(341,'en_US','submissionLanguage','ind','string'),(342,'en_US','submissionSubject','asi ekskusif','string'),(343,'en_US','submissionAgency','','string'),(344,'id_ID','submissionLanguage','ind','string'),(345,'en_US','submissionLanguage','ind','string'),(346,'en_US','submissionSubject','ASI','string'),(347,'en_US','submissionSubject',' Pekerjaan Ibu','string'),(348,'en_US','submissionAgency','','string'),(349,'id_ID','submissionLanguage','ind','string'),(350,'en_US','submissionLanguage','ind','string'),(351,'en_US','submissionSubject','SOD','string'),(352,'en_US','submissionSubject',' MDA','string'),(353,'en_US','submissionSubject',' Preeklampsi','string'),(354,'en_US','submissionAgency','','string'),(355,'id_ID','submissionLanguage','en','string'),(356,'en_US','submissionLanguage','en','string'),(357,'en_US','submissionSubject','Anemia','string'),(358,'en_US','submissionSubject',' Pregnancy','string'),(359,'en_US','submissionSubject',' Determinant','string'),(360,'en_US','submissionAgency','','string'),(361,'id_ID','submissionLanguage','en','string'),(362,'en_US','submissionLanguage','en','string'),(363,'id_ID','submissionLanguage','en','string'),(364,'en_US','submissionLanguage','en','string'),(365,'en_US','submissionSubject','ASI','string'),(366,'en_US','submissionSubject',' Pekerjaan Ibu','string'),(367,'en_US','submissionAgency','Poltekkes Kemenkes Banjarmasin','string'),(368,'id_ID','submissionLanguage','ind','string'),(369,'en_US','submissionLanguage','ind','string'),(370,'en_US','submissionSubject','fghjkl','string'),(371,'en_US','submissionAgency','','string'),(372,'id_ID','submissionLanguage','en','string'),(373,'en_US','submissionLanguage','en','string'),(374,'en_US','submissionSubject','Kondisi geografis','string'),(375,'en_US','submissionSubject',' Kepatuhan dan Pemeriksaan kehamilan','string'),(376,'en_US','submissionAgency','','string'),(377,'id_ID','submissionLanguage','en','string'),(378,'en_US','submissionLanguage','en','string'),(379,'en_US','submissionSubject','Preeklampsia','string'),(380,'en_US','submissionSubject',' Paritas','string'),(381,'en_US','submissionSubject',' Pendidikan','string'),(382,'en_US','submissionAgency','','string'),(383,'id_ID','submissionLanguage','en','string'),(384,'en_US','submissionLanguage','en','string'),(385,'en_US','submissionSubject','Diare','string'),(386,'en_US','submissionSubject',' Sanitasi','string'),(387,'en_US','submissionSubject',' ASI','string'),(388,'en_US','submissionSubject','Budaya','string'),(389,'en_US','submissionAgency','','string'),(390,'id_ID','submissionLanguage','en','string'),(391,'en_US','submissionLanguage','en','string'),(392,'en_US','submissionSubject','Dukungan Keluarga','string'),(393,'en_US','submissionSubject',' Imunisasi Hepatitis B','string'),(394,'en_US','submissionAgency','','string'),(395,'id_ID','submissionLanguage','en','string'),(396,'en_US','submissionLanguage','en','string'),(397,'en_US','submissionSubject','Dukungan Keluarga','string'),(398,'en_US','submissionSubject','','string'),(399,'en_US','submissionSubject','Imunisasi Hepatitis B','string'),(400,'en_US','submissionAgency','','string'),(401,'id_ID','submissionLanguage','en','string'),(402,'en_US','submissionLanguage','en','string'),(403,'en_US','submissionSubject','pemilihan penolong persalinan','string'),(404,'en_US','submissionSubject',' umur','string'),(405,'en_US','submissionSubject',' paritas','string'),(406,'en_US','submissionSubject',' jarak ke faslirtas kesehatan','string'),(407,'en_US','submissionSubject',' pendapatan keluarga','string'),(408,'en_US','submissionAgency','','string'),(409,'id_ID','submissionLanguage','ind','string'),(410,'en_US','submissionLanguage','ind','string'),(411,'en_US','submissionSubject','Pendidikan','string'),(412,'en_US','submissionSubject',' Antenatal Care','string'),(413,'en_US','submissionSubject',' Berat Badan Lahir Rendah','string'),(414,'en_US','submissionSubject',' Kematian Neonatal','string'),(415,'en_US','submissionAgency','','string'),(416,'id_ID','submissionLanguage','en','string'),(417,'en_US','submissionLanguage','en','string'),(418,'en_US','submissionSubject','kata kunci','string'),(419,'en_US','submissionSubject',' ibu hamil','string'),(420,'en_US','submissionSubject','','string'),(421,'en_US','submissionAgency','','string'),(422,'id_ID','submissionLanguage','id','string'),(423,'en_US','submissionLanguage','id','string'),(424,'en_US','submissionSubject','bab 1','string'),(425,'en_US','submissionSubject',' pendahuluan','string'),(426,'en_US','submissionAgency','','string'),(427,'id_ID','submissionLanguage','id','string'),(428,'en_US','submissionLanguage','id','string'),(429,'en_US','submissionSubject','Pengetahuan','string'),(430,'en_US','submissionSubject',' sikap','string'),(431,'en_US','submissionSubject',' penyuluhan','string'),(432,'en_US','submissionSubject',' Insepksi Visual Asam Asetat (IVA)','string'),(433,'en_US','submissionAgency','','string'),(434,'id_ID','submissionLanguage','id','string'),(435,'en_US','submissionLanguage','id','string'),(436,'en_US','submissionSubject','Intra Uterine Fetal Death (IUFD)','string'),(437,'en_US','submissionAgency','mandiri','string'),(438,'id_ID','submissionLanguage','en','string'),(439,'en_US','submissionLanguage','en','string'),(440,'en_US','submissionSubject','Laporan','string'),(441,'en_US','submissionSubject',' Aktualisai','string'),(442,'en_US','submissionAgency','Poltekkes Kemenkes Banjarmasin','string'),(443,'id_ID','submissionLanguage','id','string'),(444,'en_US','submissionLanguage','id','string'),(445,'id_ID','submissionLanguage','id','string'),(446,'en_US','submissionLanguage','id','string');

--
-- Table structure for table `controlled_vocabs`
--

CREATE TABLE `controlled_vocabs` (
  `controlled_vocab_id` bigint(20) NOT NULL AUTO_INCREMENT,
  `symbolic` varchar(64) NOT NULL,
  `assoc_type` bigint(20) NOT NULL DEFAULT '0',
  `assoc_id` bigint(20) NOT NULL DEFAULT '0',
  PRIMARY KEY (`controlled_vocab_id`),
  UNIQUE KEY `controlled_vocab_symbolic` (`symbolic`,`assoc_type`,`assoc_id`)
) ENGINE=InnoDB AUTO_INCREMENT=375 DEFAULT CHARSET=utf8;

--
-- Dumping data for table `controlled_vocabs`
--

INSERT INTO `controlled_vocabs` VALUES (303,'category',0,0),(302,'interest',0,0),(103,'mods34-genre-marcgt',0,0),(101,'mods34-name-role-roleTerms-marcrelator',0,0),(100,'mods34-name-types',0,0),(104,'mods34-physicalDescription-form-marcform',0,0),(102,'mods34-typeOfResource',0,0),(200,'nlm30-publication-types',0,0),(301,'openurl10-book-genres',0,0),(300,'openurl10-journal-genres',0,0),(305,'submissionAgency',1048585,1),(308,'submissionAgency',1048585,2),(311,'submissionAgency',1048585,3),(314,'submissionAgency',1048585,4),(317,'submissionAgency',1048585,5),(320,'submissionAgency',1048585,6),(323,'submissionAgency',1048585,7),(326,'submissionAgency',1048585,8),(329,'submissionAgency',1048585,9),(333,'submissionAgency',1048585,11),(336,'submissionAgency',1048585,12),(339,'submissionAgency',1048585,13),(342,'submissionAgency',1048585,14),(345,'submissionAgency',1048585,15),(348,'submissionAgency',1048585,16),(351,'submissionAgency',1048585,18),(354,'submissionAgency',1048585,19),(357,'submissionAgency',1048585,21),(360,'submissionAgency',1048585,22),(363,'submissionAgency',1048585,24),(366,'submissionAgency',1048585,25),(369,'submissionAgency',1048585,26),(372,'submissionAgency',1048585,27),(306,'submissionLanguage',1048585,1),(309,'submissionLanguage',1048585,2),(312,'submissionLanguage',1048585,3),(315,'submissionLanguage',1048585,4),(318,'submissionLanguage',1048585,5),(321,'submissionLanguage',1048585,6),(324,'submissionLanguage',1048585,7),(327,'submissionLanguage',1048585,8),(330,'submissionLanguage',1048585,9),(331,'submissionLanguage',1048585,10),(334,'submissionLanguage',1048585,11),(337,'submissionLanguage',1048585,12),(340,'submissionLanguage',1048585,13),(343,'submissionLanguage',1048585,14),(346,'submissionLanguage',1048585,15),(349,'submissionLanguage',1048585,16),(352,'submissionLanguage',1048585,18),(355,'submissionLanguage',1048585,19),(358,'submissionLanguage',1048585,21),(361,'submissionLanguage',1048585,22),(364,'submissionLanguage',1048585,24),(367,'submissionLanguage',1048585,25),(370,'submissionLanguage',1048585,26),(373,'submissionLanguage',1048585,27),(374,'submissionLanguage',1048585,28),(304,'submissionSubject',1048585,1),(307,'submissionSubject',1048585,2),(310,'submissionSubject',1048585,3),(313,'submissionSubject',1048585,4),(316,'submissionSubject',1048585,5),(319,'submissionSubject',1048585,6),(322,'submissionSubject',1048585,7),(325,'submissionSubject',1048585,8),(328,'submissionSubject',1048585,9),(332,'submissionSubject',1048585,11),(335,'submissionSubject',1048585,12),(338,'submissionSubject',1048585,13),(341,'submissionSubject',1048585,14),(344,'submissionSubject',1048585,15),(347,'submissionSubject',1048585,16),(350,'submissionSubject',1048585,18),(353,'submissionSubject',1048585,19),(356,'submissionSubject',1048585,21),(359,'submissionSubject',1048585,22),(362,'submissionSubject',1048585,24),(365,'submissionSubject',1048585,25),(368,'submissionSubject',1048585,26),(371,'submissionSubject',1048585,27);

--
-- Table structure for table `custom_issue_orders`
--

CREATE TABLE `custom_issue_orders` (
  `issue_id` bigint(20) NOT NULL,
  `journal_id` bigint(20) NOT NULL,
  `seq` double NOT NULL DEFAULT '0',
  UNIQUE KEY `custom_issue_orders_pkey` (`issue_id`)
) ENGINE=InnoDB DEFAULT CHARSET=utf8;

--
-- Dumping data for table `custom_issue_orders`
--

INSERT INTO `custom_issue_orders` VALUES (5,2,2),(6,2,3),(7,2,1);

--
-- Table structure for table `custom_section_orders`
--

CREATE TABLE `custom_section_orders` (
  `issue_id` bigint(20) NOT NULL,
  `section_id` bigint(20) NOT NULL,
  `seq` double NOT NULL DEFAULT '0',
  UNIQUE KEY `custom_section_orders_pkey` (`issue_id`,`section_id`)
) ENGINE=InnoDB DEFAULT CHARSET=utf8;

--
-- Dumping data for table `custom_section_orders`
--


--
-- Table structure for table `data_object_tombstone_oai_set_objects`
--

CREATE TABLE `data_object_tombstone_oai_set_objects` (
  `object_id` bigint(20) NOT NULL AUTO_INCREMENT,
  `tombstone_id` bigint(20) NOT NULL,
  `assoc_type` bigint(20) NOT NULL,
  `assoc_id` bigint(20) NOT NULL,
  PRIMARY KEY (`object_id`),
  KEY `data_object_tombstone_oai_set_objects_tombstone_id` (`tombstone_id`)
) ENGINE=InnoDB AUTO_INCREMENT=11 DEFAULT CHARSET=utf8;

--
-- Dumping data for table `data_object_tombstone_oai_set_objects`
--

INSERT INTO `data_object_tombstone_oai_set_objects` VALUES (9,5,256,2),(10,5,259,1);

--
-- Table structure for table `data_object_tombstone_settings`
--

CREATE TABLE `data_object_tombstone_settings` (
  `tombstone_id` bigint(20) NOT NULL,
  `locale` varchar(5) NOT NULL DEFAULT '',
  `setting_name` varchar(255) NOT NULL,
  `setting_value` text,
  `setting_type` varchar(6) NOT NULL,
  UNIQUE KEY `data_object_tombstone_settings_pkey` (`tombstone_id`,`locale`,`setting_name`),
  KEY `data_object_tombstone_settings_tombstone_id` (`tombstone_id`)
) ENGINE=InnoDB DEFAULT CHARSET=utf8;

--
-- Dumping data for table `data_object_tombstone_settings`
--


--
-- Table structure for table `data_object_tombstones`
--

CREATE TABLE `data_object_tombstones` (
  `tombstone_id` bigint(20) NOT NULL AUTO_INCREMENT,
  `data_object_id` bigint(20) NOT NULL,
  `date_deleted` datetime NOT NULL,
  `set_spec` varchar(255) NOT NULL,
  `set_name` varchar(255) NOT NULL,
  `oai_identifier` varchar(255) NOT NULL,
  PRIMARY KEY (`tombstone_id`),
  KEY `data_object_tombstones_data_object_id` (`data_object_id`)
) ENGINE=InnoDB AUTO_INCREMENT=6 DEFAULT CHARSET=utf8;

--
-- Dumping data for table `data_object_tombstones`
--

INSERT INTO `data_object_tombstones` VALUES (5,5,'2019-03-26 09:19:54','JKB:ART','Artikel','oai:ojs.ejurnalbidanbestari-poltekkesbjm.com:article/5');

--
-- Table structure for table `dataverse_files`
--

CREATE TABLE `dataverse_files` (
  `dvfile_id` bigint(20) NOT NULL AUTO_INCREMENT,
  `supp_id` bigint(20) NOT NULL,
  `submission_id` bigint(20) NOT NULL,
  `study_id` bigint(20) NOT NULL DEFAULT '0',
  `content_source_uri` varchar(255) NOT NULL DEFAULT '',
  PRIMARY KEY (`dvfile_id`),
  KEY `dataverse_files_supp_id` (`supp_id`),
  KEY `dataverse_files_submission_id` (`submission_id`),
  KEY `dataverse_files_study_id` (`study_id`)
) ENGINE=InnoDB DEFAULT CHARSET=utf8;

--
-- Dumping data for table `dataverse_files`
--


--
-- Table structure for table `dataverse_studies`
--

CREATE TABLE `dataverse_studies` (
  `study_id` bigint(20) NOT NULL AUTO_INCREMENT,
  `submission_id` bigint(20) NOT NULL,
  `edit_uri` varchar(255) NOT NULL,
  `edit_media_uri` varchar(255) NOT NULL,
  `statement_uri` varchar(255) NOT NULL,
  `persistent_uri` varchar(255) NOT NULL,
  `data_citation` text,
  PRIMARY KEY (`study_id`),
  KEY `dataverse_studies_submission_id` (`submission_id`)
) ENGINE=InnoDB DEFAULT CHARSET=utf8;

--
-- Dumping data for table `dataverse_studies`
--


--
-- Table structure for table `edit_assignments`
--

CREATE TABLE `edit_assignments` (
  `edit_id` bigint(20) NOT NULL AUTO_INCREMENT,
  `article_id` bigint(20) NOT NULL,
  `editor_id` bigint(20) NOT NULL,
  `can_edit` tinyint(4) NOT NULL DEFAULT '1',
  `can_review` tinyint(4) NOT NULL DEFAULT '1',
  `date_assigned` datetime DEFAULT NULL,
  `date_notified` datetime DEFAULT NULL,
  `date_underway` datetime DEFAULT NULL,
  PRIMARY KEY (`edit_id`),
  KEY `edit_assignments_article_id` (`article_id`),
  KEY `edit_assignments_editor_id` (`editor_id`)
) ENGINE=InnoDB AUTO_INCREMENT=26 DEFAULT CHARSET=utf8;

--
-- Dumping data for table `edit_assignments`
--

INSERT INTO `edit_assignments` VALUES (1,1,1,1,1,'2017-06-05 08:33:59','2017-06-05 08:33:59',NULL),(2,2,1,1,1,'2017-06-05 08:38:58','2017-06-05 08:38:58',NULL),(3,3,1,1,1,'2017-06-05 08:43:41','2017-06-05 08:43:41',NULL),(4,4,1,1,1,'2017-06-05 08:46:35','2017-06-05 08:46:35',NULL),(5,5,1,1,1,'2017-06-05 08:53:02','2017-06-05 08:53:02',NULL),(6,6,1,1,1,'2017-06-05 09:01:48','2017-06-05 09:01:48',NULL),(7,7,1,1,1,'2017-06-05 09:04:36','2017-06-05 09:04:36',NULL),(8,18,28,1,1,'2019-08-02 09:21:18','2019-08-02 09:21:18','2019-08-02 09:28:38'),(9,12,28,1,1,'2019-09-04 09:45:24','2019-09-04 09:45:24','2019-09-04 09:45:25'),(13,22,52,1,1,'2019-09-04 13:47:02','2019-09-04 13:47:02','2019-09-04 13:47:50'),(14,24,51,1,1,'2019-09-04 14:36:28','2019-09-04 14:36:28','2019-09-04 14:40:19'),(15,24,4,1,1,'2019-09-04 14:37:01','2019-09-04 14:37:01',NULL),(16,27,18,1,1,'2019-09-04 14:38:34','2019-09-04 14:38:34',NULL),(17,27,26,1,1,'2019-09-04 14:38:54','2019-09-04 14:38:54','2019-09-04 14:40:18'),(18,27,50,1,1,'2019-09-04 14:39:14','2019-09-04 14:39:14','2019-09-04 14:39:15'),(19,13,52,1,1,'2019-09-05 09:45:30','2019-09-05 09:45:30','2019-09-05 09:45:30'),(20,21,51,1,1,'2019-09-05 09:54:49','2019-09-05 09:54:49','2019-09-05 09:57:29'),(21,26,40,1,1,'2019-09-05 12:32:06','2019-09-05 12:32:06',NULL),(22,26,18,1,1,'2019-09-05 12:32:49','2019-09-05 12:32:49',NULL),(23,16,50,1,1,'2019-09-05 12:38:53','2019-09-05 12:38:53',NULL),(24,11,51,1,1,'2019-10-03 14:46:06','2019-10-03 14:46:06','2019-10-03 14:46:07'),(25,9,41,1,1,'2019-10-03 14:49:40','2019-10-03 14:49:40',NULL);

--
-- Table structure for table `edit_decisions`
--

CREATE TABLE `edit_decisions` (
  `edit_decision_id` bigint(20) NOT NULL AUTO_INCREMENT,
  `submission_id` bigint(20) NOT NULL,
  `round` tinyint(4) NOT NULL,
  `editor_id` bigint(20) NOT NULL,
  `decision` tinyint(4) NOT NULL,
  `date_decided` datetime NOT NULL,
  `review_round_id` bigint(20) DEFAULT NULL,
  `stage_id` bigint(20) DEFAULT NULL,
  PRIMARY KEY (`edit_decision_id`),
  KEY `edit_decisions_submission_id` (`submission_id`),
  KEY `edit_decisions_editor_id` (`editor_id`)
) ENGINE=InnoDB AUTO_INCREMENT=17 DEFAULT CHARSET=utf8;

--
-- Dumping data for table `edit_decisions`
--

INSERT INTO `edit_decisions` VALUES (1,1,1,1,1,'2017-06-05 08:33:59',NULL,3),(2,2,1,1,1,'2017-06-05 08:38:58',NULL,3),(3,3,1,1,1,'2017-06-05 08:43:41',NULL,3),(4,4,1,1,1,'2017-06-05 08:46:35',NULL,3),(5,5,1,1,1,'2017-06-05 08:53:03',NULL,3),(6,6,1,1,1,'2017-06-05 09:01:49',NULL,3),(7,7,1,1,1,'2017-06-05 09:04:36',NULL,3),(8,7,1,13,1,'2017-06-05 10:03:17',NULL,3),(9,18,1,2,2,'2019-08-02 09:50:21',9,3),(10,12,1,28,2,'2019-09-04 10:11:20',4,3),(11,12,1,28,1,'2019-09-04 10:12:45',4,3),(14,22,1,52,2,'2019-09-04 13:58:19',13,3),(15,22,1,52,1,'2019-09-04 14:01:38',13,3),(16,27,1,26,1,'2019-09-04 14:44:05',15,3);

--
-- Table structure for table `email_log`
--

CREATE TABLE `email_log` (
  `log_id` bigint(20) NOT NULL AUTO_INCREMENT,
  `assoc_type` bigint(20) DEFAULT NULL,
  `assoc_id` bigint(20) DEFAULT NULL,
  `sender_id` bigint(20) NOT NULL,
  `date_sent` datetime NOT NULL,
  `ip_address` varchar(39) DEFAULT NULL,
  `event_type` bigint(20) DEFAULT NULL,
  `from_address` varchar(255) DEFAULT NULL,
  `recipients` text,
  `cc_recipients` text,
  `bcc_recipients` text,
  `subject` varchar(255) DEFAULT NULL,
  `body` text,
  PRIMARY KEY (`log_id`),
  KEY `email_log_assoc` (`assoc_type`,`assoc_id`)
) ENGINE=InnoDB AUTO_INCREMENT=73 DEFAULT CHARSET=utf8;

--
-- Dumping data for table `email_log`
--



--
-- Table structure for table `email_log_users`
--

CREATE TABLE `email_log_users` (
  `email_log_id` bigint(20) NOT NULL,
  `user_id` bigint(20) NOT NULL,
  UNIQUE KEY `email_log_user_id` (`email_log_id`,`user_id`)
) ENGINE=InnoDB DEFAULT CHARSET=utf8;

--
-- Dumping data for table `email_log_users`
--

INSERT INTO `email_log_users` VALUES (2,14),(3,24),(4,18),(5,6),(6,25),(7,19),(8,18),(9,42),(10,28),(11,40),(12,28),(13,46),(14,2),(15,28),(17,2),(18,18),(19,18),(20,26),(21,6),(22,40),(23,52),(24,51),(25,41),(26,50),(27,40),(28,40),(29,52),(30,26),(31,6),(32,6),(33,26),(34,41),(35,41),(36,52),(37,6),(38,2),(39,52),(41,2),(42,40),(43,40),(44,40),(45,52),(46,42),(47,42),(48,51),(49,4),(50,18),(51,26),(52,18),(53,26),(54,50),(55,26),(56,51),(57,5),(58,2),(59,51),(60,51),(61,2),(62,2),(63,2),(64,2),(65,25),(66,52),(67,51),(68,40),(69,18),(70,24),(71,50),(72,41);

--
-- Table structure for table `email_templates`
--

CREATE TABLE `email_templates` (
  `email_id` bigint(20) NOT NULL AUTO_INCREMENT,
  `email_key` varchar(64) NOT NULL,
  `assoc_type` bigint(20) DEFAULT '0',
  `assoc_id` bigint(20) DEFAULT '0',
  `enabled` tinyint(4) NOT NULL DEFAULT '1',
  PRIMARY KEY (`email_id`),
  UNIQUE KEY `email_templates_email_key` (`email_key`,`assoc_type`,`assoc_id`),
  KEY `email_templates_assoc` (`assoc_type`,`assoc_id`)
) ENGINE=InnoDB DEFAULT CHARSET=utf8;

--
-- Dumping data for table `email_templates`
--


--
-- Table structure for table `email_templates_data`
--

CREATE TABLE `email_templates_data` (
  `email_key` varchar(64) NOT NULL,
  `locale` varchar(5) NOT NULL DEFAULT 'en_US',
  `assoc_type` bigint(20) DEFAULT '0',
  `assoc_id` bigint(20) DEFAULT '0',
  `subject` varchar(120) NOT NULL,
  `body` text,
  UNIQUE KEY `email_templates_data_pkey` (`email_key`,`locale`,`assoc_type`,`assoc_id`)
) ENGINE=InnoDB DEFAULT CHARSET=utf8;

--
-- Dumping data for table `email_templates_data`
--


--
-- Table structure for table `email_templates_default`
--

CREATE TABLE `email_templates_default` (
  `email_id` bigint(20) NOT NULL AUTO_INCREMENT,
  `email_key` varchar(64) NOT NULL,
  `can_disable` tinyint(4) NOT NULL DEFAULT '1',
  `can_edit` tinyint(4) NOT NULL DEFAULT '1',
  `from_role_id` bigint(20) DEFAULT NULL,
  `to_role_id` bigint(20) DEFAULT NULL,
  PRIMARY KEY (`email_id`),
  KEY `email_templates_default_email_key` (`email_key`)
) ENGINE=InnoDB AUTO_INCREMENT=102 DEFAULT CHARSET=utf8;

--
-- Dumping data for table `email_templates_default`
--

INSERT INTO `email_templates_default` VALUES (1,'NOTIFICATION',0,1,NULL,NULL),(2,'NOTIFICATION_MAILLIST',0,1,NULL,NULL),(3,'NOTIFICATION_MAILLIST_WELCOME',0,1,NULL,NULL),(4,'PASSWORD_RESET_CONFIRM',0,1,NULL,NULL),(5,'PASSWORD_RESET',0,1,NULL,NULL),(6,'USER_REGISTER',0,1,NULL,NULL),(7,'USER_VALIDATE',0,1,NULL,NULL),(8,'REVIEWER_REGISTER',0,1,NULL,NULL),(9,'PUBLISH_NOTIFY',0,1,NULL,NULL),(10,'LOCKSS_EXISTING_ARCHIVE',0,1,NULL,NULL),(11,'LOCKSS_NEW_ARCHIVE',0,1,NULL,NULL),(12,'SUBMISSION_ACK',1,1,NULL,65536),(13,'SUBMISSION_UNSUITABLE',1,1,512,65536),(14,'SUBMISSION_COMMENT',0,1,NULL,NULL),(15,'SUBMISSION_DECISION_REVIEWERS',0,1,512,4096),(16,'EDITOR_ASSIGN',1,1,256,512),(17,'REVIEW_CANCEL',1,1,512,4096),(18,'REVIEW_REQUEST',1,1,512,4096),(19,'REVIEW_REQUEST_SUBSEQUENT',1,1,512,4096),(20,'REVIEW_REQUEST_ONECLICK',1,1,512,4096),(21,'REVIEW_REQUEST_ONECLICK_SUBSEQUENT',1,1,512,4096),(22,'REVIEW_REQUEST_ATTACHED',0,1,512,4096),(23,'REVIEW_REQUEST_ATTACHED_SUBSEQUENT',0,1,512,4096),(24,'REVIEW_CONFIRM',1,1,4096,512),(25,'REVIEW_DECLINE',1,1,4096,512),(26,'REVIEW_COMPLETE',1,1,4096,512),(27,'REVIEW_ACK',1,1,512,4096),(28,'REVIEW_REMIND',0,1,512,4096),(29,'REVIEW_REQUEST_REMIND_AUTO',0,1,NULL,4096),(30,'REVIEW_REQUEST_REMIND_ONECLICK',0,1,512,4096),(31,'REVIEW_REMIND_AUTO',0,1,NULL,4096),(32,'REVIEW_REMIND_ONECLICK',0,1,512,4096),(33,'REVIEW_REMIND_AUTO_ONECLICK',0,1,NULL,4096),(34,'EDITOR_DECISION_ACCEPT',0,1,512,65536),(35,'EDITOR_DECISION_REVISIONS',0,1,512,65536),(36,'EDITOR_DECISION_RESUBMIT',0,1,512,65536),(37,'EDITOR_DECISION_DECLINE',0,1,512,65536),(38,'COPYEDIT_REQUEST',1,1,512,8192),(39,'COPYEDIT_COMPLETE',1,1,8192,65536),(40,'COPYEDIT_ACK',1,1,512,8192),(41,'COPYEDIT_AUTHOR_REQUEST',1,1,512,65536),(42,'COPYEDIT_AUTHOR_COMPLETE',1,1,65536,512),(43,'COPYEDIT_AUTHOR_ACK',1,1,512,65536),(44,'COPYEDIT_FINAL_REQUEST',1,1,512,8192),(45,'COPYEDIT_FINAL_COMPLETE',1,1,8192,512),(46,'COPYEDIT_FINAL_ACK',1,1,512,8192),(47,'LAYOUT_REQUEST',1,1,512,768),(48,'LAYOUT_COMPLETE',1,1,768,512),(49,'LAYOUT_ACK',1,1,512,768),(50,'PROOFREAD_AUTHOR_REQUEST',1,1,512,65536),(51,'PROOFREAD_AUTHOR_COMPLETE',1,1,65536,512),(52,'PROOFREAD_AUTHOR_ACK',1,1,512,65536),(53,'PROOFREAD_REQUEST',1,1,512,12288),(54,'PROOFREAD_COMPLETE',1,1,12288,512),(55,'PROOFREAD_ACK',1,1,512,12288),(56,'PROOFREAD_LAYOUT_REQUEST',1,1,512,768),(57,'PROOFREAD_LAYOUT_COMPLETE',1,1,768,512),(58,'PROOFREAD_LAYOUT_ACK',1,1,512,768),(59,'EMAIL_LINK',0,1,1048576,NULL),(60,'SUBSCRIPTION_NOTIFY',0,1,NULL,1048576),(61,'OPEN_ACCESS_NOTIFY',0,1,NULL,1048576),(62,'SUBSCRIPTION_BEFORE_EXPIRY',0,1,NULL,1048576),(63,'SUBSCRIPTION_AFTER_EXPIRY',0,1,NULL,1048576),(64,'SUBSCRIPTION_AFTER_EXPIRY_LAST',0,1,NULL,1048576),(65,'SUBSCRIPTION_PURCHASE_INDL',0,1,NULL,2097152),(66,'SUBSCRIPTION_PURCHASE_INSTL',0,1,NULL,2097152),(67,'SUBSCRIPTION_RENEW_INDL',0,1,NULL,2097152),(68,'SUBSCRIPTION_RENEW_INSTL',0,1,NULL,2097152),(69,'CITATION_EDITOR_AUTHOR_QUERY',0,1,NULL,NULL),(70,'GIFT_AVAILABLE',0,1,NULL,NULL),(71,'GIFT_USER_REGISTER',0,1,NULL,NULL),(72,'GIFT_USER_LOGIN',0,1,NULL,NULL),(73,'REVISED_VERSION_NOTIFY',1,1,NULL,512),(74,'LUCENE_ARTICLE_INDEXING_ERROR_NOTIFICATION',1,1,NULL,NULL),(75,'LUCENE_JOURNAL_INDEXING_ERROR_NOTIFICATION',1,1,NULL,NULL),(76,'LUCENE_SEARCH_SERVICE_ERROR_NOTIFICATION',1,1,NULL,NULL),(77,'BFR_REVIEW_REMINDER',0,1,256,65536),(78,'BFR_REVIEW_REMINDER_LATE',0,1,256,65536),(79,'BFR_BOOK_ASSIGNED',0,1,256,65536),(80,'BFR_BOOK_DENIED',0,1,256,65536),(81,'BFR_BOOK_REQUESTED',0,1,65536,256),(82,'BFR_BOOK_MAILED',0,1,256,65536),(83,'BFR_REVIEWER_REMOVED',0,1,256,65536),(84,'THESIS_ABSTRACT_CONFIRM',0,1,NULL,NULL),(85,'OFR_REVIEW_REMINDER',0,1,256,65536),(86,'OFR_REVIEW_REMINDER_LATE',0,1,256,65536),(87,'OFR_OBJECT_ASSIGNED',0,1,256,65536),(88,'OFR_OBJECT_DENIED',0,1,256,65536),(89,'OFR_OBJECT_REQUESTED',0,1,65536,256),(90,'OFR_OBJECT_MAILED',0,1,256,65536),(91,'OFR_REVIEWER_REMOVED',0,1,256,65536),(92,'SWORD_DEPOSIT_NOTIFICATION',0,1,NULL,NULL),(93,'PAYPAL_INVESTIGATE_PAYMENT',0,1,NULL,NULL),(94,'MANUAL_PAYMENT_NOTIFICATION',0,1,NULL,NULL),(95,'NOTIFICATION_CENTER_DEFAULT',0,1,NULL,NULL),(96,'REVIEW_REQUEST_REMIND_AUTO',0,1,NULL,4096),(97,'REVIEW_REQUEST_REMIND_AUTO_ONECLICK',0,1,NULL,4096),(98,'EDITOR_DECISION_SEND_TO_EXTERNAL',0,1,513,65536),(99,'EDITOR_DECISION_SEND_TO_PRODUCTION',0,1,513,65536),(100,'SUBMISSION_ACK_NOT_USER',1,1,NULL,65536),(101,'ORCID_COLLECT_AUTHOR_ID',0,1,NULL,NULL);

--
-- Table structure for table `email_templates_default_data`
--

CREATE TABLE `email_templates_default_data` (
  `email_key` varchar(64) NOT NULL,
  `locale` varchar(5) NOT NULL DEFAULT 'en_US',
  `subject` varchar(120) NOT NULL,
  `body` text,
  `description` text,
  UNIQUE KEY `email_templates_default_data_pkey` (`email_key`,`locale`)
) ENGINE=InnoDB DEFAULT CHARSET=utf8;

--
-- Dumping data for table `email_templates_default_data`
--



--
-- Table structure for table `event_log`
--

CREATE TABLE `event_log` (
  `log_id` bigint(20) NOT NULL AUTO_INCREMENT,
  `assoc_type` bigint(20) DEFAULT NULL,
  `assoc_id` bigint(20) DEFAULT NULL,
  `user_id` bigint(20) NOT NULL,
  `date_logged` datetime NOT NULL,
  `ip_address` varchar(39) NOT NULL,
  `event_type` bigint(20) DEFAULT NULL,
  `message` text,
  `is_translated` tinyint(4) DEFAULT NULL,
  PRIMARY KEY (`log_id`),
  KEY `event_log_assoc` (`assoc_type`,`assoc_id`)
) ENGINE=InnoDB AUTO_INCREMENT=134 DEFAULT CHARSET=utf8;

--
-- Dumping data for table `event_log`
--

INSERT INTO `event_log` VALUES (1,1048585,1,1,'2017-06-05 08:33:59','36.67.114.66',805306375,'log.editor.submissionExpedited',0),(2,1048585,1,1,'2017-06-05 08:33:59','36.67.114.66',805306369,'log.editor.editorAssigned',0),(3,1048585,1,1,'2017-06-05 08:34:00','36.67.114.66',805306371,'log.editor.decision',0),(4,1048585,1,1,'2017-06-05 08:34:00','36.67.114.66',1342177287,'log.copyedit.copyeditFileSet',0),(5,1048585,2,1,'2017-06-05 08:38:58','36.67.114.66',805306375,'log.editor.submissionExpedited',0),(6,1048585,2,1,'2017-06-05 08:38:58','36.67.114.66',805306369,'log.editor.editorAssigned',0),(7,1048585,2,1,'2017-06-05 08:38:59','36.67.114.66',805306371,'log.editor.decision',0),(8,1048585,2,1,'2017-06-05 08:39:00','36.67.114.66',1342177287,'log.copyedit.copyeditFileSet',0),(9,1048585,3,1,'2017-06-05 08:43:40','36.67.114.66',805306375,'log.editor.submissionExpedited',0),(10,1048585,3,1,'2017-06-05 08:43:41','36.67.114.66',805306369,'log.editor.editorAssigned',0),(11,1048585,3,1,'2017-06-05 08:43:42','36.67.114.66',805306371,'log.editor.decision',0),(12,1048585,3,1,'2017-06-05 08:43:42','36.67.114.66',1342177287,'log.copyedit.copyeditFileSet',0),(13,1048585,4,1,'2017-06-05 08:46:35','36.67.114.66',805306375,'log.editor.submissionExpedited',0),(14,1048585,4,1,'2017-06-05 08:46:35','36.67.114.66',805306369,'log.editor.editorAssigned',0),(15,1048585,4,1,'2017-06-05 08:46:36','36.67.114.66',805306371,'log.editor.decision',0),(16,1048585,4,1,'2017-06-05 08:46:37','36.67.114.66',1342177287,'log.copyedit.copyeditFileSet',0),(17,1048585,5,1,'2017-06-05 08:53:02','36.67.114.66',805306375,'log.editor.submissionExpedited',0),(18,1048585,5,1,'2017-06-05 08:53:03','36.67.114.66',805306369,'log.editor.editorAssigned',0),(19,1048585,5,1,'2017-06-05 08:53:05','36.67.114.66',805306371,'log.editor.decision',0),(20,1048585,5,1,'2017-06-05 08:53:06','36.67.114.66',1342177287,'log.copyedit.copyeditFileSet',0),(21,1048585,6,1,'2017-06-05 09:01:48','36.67.114.66',805306375,'log.editor.submissionExpedited',0),(22,1048585,6,1,'2017-06-05 09:01:48','36.67.114.66',805306369,'log.editor.editorAssigned',0),(23,1048585,6,1,'2017-06-05 09:01:49','36.67.114.66',805306371,'log.editor.decision',0),(24,1048585,6,1,'2017-06-05 09:01:50','36.67.114.66',1342177287,'log.copyedit.copyeditFileSet',0),(25,1048585,7,1,'2017-06-05 09:04:35','36.67.114.66',805306375,'log.editor.submissionExpedited',0),(26,1048585,7,1,'2017-06-05 09:04:36','36.67.114.66',805306369,'log.editor.editorAssigned',0),(27,1048585,7,1,'2017-06-05 09:04:36','36.67.114.66',805306371,'log.editor.decision',0),(28,1048585,7,1,'2017-06-05 09:04:37','36.67.114.66',1342177287,'log.copyedit.copyeditFileSet',0),(29,1048585,1,3,'2017-06-05 09:07:48','36.67.114.66',1342177285,'log.copyedit.initialEditComplete',0),(30,1048585,1,3,'2017-06-05 09:09:26','36.67.114.66',1342177286,'log.copyedit.finalEditComplete',0),(31,1048585,2,3,'2017-06-05 09:13:59','36.67.114.66',1342177285,'log.copyedit.initialEditComplete',0),(32,1048585,2,3,'2017-06-05 09:14:15','36.67.114.66',1342177286,'log.copyedit.finalEditComplete',0),(33,1048585,3,3,'2017-06-05 09:36:01','36.67.114.66',1342177285,'log.copyedit.initialEditComplete',0),(34,1048585,3,3,'2017-06-05 09:36:35','36.67.114.66',1342177286,'log.copyedit.finalEditComplete',0),(35,1048585,4,3,'2017-06-05 09:39:32','36.67.114.66',1342177285,'log.copyedit.initialEditComplete',0),(36,1048585,4,3,'2017-06-05 09:39:39','36.67.114.66',1342177286,'log.copyedit.finalEditComplete',0),(37,1048585,4,3,'2017-06-05 09:39:43','36.67.114.66',1342177286,'log.copyedit.finalEditComplete',0),(38,1048585,4,3,'2017-06-05 09:39:44','36.67.114.66',1342177286,'log.copyedit.finalEditComplete',0),(39,1048585,4,3,'2017-06-05 09:39:45','36.67.114.66',1342177286,'log.copyedit.finalEditComplete',0),(40,1048585,5,3,'2017-06-05 09:42:11','36.67.114.66',1342177285,'log.copyedit.initialEditComplete',0),(41,1048585,5,3,'2017-06-05 09:42:18','36.67.114.66',1342177286,'log.copyedit.finalEditComplete',0),(42,1048585,6,3,'2017-06-05 09:46:33','36.67.114.66',1342177285,'log.copyedit.initialEditComplete',0),(43,1048585,6,3,'2017-06-05 09:46:40','36.67.114.66',1342177286,'log.copyedit.finalEditComplete',0),(44,1048585,7,13,'2017-06-05 09:59:32','36.67.114.66',1342177285,'log.copyedit.initialEditComplete',0),(45,1048585,7,13,'2017-06-05 10:00:21','36.67.114.66',1342177286,'log.copyedit.finalEditComplete',0),(46,1048585,7,13,'2017-06-05 10:02:54','36.67.114.66',1073741825,'log.review.reviewerAssigned',0),(47,1048585,7,13,'2017-06-05 10:03:18','36.67.114.66',805306371,'log.editor.decision',0),(48,1048585,8,14,'2017-11-15 10:30:44','36.67.117.250',268435457,'submission.event.submissionSubmitted',0),(49,1048585,9,24,'2018-03-26 15:41:59','36.84.1.152',268435457,'submission.event.submissionSubmitted',0),(50,1048585,9,24,'2018-03-28 05:35:25','36.84.64.117',268435458,'log.editor.metadataModified',0),(51,1048585,11,26,'2018-12-26 14:43:11','112.215.242.31',268435457,'submission.event.submissionSubmitted',0),(52,1048585,12,18,'2019-03-26 10:16:26','110.139.120.74',268435457,'submission.event.submissionSubmitted',0),(53,1048585,13,6,'2019-03-27 11:50:52','110.139.120.74',268435457,'submission.event.submissionSubmitted',0),(54,1048585,14,25,'2019-04-01 09:23:06','180.246.150.54',268435457,'submission.event.submissionSubmitted',0),(55,1048585,15,19,'2019-04-11 11:18:44','110.138.126.115',268435457,'submission.event.submissionSubmitted',0),(56,1048585,16,18,'2019-04-11 11:30:27','110.138.126.115',268435457,'submission.event.submissionSubmitted',0),(57,1048585,18,42,'2019-08-02 09:13:05','180.246.148.113',268435457,'submission.event.submissionSubmitted',0),(58,1048585,18,4,'2019-08-02 09:21:18','180.246.148.113',805306369,'log.editor.editorAssigned',0),(59,1048585,19,40,'2019-08-02 09:33:25','203.78.117.125',268435457,'submission.event.submissionSubmitted',0),(60,1048585,18,42,'2019-08-02 09:39:14','180.246.148.113',536870913,'log.author.documentRevised',0),(61,1048585,18,28,'2019-08-02 09:41:37','180.246.148.113',1073741825,'log.review.reviewerAssigned',0),(62,1048585,18,2,'2019-08-02 09:47:45','180.246.148.113',805306372,'log.editor.editorFile',0),(63,1048585,18,2,'2019-08-02 09:50:22','180.246.148.113',805306371,'log.editor.decision',0),(64,1048585,19,5,'2019-08-02 10:20:41','203.78.117.125',1073741825,'log.review.reviewerAssigned',0),(65,1048585,8,5,'2019-08-02 10:29:47','203.78.117.125',805306373,'log.editor.archived',0),(66,1048585,19,5,'2019-08-02 10:30:55','203.78.117.125',805306373,'log.editor.archived',0),(67,1048585,21,46,'2019-08-06 14:29:28','180.246.149.228',268435457,'submission.event.submissionSubmitted',0),(68,1048585,12,28,'2019-09-04 09:45:24','180.246.150.36',805306369,'log.editor.editorAssigned',0),(69,1048585,12,28,'2019-09-04 09:51:39','180.246.150.36',1073741825,'log.review.reviewerAssigned',0),(70,1048585,12,2,'2019-09-04 10:03:54','180.246.150.36',1073741830,'log.review.reviewAccepted',0),(71,1048585,12,2,'2019-09-04 10:08:07','180.246.150.36',1073741843,'log.review.reviewerFile',0),(72,1048585,12,2,'2019-09-04 10:09:20','180.246.150.36',1073741833,'log.review.reviewRecommendationSet',0),(73,1048585,12,28,'2019-09-04 10:11:20','180.246.150.36',805306371,'log.editor.decision',0),(74,1048585,12,28,'2019-09-04 10:12:45','180.246.150.36',805306371,'log.editor.decision',0),(75,1048585,12,28,'2019-09-04 10:14:08','180.246.150.36',1342177287,'log.copyedit.copyeditFileSet',0),(76,1048585,12,28,'2019-09-04 10:14:48','180.246.150.36',1342177285,'log.copyedit.initialEditComplete',0),(77,1048585,12,28,'2019-09-04 10:20:02','180.246.150.36',1342177286,'log.copyedit.finalEditComplete',0),(78,1048585,24,26,'2019-09-04 11:22:27','180.246.149.97',268435457,'submission.event.submissionSubmitted',0),(80,1048585,22,40,'2019-09-04 11:32:38','180.246.148.6',268435457,'submission.event.submissionSubmitted',0),(81,1048585,25,52,'2019-09-04 11:33:16','180.246.151.129',268435457,'submission.event.submissionSubmitted',0),(84,1048585,26,50,'2019-09-04 12:50:58','180.246.150.186',268435457,'submission.event.submissionSubmitted',0),(86,1048585,26,50,'2019-09-04 13:10:37','180.246.150.186',536870913,'log.author.documentRevised',0),(97,1048585,22,41,'2019-09-04 13:47:02','180.246.150.36',805306369,'log.editor.editorAssigned',0),(98,1048585,22,52,'2019-09-04 13:48:19','180.246.150.36',1073741825,'log.review.reviewerAssigned',0),(99,1048585,22,2,'2019-09-04 13:51:53','180.246.150.36',1073741830,'log.review.reviewAccepted',0),(100,1048585,22,2,'2019-09-04 13:52:48','180.246.150.36',1073741843,'log.review.reviewerFile',0),(101,1048585,22,2,'2019-09-04 13:54:11','180.246.150.36',1073741833,'log.review.reviewRecommendationSet',0),(102,1048585,22,52,'2019-09-04 13:58:19','222.124.49.110',805306371,'log.editor.decision',0),(103,1048585,22,52,'2019-09-04 14:09:02','222.124.49.110',1342177287,'log.copyedit.copyeditFileSet',0),(104,1048585,22,52,'2019-09-04 14:09:35','222.124.49.110',1342177285,'log.copyedit.initialEditComplete',0),(105,1048585,22,26,'2019-09-04 14:09:58','222.124.49.110',1342177285,'log.copyedit.initialEditComplete',0),(106,1048585,22,26,'2019-09-04 14:09:59','222.124.49.110',1342177285,'log.copyedit.initialEditComplete',0),(107,1048585,22,40,'2019-09-04 14:12:46','222.124.49.110',1342177284,'log.copyedit.authorFile',0),(108,1048585,18,18,'2019-09-04 14:27:35','222.124.49.110',1073741825,'log.review.reviewerAssigned',0),(109,1048585,18,26,'2019-09-04 14:32:43','222.124.49.110',805306373,'log.editor.archived',0),(110,1048585,18,26,'2019-09-04 14:35:22','222.124.49.110',805306373,'log.editor.archived',0),(111,1048585,24,50,'2019-09-04 14:36:28','222.124.49.110',805306369,'log.editor.editorAssigned',0),(112,1048585,24,50,'2019-09-04 14:37:01','222.124.49.110',805306369,'log.editor.editorAssigned',0),(117,1048585,24,18,'2019-09-04 14:43:00','222.124.49.110',1073741825,'log.review.reviewerAssigned',0),(122,1048585,24,51,'2019-09-04 14:50:26','222.124.49.110',1073741825,'log.review.reviewerAssigned',0),(123,1048585,24,52,'2019-09-04 14:50:27','180.246.151.129',1073741825,'log.review.reviewerAssigned',0),(124,1048585,14,52,'2019-09-05 09:28:03','125.160.61.2',805306373,'log.editor.archived',0),(125,1048585,25,52,'2019-09-05 09:32:45','125.160.61.2',805306373,'log.editor.archived',0),(126,1048585,13,52,'2019-09-05 09:45:30','125.160.61.2',805306369,'log.editor.editorAssigned',0),(127,1048585,21,50,'2019-09-05 09:54:49','125.160.61.2',805306369,'log.editor.editorAssigned',0),(128,1048585,26,41,'2019-09-05 12:32:06','125.160.61.2',805306369,'log.editor.editorAssigned',0),(129,1048585,26,41,'2019-09-05 12:32:49','125.160.61.2',805306369,'log.editor.editorAssigned',0),(130,1048585,16,41,'2019-09-05 12:38:53','125.160.61.2',805306369,'log.editor.editorAssigned',0),(131,1048585,11,51,'2019-10-03 14:46:06','110.139.118.38',805306369,'log.editor.editorAssigned',0),(132,1048585,9,51,'2019-10-03 14:49:40','110.139.118.38',805306369,'log.editor.editorAssigned',0),(133,1048585,27,50,'2019-10-03 15:35:04','36.75.22.160',1073741828,'log.review.reviewCancelled',0);

--
-- Table structure for table `event_log_settings`
--

CREATE TABLE `event_log_settings` (
  `log_id` bigint(20) NOT NULL,
  `setting_name` varchar(255) NOT NULL,
  `setting_value` text,
  `setting_type` varchar(6) NOT NULL,
  UNIQUE KEY `event_log_settings_pkey` (`log_id`,`setting_name`),
  KEY `event_log_settings_log_id` (`log_id`)
) ENGINE=InnoDB DEFAULT CHARSET=utf8;

--
-- Dumping data for table `event_log_settings`
--

INSERT INTO `event_log_settings` VALUES (1,'editorName','admin admin','string'),(2,'editorId','1','string'),(2,'editorName','admin admin','string'),(3,'decision','Accept Submission','string'),(3,'editorName','admin admin','string'),(5,'editorName','admin admin','string'),(6,'editorId','1','string'),(6,'editorName','admin admin','string'),(7,'decision','Accept Submission','string'),(7,'editorName','admin admin','string'),(9,'editorName','admin admin','string'),(10,'editorId','1','string'),(10,'editorName','admin admin','string'),(11,'decision','Accept Submission','string'),(11,'editorName','admin admin','string'),(13,'editorName','admin admin','string'),(14,'editorId','1','string'),(14,'editorName','admin admin','string'),(15,'decision','Accept Submission','string'),(15,'editorName','admin admin','string'),(17,'editorName','admin admin','string'),(18,'editorId','1','string'),(18,'editorName','admin admin','string'),(19,'decision','Accept Submission','string'),(19,'editorName','admin admin','string'),(21,'editorName','admin admin','string'),(22,'editorId','1','string'),(22,'editorName','admin admin','string'),(23,'decision','Accept Submission','string'),(23,'editorName','admin admin','string'),(25,'editorName','admin admin','string'),(26,'editorId','1','string'),(26,'editorName','admin admin','string'),(27,'decision','Accept Submission','string'),(27,'editorName','admin admin','string'),(29,'copyeditorName','Nirwana Per-Angin2','string'),(30,'copyeditorName','Nirwana Per-Angin2','string'),(31,'copyeditorName','Nirwana Per-Angin2','string'),(32,'copyeditorName','Nirwana Per-Angin2','string'),(33,'copyeditorName','Nirwana Per-Angin2','string'),(34,'copyeditorName','Nirwana Per-Angin2','string'),(35,'copyeditorName','Nirwana Per-Angin2','string'),(36,'copyeditorName','Nirwana Per-Angin2','string'),(37,'copyeditorName','Nirwana Per-Angin2','string'),(38,'copyeditorName','Nirwana Per-Angin2','string'),(39,'copyeditorName','Nirwana Per-Angin2','string'),(40,'copyeditorName','Nirwana Per-Angin2','string'),(41,'copyeditorName','Nirwana Per-Angin2','string'),(42,'copyeditorName','Nirwana Per-Angin2','string'),(43,'copyeditorName','Nirwana Per-Angin2','string'),(44,'copyeditorName','ian Fahrian','string'),(45,'copyeditorName','ian Fahrian','string'),(46,'reviewerName','2.	Devi Arzeti, SST, M.Keb 2.	Devi Arzeti, SST, M.Keb','string'),(46,'reviewId','1','string'),(46,'round','1','string'),(47,'decision','Accept Submission','string'),(47,'editorName','ian Fahrian','string'),(48,'authorName','januarsih sugeng','string'),(49,'authorName','Rizki Amartani','string'),(50,'editorName','Rizki Amartani','string'),(51,'authorName','yuniarti yuniarti','string'),(52,'authorName','rusmilawaty fauji','string'),(53,'authorName','Suhrawardi Suhrawardi','string'),(54,'authorName','Poltekkes Kemenkes Banjarmasin RUBIATI HIPNI','string'),(55,'authorName','erni yuliastuti','string'),(56,'authorName','rusmilawaty fauji','string'),(57,'authorName','poltekkes banjarmasin Rusmilawaty Rusmilawaty Fauzi','string'),(58,'editorId','28','string'),(58,'editorName','serilaila serilaila','string'),(59,'authorName','zakiah zakiah','string'),(60,'authorName','poltekkes banjarmasin Rusmilawaty Rusmilawaty Fauzi','string'),(60,'fileId','54','string'),(61,'reviewerName','darmayanti darmayanti','string'),(61,'reviewId','2','string'),(61,'round','1','string'),(62,'fileId','53','string'),(63,'decision','Revisions Required','string'),(63,'editorName','darmayanti darmayanti','string'),(64,'reviewerName','2.	Devi Arzeti, SST, M.Keb 2.	Devi Arzeti, SST, M.Keb','string'),(64,'reviewId','3','string'),(64,'round','1','string'),(67,'authorName','purnama sari kurniawati','string'),(68,'editorId','28','string'),(68,'editorName','serilaila serilaila','string'),(69,'reviewerName','darmayanti darmayanti','string'),(69,'reviewId','4','string'),(69,'round','1','string'),(70,'articleId','12','string'),(70,'reviewerName','darmayanti darmayanti','string'),(70,'reviewId','4','string'),(70,'round','1','string'),(71,'reviewId','4','string'),(72,'articleId','12','string'),(72,'reviewerName','darmayanti darmayanti','string'),(72,'reviewId','4','string'),(72,'round','1','string'),(73,'decision','Revisions Required','string'),(73,'editorName','serilaila serilaila','string'),(74,'decision','Accept Submission','string'),(74,'editorName','serilaila serilaila','string'),(76,'copyeditorName','serilaila serilaila','string'),(77,'copyeditorName','serilaila serilaila','string'),(78,'authorName','yuniarti yuniarti','string'),(80,'authorName','zakiah zakiah','string'),(81,'authorName','isro daiyah','string'),(84,'authorName','Poltekkes Kemenkes Banjarmasin rubiati hipni','string'),(86,'authorName','Poltekkes Kemenkes Banjarmasin rubiati hipni','string'),(86,'fileId','78','string'),(97,'editorId','52','string'),(97,'editorName','isro daiyah','string'),(98,'reviewerName','darmayanti darmayanti','string'),(98,'reviewId','6','string'),(98,'round','1','string'),(99,'articleId','22','string'),(99,'reviewerName','darmayanti darmayanti','string'),(99,'reviewId','6','string'),(99,'round','1','string'),(100,'reviewId','6','string'),(101,'articleId','22','string'),(101,'reviewerName','darmayanti darmayanti','string'),(101,'reviewId','6','string'),(101,'round','1','string'),(102,'decision','Revisions Required','string'),(102,'editorName','isro daiyah','string'),(104,'copyeditorName','isro daiyah','string'),(105,'copyeditorName','yuniarti yuniarti','string'),(106,'copyeditorName','yuniarti yuniarti','string'),(108,'reviewerName','Hapisah Hapisah','string'),(108,'reviewId','7','string'),(108,'round','1','string'),(111,'editorId','51','string'),(111,'editorName','Poltekkes Kemenkes Banjarmasin Fitria Jannatul Laili','string'),(112,'editorId','4','string'),(112,'editorName','Rafidah Rafidah','string'),(117,'reviewerName','Hapisah Hapisah','string'),(117,'reviewId','8','string'),(117,'round','1','string'),(122,'reviewerName','darmayanti darmayanti','string'),(122,'reviewId','10','string'),(122,'round','1','string'),(123,'reviewerName','2.	Devi Arzeti, SST, M.Keb 2.	Devi Arzeti, SST, M.Keb','string'),(123,'reviewId','11','string'),(123,'round','1','string'),(126,'editorId','52','string'),(126,'editorName','isro daiyah','string'),(127,'editorId','51','string'),(127,'editorName','Poltekkes Kemenkes Banjarmasin Fitria Jannatul Laili','string'),(128,'editorId','40','string'),(128,'editorName','zakiah zakiah','string'),(129,'editorId','18','string'),(129,'editorName','rusmilawaty rusmilawaty','string'),(130,'editorId','50','string'),(130,'editorName','Poltekkes Kemenkes Banjarmasin rubiati hipni','string'),(131,'editorId','51','string'),(131,'editorName','Fitria Jannatul Laili','string'),(132,'editorId','41','string'),(132,'editorName','Serilaila Serilaila','string'),(133,'articleId','27','string'),(133,'reviewerName','darmayanti darmayanti','string'),(133,'round','1','string');

--
-- Table structure for table `external_feed_settings`
--

CREATE TABLE `external_feed_settings` (
  `feed_id` bigint(20) NOT NULL,
  `locale` varchar(5) NOT NULL DEFAULT '',
  `setting_name` varchar(255) NOT NULL,
  `setting_value` text,
  `setting_type` varchar(6) NOT NULL,
  UNIQUE KEY `external_feed_settings_pkey` (`feed_id`,`locale`,`setting_name`)
) ENGINE=InnoDB DEFAULT CHARSET=utf8;

--
-- Dumping data for table `external_feed_settings`
--


--
-- Table structure for table `external_feeds`
--

CREATE TABLE `external_feeds` (
  `feed_id` bigint(20) NOT NULL AUTO_INCREMENT,
  `journal_id` bigint(20) NOT NULL,
  `url` varchar(255) NOT NULL,
  `seq` double NOT NULL DEFAULT '0',
  `display_homepage` tinyint(4) NOT NULL DEFAULT '0',
  `display_block` smallint(6) NOT NULL DEFAULT '0',
  `limit_items` tinyint(4) DEFAULT '0',
  `recent_items` smallint(6) DEFAULT NULL,
  PRIMARY KEY (`feed_id`),
  KEY `external_feeds_journal_id` (`journal_id`)
) ENGINE=InnoDB DEFAULT CHARSET=utf8;

--
-- Dumping data for table `external_feeds`
--


--
-- Table structure for table `filter_groups`
--

CREATE TABLE `filter_groups` (
  `filter_group_id` bigint(20) NOT NULL AUTO_INCREMENT,
  `symbolic` varchar(255) DEFAULT NULL,
  `display_name` varchar(255) DEFAULT NULL,
  `description` varchar(255) DEFAULT NULL,
  `input_type` varchar(255) DEFAULT NULL,
  `output_type` varchar(255) DEFAULT NULL,
  PRIMARY KEY (`filter_group_id`),
  UNIQUE KEY `filter_groups_symbolic` (`symbolic`)
) ENGINE=InnoDB AUTO_INCREMENT=47 DEFAULT CHARSET=utf8;

--
-- Dumping data for table `filter_groups`
--

INSERT INTO `filter_groups` VALUES (1,'citation=>nlm30','plugins.metadata.nlm30.citationAdapter.displayName','plugins.metadata.nlm30.citationAdapter.description','class::lib.pkp.classes.citation.Citation','metadata::lib.pkp.plugins.metadata.nlm30.schema.Nlm30CitationSchema(CITATION)'),(2,'nlm30=>citation','plugins.metadata.nlm30.citationAdapter.displayName','plugins.metadata.nlm30.citationAdapter.description','metadata::lib.pkp.plugins.metadata.nlm30.schema.Nlm30CitationSchema(CITATION)','class::lib.pkp.classes.citation.Citation'),(3,'plaintext=>nlm30-element-citation','plugins.metadata.nlm30.citationParsers.displayName','plugins.metadata.nlm30.citationParsers.description','primitive::string','metadata::lib.pkp.plugins.metadata.nlm30.schema.Nlm30CitationSchema(CITATION)'),(4,'nlm30-element-citation=>nlm30-element-citation','plugins.metadata.nlm30.citationLookup.displayName','plugins.metadata.nlm30.citationLookup.description','metadata::lib.pkp.plugins.metadata.nlm30.schema.Nlm30CitationSchema(CITATION)','metadata::lib.pkp.plugins.metadata.nlm30.schema.Nlm30CitationSchema(CITATION)'),(5,'nlm30-element-citation=>plaintext','plugins.metadata.nlm30.citationOutput.displayName','plugins.metadata.nlm30.citationOutput.description','metadata::lib.pkp.plugins.metadata.nlm30.schema.Nlm30CitationSchema(CITATION)','primitive::string'),(6,'nlm30-element-citation=>nlm30-xml','plugins.metadata.nlm30Xml.citationOutput.displayName','plugins.metadata.nlm30Xml.citationOutput.description','metadata::lib.pkp.plugins.metadata.nlm30.schema.Nlm30CitationSchema(CITATION)','xml::*'),(7,'submission=>nlm30-article-xml','plugins.metadata.nlm30.nlm30XmlOutput.displayName','plugins.metadata.nlm30.nlm30XmlOutput.description','class::lib.pkp.classes.submission.Submission','xml::*'),(8,'submission=>nlm23-article-xml','plugins.metadata.nlm30.nlm23XmlOutput.displayName','plugins.metadata.nlm30.nlm23XmlOutput.description','class::lib.pkp.classes.submission.Submission','xml::*'),(9,'nlm30-article-xml=>nlm23-article-xml','plugins.metadata.nlm30.nlm30ToNlm23Xml.displayName','plugins.metadata.nlm30.nlm30ToNlm23Xml.description','xml::*','xml::*'),(10,'submission=>reference-list','plugins.metadata.nlm30.refList.displayName','plugins.metadata.nlm30.refList.description','class::lib.pkp.classes.submission.Submission','class::lib.pkp.classes.citation.PlainTextReferencesList'),(11,'mods34=>mods34-xml','plugins.metadata.mods34.mods34XmlOutput.displayName','plugins.metadata.mods34.mods34XmlOutput.description','metadata::plugins.metadata.mods34.schema.Mods34Schema(*)','xml::schema(lib/pkp/plugins/metadata/mods34/filter/mods34.xsd)'),(12,'article=>mods34','plugins.metadata.mods34.articleAdapter.displayName','plugins.metadata.mods34.articleAdapter.description','class::classes.article.Article','metadata::plugins.metadata.mods34.schema.Mods34Schema(ARTICLE)'),(13,'mods34=>article','plugins.metadata.mods34.articleAdapter.displayName','plugins.metadata.mods34.articleAdapter.description','metadata::plugins.metadata.mods34.schema.Mods34Schema(ARTICLE)','class::classes.article.Article'),(14,'article=>dc11','plugins.metadata.dc11.articleAdapter.displayName','plugins.metadata.dc11.articleAdapter.description','class::classes.article.Article','metadata::plugins.metadata.dc11.schema.Dc11Schema(ARTICLE)'),(15,'nlm30-element-citation=>isbn','plugins.citationLookup.isbndbExtraction.displayName','plugins.citationLookup.isbndbExtraction.description','metadata::lib.pkp.plugins.metadata.nlm30.schema.Nlm30CitationSchema(CITATION)','primitive::string'),(16,'isbn=>nlm30-element-citation','plugins.citationLookup.isbndbLookup.displayName','plugins.citationLookup.isbndbLookup.description','primitive::string','metadata::lib.pkp.plugins.metadata.nlm30.schema.Nlm30CitationSchema(CITATION)'),(17,'user=>user-xml','plugins.importexport.users.displayName','plugins.importexport.users.description','class::classes.user.User[]','xml::schema(lib/pkp/plugins/importexport/users/pkp-users.xsd)'),(18,'user-xml=>user','plugins.importexport.users.displayName','plugins.importexport.users.description','xml::schema(lib/pkp/plugins/importexport/users/pkp-users.xsd)','class::classes.users.User[]'),(19,'usergroup=>user-xml','plugins.importexport.users.displayName','plugins.importexport.users.description','class::lib.pkp.classes.security.UserGroup[]','xml::schema(lib/pkp/plugins/importexport/users/pkp-users.xsd)'),(20,'user-xml=>usergroup','plugins.importexport.native.displayName','plugins.importexport.native.description','xml::schema(lib/pkp/plugins/importexport/users/pkp-users.xsd)','class::lib.pkp.classes.security.UserGroup[]'),(21,'issue=>crossref-xml','plugins.importexport.crossref.displayName','plugins.importexport.crossref.description','class::classes.issue.Issue[]','xml::schema(http://www.crossref.org/schema/deposit/crossref4.3.6.xsd)'),(22,'article=>crossref-xml','plugins.importexport.crossref.displayName','plugins.importexport.crossref.description','class::classes.article.Article[]','xml::schema(http://www.crossref.org/schema/deposit/crossref4.3.6.xsd)'),(23,'article=>doaj-xml','plugins.importexport.doaj.displayName','plugins.importexport.doaj.description','class::classes.article.Article[]','xml::schema(plugins/importexport/doaj/doajArticles.xsd)'),(24,'article=>doaj-json','plugins.importexport.doaj.displayName','plugins.importexport.doaj.description','class::classes.article.Article[]','primitive::string'),(25,'issue=>medra-xml','plugins.importexport.medra.displayName','plugins.importexport.medra.description','class::classes.issue.Issue[]','xml::schema(http://www.medra.org/schema/onix/DOIMetadata/2.0/ONIX_DOIMetadata_2.0.xsd)'),(26,'article=>medra-xml','plugins.importexport.medra.displayName','plugins.importexport.medra.description','class::classes.article.Article[]','xml::schema(http://www.medra.org/schema/onix/DOIMetadata/2.0/ONIX_DOIMetadata_2.0.xsd)'),(27,'galley=>medra-xml','plugins.importexport.medra.displayName','plugins.importexport.medra.description','class::classes.article.ArticleGalley[]','xml::schema(http://www.medra.org/schema/onix/DOIMetadata/2.0/ONIX_DOIMetadata_2.0.xsd)'),(28,'issue=>datacite-xml','plugins.importexport.datacite.displayName','plugins.importexport.datacite.description','class::classes.issue.Issue','xml::schema(http://schema.datacite.org/meta/kernel-3/metadata.xsd)'),(29,'article=>datacite-xml','plugins.importexport.datacite.displayName','plugins.importexport.datacite.description','class::classes.article.Article','xml::schema(http://schema.datacite.org/meta/kernel-3/metadata.xsd)'),(30,'galley=>datacite-xml','plugins.importexport.datacite.displayName','plugins.importexport.datacite.description','class::classes.article.ArticleGalley','xml::schema(http://schema.datacite.org/meta/kernel-3/metadata.xsd)'),(31,'article=>native-xml','plugins.importexport.native.displayName','plugins.importexport.native.description','class::classes.article.Article[]','xml::schema(plugins/importexport/native/native.xsd)'),(32,'native-xml=>article','plugins.importexport.native.displayName','plugins.importexport.native.description','xml::schema(plugins/importexport/native/native.xsd)','class::classes.article.Article[]'),(33,'issue=>native-xml','plugins.importexport.native.displayName','plugins.importexport.native.description','class::classes.issue.Issue[]','xml::schema(plugins/importexport/native/native.xsd)'),(34,'native-xml=>issue','plugins.importexport.native.displayName','plugins.importexport.native.description','xml::schema(plugins/importexport/native/native.xsd)','class::classes.issue.Issue[]'),(35,'issuegalley=>native-xml','plugins.importexport.native.displayName','plugins.importexport.native.description','class::classes.issue.IssueGalley[]','xml::schema(plugins/importexport/native/native.xsd)'),(36,'native-xml=>issuegalley','plugins.importexport.native.displayName','plugins.importexport.native.description','xml::schema(plugins/importexport/native/native.xsd)','class::classes.issue.IssueGalley[]'),(37,'author=>native-xml','plugins.importexport.native.displayName','plugins.importexport.native.description','class::classes.article.Author[]','xml::schema(plugins/importexport/native/native.xsd)'),(38,'native-xml=>author','plugins.importexport.native.displayName','plugins.importexport.native.description','xml::schema(plugins/importexport/native/native.xsd)','class::classes.article.Author[]'),(39,'SubmissionFile=>native-xml','plugins.importexport.native.displayName','plugins.importexport.native.description','class::lib.pkp.classes.submission.SubmissionFile','xml::schema(plugins/importexport/native/native.xsd)'),(40,'SubmissionArtworkFile=>native-xml','plugins.importexport.native.displayName','plugins.importexport.native.description','class::lib.pkp.classes.submission.SubmissionArtworkFile','xml::schema(plugins/importexport/native/native.xsd)'),(41,'SupplementaryFile=>native-xml','plugins.importexport.native.displayName','plugins.importexport.native.description','class::lib.pkp.classes.submission.SupplementaryFile','xml::schema(plugins/importexport/native/native.xsd)'),(42,'native-xml=>SubmissionFile','plugins.importexport.native.displayName','plugins.importexport.native.description','xml::schema(plugins/importexport/native/native.xsd)','class::lib.pkp.classes.submission.SubmissionFile'),(43,'native-xml=>SubmissionArtworkFile','plugins.importexport.native.displayName','plugins.importexport.native.description','xml::schema(plugins/importexport/native/native.xsd)','class::lib.pkp.classes.submission.SubmissionArtworkFile'),(44,'native-xml=>SupplementaryFile','plugins.importexport.native.displayName','plugins.importexport.native.description','xml::schema(plugins/importexport/native/native.xsd)','class::lib.pkp.classes.submission.SupplementaryFile'),(45,'article-galley=>native-xml','plugins.importexport.native.displayName','plugins.importexport.native.description','class::classes.article.ArticleGalley','xml::schema(plugins/importexport/native/native.xsd)'),(46,'native-xml=>ArticleGalley','plugins.importexport.native.displayName','plugins.importexport.native.description','xml::schema(plugins/importexport/native/native.xsd)','class::classes.article.ArticleGalley[]');

--
-- Table structure for table `filter_settings`
--

CREATE TABLE `filter_settings` (
  `filter_id` bigint(20) NOT NULL,
  `locale` varchar(5) NOT NULL DEFAULT '',
  `setting_name` varchar(255) NOT NULL,
  `setting_value` text,
  `setting_type` varchar(6) NOT NULL,
  UNIQUE KEY `filter_settings_pkey` (`filter_id`,`locale`,`setting_name`),
  KEY `filter_settings_id` (`filter_id`)
) ENGINE=InnoDB DEFAULT CHARSET=utf8;

--
-- Dumping data for table `filter_settings`
--

INSERT INTO `filter_settings` VALUES (4,'','citationOutputFilterName','lib.pkp.plugins.metadata.nlm30.filter.Nlm30CitationSchemaNlm30XmlFilter','string'),(4,'','metadataSchemaName','lib.pkp.plugins.metadata.nlm30.schema.Nlm30CitationSchema','string'),(5,'','settingsMapping','a:2:{s:6:\"apiKey\";a:2:{i:0;s:11:\"seq1_apiKey\";i:1;s:11:\"seq2_apiKey\";}s:10:\"isOptional\";a:2:{i:0;s:15:\"seq1_isOptional\";i:1;s:15:\"seq2_isOptional\";}}','object'),(6,'','citationOutputFilterName','lib.pkp.plugins.metadata.nlm30.filter.Nlm30CitationSchemaNlm30XmlFilter','string'),(6,'','metadataSchemaName','lib.pkp.plugins.metadata.nlm30.schema.Nlm30CitationSchema','string'),(7,'','xsl','lib/pkp/plugins/metadata/nlm30/filter/nlm30-to-23-ref-list.xsl','string'),(7,'','xslType','2','int'),(12,'','phpVersionMin','5.0.0','string'),(13,'','phpVersionMin','5.0.0','string'),(14,'','phpVersionMin','5.0.0','string'),(15,'','settingsMapping','a:2:{s:6:\"apiKey\";a:2:{i:0;s:11:\"seq1_apiKey\";i:1;s:11:\"seq2_apiKey\";}s:10:\"isOptional\";a:2:{i:0;s:15:\"seq1_isOptional\";i:1;s:15:\"seq2_isOptional\";}}','object'),(16,'','phpVersionMin','5.0.0','string'),(17,'','phpVersionMin','5.0.0','string'),(19,'','citationOutputFilterName','lib.pkp.plugins.citationOutput.apa.filter.Nlm30CitationSchemaApaFilter','string'),(19,'','metadataSchemaName','lib.pkp.plugins.metadata.nlm30.schema.Nlm30CitationSchema','string'),(19,'','ordering','2','int'),(21,'','citationOutputFilterName','lib.pkp.plugins.citationOutput.mla.filter.Nlm30CitationSchemaMlaFilter','string'),(21,'','metadataSchemaName','lib.pkp.plugins.metadata.nlm30.schema.Nlm30CitationSchema','string'),(21,'','ordering','2','int'),(23,'','citationOutputFilterName','lib.pkp.plugins.citationOutput.abnt.filter.Nlm30CitationSchemaAbntFilter','string'),(23,'','metadataSchemaName','lib.pkp.plugins.metadata.nlm30.schema.Nlm30CitationSchema','string'),(23,'','ordering','2','int'),(25,'','citationOutputFilterName','lib.pkp.plugins.citationOutput.vancouver.filter.Nlm30CitationSchemaVancouverFilter','string'),(25,'','metadataSchemaName','lib.pkp.plugins.metadata.nlm30.schema.Nlm30CitationSchema','string'),(25,'','ordering','1','int'),(26,'','phpVersionMin','5.0.0','string'),(27,'','phpVersionMin','5.0.0','string'),(28,'','phpVersionMin','5.0.0','string'),(29,'','phpVersionMin','5.0.0','string'),(30,'','settingsMapping','a:2:{s:6:\"apiKey\";a:2:{i:0;s:11:\"seq1_apiKey\";i:1;s:11:\"seq2_apiKey\";}s:10:\"isOptional\";a:2:{i:0;s:15:\"seq1_isOptional\";i:1;s:15:\"seq2_isOptional\";}}','object'),(31,'','citationOutputFilterName','lib.pkp.plugins.metadata.nlm30.filter.Nlm30CitationSchemaNlm30XmlFilter','string'),(31,'','metadataSchemaName','lib.pkp.plugins.metadata.nlm30.schema.Nlm30CitationSchema','string'),(32,'','xsl','lib/pkp/plugins/metadata/nlm30/filter/nlm30-to-23-ref-list.xsl','string'),(32,'','xslType','2','int'),(33,'','settingsMapping','a:2:{s:6:\"apiKey\";a:2:{i:0;s:11:\"seq1_apiKey\";i:1;s:11:\"seq2_apiKey\";}s:10:\"isOptional\";a:2:{i:0;s:15:\"seq1_isOptional\";i:1;s:15:\"seq2_isOptional\";}}','object'),(34,'','phpVersionMin','5.0.0','string'),(35,'','phpVersionMin','5.0.0','string');

--
-- Table structure for table `filters`
--

CREATE TABLE `filters` (
  `filter_id` bigint(20) NOT NULL AUTO_INCREMENT,
  `filter_group_id` bigint(20) NOT NULL DEFAULT '0',
  `context_id` bigint(20) NOT NULL DEFAULT '0',
  `display_name` varchar(255) DEFAULT NULL,
  `class_name` varchar(255) DEFAULT NULL,
  `is_template` tinyint(4) NOT NULL DEFAULT '0',
  `parent_filter_id` bigint(20) NOT NULL DEFAULT '0',
  `seq` bigint(20) NOT NULL DEFAULT '0',
  PRIMARY KEY (`filter_id`)
) ENGINE=InnoDB AUTO_INCREMENT=66 DEFAULT CHARSET=utf8;

--
-- Dumping data for table `filters`
--

INSERT INTO `filters` VALUES (1,1,0,'Extract metadata from a(n) Citation','lib.pkp.plugins.metadata.nlm30.filter.Nlm30CitationSchemaCitationAdapter',0,0,0),(2,2,0,'Inject metadata into a(n) Citation','lib.pkp.plugins.metadata.nlm30.filter.Nlm30CitationSchemaCitationAdapter',0,0,0),(3,6,0,'NLM 3.0 XML Citation Output','lib.pkp.plugins.metadata.nlm30.filter.Nlm30CitationSchemaNlm30XmlFilter',0,0,0),(4,7,0,'NLM Journal Publishing V3.0 ref-list','lib.pkp.plugins.metadata.nlm30.filter.PKPSubmissionNlm30XmlFilter',0,0,0),(5,8,0,'NLM Journal Publishing V2.3 ref-list','lib.pkp.classes.filter.GenericSequencerFilter',0,0,0),(6,7,0,'NLM 2.3: NLM 3.0','lib.pkp.plugins.metadata.nlm30.filter.PKPSubmissionNlm30XmlFilter',0,5,1),(7,9,0,'NLM 2.3: NLM 3.0 to 2.3','lib.pkp.classes.xslt.XSLTransformationFilter',0,5,2),(8,11,0,'MODS 3.4','lib.pkp.plugins.metadata.mods34.filter.Mods34DescriptionXmlFilter',0,0,0),(9,12,0,'Extract metadata from a(n) Article','plugins.metadata.mods34.filter.Mods34SchemaArticleAdapter',0,0,0),(10,13,0,'Inject metadata into a(n) Article','plugins.metadata.mods34.filter.Mods34SchemaArticleAdapter',0,0,0),(11,14,0,'Extract metadata from a(n) Article','plugins.metadata.dc11.filter.Dc11SchemaArticleAdapter',0,0,0),(12,4,0,'CrossRef','lib.pkp.plugins.citationLookup.crossref.filter.CrossrefNlm30CitationSchemaFilter',1,0,0),(13,4,0,'PubMed','lib.pkp.plugins.citationLookup.pubmed.filter.PubmedNlm30CitationSchemaFilter',1,0,0),(14,4,0,'WorldCat','lib.pkp.plugins.citationLookup.worldcat.filter.WorldcatNlm30CitationSchemaFilter',1,0,0),(15,4,0,'ISBNdb','lib.pkp.classes.filter.GenericSequencerFilter',1,0,0),(16,15,0,'ISBNdb (from NLM)','lib.pkp.plugins.citationLookup.isbndb.filter.IsbndbNlm30CitationSchemaIsbnFilter',0,15,1),(17,16,0,'ISBNdb','lib.pkp.plugins.citationLookup.isbndb.filter.IsbndbIsbnNlm30CitationSchemaFilter',0,15,2),(18,5,0,'APA Citation Output','lib.pkp.plugins.citationOutput.apa.filter.Nlm30CitationSchemaApaFilter',0,0,0),(19,10,0,'APA Reference List','lib.pkp.classes.citation.PlainTextReferencesListFilter',0,0,0),(20,5,0,'MLA Citation Output','lib.pkp.plugins.citationOutput.mla.filter.Nlm30CitationSchemaMlaFilter',0,0,0),(21,10,0,'MLA Reference List','lib.pkp.classes.citation.PlainTextReferencesListFilter',0,0,0),(22,5,0,'ABNT Citation Output','lib.pkp.plugins.citationOutput.abnt.filter.Nlm30CitationSchemaAbntFilter',0,0,0),(23,10,0,'ABNT Reference List','lib.pkp.classes.citation.PlainTextReferencesListFilter',0,0,0),(24,5,0,'Vancouver Citation Output','lib.pkp.plugins.citationOutput.vancouver.filter.Nlm30CitationSchemaVancouverFilter',0,0,0),(25,10,0,'Vancouver Reference List','lib.pkp.classes.citation.PlainTextReferencesListFilter',0,0,0),(26,3,0,'RegEx','lib.pkp.plugins.citationParser.regex.filter.RegexRawCitationNlm30CitationSchemaFilter',1,0,0),(27,3,0,'ParaCite','lib.pkp.plugins.citationParser.paracite.filter.ParaciteRawCitationNlm30CitationSchemaFilter',1,0,0),(28,3,0,'ParsCit','lib.pkp.plugins.citationParser.parscit.filter.ParscitRawCitationNlm30CitationSchemaFilter',1,0,0),(29,3,0,'FreeCite','lib.pkp.plugins.citationParser.freecite.filter.FreeciteRawCitationNlm30CitationSchemaFilter',1,0,0),(30,8,0,'NLM Journal Publishing V2.3 ref-list','lib.pkp.classes.filter.GenericSequencerFilter',0,0,0),(31,7,0,'NLM 2.3: NLM 3.0','lib.pkp.plugins.metadata.nlm30.filter.PKPSubmissionNlm30XmlFilter',0,30,1),(32,9,0,'NLM 2.3: NLM 3.0 to 2.3','lib.pkp.classes.xslt.XSLTransformationFilter',0,30,2),(33,4,0,'ISBNdb','lib.pkp.classes.filter.GenericSequencerFilter',1,0,0),(34,15,0,'ISBNdb (from NLM)','lib.pkp.plugins.citationLookup.isbndb.filter.IsbndbNlm30CitationSchemaIsbnFilter',0,33,1),(35,16,0,'ISBNdb','lib.pkp.plugins.citationLookup.isbndb.filter.IsbndbIsbnNlm30CitationSchemaFilter',0,33,2),(36,17,0,'User XML user export','lib.pkp.plugins.importexport.users.filter.PKPUserUserXmlFilter',0,0,0),(37,18,0,'User XML user import','lib.pkp.plugins.importexport.users.filter.UserXmlPKPUserFilter',0,0,0),(38,19,0,'Native XML user group export','lib.pkp.plugins.importexport.users.filter.UserGroupNativeXmlFilter',0,0,0),(39,20,0,'Native XML user group import','lib.pkp.plugins.importexport.users.filter.NativeXmlUserGroupFilter',0,0,0),(40,21,0,'Crossref XML issue export','plugins.importexport.crossref.filter.IssueCrossrefXmlFilter',0,0,0),(41,22,0,'Crossref XML issue export','plugins.importexport.crossref.filter.ArticleCrossrefXmlFilter',0,0,0),(42,23,0,'DOAJ XML export','plugins.importexport.doaj.filter.DOAJXmlFilter',0,0,0),(43,24,0,'DOAJ JSON export','plugins.importexport.doaj.filter.DOAJJsonFilter',0,0,0),(44,25,0,'mEDRA XML issue export','plugins.importexport.medra.filter.IssueMedraXmlFilter',0,0,0),(45,26,0,'mEDRA XML article export','plugins.importexport.medra.filter.ArticleMedraXmlFilter',0,0,0),(46,27,0,'mEDRA XML article export','plugins.importexport.medra.filter.GalleyMedraXmlFilter',0,0,0),(47,28,0,'DataCite XML export','plugins.importexport.datacite.filter.DataciteXmlFilter',0,0,0),(48,29,0,'DataCite XML export','plugins.importexport.datacite.filter.DataciteXmlFilter',0,0,0),(49,30,0,'DataCite XML export','plugins.importexport.datacite.filter.DataciteXmlFilter',0,0,0),(50,31,0,'Native XML submission export','plugins.importexport.native.filter.ArticleNativeXmlFilter',0,0,0),(51,32,0,'Native XML submission import','plugins.importexport.native.filter.NativeXmlArticleFilter',0,0,0),(52,33,0,'Native XML issue export','plugins.importexport.native.filter.IssueNativeXmlFilter',0,0,0),(53,34,0,'Native XML issue import','plugins.importexport.native.filter.NativeXmlIssueFilter',0,0,0),(54,35,0,'Native XML issue galley export','plugins.importexport.native.filter.IssueGalleyNativeXmlFilter',0,0,0),(55,36,0,'Native XML issue galley import','plugins.importexport.native.filter.NativeXmlIssueGalleyFilter',0,0,0),(56,37,0,'Native XML author export','plugins.importexport.native.filter.AuthorNativeXmlFilter',0,0,0),(57,38,0,'Native XML author import','plugins.importexport.native.filter.NativeXmlAuthorFilter',0,0,0),(58,42,0,'Native XML submission file import','plugins.importexport.native.filter.NativeXmlArticleFileFilter',0,0,0),(59,43,0,'Native XML submission file import','plugins.importexport.native.filter.NativeXmlArtworkFileFilter',0,0,0),(60,44,0,'Native XML submission file import','plugins.importexport.native.filter.NativeXmlSupplementaryFileFilter',0,0,0),(61,39,0,'Native XML submission file export','lib.pkp.plugins.importexport.native.filter.SubmissionFileNativeXmlFilter',0,0,0),(62,40,0,'Native XML submission file export','plugins.importexport.native.filter.ArtworkFileNativeXmlFilter',0,0,0),(63,41,0,'Native XML submission file export','plugins.importexport.native.filter.SupplementaryFileNativeXmlFilter',0,0,0),(64,45,0,'Native XML representation export','plugins.importexport.native.filter.ArticleGalleyNativeXmlFilter',0,0,0),(65,46,0,'Native XML representation import','plugins.importexport.native.filter.NativeXmlArticleGalleyFilter',0,0,0);

--
-- Table structure for table `genre_settings`
--

CREATE TABLE `genre_settings` (
  `genre_id` bigint(20) NOT NULL,
  `locale` varchar(5) NOT NULL DEFAULT '',
  `setting_name` varchar(255) NOT NULL,
  `setting_value` text,
  `setting_type` varchar(6) NOT NULL,
  UNIQUE KEY `genre_settings_pkey` (`genre_id`,`locale`,`setting_name`),
  KEY `genre_settings_genre_id` (`genre_id`)
) ENGINE=MyISAM DEFAULT CHARSET=latin1;

--
-- Dumping data for table `genre_settings`
--

INSERT INTO `genre_settings` VALUES (1,'en_US','name','Article Text','string'),(1,'id_ID','name','##default.genres.article##','string'),(1,'','designation','99Z','string'),(2,'en_US','name','Research Instrument','string'),(2,'id_ID','name','##default.genres.researchInstrument##','string'),(2,'','designation','##','string'),(3,'en_US','name','Research Materials','string'),(3,'id_ID','name','##default.genres.researchMaterials##','string'),(3,'','designation','##','string'),(4,'en_US','name','Research Results','string'),(4,'id_ID','name','##default.genres.researchResults##','string'),(4,'','designation','##','string'),(5,'en_US','name','Transcripts','string'),(5,'id_ID','name','##default.genres.transcripts##','string'),(5,'','designation','##','string'),(6,'en_US','name','Data Analysis','string'),(6,'id_ID','name','##default.genres.dataAnalysis##','string'),(6,'','designation','##','string'),(7,'en_US','name','Data Set','string'),(7,'id_ID','name','##default.genres.dataSet##','string'),(7,'','designation','##','string'),(8,'en_US','name','Source Texts','string'),(8,'id_ID','name','##default.genres.sourceTexts##','string'),(8,'','designation','##','string'),(9,'en_US','name','Multimedia','string'),(9,'id_ID','name','##default.genres.multimedia##','string'),(9,'','designation','##','string'),(10,'en_US','name','Image','string'),(10,'id_ID','name','##default.genres.image##','string'),(10,'','designation','##','string'),(11,'en_US','name','HTML Stylesheet','string'),(11,'id_ID','name','##default.genres.styleSheet##','string'),(11,'','designation','##','string'),(12,'en_US','name','Other','string'),(12,'id_ID','name','##default.genres.other##','string'),(12,'','designation','##','string');

--
-- Table structure for table `genres`
--

CREATE TABLE `genres` (
  `genre_id` bigint(20) NOT NULL AUTO_INCREMENT,
  `context_id` bigint(20) NOT NULL,
  `seq` bigint(20) DEFAULT NULL,
  `sortable` tinyint(4) NOT NULL DEFAULT '1',
  `enabled` tinyint(4) NOT NULL DEFAULT '1',
  `category` bigint(20) NOT NULL DEFAULT '1',
  `dependent` tinyint(4) NOT NULL DEFAULT '0',
  `supplementary` tinyint(4) DEFAULT '0',
  `entry_key` varchar(30) DEFAULT NULL,
  PRIMARY KEY (`genre_id`)
) ENGINE=MyISAM AUTO_INCREMENT=13 DEFAULT CHARSET=latin1;

--
-- Dumping data for table `genres`
--

INSERT INTO `genres` VALUES (1,2,0,0,1,1,0,0,'SUBMISSION'),(2,2,1,0,1,3,0,1,'RESEARCHINSTRUMENT'),(3,2,2,0,1,3,0,1,'RESEARCHMATERIALS'),(4,2,3,0,1,3,0,1,'RESEARCHRESULTS'),(5,2,4,0,1,3,0,1,'TRANSCRIPTS'),(6,2,5,0,1,3,0,1,'DATAANALYSIS'),(7,2,6,0,1,3,0,1,'DATASET'),(8,2,7,0,1,3,0,1,'SOURCETEXTS'),(9,2,8,0,1,1,1,1,'MULTIMEDIA'),(10,2,9,0,1,2,1,0,'IMAGE'),(11,2,10,0,1,1,1,0,'STYLE'),(12,2,11,1,1,3,0,1,'OTHER');

--
-- Table structure for table `gifts`
--

CREATE TABLE `gifts` (
  `gift_id` bigint(20) NOT NULL AUTO_INCREMENT,
  `assoc_type` smallint(6) NOT NULL,
  `assoc_id` bigint(20) NOT NULL,
  `status` tinyint(4) NOT NULL,
  `gift_type` smallint(6) NOT NULL,
  `gift_assoc_id` bigint(20) NOT NULL,
  `buyer_first_name` varchar(40) NOT NULL,
  `buyer_middle_name` varchar(40) DEFAULT NULL,
  `buyer_last_name` varchar(90) NOT NULL,
  `buyer_email` varchar(90) NOT NULL,
  `buyer_user_id` bigint(20) DEFAULT NULL,
  `recipient_first_name` varchar(40) NOT NULL,
  `recipient_middle_name` varchar(40) DEFAULT NULL,
  `recipient_last_name` varchar(90) NOT NULL,
  `recipient_email` varchar(90) NOT NULL,
  `recipient_user_id` bigint(20) DEFAULT NULL,
  `date_redeemed` datetime DEFAULT NULL,
  `locale` varchar(5) NOT NULL DEFAULT '',
  `gift_note_title` varchar(90) DEFAULT NULL,
  `gift_note` text,
  `notes` text,
  PRIMARY KEY (`gift_id`),
  KEY `gifts_assoc` (`assoc_type`,`assoc_id`)
) ENGINE=InnoDB DEFAULT CHARSET=utf8;

--
-- Dumping data for table `gifts`
--


--
-- Table structure for table `group_memberships`
--

CREATE TABLE `group_memberships` (
  `user_id` bigint(20) NOT NULL,
  `group_id` bigint(20) NOT NULL,
  `about_displayed` tinyint(4) NOT NULL DEFAULT '1',
  `seq` double NOT NULL DEFAULT '0',
  UNIQUE KEY `group_memberships_pkey` (`user_id`,`group_id`)
) ENGINE=InnoDB DEFAULT CHARSET=utf8;

--
-- Dumping data for table `group_memberships`
--

INSERT INTO `group_memberships` VALUES (40,1,1,0),(52,1,1,0);

--
-- Table structure for table `group_settings`
--

CREATE TABLE `group_settings` (
  `group_id` bigint(20) NOT NULL,
  `locale` varchar(5) NOT NULL DEFAULT '',
  `setting_name` varchar(255) NOT NULL,
  `setting_value` text,
  `setting_type` varchar(6) NOT NULL,
  UNIQUE KEY `group_settings_pkey` (`group_id`,`locale`,`setting_name`),
  KEY `group_settings_group_id` (`group_id`)
) ENGINE=InnoDB DEFAULT CHARSET=utf8;

--
-- Dumping data for table `group_settings`
--

INSERT INTO `group_settings` VALUES (1,'en_US','title','Editor','string');

--
-- Table structure for table `groups`
--

CREATE TABLE `groups` (
  `group_id` bigint(20) NOT NULL AUTO_INCREMENT,
  `assoc_type` smallint(6) DEFAULT NULL,
  `publish_email` smallint(6) DEFAULT NULL,
  `assoc_id` bigint(20) DEFAULT NULL,
  `context` bigint(20) DEFAULT NULL,
  `about_displayed` tinyint(4) NOT NULL DEFAULT '0',
  `seq` double NOT NULL DEFAULT '0',
  PRIMARY KEY (`group_id`),
  KEY `groups_assoc` (`assoc_type`,`assoc_id`)
) ENGINE=InnoDB AUTO_INCREMENT=2 DEFAULT CHARSET=utf8;

--
-- Dumping data for table `groups`
--

INSERT INTO `groups` VALUES (1,256,1,2,2,1,1);

--
-- Table structure for table `institutional_subscription_ip`
--

CREATE TABLE `institutional_subscription_ip` (
  `institutional_subscription_ip_id` bigint(20) NOT NULL AUTO_INCREMENT,
  `subscription_id` bigint(20) NOT NULL,
  `ip_string` varchar(40) NOT NULL,
  `ip_start` bigint(20) NOT NULL,
  `ip_end` bigint(20) DEFAULT NULL,
  PRIMARY KEY (`institutional_subscription_ip_id`),
  KEY `institutional_subscription_ip_subscription_id` (`subscription_id`),
  KEY `institutional_subscription_ip_start` (`ip_start`),
  KEY `institutional_subscription_ip_end` (`ip_end`)
) ENGINE=InnoDB DEFAULT CHARSET=utf8;

--
-- Dumping data for table `institutional_subscription_ip`
--


--
-- Table structure for table `institutional_subscriptions`
--

CREATE TABLE `institutional_subscriptions` (
  `institutional_subscription_id` bigint(20) NOT NULL AUTO_INCREMENT,
  `subscription_id` bigint(20) NOT NULL,
  `institution_name` varchar(255) NOT NULL,
  `mailing_address` varchar(255) DEFAULT NULL,
  `domain` varchar(255) DEFAULT NULL,
  PRIMARY KEY (`institutional_subscription_id`),
  KEY `institutional_subscriptions_subscription_id` (`subscription_id`),
  KEY `institutional_subscriptions_domain` (`domain`)
) ENGINE=InnoDB DEFAULT CHARSET=utf8;

--
-- Dumping data for table `institutional_subscriptions`
--


--
-- Table structure for table `issue_files`
--

CREATE TABLE `issue_files` (
  `file_id` bigint(20) NOT NULL AUTO_INCREMENT,
  `issue_id` bigint(20) NOT NULL,
  `file_name` varchar(90) NOT NULL,
  `file_type` varchar(255) NOT NULL,
  `file_size` bigint(20) NOT NULL,
  `content_type` bigint(20) NOT NULL,
  `original_file_name` varchar(127) DEFAULT NULL,
  `date_uploaded` datetime NOT NULL,
  `date_modified` datetime NOT NULL,
  PRIMARY KEY (`file_id`),
  KEY `issue_files_issue_id` (`issue_id`)
) ENGINE=InnoDB DEFAULT CHARSET=utf8;

--
-- Dumping data for table `issue_files`
--


--
-- Table structure for table `issue_galley_settings`
--

CREATE TABLE `issue_galley_settings` (
  `galley_id` bigint(20) NOT NULL,
  `locale` varchar(5) NOT NULL DEFAULT '',
  `setting_name` varchar(255) NOT NULL,
  `setting_value` text,
  `setting_type` varchar(6) NOT NULL,
  UNIQUE KEY `issue_galley_settings_pkey` (`galley_id`,`locale`,`setting_name`),
  KEY `issue_galley_settings_galley_id` (`galley_id`)
) ENGINE=InnoDB DEFAULT CHARSET=utf8;

--
-- Dumping data for table `issue_galley_settings`
--


--
-- Table structure for table `issue_galleys`
--

CREATE TABLE `issue_galleys` (
  `galley_id` bigint(20) NOT NULL AUTO_INCREMENT,
  `locale` varchar(5) DEFAULT NULL,
  `issue_id` bigint(20) NOT NULL,
  `file_id` bigint(20) NOT NULL,
  `label` varchar(32) DEFAULT NULL,
  `seq` double NOT NULL DEFAULT '0',
  PRIMARY KEY (`galley_id`),
  KEY `issue_galleys_issue_id` (`issue_id`)
) ENGINE=InnoDB DEFAULT CHARSET=utf8;

--
-- Dumping data for table `issue_galleys`
--


--
-- Table structure for table `issue_settings`
--

CREATE TABLE `issue_settings` (
  `issue_id` bigint(20) NOT NULL,
  `locale` varchar(5) NOT NULL DEFAULT '',
  `setting_name` varchar(255) NOT NULL,
  `setting_value` text,
  `setting_type` varchar(6) NOT NULL,
  UNIQUE KEY `issue_settings_pkey` (`issue_id`,`locale`,`setting_name`),
  KEY `issue_settings_issue_id` (`issue_id`),
  KEY `issue_settings_name_value` (`setting_name`(50),`setting_value`(150))
) ENGINE=InnoDB DEFAULT CHARSET=utf8;

--
-- Dumping data for table `issue_settings`
--

INSERT INTO `issue_settings` VALUES (5,'','pub-id::doi','10.31964/jkb.v1i1','string'),(5,'','pub-id::publisher-id','','string'),(5,'en_US','coverPageDescription','','string'),(5,'en_US','description','','string'),(5,'en_US','hideCoverPageArchives','0','int'),(5,'en_US','hideCoverPageCover','0','int'),(5,'en_US','showCoverPage','0','int'),(5,'en_US','title','Jurnal Kebidanan Bestari','string'),(6,'','pub-id::publisher-id','','string'),(6,'en_US','coverPageDescription','','string'),(6,'en_US','description','','string'),(6,'en_US','hideCoverPageArchives','0','int'),(6,'en_US','hideCoverPageCover','0','int'),(6,'en_US','showCoverPage','0','int'),(6,'en_US','title','JURNAL KEBIDANAN BESTARI','string'),(7,'','pub-id::publisher-id','','string'),(7,'en_US','coverPageDescription','','string'),(7,'en_US','description','','string'),(7,'en_US','hideCoverPageArchives','0','int'),(7,'en_US','hideCoverPageCover','0','int'),(7,'en_US','showCoverPage','0','int'),(7,'en_US','title','coba','string');

--
-- Table structure for table `issues`
--

CREATE TABLE `issues` (
  `issue_id` bigint(20) NOT NULL AUTO_INCREMENT,
  `journal_id` bigint(20) NOT NULL,
  `volume` smallint(6) DEFAULT NULL,
  `number` varchar(10) DEFAULT NULL,
  `year` smallint(6) DEFAULT NULL,
  `published` tinyint(4) NOT NULL DEFAULT '0',
  `current` tinyint(4) NOT NULL DEFAULT '0',
  `date_published` datetime DEFAULT NULL,
  `date_notified` datetime DEFAULT NULL,
  `last_modified` datetime DEFAULT NULL,
  `access_status` tinyint(4) NOT NULL DEFAULT '1',
  `open_access_date` datetime DEFAULT NULL,
  `show_volume` tinyint(4) NOT NULL DEFAULT '0',
  `show_number` tinyint(4) NOT NULL DEFAULT '0',
  `show_year` tinyint(4) NOT NULL DEFAULT '0',
  `show_title` tinyint(4) NOT NULL DEFAULT '0',
  `style_file_name` varchar(90) DEFAULT NULL,
  `original_style_file_name` varchar(255) DEFAULT NULL,
  PRIMARY KEY (`issue_id`),
  KEY `issues_journal_id` (`journal_id`)
) ENGINE=InnoDB AUTO_INCREMENT=8 DEFAULT CHARSET=utf8;

--
-- Dumping data for table `issues`
--

INSERT INTO `issues` VALUES (5,2,1,'1',2017,1,1,'2019-03-26 09:20:19',NULL,'2019-03-26 09:20:19',1,NULL,1,1,1,1,NULL,NULL),(6,2,2,'2',2017,0,0,NULL,NULL,NULL,1,NULL,1,1,1,1,NULL,NULL),(7,2,2,'1',2019,0,0,NULL,NULL,NULL,1,NULL,1,1,1,1,NULL,NULL);

--
-- Table structure for table `item_views`
--

CREATE TABLE `item_views` (
  `assoc_type` bigint(20) NOT NULL,
  `assoc_id` varchar(32) NOT NULL,
  `user_id` bigint(20) DEFAULT NULL,
  `date_last_viewed` datetime DEFAULT NULL,
  UNIQUE KEY `item_views_pkey` (`assoc_type`,`assoc_id`,`user_id`)
) ENGINE=MyISAM DEFAULT CHARSET=latin1;

--
-- Dumping data for table `item_views`
--


--
-- Table structure for table `journal_settings`
--

CREATE TABLE `journal_settings` (
  `journal_id` bigint(20) NOT NULL,
  `locale` varchar(5) NOT NULL DEFAULT '',
  `setting_name` varchar(255) NOT NULL,
  `setting_value` text,
  `setting_type` varchar(6) NOT NULL,
  UNIQUE KEY `journal_settings_pkey` (`journal_id`,`locale`,`setting_name`),
  KEY `journal_settings_journal_id` (`journal_id`)
) ENGINE=InnoDB DEFAULT CHARSET=utf8;

--
-- Dumping data for table `journal_settings`
--

INSERT INTO `journal_settings` VALUES (2,'','allowRegAuthor','1','bool'),(2,'','allowRegReader','1','bool'),(2,'','allowRegReviewer','0','bool'),(2,'','authorSelectsEditor','0','bool'),(2,'','boardEnabled','0','bool'),(2,'','categories','N;','object'),(2,'','contactEmail','serilaila11@yahoo.co.id','string'),(2,'','contactFax','','string'),(2,'','contactName','Serilaila, M.PH','string'),(2,'','contactPhone','081905347931','string'),(2,'','contributors','a:0:{}','object'),(2,'','copyrightHolderType','journal','string'),(2,'','copyrightNoticeAgree','1','bool'),(2,'','copyrightYearBasis','','string'),(2,'','copySubmissionAckAddress','ejurnalbidbestari.poltekkesbjm@gmail.com','string'),(2,'','copySubmissionAckPrimaryContact','0','bool'),(2,'','copySubmissionAckSpecified','1','bool'),(2,'','disableUserReg','0','bool'),(2,'','displayCurrentIssue','1','bool'),(2,'','emailFooter','The following message is being delivered on behalf of Jurnal Kebidanan Bestari.\r\n________________________________________________________________________','string'),(2,'','emailHeader','The following message is being delivered on behalf of Jurnal Kebidanan Bestari.\r\n________________________________________________________________________','string'),(2,'','emailSignature','The following message is being delivered on behalf of Jurnal Kebidanan Bestari.\r\n________________________________________________________________________','string'),(2,'','enableAnnouncements','1','bool'),(2,'','enableAnnouncementsHomepage','1','bool'),(2,'','enableLockss','0','bool'),(2,'','envelopeSender','','string'),(2,'','fastTrackFee','0','int'),(2,'','includeCopyrightStatement','1','bool'),(2,'','includeLicense','0','bool'),(2,'','initialNumber','1','int'),(2,'','initialVolume','1','int'),(2,'','initialYear','2015','int'),(2,'','issuePerVolume','1','int'),(2,'','itemsPerPage','0','int'),(2,'','journalTheme','','string'),(2,'','licenseURL','','string'),(2,'','mailingAddress','Jurusan Kebidanan Poltekkes Kemenkes Banjarmasin Jl. Mistar Cokrokusumo No. 1A Banjarbaru <iframe style=\"border: 0;\" src=\"https://www.google.com/maps/embed?pb=!1m18!1m12!1m3!1d2561.7262932889867!2d114.8455483131375!3d-3.446352997491543!2m3!1f0!2f0!3f0!3m2!1i1024!2i768!4f13.1!3m3!1m2!1s0x2de6811afe289083%3A0x26774315a779d36a!2sPoltekkes+Kemenkes+Banjarmasin!5e1!3m2!1sen!2sid!4v1517535554744\" frameborder=\"0\" width=\"830\" height=\"200\"></iframe>','string'),(2,'','mailSubmissionsToReviewers','0','bool'),(2,'','membershipFee','0','int'),(2,'','metaCitationOutputFilterId','18','int'),(2,'','metaCitations','1','bool'),(2,'','metaCoverage','0','bool'),(2,'','metaDiscipline','0','bool'),(2,'','metaSubject','1','bool'),(2,'','metaSubjectClass','0','bool'),(2,'','metaType','0','bool'),(2,'','notifyAllAuthorsOnDecision','0','bool'),(2,'','numAnnouncementsHomepage','3','int'),(2,'','numDaysBeforeInviteReminder','0','int'),(2,'','numDaysBeforeSubmitReminder','0','int'),(2,'','numPageLinks','0','int'),(2,'','numWeeksPerReview','2','int'),(2,'','onlineIssn','2656-2251','string'),(2,'','printIssn','','string'),(2,'','provideRefLinkInstructions','0','bool'),(2,'','publicationFee','0','int'),(2,'','publicationFormatNumber','1','bool'),(2,'','publicationFormatTitle','1','bool'),(2,'','publicationFormatVolume','1','bool'),(2,'','publicationFormatYear','1','bool'),(2,'','publisherInstitution','Poltekkes Kemenkes Banjarmasin','string'),(2,'','publisherUrl','poltekkes-banjarmasin.ac.id','string'),(2,'','publishingMode','0','int'),(2,'','purchaseArticleFee','0','int'),(2,'','rateReviewerOnQuality','0','bool'),(2,'','remindForInvite','0','bool'),(2,'','remindForSubmit','0','bool'),(2,'','requireAuthorCompetingInterests','0','bool'),(2,'','requireReviewerCompetingInterests','0','bool'),(2,'','restrictArticleAccess','0','bool'),(2,'','restrictReviewerFileAccess','1','bool'),(2,'','restrictSiteAccess','0','bool'),(2,'','reviewerAccessKeysEnabled','0','bool'),(2,'','reviewerDatabaseLinks','a:1:{i:0;a:2:{s:5:\"title\";s:24:\"Jurnal Kebidanan Bestari\";s:3:\"url\";s:44:\"http://ejurnalbidanbestari-poltekkesbjm.com/\";}}','object'),(2,'','rtAbstract','1','bool'),(2,'','rtAddComment','1','bool'),(2,'','rtCaptureCite','1','bool'),(2,'','rtDefineTerms','1','bool'),(2,'','rtEmailAuthor','1','bool'),(2,'','rtEmailOthers','1','bool'),(2,'','rtPrinterFriendly','1','bool'),(2,'','rtSupplementaryFiles','1','bool'),(2,'','rtViewMetadata','1','bool'),(2,'','showEnsuringLink','0','bool'),(2,'','showGalleyLinks','0','bool'),(2,'','sponsors','a:1:{i:0;a:2:{s:11:\"institution\";s:30:\"poltekkes kemenkes banjarmasin\";s:3:\"url\";s:27:\"poltekkes-banjarmasin.ac.id\";}}','object'),(2,'','submissionFee','0','int'),(2,'','supportedFormLocales','a:2:{i:0;s:5:\"id_ID\";i:1;s:5:\"en_US\";}','object'),(2,'','supportedLocales','a:2:{i:0;s:5:\"id_ID\";i:1;s:5:\"en_US\";}','object'),(2,'','supportedSubmissionLocales','a:2:{i:0;s:5:\"id_ID\";i:1;s:5:\"en_US\";}','object'),(2,'','supportEmail','fitria.jlaili@gmail.com','string'),(2,'','supportName','Fitria Jannatul Laili, S.Keb., Bd., M.Keb','string'),(2,'','supportPhone','082225272888','string'),(2,'','themePluginPath','default','string'),(2,'','useCopyeditors','0','bool'),(2,'','useEditorialBoard','0','bool'),(2,'','useLayoutEditors','0','bool'),(2,'','useProofreaders','0','bool'),(2,'','volumePerYear','2','int'),(2,'en_US','acronym','JKB','string'),(2,'en_US','authorGuidelines','a.	Jurnal hanya menerima artikel yang belum pernah dipublikasikan pada media lain. Artikel dapat berupa hasil penelitian, artikel ilmiah konsep, orbituari, resensi buku. \r\nb.	Artikel dapat ditulis dalam bahasa Indonesia atau bahasa Inggris. Redaksi berhak memperbaiki susunan bahasa tanpa mengubah isinya. \r\nc.	Artikel diketik rapi dengan menggunakan perangkat lunak MS Word (.doc), menggunakan ukuran kertas A4, huruf Times New Roman ukuran 12 pts dengan spasi tunggal (1 spasi), gunakan Justify (rata kanan-kiri)\r\nd.	Sistematika penulisan adalah judul, nama penulis, abstrak disertai kata kunci, pendahuluan (meliputi latar belakang masalah, rumusan masalah, tujuan penelitian, manfaat), bahan dan metode, hasil, pembahasan, kesimpulan dan saran serta daftar pustaka.\r\ne.	Judul, harus singkat, jelas dan informatif, serta menggunakan huruf besar (Caps Lock) dan tebal (Bold) dengan ukuran huruf 14 pts dan rata tengah. \r\nf.	Abstrak, dibuat satu paragraf, memuat unsur latar belakang, tujuan, metode penelitian, hasil penelitian, dan kesimpulan. Kata kunci terdiri dari 3-10 kata, dipisahkan dengan tanda (;).\r\ng.	Nama penulis, ditempatkan di bawah judul artikel tanpa mencantumkan gelar, diberi nomor yang dituliskan sebagai  superscript untuk nama instansi, alamat instansi dan email. Nama instansi, alamat instansi dan email dituliskan sesuai dengan nomor urutan penulisan nama pengarang.\r\nh.	Peringkat bagian dinyatakan dengan jenis huruf yang berbeda.','string'),(2,'en_US','authorSelfArchivePolicy','This journal permits and encourages authors to post items submitted to the journal on personal websites or institutional repositories both prior to and after publication, while providing bibliographic details that credit, if applicable, its publication in this journal.','string'),(2,'en_US','contactAffiliation','Jurusan Kebidanan Poltekkes Kemenkes Banjarmasin','string'),(2,'en_US','contactMailingAddress','Jl. H. Mistar Cokrokusumo No. 1A Banjarbaru, Kalimantan Selatan','string'),(2,'en_US','copyeditInstructions','The copyediting stage is intended to improve the flow, clarity, grammar, wording, and formatting of the article. It represents the last chance for the author to make any substantial changes to the text because the next stage is restricted to typos and formatting corrections. The file to be copyedited is in Word or .rtf format and therefore can easily be edited as a word processing document. The set of instructions displayed here proposes two approaches to copyediting. One is based on Microsoft Word\'s Track Changes feature and requires that the copy editor, editor, and author have access to this program. A second system, which is software independent, has been borrowed, with permission, from the Harvard Educational Review. The journal editor is in a position to modify these instructions, so suggestions can be made to improve the process for this journal.<h4>Copyediting Systems</h4><strong>1. Microsoft Word\'s Track Changes</strong> Under Tools in the menu bar, the feature Track Changes enables the copy editor to make insertions (text appears in color) and deletions (text appears crossed out in color or in the margins as deleted). The copy editor can posit queries to both the author (Author Queries) and to the editor (Editor Queries) by inserting these queries in square brackets. The copyedited version is then uploaded, and the editor is notified. The editor then reviews the text and notifies the author. The editor and author should leave those changes with which they are satisfied. If further changes are necessary, the editor and author can make changes to the initial insertions or deletions, as well as make new insertions or deletions elsewhere in the text. Authors and editors should respond to each of the queries addressed to them, with responses placed inside the square brackets. After the text has been reviewed by editor and author, the copy editor will make a final pass over the text accepting the changes in preparation for the layout and galley stage. <strong>2. Harvard Educational Review </strong> <strong>Instructions for Making Electronic Revisions to the Manuscript</strong> Please follow the following protocol for making electronic revisions to your manuscript: <strong>Responding to suggested changes.</strong>   For each of the suggested changes that you accept, unbold the text.   For each of the suggested changes that you do not accept, re-enter the original text and <strong>bold</strong> it. <strong>Making additions and deletions.</strong>   Indicate additions by <strong>bolding</strong> the new text.   Replace deleted sections with: <strong>[deleted text]</strong>.   If you delete one or more sentence, please indicate with a note, e.g., <strong>[deleted 2 sentences]</strong>. <strong>Responding to Queries to the Author (QAs).</strong>   Keep all QAs intact and bolded within the text. Do not delete them.   To reply to a QA, add a comment after it. Comments should be delimited using: <strong>[Comment:]</strong>   e.g., <strong>[Comment: Expanded discussion of methodology as you suggested]</strong>. <strong>Making comments.</strong>   Use comments to explain organizational changes or major revisions   e.g., <strong>[Comment: Moved the above paragraph from p. 5 to p. 7].</strong>  Note: When referring to page numbers, please use the page numbers from the printed copy of the manuscript that was sent to you. This is important since page numbers may change as a document is revised electronically.<h4>An Illustration of an Electronic Revision</h4><ol><li><strong>Initial copyedit.</strong> The journal copy editor will edit the text to improve flow, clarity, grammar, wording, and formatting, as well as including author queries as necessary. Once the initial edit is complete, the copy editor will upload the revised document through the journal Web site and notify the author that the edited manuscript is available for review.</li><li><strong>Author copyedit.</strong> Before making dramatic departures from the structure and organization of the edited manuscript, authors must check in with the editors who are co-chairing the piece. Authors should accept/reject any changes made during the initial copyediting, as appropriate, and respond to all author queries. When finished with the revisions, authors should rename the file from AuthorNameQA.doc to AuthorNameQAR.doc (e.g., from LeeQA.doc to LeeQAR.doc) and upload the revised document through the journal Web site as directed.</li><li><strong>Final copyedit.</strong> The journal copy editor will verify changes made by the author and incorporate the responses to the author queries to create a final manuscript. When finished, the copy editor will upload the final document through the journal Web site and alert the layout editor to complete formatting.</li></ol>','string'),(2,'en_US','copyrightNotice','Hak Cipta artikel dimiliki oleh Jurnal Kebidanan Bestari','string'),(2,'en_US','customAboutItems','a:1:{i:0;a:2:{s:5:\"title\";s:22:\"Kebijakan Plagiatrisme\";s:7:\"content\";s:61:\"Setiap manuscript akan dikroscek dengan software plagiatrisme\";}}','object'),(2,'en_US','donationFeeDescription','Donations of any amount to this journal are gratefully received and provide a means for the editors to continue to provide a journal of the highest quality to its readers.','string'),(2,'en_US','donationFeeName','Donations to journal','string'),(2,'en_US','fastTrackFeeDescription','With the payment of this fee, the review, editorial decision, and author notification on this manuscript is guaranteed to take place within 4 weeks.','string'),(2,'en_US','fastTrackFeeName','Fast-Track Review','string'),(2,'en_US','focusScopeDesc','a.	Fokus\r\nFokus materi jurnal adalah Kebidanan\r\nb.	Ruang Lingkup Jurnal \r\nRuang lingkup materi adalah Kesehatan Ibu dan Anak, Pelayanan Kebidanan Komunitas, Kesehatan Reproduksi, Pelayanan Keluarga Berencana, Promosi Kesehatan, dan Epidemiologi','string'),(2,'en_US','homeHeaderTitleImage','a:6:{s:4:\"name\";s:10:\"banner.png\";s:10:\"uploadName\";s:30:\"homeHeaderTitleImage_en_US.png\";s:5:\"width\";i:517;s:6:\"height\";i:102;s:8:\"mimeType\";s:9:\"image/png\";s:12:\"dateUploaded\";s:19:\"2019-08-19 11:12:14\";}','object'),(2,'en_US','homeHeaderTitleType','1','string'),(2,'en_US','homepageImage','a:6:{s:4:\"name\";s:5:\"1.png\";s:10:\"uploadName\";s:23:\"homepageImage_en_US.png\";s:5:\"width\";i:602;s:6:\"height\";i:1006;s:8:\"mimeType\";s:9:\"image/png\";s:12:\"dateUploaded\";s:19:\"2019-08-19 11:13:23\";}','object'),(2,'en_US','journalFavicon','a:6:{s:4:\"name\";s:11:\"favicon.ico\";s:10:\"uploadName\";s:24:\"journalFavicon_en_US.ico\";s:5:\"width\";i:32;s:6:\"height\";i:32;s:8:\"mimeType\";s:12:\"image/x-icon\";s:12:\"dateUploaded\";s:19:\"2016-06-14 12:33:01\";}','object'),(2,'en_US','lockssLicense','This journal utilizes the LOCKSS system to create a distributed archiving system among participating libraries and permits those libraries to create permanent archives of the journal for purposes of preservation and restoration. <a href=\"http://www.lockss.org/\">More...</a>','string'),(2,'en_US','membershipFeeDescription','The payment of this fee will enroll you as a member in this association for one year and provide you with free access to this journal.','string'),(2,'en_US','membershipFeeName','Association Membership','string'),(2,'en_US','name','JURNAL KEBIDANAN BESTARI','string'),(2,'en_US','navItems','a:1:{i:0;a:2:{s:4:\"name\";s:0:\"\";s:3:\"url\";s:0:\"\";}}','object'),(2,'en_US','openAccessPolicy','This journal provides immediate open access to its content on the principle that making research freely available to the public supports a greater global exchange of knowledge.','string'),(2,'en_US','pageHeaderTitleImage','a:6:{s:4:\"name\";s:10:\"banner.png\";s:10:\"uploadName\";s:30:\"pageHeaderTitleImage_en_US.png\";s:5:\"width\";i:517;s:6:\"height\";i:102;s:8:\"mimeType\";s:9:\"image/png\";s:12:\"dateUploaded\";s:19:\"2019-08-19 11:12:43\";}','object'),(2,'en_US','privacyStatement','Nama dan alamat Email yang digunakan dalam jurnal ini hanya untuk kepentingan jurnal ini dan tidak boleh dipergunakan untuk tujuan lain atau oleh orang lain.','string'),(2,'en_US','proofInstructions','The proofreading stage is intended to catch any errors in the galley\'s spelling, grammar, and formatting. More substantial changes cannot be made at this stage, unless discussed with the Section Editor. In Layout, click on VIEW PROOF to see the HTML, PDF, and other available file formats used in publishing this item. For Spelling and Grammar Errors Copy the problem word or groups of words and paste them into the Proofreading Corrections box with \"CHANGE-TO\" instructions to the editor as follows: 1. CHANGE... then the others TO... than the others 2. CHANGE... Malinowsky TO... Malinowski For Formatting Errors Describe the location and nature of the problem in the Proofreading Corrections box after typing in the title \"FORMATTING\" as follows: 3. FORMATTING The numbers in Table 3 are not aligned in the third column. 4. FORMATTING The paragraph that begins \"This last topic...\" is not indented.','string'),(2,'en_US','pubFreqPolicy','Terbid 2 kali setahun yaitu pada bulan Maret dan September','string'),(2,'en_US','publicationFeeDescription','If this paper is accepted for publication, you will be asked to pay an Article Publication Fee to cover publications costs.','string'),(2,'en_US','publicationFeeName','Article Publication','string'),(2,'en_US','publisherNote','Jurusan Kebidanan Poltekkes Kemenkes Banjarmasin','string'),(2,'en_US','purchaseArticleFeeDescription','The payment of this fee will enable you to view, download, and print this article.','string'),(2,'en_US','purchaseArticleFeeName','Purchase Article','string'),(2,'en_US','refLinkInstructions','To Add Reference Linking to the Layout Process When turning a submission into HTML or PDF, make sure that all hyperlinks in the submission are active. A. When the Author Provides a Link with the Reference While the submission is still in its word processing format (e.g., Word), add the phrase VIEW ITEM to the end of the reference that has a URL. Turn that phrase into a hyperlink by highlighting it and using Word\'s Insert Hyperlink tool and the URL prepared above. B. Enabling Readers to Search Google Scholar For References While the submission is still in its word processing format (e.g., Word), copy the title of the work referenced in the References list (if it appears to be too common a title—e.g., \"Peace\"—then copy author and title). Paste the reference\'s title between the %22\'s, placing a + between each word: http://scholar.google.com/scholar?q=%22PASTE+TITLE+HERE%22 Add the phrase GS SEARCH to the end of each citation in the submission\'s References list. Turn that phrase into a hyperlink by highlighting it and using Word\'s Insert Hyperlink tool and the URL prepared in #2. C. Enabling Readers to Search for References with a DOI While the submission is still in Word, copy a batch of references into CrossRef Text Query http://www.crossref.org/freeTextQuery/. Paste each DOI that the Query provides in the following URL (between = and &amp;): http://www.cmaj.ca/cgi/external_ref?access_num=PASTE DOI#HERE&amp;link_type=DOI. Add the phrase CrossRef to the end of each citation in the submission\'s References list. Turn that phrase into a hyperlink by highlighting the phrase and using Word\'s Insert Hyperlink tool and the appropriate URL prepared in #2.','string'),(2,'en_US','reviewPolicy','Setiap artikel akan direview minimal 2 (dua) orang peer reviwer; pengelola jurnal menjamin bahwa setiap proses review penulis tidak mengetahui siapa reviwernya. waktu yang diperlukan untuk review adalah 2 (dua) minggu setelah artikel diterima reviewer','string'),(2,'en_US','searchDescription','kebidanan bestari;antenatal;kelahiran;persalinan','string'),(2,'en_US','searchKeywords','kebidanan;kebidanan bestari;bestari;poltekkes;poltekkes banjarmasin;kehamilan;antenatal;persalinan;menyusui;nifas;kesehatan;kb;kespro;reproduksi;bayi baru lahir;bbl;tumbuh kembang anak','string'),(2,'en_US','sponsorNote','Poltekkes Kemenkes Banjarmasin','string'),(2,'en_US','submissionChecklist','a:4:{i:0;a:2:{s:5:\"order\";s:1:\"1\";s:7:\"content\";s:114:\"yang berkaitan dengan rumpun ilmu keperawatan. dan pembaca yang belum pernah dipublikasikan pada media cetak lain.\";}i:1;a:2:{s:5:\"order\";s:1:\"2\";s:7:\"content\";s:256:\"Naskah diketik pada kertas A4 dengan margin : atas 4cm, kiri 4cm, kanan 3cm, dan bawah 3 cm. dengan Fonts Times new roman uk.12 pts dengan spasi 1,5. dan panjang naskah maksimal 10 hlm A4 dengan format two collums dengan width : 6.5 cm dan spacing:0.99 cm.\";}i:2;a:2:{s:5:\"order\";s:1:\"3\";s:7:\"content\";s:346:\"Judul Artikel bahasa indonesia tidak boleh lebih dari 14 Kata, sedangkan judul dalam bahasa inggris tidak boleh lebih dari 12 kata. Abstrak dan kata kunci ditulis dalam bahasa Indonesia dan Inggris. Panjang masing-masing abstrak 75-100 Kata, sedangkan jumlah kata kunci 3-5 kata. abstrak minimal berisi judul, tujuan, metode dan hasil penelitian.\";}i:3;a:2:{s:5:\"order\";s:1:\"4\";s:7:\"content\";s:62:\"Dalam proses review penulis tidak mengetahui siapa reviewernya\";}}','object'),(2,'en_US','submissionFeeDescription','Authors are required to pay an Article Submission Fee as part of the submission process to contribute to review costs.','string'),(2,'en_US','submissionFeeName','Article Submission','string'),(2,'en_US','waiverPolicy','If you do not have funds to pay such fees, you will have an opportunity to waive each fee. We do not want fees to prevent the publication of worthy work.','string');

--
-- Table structure for table `journals`
--

CREATE TABLE `journals` (
  `journal_id` bigint(20) NOT NULL AUTO_INCREMENT,
  `path` varchar(32) NOT NULL,
  `seq` double NOT NULL DEFAULT '0',
  `primary_locale` varchar(5) NOT NULL,
  `enabled` tinyint(4) NOT NULL DEFAULT '1',
  PRIMARY KEY (`journal_id`),
  UNIQUE KEY `journals_path` (`path`)
) ENGINE=InnoDB AUTO_INCREMENT=3 DEFAULT CHARSET=utf8;

--
-- Dumping data for table `journals`
--

INSERT INTO `journals` VALUES (2,'JKB',2,'en_US',1);

--
-- Table structure for table `library_file_settings`
--

CREATE TABLE `library_file_settings` (
  `file_id` bigint(20) NOT NULL,
  `locale` varchar(5) NOT NULL DEFAULT '',
  `setting_name` varchar(255) NOT NULL,
  `setting_value` text,
  `setting_type` varchar(6) NOT NULL,
  UNIQUE KEY `library_file_settings_pkey` (`file_id`,`locale`,`setting_name`),
  KEY `library_file_settings_id` (`file_id`)
) ENGINE=MyISAM DEFAULT CHARSET=latin1;

--
-- Dumping data for table `library_file_settings`
--


--
-- Table structure for table `library_files`
--

CREATE TABLE `library_files` (
  `file_id` bigint(20) NOT NULL AUTO_INCREMENT,
  `context_id` bigint(20) NOT NULL,
  `file_name` varchar(255) NOT NULL,
  `original_file_name` varchar(255) NOT NULL,
  `file_type` varchar(255) NOT NULL,
  `file_size` bigint(20) NOT NULL,
  `type` tinyint(4) NOT NULL,
  `date_uploaded` datetime NOT NULL,
  `date_modified` datetime NOT NULL,
  `submission_id` bigint(20) NOT NULL,
  PRIMARY KEY (`file_id`),
  KEY `library_files_submission_id` (`submission_id`)
) ENGINE=MyISAM DEFAULT CHARSET=latin1;

--
-- Dumping data for table `library_files`
--


--
-- Table structure for table `metadata_description_settings`
--

CREATE TABLE `metadata_description_settings` (
  `metadata_description_id` bigint(20) NOT NULL,
  `locale` varchar(5) NOT NULL DEFAULT '',
  `setting_name` varchar(255) NOT NULL,
  `setting_value` text,
  `setting_type` varchar(6) NOT NULL,
  UNIQUE KEY `metadata_descripton_settings_pkey` (`metadata_description_id`,`locale`,`setting_name`),
  KEY `metadata_description_settings_id` (`metadata_description_id`)
) ENGINE=InnoDB DEFAULT CHARSET=utf8;

--
-- Dumping data for table `metadata_description_settings`
--


--
-- Table structure for table `metadata_descriptions`
--

CREATE TABLE `metadata_descriptions` (
  `metadata_description_id` bigint(20) NOT NULL AUTO_INCREMENT,
  `assoc_type` bigint(20) NOT NULL DEFAULT '0',
  `assoc_id` bigint(20) NOT NULL DEFAULT '0',
  `schema_namespace` varchar(255) NOT NULL,
  `schema_name` varchar(255) NOT NULL,
  `display_name` varchar(255) DEFAULT NULL,
  `seq` bigint(20) NOT NULL DEFAULT '0',
  PRIMARY KEY (`metadata_description_id`),
  KEY `metadata_descriptions_assoc` (`assoc_type`,`assoc_id`)
) ENGINE=InnoDB DEFAULT CHARSET=utf8;

--
-- Dumping data for table `metadata_descriptions`
--


--
-- Table structure for table `metrics`
--

CREATE TABLE `metrics` (
  `load_id` varchar(255) NOT NULL,
  `assoc_type` bigint(20) NOT NULL,
  `context_id` bigint(20) NOT NULL,
  `submission_id` bigint(20) DEFAULT NULL,
  `assoc_id` bigint(20) NOT NULL,
  `day` varchar(8) DEFAULT NULL,
  `month` varchar(6) DEFAULT NULL,
  `file_type` tinyint(4) DEFAULT NULL,
  `country_id` varchar(2) DEFAULT NULL,
  `region` varchar(2) DEFAULT NULL,
  `city` varchar(255) DEFAULT NULL,
  `metric_type` varchar(255) NOT NULL,
  `metric` int(11) NOT NULL,
  `pkp_section_id` bigint(20) DEFAULT NULL,
  `assoc_object_type` bigint(20) DEFAULT NULL,
  `assoc_object_id` bigint(20) DEFAULT NULL,
  `representation_id` bigint(20) DEFAULT NULL,
  KEY `metrics_load_id` (`load_id`),
  KEY `metrics_metric_type_context_id` (`metric_type`,`context_id`),
  KEY `metrics_metric_type_submission_id_assoc_type` (`metric_type`,`submission_id`,`assoc_type`)
) ENGINE=InnoDB DEFAULT CHARSET=utf8;

--
-- Dumping data for table `metrics`
--

INSERT INTO `metrics` VALUES ('usage_events_20160609.log',256,2,NULL,2,'20160609','201606',NULL,NULL,NULL,NULL,'ojs::counter',7,NULL,NULL,NULL,NULL),('usage_events_20160610.log',256,2,NULL,2,'20160610','201606',NULL,NULL,NULL,NULL,'ojs::counter',2,NULL,NULL,NULL,NULL),('usage_events_20160614.log',256,2,NULL,2,'20160614','201606',NULL,NULL,NULL,NULL,'ojs::counter',2,NULL,NULL,NULL,NULL),('usage_events_20160615.log',256,2,NULL,2,'20160615','201606',NULL,NULL,NULL,NULL,'ojs::counter',1,NULL,NULL,NULL,NULL),('usage_events_20160617.log',256,2,NULL,2,'20160617','201606',NULL,NULL,NULL,NULL,'ojs::counter',4,NULL,NULL,NULL,NULL),('usage_events_20160617.log',256,2,NULL,2,'20160617','201606',NULL,NULL,NULL,NULL,'ojs::counter',4,NULL,NULL,NULL,NULL),('usage_events_20160619.log',256,2,NULL,2,'20160619','201606',NULL,NULL,NULL,NULL,'ojs::counter',1,NULL,NULL,NULL,NULL),('usage_events_20160621.log',256,2,NULL,2,'20160621','201606',NULL,NULL,NULL,NULL,'ojs::counter',3,NULL,NULL,NULL,NULL),('usage_events_20160622.log',256,2,NULL,2,'20160622','201606',NULL,NULL,NULL,NULL,'ojs::counter',6,NULL,NULL,NULL,NULL),('usage_events_20160623.log',256,2,NULL,2,'20160623','201606',NULL,NULL,NULL,NULL,'ojs::counter',1,NULL,NULL,NULL,NULL),('usage_events_20160624.log',256,2,NULL,2,'20160624','201606',NULL,NULL,NULL,NULL,'ojs::counter',1,NULL,NULL,NULL,NULL),('usage_events_20160627.log',256,2,NULL,2,'20160627','201606',NULL,NULL,NULL,NULL,'ojs::counter',1,NULL,NULL,NULL,NULL),('usage_events_20160626.log',256,2,NULL,2,'20160626','201606',NULL,NULL,NULL,NULL,'ojs::counter',1,NULL,NULL,NULL,NULL),('usage_events_20160629.log',256,2,NULL,2,'20160629','201606',NULL,NULL,NULL,NULL,'ojs::counter',3,NULL,NULL,NULL,NULL),('usage_events_20160630.log',256,2,NULL,2,'20160630','201606',NULL,NULL,NULL,NULL,'ojs::counter',1,NULL,NULL,NULL,NULL),('usage_events_20160710.log',256,2,NULL,2,'20160710','201607',NULL,NULL,NULL,NULL,'ojs::counter',1,NULL,NULL,NULL,NULL),('usage_events_20160712.log',256,2,NULL,2,'20160712','201607',NULL,NULL,NULL,NULL,'ojs::counter',3,NULL,NULL,NULL,NULL),('usage_events_20160715.log',256,2,NULL,2,'20160715','201607',NULL,NULL,NULL,NULL,'ojs::counter',1,NULL,NULL,NULL,NULL),('usage_events_20160721.log',256,2,NULL,2,'20160721','201607',NULL,NULL,NULL,NULL,'ojs::counter',1,NULL,NULL,NULL,NULL),('usage_events_20160724.log',256,2,NULL,2,'20160724','201607',NULL,NULL,NULL,NULL,'ojs::counter',1,NULL,NULL,NULL,NULL),('usage_events_20160725.log',256,2,NULL,2,'20160725','201607',NULL,NULL,NULL,NULL,'ojs::counter',5,NULL,NULL,NULL,NULL),('usage_events_20160809.log',256,2,NULL,2,'20160809','201608',NULL,NULL,NULL,NULL,'ojs::counter',2,NULL,NULL,NULL,NULL),('usage_events_20160810.log',256,2,NULL,2,'20160810','201608',NULL,NULL,NULL,NULL,'ojs::counter',1,NULL,NULL,NULL,NULL),('usage_events_20160814.log',256,2,NULL,2,'20160814','201608',NULL,NULL,NULL,NULL,'ojs::counter',1,NULL,NULL,NULL,NULL),('usage_events_20160914.log',256,2,NULL,2,'20160914','201609',NULL,NULL,NULL,NULL,'ojs::counter',1,NULL,NULL,NULL,NULL),('usage_events_20161010.log',256,2,NULL,2,'20161010','201610',NULL,NULL,NULL,NULL,'ojs::counter',1,NULL,NULL,NULL,NULL),('usage_events_20161015.log',256,2,NULL,2,'20161015','201610',NULL,NULL,NULL,NULL,'ojs::counter',1,NULL,NULL,NULL,NULL),('usage_events_20161017.log',256,2,NULL,2,'20161017','201610',NULL,NULL,NULL,NULL,'ojs::counter',1,NULL,NULL,NULL,NULL),('usage_events_20161114.log',256,2,NULL,2,'20161114','201611',NULL,NULL,NULL,NULL,'ojs::counter',1,NULL,NULL,NULL,NULL),('usage_events_20161124.log',256,2,NULL,2,'20161124','201611',NULL,NULL,NULL,NULL,'ojs::counter',3,NULL,NULL,NULL,NULL),('usage_events_20161128.log',256,2,NULL,2,'20161128','201611',NULL,NULL,NULL,NULL,'ojs::counter',1,NULL,NULL,NULL,NULL),('usage_events_20161129.log',256,2,NULL,2,'20161129','201611',NULL,NULL,NULL,NULL,'ojs::counter',1,NULL,NULL,NULL,NULL),('usage_events_20161202.log',256,2,NULL,2,'20161202','201612',NULL,NULL,NULL,NULL,'ojs::counter',1,NULL,NULL,NULL,NULL),('usage_events_20161205.log',256,2,NULL,2,'20161205','201612',NULL,NULL,NULL,NULL,'ojs::counter',1,NULL,NULL,NULL,NULL),('usage_events_20161209.log',256,2,NULL,2,'20161209','201612',NULL,NULL,NULL,NULL,'ojs::counter',1,NULL,NULL,NULL,NULL),('usage_events_20161214.log',256,2,NULL,2,'20161214','201612',NULL,NULL,NULL,NULL,'ojs::counter',1,NULL,NULL,NULL,NULL),('usage_events_20161222.log',256,2,NULL,2,'20161222','201612',NULL,NULL,NULL,NULL,'ojs::counter',3,NULL,NULL,NULL,NULL),('usage_events_20170110.log',256,2,NULL,2,'20170110','201701',NULL,NULL,NULL,NULL,'ojs::counter',1,NULL,NULL,NULL,NULL),('usage_events_20170114.log',256,2,NULL,2,'20170114','201701',NULL,NULL,NULL,NULL,'ojs::counter',1,NULL,NULL,NULL,NULL),('usage_events_20170210.log',256,2,NULL,2,'20170210','201702',NULL,NULL,NULL,NULL,'ojs::counter',1,NULL,NULL,NULL,NULL),('usage_events_20170214.log',256,2,NULL,2,'20170214','201702',NULL,NULL,NULL,NULL,'ojs::counter',1,NULL,NULL,NULL,NULL),('usage_events_20170228.log',256,2,NULL,2,'20170228','201702',NULL,NULL,NULL,NULL,'ojs::counter',4,NULL,NULL,NULL,NULL),('usage_events_20170303.log',256,2,NULL,2,'20170303','201703',NULL,NULL,NULL,NULL,'ojs::counter',7,NULL,NULL,NULL,NULL),('usage_events_20170312.log',256,2,NULL,2,'20170312','201703',NULL,NULL,NULL,NULL,'ojs::counter',1,NULL,NULL,NULL,NULL),('usage_events_20170322.log',256,2,NULL,2,'20170322','201703',NULL,NULL,NULL,NULL,'ojs::counter',1,NULL,NULL,NULL,NULL),('usage_events_20170323.log',256,2,NULL,2,'20170323','201703',NULL,NULL,NULL,NULL,'ojs::counter',1,NULL,NULL,NULL,NULL),('usage_events_20170324.log',256,2,NULL,2,'20170324','201703',NULL,NULL,NULL,NULL,'ojs::counter',3,NULL,NULL,NULL,NULL),('usage_events_20170406.log',256,2,NULL,2,'20170406','201704',NULL,NULL,NULL,NULL,'ojs::counter',3,NULL,NULL,NULL,NULL),('usage_events_20170407.log',256,2,NULL,2,'20170407','201704',NULL,NULL,NULL,NULL,'ojs::counter',1,NULL,NULL,NULL,NULL),('usage_events_20170423.log',256,2,NULL,2,'20170423','201704',NULL,NULL,NULL,NULL,'ojs::counter',1,NULL,NULL,NULL,NULL),('usage_events_20170425.log',256,2,NULL,2,'20170425','201704',NULL,NULL,NULL,NULL,'ojs::counter',1,NULL,NULL,NULL,NULL),('usage_events_20170513.log',256,2,NULL,2,'20170513','201705',NULL,NULL,NULL,NULL,'ojs::counter',1,NULL,NULL,NULL,NULL),('usage_events_20170524.log',256,2,NULL,2,'20170524','201705',NULL,NULL,NULL,NULL,'ojs::counter',1,NULL,NULL,NULL,NULL),('usage_events_20170528.log',256,2,NULL,2,'20170528','201705',NULL,NULL,NULL,NULL,'ojs::counter',1,NULL,NULL,NULL,NULL),('usage_events_20170531.log',256,2,NULL,2,'20170531','201705',NULL,NULL,NULL,NULL,'ojs::counter',1,NULL,NULL,NULL,NULL),('usage_events_20170605.log',256,2,NULL,2,'20170605','201706',NULL,NULL,NULL,NULL,'ojs::counter',2,NULL,NULL,NULL,NULL),('usage_events_20170606.log',256,2,NULL,2,'20170606','201706',NULL,NULL,NULL,NULL,'ojs::counter',3,NULL,NULL,NULL,NULL),('usage_events_20170606.log',259,2,NULL,1,'20170606','201706',NULL,NULL,NULL,NULL,'ojs::counter',1,NULL,NULL,NULL,NULL),('usage_events_20170606.log',259,2,NULL,5,'20170606','201706',NULL,NULL,NULL,NULL,'ojs::counter',7,NULL,NULL,NULL,NULL),('usage_events_20170608.log',256,2,NULL,2,'20170608','201706',NULL,NULL,NULL,NULL,'ojs::counter',1,NULL,NULL,NULL,NULL),('usage_events_20170608.log',259,2,NULL,5,'20170608','201706',NULL,NULL,NULL,NULL,'ojs::counter',1,NULL,NULL,NULL,NULL),('usage_events_20170610.log',256,2,NULL,2,'20170610','201706',NULL,NULL,NULL,NULL,'ojs::counter',1,NULL,NULL,NULL,NULL),('usage_events_20170612.log',256,2,NULL,2,'20170612','201706',NULL,NULL,NULL,NULL,'ojs::counter',1,NULL,NULL,NULL,NULL),('usage_events_20170612.log',259,2,NULL,5,'20170612','201706',NULL,NULL,NULL,NULL,'ojs::counter',2,NULL,NULL,NULL,NULL),('usage_events_20170619.log',256,2,NULL,2,'20170619','201706',NULL,NULL,NULL,NULL,'ojs::counter',1,NULL,NULL,NULL,NULL),('usage_events_20170623.log',256,2,NULL,2,'20170623','201706',NULL,NULL,NULL,NULL,'ojs::counter',1,NULL,NULL,NULL,NULL),('usage_events_20170704.log',256,2,NULL,2,'20170704','201707',NULL,NULL,NULL,NULL,'ojs::counter',1,NULL,NULL,NULL,NULL),('usage_events_20170704.log',259,2,NULL,5,'20170704','201707',NULL,NULL,NULL,NULL,'ojs::counter',1,NULL,NULL,NULL,NULL),('usage_events_20170707.log',256,2,NULL,2,'20170707','201707',NULL,NULL,NULL,NULL,'ojs::counter',2,NULL,NULL,NULL,NULL),('usage_events_20170707.log',259,2,NULL,5,'20170707','201707',NULL,NULL,NULL,NULL,'ojs::counter',2,NULL,NULL,NULL,NULL),('usage_events_20170711.log',256,2,NULL,2,'20170711','201707',NULL,NULL,NULL,NULL,'ojs::counter',1,NULL,NULL,NULL,NULL),('usage_events_20170711.log',259,2,NULL,5,'20170711','201707',NULL,NULL,NULL,NULL,'ojs::counter',1,NULL,NULL,NULL,NULL),('usage_events_20170715.log',256,2,NULL,2,'20170715','201707',NULL,NULL,NULL,NULL,'ojs::counter',1,NULL,NULL,NULL,NULL),('usage_events_20170717.log',1048585,2,7,7,'20170717','201707',NULL,NULL,NULL,NULL,'ojs::counter',1,1,259,5,NULL),('usage_events_20170723.log',256,2,NULL,2,'20170723','201707',NULL,NULL,NULL,NULL,'ojs::counter',1,NULL,NULL,NULL,NULL),('usage_events_20170724.log',256,2,NULL,2,'20170724','201707',NULL,NULL,NULL,NULL,'ojs::counter',2,NULL,NULL,NULL,NULL),('usage_events_20170724.log',1048585,2,1,1,'20170724','201707',NULL,NULL,NULL,NULL,'ojs::counter',1,1,259,5,NULL),('usage_events_20170724.log',1048585,2,2,2,'20170724','201707',NULL,NULL,NULL,NULL,'ojs::counter',1,1,259,5,NULL),('usage_events_20170724.log',1048585,2,3,3,'20170724','201707',NULL,NULL,NULL,NULL,'ojs::counter',1,1,259,5,NULL),('usage_events_20170724.log',1048585,2,4,4,'20170724','201707',NULL,NULL,NULL,NULL,'ojs::counter',2,1,259,5,NULL),('usage_events_20170724.log',1048585,2,5,5,'20170724','201707',NULL,NULL,NULL,NULL,'ojs::counter',1,1,NULL,NULL,NULL),('usage_events_20170724.log',1048585,2,6,6,'20170724','201707',NULL,NULL,NULL,NULL,'ojs::counter',1,1,259,5,NULL),('usage_events_20170724.log',1048585,2,7,7,'20170724','201707',NULL,NULL,NULL,NULL,'ojs::counter',2,1,259,5,NULL),('usage_events_20170724.log',259,2,NULL,5,'20170724','201707',NULL,NULL,NULL,NULL,'ojs::counter',9,NULL,NULL,NULL,NULL),('usage_events_20170819.log',1048585,2,7,7,'20170819','201708',NULL,NULL,NULL,NULL,'ojs::counter',1,1,259,5,NULL),('usage_events_20170822.log',256,2,NULL,2,'20170822','201708',NULL,NULL,NULL,NULL,'ojs::counter',1,NULL,NULL,NULL,NULL),('usage_events_20170823.log',256,2,NULL,2,'20170823','201708',NULL,NULL,NULL,NULL,'ojs::counter',3,NULL,NULL,NULL,NULL),('usage_events_20170823.log',1048585,2,5,5,'20170823','201708',NULL,NULL,NULL,NULL,'ojs::counter',1,1,NULL,NULL,NULL),('usage_events_20170823.log',259,2,NULL,5,'20170823','201708',NULL,NULL,NULL,NULL,'ojs::counter',4,NULL,NULL,NULL,NULL),('usage_events_20170824.log',256,2,NULL,2,'20170824','201708',NULL,NULL,NULL,NULL,'ojs::counter',2,NULL,NULL,NULL,NULL),('usage_events_20170824.log',1048585,2,7,7,'20170824','201708',NULL,NULL,NULL,NULL,'ojs::counter',2,1,259,5,NULL),('usage_events_20170824.log',259,2,NULL,5,'20170824','201708',NULL,NULL,NULL,NULL,'ojs::counter',5,NULL,NULL,NULL,NULL),('usage_events_20170825.log',1048585,2,7,7,'20170825','201708',NULL,NULL,NULL,NULL,'ojs::counter',1,1,259,5,NULL),('usage_events_20170827.log',256,2,NULL,2,'20170827','201708',NULL,NULL,NULL,NULL,'ojs::counter',1,NULL,NULL,NULL,NULL),('usage_events_20170827.log',259,2,NULL,5,'20170827','201708',NULL,NULL,NULL,NULL,'ojs::counter',1,NULL,NULL,NULL,NULL),('usage_events_20170901.log',256,2,NULL,2,'20170901','201709',NULL,NULL,NULL,NULL,'ojs::counter',2,NULL,NULL,NULL,NULL),('usage_events_20170901.log',1048585,2,5,5,'20170901','201709',NULL,NULL,NULL,NULL,'ojs::counter',1,1,NULL,NULL,NULL),('usage_events_20170901.log',259,2,NULL,5,'20170901','201709',NULL,NULL,NULL,NULL,'ojs::counter',2,NULL,NULL,NULL,NULL),('usage_events_20170902.log',256,2,NULL,2,'20170902','201709',NULL,NULL,NULL,NULL,'ojs::counter',1,NULL,NULL,NULL,NULL),('usage_events_20170902.log',1048585,2,5,5,'20170902','201709',NULL,NULL,NULL,NULL,'ojs::counter',1,1,NULL,NULL,NULL),('usage_events_20170902.log',259,2,NULL,5,'20170902','201709',NULL,NULL,NULL,NULL,'ojs::counter',2,NULL,NULL,NULL,NULL),('usage_events_20170907.log',256,2,NULL,2,'20170907','201709',NULL,NULL,NULL,NULL,'ojs::counter',1,NULL,NULL,NULL,NULL),('usage_events_20170907.log',259,2,NULL,5,'20170907','201709',NULL,NULL,NULL,NULL,'ojs::counter',1,NULL,NULL,NULL,NULL),('usage_events_20170910.log',1048585,2,7,7,'20170910','201709',NULL,NULL,NULL,NULL,'ojs::counter',1,1,259,5,NULL),('usage_events_20170921.log',256,2,NULL,2,'20170921','201709',NULL,NULL,NULL,NULL,'ojs::counter',2,NULL,NULL,NULL,NULL),('usage_events_20170921.log',259,2,NULL,5,'20170921','201709',NULL,NULL,NULL,NULL,'ojs::counter',1,NULL,NULL,NULL,NULL),('usage_events_20170928.log',256,2,NULL,2,'20170928','201709',NULL,NULL,NULL,NULL,'ojs::counter',1,NULL,NULL,NULL,NULL),('usage_events_20170928.log',259,2,NULL,5,'20170928','201709',NULL,NULL,NULL,NULL,'ojs::counter',1,NULL,NULL,NULL,NULL),('usage_events_20170930.log',1048585,2,3,3,'20170930','201709',NULL,NULL,NULL,NULL,'ojs::counter',2,1,259,5,NULL),('usage_events_20170930.log',1048585,2,6,6,'20170930','201709',NULL,NULL,NULL,NULL,'ojs::counter',1,1,259,5,NULL),('usage_events_20171004.log',256,2,NULL,2,'20171004','201710',NULL,NULL,NULL,NULL,'ojs::counter',1,NULL,NULL,NULL,NULL),('usage_events_20171004.log',1048585,2,4,4,'20171004','201710',NULL,NULL,NULL,NULL,'ojs::counter',1,1,259,5,NULL),('usage_events_20171006.log',1048585,2,7,7,'20171006','201710',NULL,NULL,NULL,NULL,'ojs::counter',5,1,259,5,NULL),('usage_events_20171011.log',1048585,2,6,6,'20171011','201710',NULL,NULL,NULL,NULL,'ojs::counter',1,1,259,5,NULL),('usage_events_20171013.log',256,2,NULL,2,'20171013','201710',NULL,NULL,NULL,NULL,'ojs::counter',1,NULL,NULL,NULL,NULL),('usage_events_20171013.log',259,2,NULL,5,'20171013','201710',NULL,NULL,NULL,NULL,'ojs::counter',1,NULL,NULL,NULL,NULL),('usage_events_20171015.log',256,2,NULL,2,'20171015','201710',NULL,NULL,NULL,NULL,'ojs::counter',1,NULL,NULL,NULL,NULL),('usage_events_20171015.log',1048585,2,6,6,'20171015','201710',NULL,NULL,NULL,NULL,'ojs::counter',1,1,259,5,NULL),('usage_events_20171017.log',259,2,NULL,5,'20171017','201710',NULL,NULL,NULL,NULL,'ojs::counter',2,NULL,NULL,NULL,NULL),('usage_events_20171019.log',259,2,NULL,5,'20171019','201710',NULL,NULL,NULL,NULL,'ojs::counter',1,NULL,NULL,NULL,NULL),('usage_events_20171020.log',1048585,2,3,3,'20171020','201710',NULL,NULL,NULL,NULL,'ojs::counter',1,1,259,5,NULL),('usage_events_20171022.log',256,2,NULL,2,'20171022','201710',NULL,NULL,NULL,NULL,'ojs::counter',1,NULL,NULL,NULL,NULL),('usage_events_20171023.log',1048585,2,6,6,'20171023','201710',NULL,NULL,NULL,NULL,'ojs::counter',2,1,259,5,NULL),('usage_events_20171025.log',256,2,NULL,2,'20171025','201710',NULL,NULL,NULL,NULL,'ojs::counter',1,NULL,NULL,NULL,NULL),('usage_events_20171025.log',259,2,NULL,5,'20171025','201710',NULL,NULL,NULL,NULL,'ojs::counter',1,NULL,NULL,NULL,NULL),('usage_events_20171024.log',256,2,NULL,2,'20171024','201710',NULL,NULL,NULL,NULL,'ojs::counter',4,NULL,NULL,NULL,NULL),('usage_events_20171024.log',259,2,NULL,5,'20171024','201710',NULL,NULL,NULL,NULL,'ojs::counter',2,NULL,NULL,NULL,NULL),('usage_events_20171030.log',1048585,2,6,6,'20171030','201710',NULL,NULL,NULL,NULL,'ojs::counter',1,1,259,5,NULL),('usage_events_20171031.log',256,2,NULL,2,'20171031','201710',NULL,NULL,NULL,NULL,'ojs::counter',2,NULL,NULL,NULL,NULL),('usage_events_20171031.log',1048585,2,1,1,'20171031','201710',NULL,NULL,NULL,NULL,'ojs::counter',2,1,259,5,NULL),('usage_events_20171031.log',1048585,2,3,3,'20171031','201710',NULL,NULL,NULL,NULL,'ojs::counter',2,1,259,5,NULL),('usage_events_20171031.log',1048585,2,4,4,'20171031','201710',NULL,NULL,NULL,NULL,'ojs::counter',1,1,259,5,NULL),('usage_events_20171031.log',1048585,2,6,6,'20171031','201710',NULL,NULL,NULL,NULL,'ojs::counter',3,1,259,5,NULL),('usage_events_20171031.log',1048585,2,7,7,'20171031','201710',NULL,NULL,NULL,NULL,'ojs::counter',1,1,259,5,NULL),('usage_events_20171031.log',259,2,NULL,5,'20171031','201710',NULL,NULL,NULL,NULL,'ojs::counter',4,NULL,NULL,NULL,NULL),('usage_events_20171101.log',1048585,2,6,6,'20171101','201711',NULL,NULL,NULL,NULL,'ojs::counter',4,1,259,5,NULL),('usage_events_20171108.log',1048585,2,4,4,'20171108','201711',NULL,NULL,NULL,NULL,'ojs::counter',3,1,259,5,NULL),('usage_events_20171109.log',1048585,2,7,7,'20171109','201711',NULL,NULL,NULL,NULL,'ojs::counter',1,1,259,5,NULL),('usage_events_20171115.log',256,2,NULL,2,'20171115','201711',NULL,NULL,NULL,NULL,'ojs::counter',1,NULL,NULL,NULL,NULL),('usage_events_20171121.log',256,2,NULL,2,'20171121','201711',NULL,NULL,NULL,NULL,'ojs::counter',1,NULL,NULL,NULL,NULL),('usage_events_20171121.log',1048585,2,3,3,'20171121','201711',NULL,NULL,NULL,NULL,'ojs::counter',1,1,259,5,NULL),('usage_events_20171126.log',1048585,2,6,6,'20171126','201711',NULL,NULL,NULL,NULL,'ojs::counter',1,1,259,5,NULL),('usage_events_20171207.log',256,2,NULL,2,'20171207','201712',NULL,NULL,NULL,NULL,'ojs::counter',1,NULL,NULL,NULL,NULL),('usage_events_20171207.log',1048585,2,3,3,'20171207','201712',NULL,NULL,NULL,NULL,'ojs::counter',2,1,259,5,NULL),('usage_events_20171207.log',259,2,NULL,5,'20171207','201712',NULL,NULL,NULL,NULL,'ojs::counter',2,NULL,NULL,NULL,NULL),('usage_events_20171211.log',256,2,NULL,2,'20171211','201712',NULL,NULL,NULL,NULL,'ojs::counter',5,NULL,NULL,NULL,NULL),('usage_events_20171211.log',1048585,2,5,5,'20171211','201712',NULL,NULL,NULL,NULL,'ojs::counter',1,1,NULL,NULL,NULL),('usage_events_20171211.log',259,2,NULL,5,'20171211','201712',NULL,NULL,NULL,NULL,'ojs::counter',4,NULL,NULL,NULL,NULL),('usage_events_20171213.log',256,2,NULL,2,'20171213','201712',NULL,NULL,NULL,NULL,'ojs::counter',5,NULL,NULL,NULL,NULL),('usage_events_20171216.log',256,2,NULL,2,'20171216','201712',NULL,NULL,NULL,NULL,'ojs::counter',1,NULL,NULL,NULL,NULL),('usage_events_20171221.log',256,2,NULL,2,'20171221','201712',NULL,NULL,NULL,NULL,'ojs::counter',1,NULL,NULL,NULL,NULL),('usage_events_20171229.log',1048585,2,7,7,'20171229','201712',NULL,NULL,NULL,NULL,'ojs::counter',1,1,259,5,NULL),('usage_events_20171230.log',1048585,2,4,4,'20171230','201712',NULL,NULL,NULL,NULL,'ojs::counter',1,1,259,5,NULL),('usage_events_20171231.log',256,2,NULL,2,'20171231','201712',NULL,NULL,NULL,NULL,'ojs::counter',1,NULL,NULL,NULL,NULL),('usage_events_20171231.log',259,2,NULL,5,'20171231','201712',NULL,NULL,NULL,NULL,'ojs::counter',1,NULL,NULL,NULL,NULL),('usage_events_20180102.log',1048585,2,6,6,'20180102','201801',NULL,NULL,NULL,NULL,'ojs::counter',1,1,259,5,NULL),('usage_events_20180103.log',1048585,2,2,2,'20180103','201801',NULL,NULL,NULL,NULL,'ojs::counter',2,1,259,5,NULL),('usage_events_20180105.log',256,2,NULL,2,'20180105','201801',NULL,NULL,NULL,NULL,'ojs::counter',1,NULL,NULL,NULL,NULL),('usage_events_20180105.log',259,2,NULL,5,'20180105','201801',NULL,NULL,NULL,NULL,'ojs::counter',1,NULL,NULL,NULL,NULL),('usage_events_20180106.log',256,2,NULL,2,'20180106','201801',NULL,NULL,NULL,NULL,'ojs::counter',1,NULL,NULL,NULL,NULL),('usage_events_20180107.log',1048585,2,7,7,'20180107','201801',NULL,NULL,NULL,NULL,'ojs::counter',1,1,259,5,NULL),('usage_events_20180109.log',256,2,NULL,2,'20180109','201801',NULL,NULL,NULL,NULL,'ojs::counter',3,NULL,NULL,NULL,NULL),('usage_events_20180109.log',259,2,NULL,5,'20180109','201801',NULL,NULL,NULL,NULL,'ojs::counter',1,NULL,NULL,NULL,NULL),('usage_events_20180112.log',1048585,2,4,4,'20180112','201801',NULL,NULL,NULL,NULL,'ojs::counter',1,1,259,5,NULL),('usage_events_20180113.log',1048585,2,3,3,'20180113','201801',NULL,NULL,NULL,NULL,'ojs::counter',1,1,259,5,NULL),('usage_events_20180114.log',256,2,NULL,2,'20180114','201801',NULL,NULL,NULL,NULL,'ojs::counter',1,NULL,NULL,NULL,NULL),('usage_events_20180114.log',1048585,2,7,7,'20180114','201801',NULL,NULL,NULL,NULL,'ojs::counter',1,1,259,5,NULL),('usage_events_20180114.log',259,2,NULL,5,'20180114','201801',NULL,NULL,NULL,NULL,'ojs::counter',1,NULL,NULL,NULL,NULL),('usage_events_20180115.log',256,2,NULL,2,'20180115','201801',NULL,NULL,NULL,NULL,'ojs::counter',1,NULL,NULL,NULL,NULL),('usage_events_20180115.log',259,2,NULL,5,'20180115','201801',NULL,NULL,NULL,NULL,'ojs::counter',1,NULL,NULL,NULL,NULL),('usage_events_20180116.log',1048585,2,4,4,'20180116','201801',NULL,NULL,NULL,NULL,'ojs::counter',2,1,259,5,NULL),('usage_events_20180117.log',1048585,2,4,4,'20180117','201801',NULL,NULL,NULL,NULL,'ojs::counter',2,1,259,5,NULL),('usage_events_20180118.log',1048585,2,3,3,'20180118','201801',NULL,NULL,NULL,NULL,'ojs::counter',2,1,259,5,NULL),('usage_events_20180118.log',1048585,2,4,4,'20180118','201801',NULL,NULL,NULL,NULL,'ojs::counter',1,1,259,5,NULL),('usage_events_20180119.log',256,2,NULL,2,'20180119','201801',NULL,NULL,NULL,NULL,'ojs::counter',1,NULL,NULL,NULL,NULL),('usage_events_20180123.log',1048585,2,7,7,'20180123','201801',NULL,NULL,NULL,NULL,'ojs::counter',1,1,259,5,NULL),('usage_events_20180124.log',1048585,2,3,3,'20180124','201801',NULL,NULL,NULL,NULL,'ojs::counter',5,1,259,5,NULL),('usage_events_20180127.log',1048585,2,7,7,'20180127','201801',NULL,NULL,NULL,NULL,'ojs::counter',1,1,259,5,NULL),('usage_events_20180128.log',256,2,NULL,2,'20180128','201801',NULL,NULL,NULL,NULL,'ojs::counter',1,NULL,NULL,NULL,NULL),('usage_events_20180128.log',1048585,2,5,5,'20180128','201801',NULL,NULL,NULL,NULL,'ojs::counter',1,1,NULL,NULL,NULL),('usage_events_20180128.log',259,2,NULL,5,'20180128','201801',NULL,NULL,NULL,NULL,'ojs::counter',1,NULL,NULL,NULL,NULL),('usage_events_20180130.log',256,2,NULL,2,'20180130','201801',NULL,NULL,NULL,NULL,'ojs::counter',1,NULL,NULL,NULL,NULL),('usage_events_20180130.log',1048585,2,6,6,'20180130','201801',NULL,NULL,NULL,NULL,'ojs::counter',1,1,259,5,NULL),('usage_events_20180130.log',259,2,NULL,5,'20180130','201801',NULL,NULL,NULL,NULL,'ojs::counter',1,NULL,NULL,NULL,NULL),('usage_events_20180203.log',1048585,2,5,5,'20180203','201802',NULL,NULL,NULL,NULL,'ojs::counter',1,1,NULL,NULL,NULL),('usage_events_20180205.log',256,2,NULL,2,'20180205','201802',NULL,NULL,NULL,NULL,'ojs::counter',6,NULL,NULL,NULL,NULL),('usage_events_20180205.log',259,2,NULL,5,'20180205','201802',NULL,NULL,NULL,NULL,'ojs::counter',3,NULL,NULL,NULL,NULL),('usage_events_20180206.log',256,2,NULL,2,'20180206','201802',NULL,NULL,NULL,NULL,'ojs::counter',1,NULL,NULL,NULL,NULL),('usage_events_20180206.log',1048585,2,5,5,'20180206','201802',NULL,NULL,NULL,NULL,'ojs::counter',1,1,NULL,NULL,NULL),('usage_events_20180206.log',259,2,NULL,5,'20180206','201802',NULL,NULL,NULL,NULL,'ojs::counter',1,NULL,NULL,NULL,NULL),('usage_events_20180207.log',256,2,NULL,2,'20180207','201802',NULL,NULL,NULL,NULL,'ojs::counter',1,NULL,NULL,NULL,NULL),('usage_events_20180212.log',256,2,NULL,2,'20180212','201802',NULL,NULL,NULL,NULL,'ojs::counter',2,NULL,NULL,NULL,NULL),('usage_events_20180212.log',1048585,2,5,5,'20180212','201802',NULL,NULL,NULL,NULL,'ojs::counter',1,1,NULL,NULL,NULL),('usage_events_20180213.log',256,2,NULL,2,'20180213','201802',NULL,NULL,NULL,NULL,'ojs::counter',11,NULL,NULL,NULL,NULL),('usage_events_20180213.log',1048585,2,7,7,'20180213','201802',NULL,NULL,NULL,NULL,'ojs::counter',1,1,259,5,NULL),('usage_events_20180214.log',256,2,NULL,2,'20180214','201802',NULL,NULL,NULL,NULL,'ojs::counter',5,NULL,NULL,NULL,NULL),('usage_events_20180215.log',256,2,NULL,2,'20180215','201802',NULL,NULL,NULL,NULL,'ojs::counter',1,NULL,NULL,NULL,NULL),('usage_events_20180216.log',1048585,2,3,3,'20180216','201802',NULL,NULL,NULL,NULL,'ojs::counter',1,1,259,5,NULL),('usage_events_20180219.log',256,2,NULL,2,'20180219','201802',NULL,NULL,NULL,NULL,'ojs::counter',6,NULL,NULL,NULL,NULL),('usage_events_20180219.log',256,2,NULL,2,'20180219','201802',NULL,NULL,NULL,NULL,'ojs::counter',6,NULL,NULL,NULL,NULL),('usage_events_20180219.log',259,2,NULL,5,'20180219','201802',NULL,NULL,NULL,NULL,'ojs::counter',4,NULL,NULL,NULL,NULL),('usage_events_20180219.log',259,2,NULL,5,'20180219','201802',NULL,NULL,NULL,NULL,'ojs::counter',4,NULL,NULL,NULL,NULL),('usage_events_20180220.log',256,2,NULL,2,'20180220','201802',NULL,NULL,NULL,NULL,'ojs::counter',2,NULL,NULL,NULL,NULL),('usage_events_20180220.log',256,2,NULL,2,'20180220','201802',NULL,NULL,NULL,NULL,'ojs::counter',2,NULL,NULL,NULL,NULL),('usage_events_20180221.log',256,2,NULL,2,'20180221','201802',NULL,NULL,NULL,NULL,'ojs::counter',1,NULL,NULL,NULL,NULL),('usage_events_20180222.log',256,2,NULL,2,'20180222','201802',NULL,NULL,NULL,NULL,'ojs::counter',1,NULL,NULL,NULL,NULL),('usage_events_20180222.log',259,2,NULL,5,'20180222','201802',NULL,NULL,NULL,NULL,'ojs::counter',1,NULL,NULL,NULL,NULL),('usage_events_20180224.log',256,2,NULL,2,'20180224','201802',NULL,NULL,NULL,NULL,'ojs::counter',2,NULL,NULL,NULL,NULL),('usage_events_20180224.log',259,2,NULL,5,'20180224','201802',NULL,NULL,NULL,NULL,'ojs::counter',1,NULL,NULL,NULL,NULL),('usage_events_20180226.log',1048585,2,5,5,'20180226','201802',NULL,NULL,NULL,NULL,'ojs::counter',1,1,NULL,NULL,NULL),('usage_events_20180226.log',259,2,NULL,5,'20180226','201802',NULL,NULL,NULL,NULL,'ojs::counter',3,NULL,NULL,NULL,NULL),('usage_events_20180227.log',1048585,2,5,5,'20180227','201802',NULL,NULL,NULL,NULL,'ojs::counter',1,1,NULL,NULL,NULL),('usage_events_20180227.log',259,2,NULL,5,'20180227','201802',NULL,NULL,NULL,NULL,'ojs::counter',1,NULL,NULL,NULL,NULL),('usage_events_20180306.log',256,2,NULL,2,'20180306','201803',NULL,NULL,NULL,NULL,'ojs::counter',1,NULL,NULL,NULL,NULL),('usage_events_20180307.log',256,2,NULL,2,'20180307','201803',NULL,NULL,NULL,NULL,'ojs::counter',1,NULL,NULL,NULL,NULL),('usage_events_20180308.log',1048585,2,7,7,'20180308','201803',NULL,NULL,NULL,NULL,'ojs::counter',5,1,259,5,NULL),('usage_events_20180309.log',1048585,2,3,3,'20180309','201803',NULL,NULL,NULL,NULL,'ojs::counter',1,1,259,5,NULL),('usage_events_20180310.log',1048585,2,4,4,'20180310','201803',NULL,NULL,NULL,NULL,'ojs::counter',1,1,259,5,NULL),('usage_events_20180310.log',1048585,2,7,7,'20180310','201803',NULL,NULL,NULL,NULL,'ojs::counter',1,1,259,5,NULL),('usage_events_20180312.log',256,2,NULL,2,'20180312','201803',NULL,NULL,NULL,NULL,'ojs::counter',1,NULL,NULL,NULL,NULL),('usage_events_20180313.log',256,2,NULL,2,'20180313','201803',NULL,NULL,NULL,NULL,'ojs::counter',2,NULL,NULL,NULL,NULL),('usage_events_20180313.log',1048585,2,3,3,'20180313','201803',NULL,NULL,NULL,NULL,'ojs::counter',2,1,259,5,NULL),('usage_events_20180313.log',259,2,NULL,5,'20180313','201803',NULL,NULL,NULL,NULL,'ojs::counter',1,NULL,NULL,NULL,NULL),('usage_events_20180319.log',1048585,2,6,6,'20180319','201803',NULL,NULL,NULL,NULL,'ojs::counter',1,1,259,5,NULL),('usage_events_20180320.log',1048585,2,3,3,'20180320','201803',NULL,NULL,NULL,NULL,'ojs::counter',1,1,259,5,NULL),('usage_events_20180323.log',256,2,NULL,2,'20180323','201803',NULL,NULL,NULL,NULL,'ojs::counter',1,NULL,NULL,NULL,NULL),('usage_events_20180326.log',256,2,NULL,2,'20180326','201803',NULL,NULL,NULL,NULL,'ojs::counter',6,NULL,NULL,NULL,NULL),('usage_events_20180326.log',1048585,2,1,1,'20180326','201803',NULL,NULL,NULL,NULL,'ojs::counter',1,1,259,5,NULL),('usage_events_20180326.log',1048585,2,2,2,'20180326','201803',NULL,NULL,NULL,NULL,'ojs::counter',1,1,259,5,NULL),('usage_events_20180326.log',1048585,2,3,3,'20180326','201803',NULL,NULL,NULL,NULL,'ojs::counter',1,1,259,5,NULL),('usage_events_20180326.log',1048585,2,7,7,'20180326','201803',NULL,NULL,NULL,NULL,'ojs::counter',2,1,259,5,NULL),('usage_events_20180326.log',259,2,NULL,5,'20180326','201803',NULL,NULL,NULL,NULL,'ojs::counter',4,NULL,NULL,NULL,NULL),('usage_events_20180328.log',256,2,NULL,2,'20180328','201803',NULL,NULL,NULL,NULL,'ojs::counter',2,NULL,NULL,NULL,NULL),('usage_events_20180330.log',256,2,NULL,2,'20180330','201803',NULL,NULL,NULL,NULL,'ojs::counter',1,NULL,NULL,NULL,NULL),('usage_events_20180330.log',259,2,NULL,5,'20180330','201803',NULL,NULL,NULL,NULL,'ojs::counter',1,NULL,NULL,NULL,NULL),('usage_events_20180401.log',256,2,NULL,2,'20180401','201804',NULL,NULL,NULL,NULL,'ojs::counter',1,NULL,NULL,NULL,NULL),('usage_events_20180401.log',259,2,NULL,5,'20180401','201804',NULL,NULL,NULL,NULL,'ojs::counter',1,NULL,NULL,NULL,NULL),('usage_events_20180405.log',256,2,NULL,2,'20180405','201804',NULL,NULL,NULL,NULL,'ojs::counter',1,NULL,NULL,NULL,NULL),('usage_events_20180405.log',1048585,2,3,3,'20180405','201804',NULL,NULL,NULL,NULL,'ojs::counter',1,1,259,5,NULL),('usage_events_20180406.log',256,2,NULL,2,'20180406','201804',NULL,NULL,NULL,NULL,'ojs::counter',2,NULL,NULL,NULL,NULL),('usage_events_20180408.log',1048585,2,3,3,'20180408','201804',NULL,NULL,NULL,NULL,'ojs::counter',1,1,259,5,NULL),('usage_events_20180409.log',256,2,NULL,2,'20180409','201804',NULL,NULL,NULL,NULL,'ojs::counter',2,NULL,NULL,NULL,NULL),('usage_events_20180410.log',256,2,NULL,2,'20180410','201804',NULL,NULL,NULL,NULL,'ojs::counter',1,NULL,NULL,NULL,NULL),('usage_events_20180410.log',259,2,NULL,5,'20180410','201804',NULL,NULL,NULL,NULL,'ojs::counter',1,NULL,NULL,NULL,NULL),('usage_events_20180412.log',1048585,2,4,4,'20180412','201804',NULL,NULL,NULL,NULL,'ojs::counter',2,1,259,5,NULL),('usage_events_20180413.log',1048585,2,4,4,'20180413','201804',NULL,NULL,NULL,NULL,'ojs::counter',1,1,259,5,NULL),('usage_events_20180415.log',1048585,2,5,5,'20180415','201804',NULL,NULL,NULL,NULL,'ojs::counter',1,1,NULL,NULL,NULL),('usage_events_20180417.log',1048585,2,3,3,'20180417','201804',NULL,NULL,NULL,NULL,'ojs::counter',1,1,259,5,NULL),('usage_events_20180418.log',1048585,2,3,3,'20180418','201804',NULL,NULL,NULL,NULL,'ojs::counter',4,1,259,5,NULL),('usage_events_20180422.log',256,2,NULL,2,'20180422','201804',NULL,NULL,NULL,NULL,'ojs::counter',1,NULL,NULL,NULL,NULL),('usage_events_20180503.log',256,2,NULL,2,'20180503','201805',NULL,NULL,NULL,NULL,'ojs::counter',1,NULL,NULL,NULL,NULL),('usage_events_20180503.log',1048585,2,7,7,'20180503','201805',NULL,NULL,NULL,NULL,'ojs::counter',4,1,259,5,NULL),('usage_events_20180504.log',256,2,NULL,2,'20180504','201805',NULL,NULL,NULL,NULL,'ojs::counter',2,NULL,NULL,NULL,NULL),('usage_events_20180505.log',256,2,NULL,2,'20180505','201805',NULL,NULL,NULL,NULL,'ojs::counter',1,NULL,NULL,NULL,NULL),('usage_events_20180507.log',1048585,2,6,6,'20180507','201805',NULL,NULL,NULL,NULL,'ojs::counter',1,1,259,5,NULL),('usage_events_20180510.log',256,2,NULL,2,'20180510','201805',NULL,NULL,NULL,NULL,'ojs::counter',1,NULL,NULL,NULL,NULL),('usage_events_20180510.log',259,2,NULL,5,'20180510','201805',NULL,NULL,NULL,NULL,'ojs::counter',1,NULL,NULL,NULL,NULL),('usage_events_20180512.log',256,2,NULL,2,'20180512','201805',NULL,NULL,NULL,NULL,'ojs::counter',1,NULL,NULL,NULL,NULL),('usage_events_20180512.log',1048585,2,4,4,'20180512','201805',NULL,NULL,NULL,NULL,'ojs::counter',1,1,259,5,NULL),('usage_events_20180512.log',259,2,NULL,5,'20180512','201805',NULL,NULL,NULL,NULL,'ojs::counter',1,NULL,NULL,NULL,NULL),('usage_events_20180513.log',256,2,NULL,2,'20180513','201805',NULL,NULL,NULL,NULL,'ojs::counter',1,NULL,NULL,NULL,NULL),('usage_events_20180513.log',1048585,2,2,2,'20180513','201805',NULL,NULL,NULL,NULL,'ojs::counter',1,1,259,5,NULL),('usage_events_20180513.log',1048585,2,6,6,'20180513','201805',NULL,NULL,NULL,NULL,'ojs::counter',1,1,259,5,NULL),('usage_events_20180518.log',1048585,2,3,3,'20180518','201805',NULL,NULL,NULL,NULL,'ojs::counter',2,1,259,5,NULL),('usage_events_20180520.log',256,2,NULL,2,'20180520','201805',NULL,NULL,NULL,NULL,'ojs::counter',1,NULL,NULL,NULL,NULL),('usage_events_20180522.log',256,2,NULL,2,'20180522','201805',NULL,NULL,NULL,NULL,'ojs::counter',1,NULL,NULL,NULL,NULL),('usage_events_20180523.log',1048585,2,6,6,'20180523','201805',NULL,NULL,NULL,NULL,'ojs::counter',2,1,259,5,NULL),('usage_events_20180524.log',1048585,2,2,2,'20180524','201805',NULL,NULL,NULL,NULL,'ojs::counter',1,1,259,5,NULL),('usage_events_20180524.log',1048585,2,3,3,'20180524','201805',NULL,NULL,NULL,NULL,'ojs::counter',2,1,259,5,NULL),('usage_events_20180525.log',1048585,2,3,3,'20180525','201805',NULL,NULL,NULL,NULL,'ojs::counter',4,1,259,5,NULL),('usage_events_20180526.log',1048585,2,6,6,'20180526','201805',NULL,NULL,NULL,NULL,'ojs::counter',1,1,259,5,NULL),('usage_events_20180528.log',1048585,2,3,3,'20180528','201805',NULL,NULL,NULL,NULL,'ojs::counter',1,1,259,5,NULL),('usage_events_20180529.log',1048585,2,7,7,'20180529','201805',NULL,NULL,NULL,NULL,'ojs::counter',1,1,259,5,NULL),('usage_events_20180531.log',1048585,2,3,3,'20180531','201805',NULL,NULL,NULL,NULL,'ojs::counter',1,1,259,5,NULL),('usage_events_20180531.log',1048585,2,4,4,'20180531','201805',NULL,NULL,NULL,NULL,'ojs::counter',4,1,259,5,NULL),('usage_events_20180602.log',1048585,2,3,3,'20180602','201806',NULL,NULL,NULL,NULL,'ojs::counter',1,1,259,5,NULL),('usage_events_20180605.log',1048585,2,1,1,'20180605','201806',NULL,NULL,NULL,NULL,'ojs::counter',1,1,259,5,NULL),('usage_events_20180605.log',1048585,2,3,3,'20180605','201806',NULL,NULL,NULL,NULL,'ojs::counter',2,1,259,5,NULL),('usage_events_20180606.log',256,2,NULL,2,'20180606','201806',NULL,NULL,NULL,NULL,'ojs::counter',1,NULL,NULL,NULL,NULL),('usage_events_20180606.log',1048585,2,6,6,'20180606','201806',NULL,NULL,NULL,NULL,'ojs::counter',1,1,259,5,NULL),('usage_events_20180710.log',256,2,NULL,2,'20180710','201807',NULL,NULL,NULL,NULL,'ojs::counter',1,NULL,NULL,NULL,NULL),('usage_events_20181007.log',256,2,NULL,2,'20181007','201810',NULL,NULL,NULL,NULL,'ojs::counter',4,NULL,NULL,NULL,NULL),('usage_events_20181009.log',256,2,NULL,2,'20181009','201810',NULL,NULL,NULL,NULL,'ojs::counter',1,NULL,NULL,NULL,NULL),('usage_events_20181009.log',259,2,NULL,5,'20181009','201810',NULL,NULL,NULL,NULL,'ojs::counter',1,NULL,NULL,NULL,NULL),('usage_events_20181010.log',256,2,NULL,2,'20181010','201810',NULL,NULL,NULL,NULL,'ojs::counter',1,NULL,NULL,NULL,NULL),('usage_events_20181010.log',259,2,NULL,5,'20181010','201810',NULL,NULL,NULL,NULL,'ojs::counter',1,NULL,NULL,NULL,NULL),('usage_events_20181013.log',1048585,2,7,7,'20181013','201810',NULL,NULL,NULL,NULL,'ojs::counter',2,1,259,5,NULL),('usage_events_20181013.log',1048585,2,7,7,'20181013','201810',NULL,NULL,NULL,NULL,'ojs::counter',2,1,259,5,NULL),('usage_events_20181016.log',1048585,2,1,1,'20181016','201810',NULL,NULL,NULL,NULL,'ojs::counter',1,1,259,5,NULL),('usage_events_20181018.log',256,2,NULL,2,'20181018','201810',NULL,NULL,NULL,NULL,'ojs::counter',6,NULL,NULL,NULL,NULL),('usage_events_20181018.log',259,2,NULL,5,'20181018','201810',NULL,NULL,NULL,NULL,'ojs::counter',7,NULL,NULL,NULL,NULL),('usage_events_20181022.log',256,2,NULL,2,'20181022','201810',NULL,NULL,NULL,NULL,'ojs::counter',2,NULL,NULL,NULL,NULL),('usage_events_20181121.log',256,2,NULL,2,'20181121','201811',NULL,NULL,NULL,NULL,'ojs::counter',1,NULL,NULL,NULL,NULL),('usage_events_20181123.log',256,2,NULL,2,'20181123','201811',NULL,NULL,NULL,NULL,'ojs::counter',1,NULL,NULL,NULL,NULL),('usage_events_20181125.log',256,2,NULL,2,'20181125','201811',NULL,NULL,NULL,NULL,'ojs::counter',1,NULL,NULL,NULL,NULL),('usage_events_20181129.log',256,2,NULL,2,'20181129','201811',NULL,NULL,NULL,NULL,'ojs::counter',3,NULL,NULL,NULL,NULL),('usage_events_20181129.log',1048585,2,5,5,'20181129','201811',NULL,NULL,NULL,NULL,'ojs::counter',1,1,NULL,NULL,NULL),('usage_events_20181129.log',1048585,2,6,6,'20181129','201811',NULL,NULL,NULL,NULL,'ojs::counter',1,1,259,5,NULL),('usage_events_20181129.log',259,2,NULL,5,'20181129','201811',NULL,NULL,NULL,NULL,'ojs::counter',4,NULL,NULL,NULL,NULL),('usage_events_20181130.log',259,2,NULL,5,'20181130','201811',NULL,NULL,NULL,NULL,'ojs::counter',1,NULL,NULL,NULL,NULL),('usage_events_20181204.log',1048585,2,6,6,'20181204','201812',NULL,NULL,NULL,NULL,'ojs::counter',1,1,259,5,NULL),('usage_events_20181207.log',256,2,NULL,2,'20181207','201812',NULL,NULL,NULL,NULL,'ojs::counter',1,NULL,NULL,NULL,NULL),('usage_events_20181207.log',1048585,2,6,6,'20181207','201812',NULL,NULL,NULL,NULL,'ojs::counter',11,1,259,5,NULL),('usage_events_20181216.log',1048585,2,6,6,'20181216','201812',NULL,NULL,NULL,NULL,'ojs::counter',3,1,259,5,NULL),('usage_events_20181223.log',256,2,NULL,2,'20181223','201812',NULL,NULL,NULL,NULL,'ojs::counter',1,NULL,NULL,NULL,NULL),('usage_events_20181226.log',256,2,NULL,2,'20181226','201812',NULL,NULL,NULL,NULL,'ojs::counter',23,NULL,NULL,NULL,NULL),('usage_events_20181226.log',259,2,NULL,5,'20181226','201812',NULL,NULL,NULL,NULL,'ojs::counter',6,NULL,NULL,NULL,NULL),('usage_events_20190102.log',256,2,NULL,2,'20190102','201901',NULL,NULL,NULL,NULL,'ojs::counter',2,NULL,NULL,NULL,NULL),('usage_events_20190102.log',1048585,2,6,6,'20190102','201901',NULL,NULL,NULL,NULL,'ojs::counter',2,1,259,5,NULL),('usage_events_20190102.log',259,2,NULL,5,'20190102','201901',NULL,NULL,NULL,NULL,'ojs::counter',3,NULL,NULL,NULL,NULL),('usage_events_20190109.log',256,2,NULL,2,'20190109','201901',NULL,NULL,NULL,NULL,'ojs::counter',2,NULL,NULL,NULL,NULL),('usage_events_20190109.log',259,2,NULL,5,'20190109','201901',NULL,NULL,NULL,NULL,'ojs::counter',1,NULL,NULL,NULL,NULL),('usage_events_20190110.log',256,2,NULL,2,'20190110','201901',NULL,NULL,NULL,NULL,'ojs::counter',5,NULL,NULL,NULL,NULL),('usage_events_20190110.log',1048585,2,1,1,'20190110','201901',NULL,NULL,NULL,NULL,'ojs::counter',3,1,259,5,NULL),('usage_events_20190110.log',1048585,2,2,2,'20190110','201901',NULL,NULL,NULL,NULL,'ojs::counter',3,1,259,5,NULL),('usage_events_20190110.log',1048585,2,3,3,'20190110','201901',NULL,NULL,NULL,NULL,'ojs::counter',3,1,259,5,NULL),('usage_events_20190110.log',1048585,2,4,4,'20190110','201901',NULL,NULL,NULL,NULL,'ojs::counter',3,1,259,5,NULL),('usage_events_20190110.log',1048585,2,5,5,'20190110','201901',NULL,NULL,NULL,NULL,'ojs::counter',3,1,NULL,NULL,NULL),('usage_events_20190110.log',1048585,2,6,6,'20190110','201901',NULL,NULL,NULL,NULL,'ojs::counter',3,1,259,5,NULL),('usage_events_20190110.log',1048585,2,7,7,'20190110','201901',NULL,NULL,NULL,NULL,'ojs::counter',3,1,259,5,NULL),('usage_events_20190110.log',259,2,NULL,5,'20190110','201901',NULL,NULL,NULL,NULL,'ojs::counter',4,NULL,NULL,NULL,NULL),('usage_events_20190117.log',1048585,2,6,6,'20190117','201901',NULL,NULL,NULL,NULL,'ojs::counter',4,1,259,5,NULL),('usage_events_20190122.log',256,2,NULL,2,'20190122','201901',NULL,NULL,NULL,NULL,'ojs::counter',2,NULL,NULL,NULL,NULL),('usage_events_20190122.log',1048585,2,6,6,'20190122','201901',NULL,NULL,NULL,NULL,'ojs::counter',1,1,259,5,NULL),('usage_events_20190131.log',259,2,NULL,5,'20190131','201901',NULL,NULL,NULL,NULL,'ojs::counter',1,NULL,NULL,NULL,NULL),('usage_events_20190202.log',256,2,NULL,2,'20190202','201902',NULL,NULL,NULL,NULL,'ojs::counter',3,NULL,NULL,NULL,NULL),('usage_events_20190202.log',259,2,NULL,5,'20190202','201902',NULL,NULL,NULL,NULL,'ojs::counter',1,NULL,NULL,NULL,NULL),('usage_events_20190203.log',1048585,2,6,6,'20190203','201902',NULL,NULL,NULL,NULL,'ojs::counter',2,1,259,5,NULL),('usage_events_20190207.log',1048585,2,6,6,'20190207','201902',NULL,NULL,NULL,NULL,'ojs::counter',1,1,259,5,NULL),('usage_events_20190221.log',256,2,NULL,2,'20190221','201902',NULL,NULL,NULL,NULL,'ojs::counter',1,NULL,NULL,NULL,NULL),('usage_events_20190225.log',1048585,2,6,6,'20190225','201902',NULL,NULL,NULL,NULL,'ojs::counter',1,1,259,5,NULL),('usage_events_20190226.log',1048585,2,6,6,'20190226','201902',NULL,NULL,NULL,NULL,'ojs::counter',1,1,259,5,NULL),('usage_events_20190226.log',1048585,2,7,7,'20190226','201902',NULL,NULL,NULL,NULL,'ojs::counter',1,1,259,5,NULL),('usage_events_20190228.log',256,2,NULL,2,'20190228','201902',NULL,NULL,NULL,NULL,'ojs::counter',4,NULL,NULL,NULL,NULL),('usage_events_20190228.log',259,2,NULL,5,'20190228','201902',NULL,NULL,NULL,NULL,'ojs::counter',1,NULL,NULL,NULL,NULL),('usage_events_20190306.log',1048585,2,6,6,'20190306','201903',NULL,NULL,NULL,NULL,'ojs::counter',2,1,259,5,NULL),('usage_events_20190307.log',256,2,NULL,2,'20190307','201903',NULL,NULL,NULL,NULL,'ojs::counter',1,NULL,NULL,NULL,NULL),('usage_events_20190314.log',256,2,NULL,2,'20190314','201903',NULL,NULL,NULL,NULL,'ojs::counter',4,NULL,NULL,NULL,NULL),('usage_events_20190314.log',1048585,2,5,5,'20190314','201903',NULL,NULL,NULL,NULL,'ojs::counter',4,1,NULL,NULL,NULL),('usage_events_20190314.log',259,2,NULL,5,'20190314','201903',NULL,NULL,NULL,NULL,'ojs::counter',4,NULL,NULL,NULL,NULL),('usage_events_20190315.log',1048585,2,7,7,'20190315','201903',NULL,NULL,NULL,NULL,'ojs::counter',2,1,259,5,NULL),('usage_events_20190318.log',256,2,NULL,2,'20190318','201903',NULL,NULL,NULL,NULL,'ojs::counter',4,NULL,NULL,NULL,NULL),('usage_events_20190318.log',1048585,2,5,5,'20190318','201903',NULL,NULL,NULL,NULL,'ojs::counter',2,1,NULL,NULL,NULL),('usage_events_20190318.log',259,2,NULL,5,'20190318','201903',NULL,NULL,NULL,NULL,'ojs::counter',8,NULL,NULL,NULL,NULL),('usage_events_20190318.log',515,2,7,40,'20190318','201903',2,NULL,NULL,NULL,'ojs::counter',2,1,259,5,26),('usage_events_20190319.log',256,2,NULL,2,'20190319','201903',NULL,NULL,NULL,NULL,'ojs::counter',3,NULL,NULL,NULL,NULL),('usage_events_20190319.log',259,2,NULL,5,'20190319','201903',NULL,NULL,NULL,NULL,'ojs::counter',3,NULL,NULL,NULL,NULL),('usage_events_20190320.log',256,2,NULL,2,'20190320','201903',NULL,NULL,NULL,NULL,'ojs::counter',2,NULL,NULL,NULL,NULL),('usage_events_20190320.log',1048585,2,5,5,'20190320','201903',NULL,NULL,NULL,NULL,'ojs::counter',1,1,NULL,NULL,NULL),('usage_events_20190322.log',256,2,NULL,2,'20190322','201903',NULL,NULL,NULL,NULL,'ojs::counter',3,NULL,NULL,NULL,NULL),('usage_events_20190321.log',256,2,NULL,2,'20190321','201903',NULL,NULL,NULL,NULL,'ojs::counter',5,NULL,NULL,NULL,NULL),('usage_events_20190321.log',259,2,NULL,5,'20190321','201903',NULL,NULL,NULL,NULL,'ojs::counter',1,NULL,NULL,NULL,NULL),('usage_events_20190324.log',256,2,NULL,2,'20190324','201903',NULL,NULL,NULL,NULL,'ojs::counter',1,NULL,NULL,NULL,NULL),('usage_events_20190326.log',256,2,NULL,2,'20190326','201903',NULL,NULL,NULL,NULL,'ojs::counter',2,NULL,NULL,NULL,NULL),('usage_events_20190327.log',256,2,NULL,2,'20190327','201903',NULL,NULL,NULL,NULL,'ojs::counter',3,NULL,NULL,NULL,NULL),('usage_events_20190327.log',1048585,2,3,3,'20190327','201903',NULL,NULL,NULL,NULL,'ojs::counter',1,1,259,5,NULL),('usage_events_20190327.log',259,2,NULL,5,'20190327','201903',NULL,NULL,NULL,NULL,'ojs::counter',5,NULL,NULL,NULL,NULL),('usage_events_20190327.log',515,2,3,28,'20190327','201903',2,NULL,NULL,NULL,'ojs::counter',1,1,259,5,15),('usage_events_20190401.log',256,2,NULL,2,'20190401','201904',NULL,NULL,NULL,NULL,'ojs::counter',1,NULL,NULL,NULL,NULL),('usage_events_20190404.log',256,2,NULL,2,'20190404','201904',NULL,NULL,NULL,NULL,'ojs::counter',1,NULL,NULL,NULL,NULL),('usage_events_20190404.log',259,2,NULL,5,'20190404','201904',NULL,NULL,NULL,NULL,'ojs::counter',1,NULL,NULL,NULL,NULL),('usage_events_20190409.log',256,2,NULL,2,'20190409','201904',NULL,NULL,NULL,NULL,'ojs::counter',1,NULL,NULL,NULL,NULL),('usage_events_20190411.log',256,2,NULL,2,'20190411','201904',NULL,NULL,NULL,NULL,'ojs::counter',2,NULL,NULL,NULL,NULL),('usage_events_20190421.log',256,2,NULL,2,'20190421','201904',NULL,NULL,NULL,NULL,'ojs::counter',1,NULL,NULL,NULL,NULL),('usage_events_20190422.log',256,2,NULL,2,'20190422','201904',NULL,NULL,NULL,NULL,'ojs::counter',2,NULL,NULL,NULL,NULL),('usage_events_20190423.log',256,2,NULL,2,'20190423','201904',NULL,NULL,NULL,NULL,'ojs::counter',3,NULL,NULL,NULL,NULL),('usage_events_20190423.log',259,2,NULL,5,'20190423','201904',NULL,NULL,NULL,NULL,'ojs::counter',1,NULL,NULL,NULL,NULL),('usage_events_20190424.log',256,2,NULL,2,'20190424','201904',NULL,NULL,NULL,NULL,'ojs::counter',1,NULL,NULL,NULL,NULL),('usage_events_20190424.log',259,2,NULL,5,'20190424','201904',NULL,NULL,NULL,NULL,'ojs::counter',1,NULL,NULL,NULL,NULL),('usage_events_20190426.log',256,2,NULL,2,'20190426','201904',NULL,NULL,NULL,NULL,'ojs::counter',2,NULL,NULL,NULL,NULL),('usage_events_20190426.log',1048585,2,3,3,'20190426','201904',NULL,NULL,NULL,NULL,'ojs::counter',3,1,259,5,NULL),('usage_events_20190426.log',259,2,NULL,5,'20190426','201904',NULL,NULL,NULL,NULL,'ojs::counter',3,NULL,NULL,NULL,NULL),('usage_events_20190426.log',515,2,3,28,'20190426','201904',2,NULL,NULL,NULL,'ojs::counter',1,1,259,5,15),('usage_events_20190427.log',256,2,NULL,2,'20190427','201904',NULL,NULL,NULL,NULL,'ojs::counter',2,NULL,NULL,NULL,NULL),('usage_events_20190427.log',259,2,NULL,5,'20190427','201904',NULL,NULL,NULL,NULL,'ojs::counter',1,NULL,NULL,NULL,NULL),('usage_events_20190502.log',1048585,2,2,2,'20190502','201905',NULL,NULL,NULL,NULL,'ojs::counter',1,1,259,5,NULL),('usage_events_20190505.log',256,2,NULL,2,'20190505','201905',NULL,NULL,NULL,NULL,'ojs::counter',2,NULL,NULL,NULL,NULL),('usage_events_20190505.log',259,2,NULL,5,'20190505','201905',NULL,NULL,NULL,NULL,'ojs::counter',1,NULL,NULL,NULL,NULL),('usage_events_20190510.log',256,2,NULL,2,'20190510','201905',NULL,NULL,NULL,NULL,'ojs::counter',1,NULL,NULL,NULL,NULL),('usage_events_20190510.log',259,2,NULL,5,'20190510','201905',NULL,NULL,NULL,NULL,'ojs::counter',1,NULL,NULL,NULL,NULL),('usage_events_20190522.log',256,2,NULL,2,'20190522','201905',NULL,NULL,NULL,NULL,'ojs::counter',1,NULL,NULL,NULL,NULL),('usage_events_20190527.log',515,2,2,35,'20190527','201905',2,NULL,NULL,NULL,'ojs::counter',1,1,259,5,22),('usage_events_20190530.log',1048585,2,6,6,'20190530','201905',NULL,NULL,NULL,NULL,'ojs::counter',1,1,259,5,NULL),('usage_events_20190619.log',256,2,NULL,2,'20190619','201906',NULL,NULL,NULL,NULL,'ojs::counter',1,NULL,NULL,NULL,NULL),('usage_events_20190620.log',1048585,2,6,6,'20190620','201906',NULL,NULL,NULL,NULL,'ojs::counter',2,1,259,5,NULL),('usage_events_20190620.log',515,2,6,38,'20190620','201906',2,NULL,NULL,NULL,'ojs::counter',1,1,259,5,25),('usage_events_20190625.log',256,2,NULL,2,'20190625','201906',NULL,NULL,NULL,NULL,'ojs::counter',4,NULL,NULL,NULL,NULL),('usage_events_20190625.log',1048585,2,1,1,'20190625','201906',NULL,NULL,NULL,NULL,'ojs::counter',1,1,259,5,NULL),('usage_events_20190625.log',259,2,NULL,5,'20190625','201906',NULL,NULL,NULL,NULL,'ojs::counter',5,NULL,NULL,NULL,NULL),('usage_events_20190627.log',256,2,NULL,2,'20190627','201906',NULL,NULL,NULL,NULL,'ojs::counter',1,NULL,NULL,NULL,NULL),('usage_events_20190630.log',1048585,2,1,1,'20190630','201906',NULL,NULL,NULL,NULL,'ojs::counter',1,1,259,5,NULL),('usage_events_20190630.log',1048585,2,2,2,'20190630','201906',NULL,NULL,NULL,NULL,'ojs::counter',1,1,259,5,NULL),('usage_events_20190630.log',1048585,2,4,4,'20190630','201906',NULL,NULL,NULL,NULL,'ojs::counter',1,1,259,5,NULL),('usage_events_20190630.log',1048585,2,6,6,'20190630','201906',NULL,NULL,NULL,NULL,'ojs::counter',1,1,259,5,NULL),('usage_events_20190630.log',1048585,2,7,7,'20190630','201906',NULL,NULL,NULL,NULL,'ojs::counter',1,1,259,5,NULL),('usage_events_20190630.log',259,2,NULL,5,'20190630','201906',NULL,NULL,NULL,NULL,'ojs::counter',1,NULL,NULL,NULL,NULL),('usage_events_20190704.log',256,2,NULL,2,'20190704','201907',NULL,NULL,NULL,NULL,'ojs::counter',1,NULL,NULL,NULL,NULL),('usage_events_20190704.log',259,2,NULL,5,'20190704','201907',NULL,NULL,NULL,NULL,'ojs::counter',1,NULL,NULL,NULL,NULL),('usage_events_20190706.log',1048585,2,1,1,'20190706','201907',NULL,NULL,NULL,NULL,'ojs::counter',1,1,259,5,NULL),('usage_events_20190706.log',1048585,2,2,2,'20190706','201907',NULL,NULL,NULL,NULL,'ojs::counter',2,1,259,5,NULL),('usage_events_20190706.log',1048585,2,4,4,'20190706','201907',NULL,NULL,NULL,NULL,'ojs::counter',1,1,259,5,NULL),('usage_events_20190706.log',1048585,2,6,6,'20190706','201907',NULL,NULL,NULL,NULL,'ojs::counter',1,1,259,5,NULL),('usage_events_20190706.log',1048585,2,7,7,'20190706','201907',NULL,NULL,NULL,NULL,'ojs::counter',1,1,259,5,NULL),('usage_events_20190706.log',259,2,NULL,5,'20190706','201907',NULL,NULL,NULL,NULL,'ojs::counter',1,NULL,NULL,NULL,NULL),('usage_events_20190707.log',1048585,2,2,2,'20190707','201907',NULL,NULL,NULL,NULL,'ojs::counter',1,1,259,5,NULL),('usage_events_20190711.log',256,2,NULL,2,'20190711','201907',NULL,NULL,NULL,NULL,'ojs::counter',1,NULL,NULL,NULL,NULL),('usage_events_20190711.log',259,2,NULL,5,'20190711','201907',NULL,NULL,NULL,NULL,'ojs::counter',1,NULL,NULL,NULL,NULL),('usage_events_20190711.log',515,2,3,28,'20190711','201907',2,NULL,NULL,NULL,'ojs::counter',1,1,259,5,15),('usage_events_20190715.log',515,2,4,36,'20190715','201907',2,NULL,NULL,NULL,'ojs::counter',1,1,259,5,23),('usage_events_20190716.log',256,2,NULL,2,'20190716','201907',NULL,NULL,NULL,NULL,'ojs::counter',1,NULL,NULL,NULL,NULL),('usage_events_20190716.log',1048585,2,1,1,'20190716','201907',NULL,NULL,NULL,NULL,'ojs::counter',1,1,259,5,NULL),('usage_events_20190716.log',1048585,2,2,2,'20190716','201907',NULL,NULL,NULL,NULL,'ojs::counter',1,1,259,5,NULL),('usage_events_20190716.log',1048585,2,3,3,'20190716','201907',NULL,NULL,NULL,NULL,'ojs::counter',1,1,259,5,NULL),('usage_events_20190716.log',1048585,2,4,4,'20190716','201907',NULL,NULL,NULL,NULL,'ojs::counter',1,1,259,5,NULL),('usage_events_20190716.log',1048585,2,6,6,'20190716','201907',NULL,NULL,NULL,NULL,'ojs::counter',1,1,259,5,NULL),('usage_events_20190716.log',1048585,2,7,7,'20190716','201907',NULL,NULL,NULL,NULL,'ojs::counter',1,1,259,5,NULL),('usage_events_20190716.log',259,2,NULL,5,'20190716','201907',NULL,NULL,NULL,NULL,'ojs::counter',1,NULL,NULL,NULL,NULL),('usage_events_20190719.log',256,2,NULL,2,'20190719','201907',NULL,NULL,NULL,NULL,'ojs::counter',3,NULL,NULL,NULL,NULL),('usage_events_20190719.log',1048585,2,1,1,'20190719','201907',NULL,NULL,NULL,NULL,'ojs::counter',1,1,259,5,NULL),('usage_events_20190719.log',1048585,2,2,2,'20190719','201907',NULL,NULL,NULL,NULL,'ojs::counter',1,1,259,5,NULL),('usage_events_20190719.log',259,2,NULL,5,'20190719','201907',NULL,NULL,NULL,NULL,'ojs::counter',2,NULL,NULL,NULL,NULL),('usage_events_20190719.log',515,2,3,28,'20190719','201907',2,NULL,NULL,NULL,'ojs::counter',2,1,259,5,15),('usage_events_20190719.log',515,2,1,29,'20190719','201907',2,NULL,NULL,NULL,'ojs::counter',2,1,259,5,16),('usage_events_20190719.log',515,2,2,35,'20190719','201907',2,NULL,NULL,NULL,'ojs::counter',2,1,259,5,22),('usage_events_20190719.log',515,2,4,36,'20190719','201907',2,NULL,NULL,NULL,'ojs::counter',3,1,259,5,23),('usage_events_20190719.log',515,2,6,38,'20190719','201907',2,NULL,NULL,NULL,'ojs::counter',2,1,259,5,25),('usage_events_20190719.log',515,2,7,40,'20190719','201907',2,NULL,NULL,NULL,'ojs::counter',1,1,259,5,26),('usage_events_20190721.log',1048585,2,6,6,'20190721','201907',NULL,NULL,NULL,NULL,'ojs::counter',1,1,259,5,NULL),('usage_events_20190722.log',256,2,NULL,2,'20190722','201907',NULL,NULL,NULL,NULL,'ojs::counter',2,NULL,NULL,NULL,NULL),('usage_events_20190722.log',1048585,2,2,2,'20190722','201907',NULL,NULL,NULL,NULL,'ojs::counter',1,1,259,5,NULL),('usage_events_20190722.log',1048585,2,3,3,'20190722','201907',NULL,NULL,NULL,NULL,'ojs::counter',1,1,259,5,NULL),('usage_events_20190722.log',1048585,2,4,4,'20190722','201907',NULL,NULL,NULL,NULL,'ojs::counter',1,1,259,5,NULL),('usage_events_20190722.log',259,2,NULL,5,'20190722','201907',NULL,NULL,NULL,NULL,'ojs::counter',1,NULL,NULL,NULL,NULL),('usage_events_20190727.log',1048585,2,1,1,'20190727','201907',NULL,NULL,NULL,NULL,'ojs::counter',1,1,259,5,NULL),('usage_events_20190727.log',1048585,2,2,2,'20190727','201907',NULL,NULL,NULL,NULL,'ojs::counter',1,1,259,5,NULL),('usage_events_20190727.log',1048585,2,4,4,'20190727','201907',NULL,NULL,NULL,NULL,'ojs::counter',1,1,259,5,NULL),('usage_events_20190727.log',1048585,2,6,6,'20190727','201907',NULL,NULL,NULL,NULL,'ojs::counter',1,1,259,5,NULL),('usage_events_20190727.log',1048585,2,7,7,'20190727','201907',NULL,NULL,NULL,NULL,'ojs::counter',1,1,259,5,NULL),('usage_events_20190727.log',259,2,NULL,5,'20190727','201907',NULL,NULL,NULL,NULL,'ojs::counter',1,NULL,NULL,NULL,NULL),('usage_events_20190729.log',256,2,NULL,2,'20190729','201907',NULL,NULL,NULL,NULL,'ojs::counter',1,NULL,NULL,NULL,NULL),('usage_events_20190731.log',1048585,2,2,2,'20190731','201907',NULL,NULL,NULL,NULL,'ojs::counter',5,1,259,5,NULL),('usage_events_20190731.log',1048585,2,6,6,'20190731','201907',NULL,NULL,NULL,NULL,'ojs::counter',1,1,259,5,NULL),('usage_events_20190801.log',1048585,2,6,6,'20190801','201908',NULL,NULL,NULL,NULL,'ojs::counter',1,1,259,5,NULL),('usage_events_20190802.log',256,2,NULL,2,'20190802','201908',NULL,NULL,NULL,NULL,'ojs::counter',4,NULL,NULL,NULL,NULL),('usage_events_20190802.log',259,2,NULL,5,'20190802','201908',NULL,NULL,NULL,NULL,'ojs::counter',3,NULL,NULL,NULL,NULL),('usage_events_20190803.log',515,2,6,38,'20190803','201908',2,NULL,NULL,NULL,'ojs::counter',1,1,259,5,25),('usage_events_20190804.log',1048585,2,2,2,'20190804','201908',NULL,NULL,NULL,NULL,'ojs::counter',1,1,259,5,NULL),('usage_events_20190805.log',256,2,NULL,2,'20190805','201908',NULL,NULL,NULL,NULL,'ojs::counter',3,NULL,NULL,NULL,NULL),('usage_events_20190805.log',1048585,2,2,2,'20190805','201908',NULL,NULL,NULL,NULL,'ojs::counter',2,1,259,5,NULL),('usage_events_20190805.log',259,2,NULL,5,'20190805','201908',NULL,NULL,NULL,NULL,'ojs::counter',4,NULL,NULL,NULL,NULL),('usage_events_20190806.log',256,2,NULL,2,'20190806','201908',NULL,NULL,NULL,NULL,'ojs::counter',5,NULL,NULL,NULL,NULL),('usage_events_20190806.log',1048585,2,6,6,'20190806','201908',NULL,NULL,NULL,NULL,'ojs::counter',1,1,259,5,NULL),('usage_events_20190807.log',1048585,2,6,6,'20190807','201908',NULL,NULL,NULL,NULL,'ojs::counter',1,1,259,5,NULL),('usage_events_20190811.log',1048585,2,2,2,'20190811','201908',NULL,NULL,NULL,NULL,'ojs::counter',1,1,259,5,NULL),('usage_events_20190816.log',259,2,NULL,5,'20190816','201908',NULL,NULL,NULL,NULL,'ojs::counter',1,NULL,NULL,NULL,NULL),('usage_events_20190819.log',256,2,NULL,2,'20190819','201908',NULL,NULL,NULL,NULL,'ojs::counter',4,NULL,NULL,NULL,NULL),('usage_events_20190819.log',1048585,2,7,7,'20190819','201908',NULL,NULL,NULL,NULL,'ojs::counter',1,1,259,5,NULL),('usage_events_20190827.log',256,2,NULL,2,'20190827','201908',NULL,NULL,NULL,NULL,'ojs::counter',10,NULL,NULL,NULL,NULL),('usage_events_20190828.log',256,2,NULL,2,'20190828','201908',NULL,NULL,NULL,NULL,'ojs::counter',1,NULL,NULL,NULL,NULL),('usage_events_20190829.log',256,2,NULL,2,'20190829','201908',NULL,NULL,NULL,NULL,'ojs::counter',3,NULL,NULL,NULL,NULL),('usage_events_20190829.log',259,2,NULL,5,'20190829','201908',NULL,NULL,NULL,NULL,'ojs::counter',1,NULL,NULL,NULL,NULL),('usage_events_20190831.log',1048585,2,1,1,'20190831','201908',NULL,NULL,NULL,NULL,'ojs::counter',2,1,259,5,NULL),('usage_events_20190831.log',1048585,2,2,2,'20190831','201908',NULL,NULL,NULL,NULL,'ojs::counter',2,1,259,5,NULL),('usage_events_20190831.log',1048585,2,4,4,'20190831','201908',NULL,NULL,NULL,NULL,'ojs::counter',2,1,259,5,NULL),('usage_events_20190831.log',1048585,2,6,6,'20190831','201908',NULL,NULL,NULL,NULL,'ojs::counter',2,1,259,5,NULL),('usage_events_20190831.log',1048585,2,7,7,'20190831','201908',NULL,NULL,NULL,NULL,'ojs::counter',2,1,259,5,NULL),('usage_events_20190831.log',259,2,NULL,5,'20190831','201908',NULL,NULL,NULL,NULL,'ojs::counter',2,NULL,NULL,NULL,NULL),('usage_events_20190903.log',256,2,NULL,2,'20190903','201909',NULL,NULL,NULL,NULL,'ojs::counter',1,NULL,NULL,NULL,NULL),('usage_events_20190904.log',256,2,NULL,2,'20190904','201909',NULL,NULL,NULL,NULL,'ojs::counter',32,NULL,NULL,NULL,NULL),('usage_events_20190904.log',1048585,2,3,3,'20190904','201909',NULL,NULL,NULL,NULL,'ojs::counter',1,1,259,5,NULL),('usage_events_20190904.log',259,2,NULL,5,'20190904','201909',NULL,NULL,NULL,NULL,'ojs::counter',4,NULL,NULL,NULL,NULL),('usage_events_20190904.log',515,2,3,28,'20190904','201909',2,NULL,NULL,NULL,'ojs::counter',1,1,259,5,15),('usage_events_20190905.log',256,2,NULL,2,'20190905','201909',NULL,NULL,NULL,NULL,'ojs::counter',27,NULL,NULL,NULL,NULL),('usage_events_20190905.log',259,2,NULL,5,'20190905','201909',NULL,NULL,NULL,NULL,'ojs::counter',3,NULL,NULL,NULL,NULL),('usage_events_20190906.log',256,2,NULL,2,'20190906','201909',NULL,NULL,NULL,NULL,'ojs::counter',1,NULL,NULL,NULL,NULL),('usage_events_20190907.log',256,2,NULL,2,'20190907','201909',NULL,NULL,NULL,NULL,'ojs::counter',1,NULL,NULL,NULL,NULL),('usage_events_20190909.log',256,2,NULL,2,'20190909','201909',NULL,NULL,NULL,NULL,'ojs::counter',1,NULL,NULL,NULL,NULL),('usage_events_20190910.log',256,2,NULL,2,'20190910','201909',NULL,NULL,NULL,NULL,'ojs::counter',1,NULL,NULL,NULL,NULL),('usage_events_20190912.log',256,2,NULL,2,'20190912','201909',NULL,NULL,NULL,NULL,'ojs::counter',1,NULL,NULL,NULL,NULL),('usage_events_20190913.log',256,2,NULL,2,'20190913','201909',NULL,NULL,NULL,NULL,'ojs::counter',1,NULL,NULL,NULL,NULL),('usage_events_20190914.log',256,2,NULL,2,'20190914','201909',NULL,NULL,NULL,NULL,'ojs::counter',3,NULL,NULL,NULL,NULL),('usage_events_20190914.log',1048585,2,1,1,'20190914','201909',NULL,NULL,NULL,NULL,'ojs::counter',1,1,259,5,NULL),('usage_events_20190914.log',1048585,2,2,2,'20190914','201909',NULL,NULL,NULL,NULL,'ojs::counter',1,1,259,5,NULL),('usage_events_20190914.log',1048585,2,3,3,'20190914','201909',NULL,NULL,NULL,NULL,'ojs::counter',1,1,259,5,NULL),('usage_events_20190914.log',1048585,2,4,4,'20190914','201909',NULL,NULL,NULL,NULL,'ojs::counter',1,1,259,5,NULL),('usage_events_20190914.log',1048585,2,6,6,'20190914','201909',NULL,NULL,NULL,NULL,'ojs::counter',1,1,259,5,NULL),('usage_events_20190914.log',1048585,2,7,7,'20190914','201909',NULL,NULL,NULL,NULL,'ojs::counter',1,1,259,5,NULL),('usage_events_20190914.log',259,2,NULL,5,'20190914','201909',NULL,NULL,NULL,NULL,'ojs::counter',2,NULL,NULL,NULL,NULL),('usage_events_20190917.log',256,2,NULL,2,'20190917','201909',NULL,NULL,NULL,NULL,'ojs::counter',2,NULL,NULL,NULL,NULL),('usage_events_20190917.log',1048585,2,1,1,'20190917','201909',NULL,NULL,NULL,NULL,'ojs::counter',1,1,259,5,NULL),('usage_events_20190917.log',1048585,2,2,2,'20190917','201909',NULL,NULL,NULL,NULL,'ojs::counter',1,1,259,5,NULL),('usage_events_20190917.log',1048585,2,3,3,'20190917','201909',NULL,NULL,NULL,NULL,'ojs::counter',1,1,259,5,NULL),('usage_events_20190917.log',1048585,2,4,4,'20190917','201909',NULL,NULL,NULL,NULL,'ojs::counter',1,1,259,5,NULL),('usage_events_20190917.log',1048585,2,6,6,'20190917','201909',NULL,NULL,NULL,NULL,'ojs::counter',1,1,259,5,NULL),('usage_events_20190917.log',1048585,2,7,7,'20190917','201909',NULL,NULL,NULL,NULL,'ojs::counter',1,1,259,5,NULL),('usage_events_20190917.log',259,2,NULL,5,'20190917','201909',NULL,NULL,NULL,NULL,'ojs::counter',1,NULL,NULL,NULL,NULL),('usage_events_20190922.log',256,2,NULL,2,'20190922','201909',NULL,NULL,NULL,NULL,'ojs::counter',2,NULL,NULL,NULL,NULL),('usage_events_20190922.log',1048585,2,1,1,'20190922','201909',NULL,NULL,NULL,NULL,'ojs::counter',2,1,259,5,NULL),('usage_events_20190922.log',1048585,2,2,2,'20190922','201909',NULL,NULL,NULL,NULL,'ojs::counter',2,1,259,5,NULL),('usage_events_20190922.log',1048585,2,3,3,'20190922','201909',NULL,NULL,NULL,NULL,'ojs::counter',2,1,259,5,NULL),('usage_events_20190922.log',1048585,2,4,4,'20190922','201909',NULL,NULL,NULL,NULL,'ojs::counter',2,1,259,5,NULL),('usage_events_20190922.log',1048585,2,6,6,'20190922','201909',NULL,NULL,NULL,NULL,'ojs::counter',2,1,259,5,NULL),('usage_events_20190922.log',1048585,2,7,7,'20190922','201909',NULL,NULL,NULL,NULL,'ojs::counter',1,1,259,5,NULL),('usage_events_20190922.log',259,2,NULL,5,'20190922','201909',NULL,NULL,NULL,NULL,'ojs::counter',1,NULL,NULL,NULL,NULL),('usage_events_20190922.log',515,2,3,28,'20190922','201909',2,NULL,NULL,NULL,'ojs::counter',1,1,259,5,15),('usage_events_20190922.log',515,2,1,29,'20190922','201909',2,NULL,NULL,NULL,'ojs::counter',1,1,259,5,16),('usage_events_20190922.log',515,2,2,35,'20190922','201909',2,NULL,NULL,NULL,'ojs::counter',1,1,259,5,22),('usage_events_20190922.log',515,2,4,36,'20190922','201909',2,NULL,NULL,NULL,'ojs::counter',1,1,259,5,23),('usage_events_20190922.log',515,2,7,40,'20190922','201909',2,NULL,NULL,NULL,'ojs::counter',1,1,259,5,26),('usage_events_20190923.log',256,2,NULL,2,'20190923','201909',NULL,NULL,NULL,NULL,'ojs::counter',1,NULL,NULL,NULL,NULL),('usage_events_20190923.log',1048585,2,1,1,'20190923','201909',NULL,NULL,NULL,NULL,'ojs::counter',1,1,259,5,NULL),('usage_events_20190923.log',1048585,2,2,2,'20190923','201909',NULL,NULL,NULL,NULL,'ojs::counter',1,1,259,5,NULL),('usage_events_20190923.log',1048585,2,4,4,'20190923','201909',NULL,NULL,NULL,NULL,'ojs::counter',1,1,259,5,NULL),('usage_events_20190923.log',1048585,2,6,6,'20190923','201909',NULL,NULL,NULL,NULL,'ojs::counter',1,1,259,5,NULL),('usage_events_20190923.log',1048585,2,7,7,'20190923','201909',NULL,NULL,NULL,NULL,'ojs::counter',1,1,259,5,NULL),('usage_events_20190923.log',259,2,NULL,5,'20190923','201909',NULL,NULL,NULL,NULL,'ojs::counter',1,NULL,NULL,NULL,NULL),('usage_events_20190923.log',515,2,6,38,'20190923','201909',2,NULL,NULL,NULL,'ojs::counter',1,1,259,5,25),('usage_events_20190925.log',256,2,NULL,2,'20190925','201909',NULL,NULL,NULL,NULL,'ojs::counter',1,NULL,NULL,NULL,NULL),('usage_events_20190930.log',256,2,NULL,2,'20190930','201909',NULL,NULL,NULL,NULL,'ojs::counter',1,NULL,NULL,NULL,NULL),('usage_events_20191002.log',256,2,NULL,2,'20191002','201910',NULL,NULL,NULL,NULL,'ojs::counter',4,NULL,NULL,NULL,NULL),('usage_events_20191003.log',256,2,NULL,2,'20191003','201910',NULL,NULL,NULL,NULL,'ojs::counter',28,NULL,NULL,NULL,NULL),('usage_events_20191003.log',1048585,2,1,1,'20191003','201910',NULL,NULL,NULL,NULL,'ojs::counter',2,1,259,5,NULL),('usage_events_20191003.log',1048585,2,2,2,'20191003','201910',NULL,NULL,NULL,NULL,'ojs::counter',2,1,259,5,NULL),('usage_events_20191003.log',1048585,2,3,3,'20191003','201910',NULL,NULL,NULL,NULL,'ojs::counter',1,1,259,5,NULL),('usage_events_20191003.log',1048585,2,4,4,'20191003','201910',NULL,NULL,NULL,NULL,'ojs::counter',2,1,259,5,NULL),('usage_events_20191003.log',1048585,2,6,6,'20191003','201910',NULL,NULL,NULL,NULL,'ojs::counter',2,1,259,5,NULL),('usage_events_20191003.log',1048585,2,7,7,'20191003','201910',NULL,NULL,NULL,NULL,'ojs::counter',2,1,259,5,NULL),('usage_events_20191003.log',259,2,NULL,5,'20191003','201910',NULL,NULL,NULL,NULL,'ojs::counter',3,NULL,NULL,NULL,NULL),('usage_events_20191004.log',256,2,NULL,2,'20191004','201910',NULL,NULL,NULL,NULL,'ojs::counter',8,NULL,NULL,NULL,NULL),('usage_events_20191004.log',259,2,NULL,5,'20191004','201910',NULL,NULL,NULL,NULL,'ojs::counter',2,NULL,NULL,NULL,NULL),('usage_events_20191006.log',256,2,NULL,2,'20191006','201910',NULL,NULL,NULL,NULL,'ojs::counter',2,NULL,NULL,NULL,NULL),('usage_events_20191007.log',256,2,NULL,2,'20191007','201910',NULL,NULL,NULL,NULL,'ojs::counter',2,NULL,NULL,NULL,NULL),('usage_events_20191007.log',1048585,2,1,1,'20191007','201910',NULL,NULL,NULL,NULL,'ojs::counter',1,1,259,5,NULL),('usage_events_20191007.log',1048585,2,2,2,'20191007','201910',NULL,NULL,NULL,NULL,'ojs::counter',1,1,259,5,NULL),('usage_events_20191007.log',1048585,2,3,3,'20191007','201910',NULL,NULL,NULL,NULL,'ojs::counter',1,1,259,5,NULL),('usage_events_20191007.log',1048585,2,4,4,'20191007','201910',NULL,NULL,NULL,NULL,'ojs::counter',1,1,259,5,NULL),('usage_events_20191007.log',1048585,2,6,6,'20191007','201910',NULL,NULL,NULL,NULL,'ojs::counter',1,1,259,5,NULL),('usage_events_20191007.log',1048585,2,7,7,'20191007','201910',NULL,NULL,NULL,NULL,'ojs::counter',1,1,259,5,NULL),('usage_events_20191007.log',259,2,NULL,5,'20191007','201910',NULL,NULL,NULL,NULL,'ojs::counter',1,NULL,NULL,NULL,NULL),('usage_events_20191008.log',256,2,NULL,2,'20191008','201910',NULL,NULL,NULL,NULL,'ojs::counter',4,NULL,NULL,NULL,NULL),('usage_events_20191008.log',259,2,NULL,5,'20191008','201910',NULL,NULL,NULL,NULL,'ojs::counter',1,NULL,NULL,NULL,NULL),('usage_events_20191011.log',256,2,NULL,2,'20191011','201910',NULL,NULL,NULL,NULL,'ojs::counter',1,NULL,NULL,NULL,NULL),('usage_events_20191015.log',515,2,2,35,'20191015','201910',2,NULL,NULL,NULL,'ojs::counter',1,1,259,5,22),('usage_events_20191016.log',1048585,2,1,1,'20191016','201910',NULL,NULL,NULL,NULL,'ojs::counter',1,1,259,5,NULL),('usage_events_20191016.log',1048585,2,2,2,'20191016','201910',NULL,NULL,NULL,NULL,'ojs::counter',1,1,259,5,NULL),('usage_events_20191016.log',1048585,2,4,4,'20191016','201910',NULL,NULL,NULL,NULL,'ojs::counter',1,1,259,5,NULL),('usage_events_20191016.log',1048585,2,6,6,'20191016','201910',NULL,NULL,NULL,NULL,'ojs::counter',1,1,259,5,NULL),('usage_events_20191016.log',1048585,2,7,7,'20191016','201910',NULL,NULL,NULL,NULL,'ojs::counter',1,1,259,5,NULL),('usage_events_20191016.log',259,2,NULL,5,'20191016','201910',NULL,NULL,NULL,NULL,'ojs::counter',1,NULL,NULL,NULL,NULL),('usage_events_20191019.log',256,2,NULL,2,'20191019','201910',NULL,NULL,NULL,NULL,'ojs::counter',2,NULL,NULL,NULL,NULL),('usage_events_20191020.log',256,2,NULL,2,'20191020','201910',NULL,NULL,NULL,NULL,'ojs::counter',2,NULL,NULL,NULL,NULL),('usage_events_20191022.log',1048585,2,6,6,'20191022','201910',NULL,NULL,NULL,NULL,'ojs::counter',1,1,259,5,NULL),('usage_events_20191023.log',256,2,NULL,2,'20191023','201910',NULL,NULL,NULL,NULL,'ojs::counter',1,NULL,NULL,NULL,NULL),('usage_events_20191023.log',1048585,2,6,6,'20191023','201910',NULL,NULL,NULL,NULL,'ojs::counter',1,1,259,5,NULL),('usage_events_20191025.log',256,2,NULL,2,'20191025','201910',NULL,NULL,NULL,NULL,'ojs::counter',1,NULL,NULL,NULL,NULL),('usage_events_20191025.log',1048585,2,2,2,'20191025','201910',NULL,NULL,NULL,NULL,'ojs::counter',2,1,259,5,NULL),('usage_events_20191030.log',256,2,NULL,2,'20191030','201910',NULL,NULL,NULL,NULL,'ojs::counter',2,NULL,NULL,NULL,NULL),('usage_events_20191104.log',515,2,2,35,'20191104','201911',2,NULL,NULL,NULL,'ojs::counter',2,1,259,5,22),('usage_events_20191105.log',515,2,2,35,'20191105','201911',2,NULL,NULL,NULL,'ojs::counter',2,1,259,5,22),('usage_events_20191106.log',515,2,2,35,'20191106','201911',2,NULL,NULL,NULL,'ojs::counter',2,1,259,5,22),('usage_events_20191107.log',256,2,NULL,2,'20191107','201911',NULL,NULL,NULL,NULL,'ojs::counter',1,NULL,NULL,NULL,NULL),('usage_events_20191108.log',256,2,NULL,2,'20191108','201911',NULL,NULL,NULL,NULL,'ojs::counter',1,NULL,NULL,NULL,NULL),('usage_events_20191108.log',515,2,7,40,'20191108','201911',2,NULL,NULL,NULL,'ojs::counter',1,1,259,5,26),('usage_events_20191109.log',256,2,NULL,2,'20191109','201911',NULL,NULL,NULL,NULL,'ojs::counter',1,NULL,NULL,NULL,NULL),('usage_events_20191109.log',259,2,NULL,5,'20191109','201911',NULL,NULL,NULL,NULL,'ojs::counter',1,NULL,NULL,NULL,NULL),('usage_events_20191109.log',515,2,1,29,'20191109','201911',2,NULL,NULL,NULL,'ojs::counter',1,1,259,5,16),('usage_events_20191110.log',1048585,2,1,1,'20191110','201911',NULL,NULL,NULL,NULL,'ojs::counter',1,1,259,5,NULL),('usage_events_20191110.log',1048585,2,2,2,'20191110','201911',NULL,NULL,NULL,NULL,'ojs::counter',1,1,259,5,NULL),('usage_events_20191110.log',1048585,2,4,4,'20191110','201911',NULL,NULL,NULL,NULL,'ojs::counter',1,1,259,5,NULL),('usage_events_20191110.log',1048585,2,6,6,'20191110','201911',NULL,NULL,NULL,NULL,'ojs::counter',1,1,259,5,NULL),('usage_events_20191110.log',1048585,2,7,7,'20191110','201911',NULL,NULL,NULL,NULL,'ojs::counter',1,1,259,5,NULL),('usage_events_20191110.log',259,2,NULL,5,'20191110','201911',NULL,NULL,NULL,NULL,'ojs::counter',2,NULL,NULL,NULL,NULL),('usage_events_20191111.log',256,2,NULL,2,'20191111','201911',NULL,NULL,NULL,NULL,'ojs::counter',2,NULL,NULL,NULL,NULL),('usage_events_20191112.log',256,2,NULL,2,'20191112','201911',NULL,NULL,NULL,NULL,'ojs::counter',1,NULL,NULL,NULL,NULL),('usage_events_20191113.log',256,2,NULL,2,'20191113','201911',NULL,NULL,NULL,NULL,'ojs::counter',1,NULL,NULL,NULL,NULL),('usage_events_20191113.log',259,2,NULL,5,'20191113','201911',NULL,NULL,NULL,NULL,'ojs::counter',1,NULL,NULL,NULL,NULL),('usage_events_20191115.log',256,2,NULL,2,'20191115','201911',NULL,NULL,NULL,NULL,'ojs::counter',1,NULL,NULL,NULL,NULL),('usage_events_20191118.log',515,2,3,28,'20191118','201911',2,NULL,NULL,NULL,'ojs::counter',2,1,259,5,15),('usage_events_20191119.log',256,2,NULL,2,'20191119','201911',NULL,NULL,NULL,NULL,'ojs::counter',3,NULL,NULL,NULL,NULL),('usage_events_20191119.log',1048585,2,1,1,'20191119','201911',NULL,NULL,NULL,NULL,'ojs::counter',1,1,259,5,NULL),('usage_events_20191120.log',256,2,NULL,2,'20191120','201911',NULL,NULL,NULL,NULL,'ojs::counter',17,NULL,NULL,NULL,NULL),('usage_events_20191120.log',1048585,2,1,1,'20191120','201911',NULL,NULL,NULL,NULL,'ojs::counter',7,1,259,5,NULL),('usage_events_20191120.log',1048585,2,2,2,'20191120','201911',NULL,NULL,NULL,NULL,'ojs::counter',7,1,259,5,NULL),('usage_events_20191120.log',1048585,2,3,3,'20191120','201911',NULL,NULL,NULL,NULL,'ojs::counter',7,1,259,5,NULL),('usage_events_20191120.log',1048585,2,4,4,'20191120','201911',NULL,NULL,NULL,NULL,'ojs::counter',7,1,259,5,NULL),('usage_events_20191120.log',1048585,2,6,6,'20191120','201911',NULL,NULL,NULL,NULL,'ojs::counter',7,1,259,5,NULL),('usage_events_20191120.log',1048585,2,7,7,'20191120','201911',NULL,NULL,NULL,NULL,'ojs::counter',7,1,259,5,NULL),('usage_events_20191120.log',259,2,NULL,5,'20191120','201911',NULL,NULL,NULL,NULL,'ojs::counter',6,NULL,NULL,NULL,NULL),('usage_events_20191120.log',515,2,3,28,'20191120','201911',2,NULL,NULL,NULL,'ojs::counter',6,1,259,5,15),('usage_events_20191120.log',515,2,1,29,'20191120','201911',2,NULL,NULL,NULL,'ojs::counter',6,1,259,5,16),('usage_events_20191120.log',515,2,2,35,'20191120','201911',2,NULL,NULL,NULL,'ojs::counter',6,1,259,5,22),('usage_events_20191120.log',515,2,4,36,'20191120','201911',2,NULL,NULL,NULL,'ojs::counter',6,1,259,5,23),('usage_events_20191120.log',515,2,6,38,'20191120','201911',2,NULL,NULL,NULL,'ojs::counter',6,1,259,5,25),('usage_events_20191120.log',515,2,7,40,'20191120','201911',2,NULL,NULL,NULL,'ojs::counter',6,1,259,5,26),('usage_events_20191121.log',256,2,NULL,2,'20191121','201911',NULL,NULL,NULL,NULL,'ojs::counter',5,NULL,NULL,NULL,NULL),('usage_events_20191121.log',1048585,2,1,1,'20191121','201911',NULL,NULL,NULL,NULL,'ojs::counter',4,1,259,5,NULL),('usage_events_20191121.log',1048585,2,2,2,'20191121','201911',NULL,NULL,NULL,NULL,'ojs::counter',3,1,259,5,NULL),('usage_events_20191121.log',1048585,2,3,3,'20191121','201911',NULL,NULL,NULL,NULL,'ojs::counter',3,1,259,5,NULL),('usage_events_20191121.log',1048585,2,4,4,'20191121','201911',NULL,NULL,NULL,NULL,'ojs::counter',3,1,259,5,NULL),('usage_events_20191121.log',1048585,2,6,6,'20191121','201911',NULL,NULL,NULL,NULL,'ojs::counter',3,1,259,5,NULL),('usage_events_20191121.log',1048585,2,7,7,'20191121','201911',NULL,NULL,NULL,NULL,'ojs::counter',3,1,259,5,NULL),('usage_events_20191121.log',259,2,NULL,5,'20191121','201911',NULL,NULL,NULL,NULL,'ojs::counter',3,NULL,NULL,NULL,NULL),('usage_events_20191121.log',515,2,3,28,'20191121','201911',2,NULL,NULL,NULL,'ojs::counter',2,1,259,5,15),('usage_events_20191121.log',515,2,1,29,'20191121','201911',2,NULL,NULL,NULL,'ojs::counter',2,1,259,5,16),('usage_events_20191121.log',515,2,2,35,'20191121','201911',2,NULL,NULL,NULL,'ojs::counter',2,1,259,5,22),('usage_events_20191121.log',515,2,4,36,'20191121','201911',2,NULL,NULL,NULL,'ojs::counter',2,1,259,5,23),('usage_events_20191121.log',515,2,6,38,'20191121','201911',2,NULL,NULL,NULL,'ojs::counter',2,1,259,5,25),('usage_events_20191121.log',515,2,7,40,'20191121','201911',2,NULL,NULL,NULL,'ojs::counter',2,1,259,5,26),('usage_events_20191122.log',1048585,2,2,2,'20191122','201911',NULL,NULL,NULL,NULL,'ojs::counter',5,1,259,5,NULL),('usage_events_20191122.log',515,2,2,35,'20191122','201911',2,NULL,NULL,NULL,'ojs::counter',1,1,259,5,22),('usage_events_20191127.log',256,2,NULL,2,'20191127','201911',NULL,NULL,NULL,NULL,'ojs::counter',1,NULL,NULL,NULL,NULL),('usage_events_20191129.log',256,2,NULL,2,'20191129','201911',NULL,NULL,NULL,NULL,'ojs::counter',3,NULL,NULL,NULL,NULL),('usage_events_20191201.log',256,2,NULL,2,'20191201','201912',NULL,NULL,NULL,NULL,'ojs::counter',1,NULL,NULL,NULL,NULL),('usage_events_20191201.log',1048585,2,1,1,'20191201','201912',NULL,NULL,NULL,NULL,'ojs::counter',1,1,259,5,NULL),('usage_events_20191201.log',1048585,2,2,2,'20191201','201912',NULL,NULL,NULL,NULL,'ojs::counter',1,1,259,5,NULL),('usage_events_20191201.log',1048585,2,4,4,'20191201','201912',NULL,NULL,NULL,NULL,'ojs::counter',2,1,259,5,NULL),('usage_events_20191201.log',1048585,2,6,6,'20191201','201912',NULL,NULL,NULL,NULL,'ojs::counter',1,1,259,5,NULL),('usage_events_20191201.log',1048585,2,7,7,'20191201','201912',NULL,NULL,NULL,NULL,'ojs::counter',1,1,259,5,NULL),('usage_events_20191201.log',259,2,NULL,5,'20191201','201912',NULL,NULL,NULL,NULL,'ojs::counter',1,NULL,NULL,NULL,NULL),('usage_events_20191201.log',515,2,4,36,'20191201','201912',2,NULL,NULL,NULL,'ojs::counter',1,1,259,5,23),('usage_events_20191202.log',256,2,NULL,2,'20191202','201912',NULL,NULL,NULL,NULL,'ojs::counter',4,NULL,NULL,NULL,NULL),('usage_events_20191202.log',1048585,2,2,2,'20191202','201912',NULL,NULL,NULL,NULL,'ojs::counter',1,1,259,5,NULL),('usage_events_20191202.log',515,2,2,35,'20191202','201912',2,NULL,NULL,NULL,'ojs::counter',1,1,259,5,22),('usage_events_20191202.log',515,2,6,38,'20191202','201912',2,NULL,NULL,NULL,'ojs::counter',1,1,259,5,25),('usage_events_20191203.log',515,2,6,38,'20191203','201912',2,NULL,NULL,NULL,'ojs::counter',1,1,259,5,25),('usage_events_20191204.log',256,2,NULL,2,'20191204','201912',NULL,NULL,NULL,NULL,'ojs::counter',1,NULL,NULL,NULL,NULL),('usage_events_20191204.log',515,2,6,38,'20191204','201912',2,NULL,NULL,NULL,'ojs::counter',2,1,259,5,25),('usage_events_20191206.log',256,2,NULL,2,'20191206','201912',NULL,NULL,NULL,NULL,'ojs::counter',1,NULL,NULL,NULL,NULL),('usage_events_20191206.log',1048585,2,2,2,'20191206','201912',NULL,NULL,NULL,NULL,'ojs::counter',1,1,259,5,NULL),('usage_events_20191206.log',1048585,2,3,3,'20191206','201912',NULL,NULL,NULL,NULL,'ojs::counter',1,1,259,5,NULL),('usage_events_20191206.log',1048585,2,7,7,'20191206','201912',NULL,NULL,NULL,NULL,'ojs::counter',1,1,259,5,NULL),('usage_events_20191209.log',1048585,2,1,1,'20191209','201912',NULL,NULL,NULL,NULL,'ojs::counter',1,1,259,5,NULL),('usage_events_20191209.log',1048585,2,2,2,'20191209','201912',NULL,NULL,NULL,NULL,'ojs::counter',1,1,259,5,NULL),('usage_events_20191209.log',1048585,2,4,4,'20191209','201912',NULL,NULL,NULL,NULL,'ojs::counter',1,1,259,5,NULL),('usage_events_20191209.log',1048585,2,6,6,'20191209','201912',NULL,NULL,NULL,NULL,'ojs::counter',1,1,259,5,NULL),('usage_events_20191209.log',1048585,2,7,7,'20191209','201912',NULL,NULL,NULL,NULL,'ojs::counter',1,1,259,5,NULL),('usage_events_20191209.log',259,2,NULL,5,'20191209','201912',NULL,NULL,NULL,NULL,'ojs::counter',1,NULL,NULL,NULL,NULL),('usage_events_20191209.log',515,2,3,28,'20191209','201912',2,NULL,NULL,NULL,'ojs::counter',1,1,259,5,15),('usage_events_20191210.log',256,2,NULL,2,'20191210','201912',NULL,NULL,NULL,NULL,'ojs::counter',1,NULL,NULL,NULL,NULL),('usage_events_20191211.log',256,2,NULL,2,'20191211','201912',NULL,NULL,NULL,NULL,'ojs::counter',1,NULL,NULL,NULL,NULL),('usage_events_20191211.log',259,2,NULL,5,'20191211','201912',NULL,NULL,NULL,NULL,'ojs::counter',1,NULL,NULL,NULL,NULL),('usage_events_20191211.log',515,2,7,40,'20191211','201912',2,NULL,NULL,NULL,'ojs::counter',3,1,259,5,26),('usage_events_20191213.log',256,2,NULL,2,'20191213','201912',NULL,NULL,NULL,NULL,'ojs::counter',1,NULL,NULL,NULL,NULL),('usage_events_20191213.log',515,2,7,40,'20191213','201912',2,NULL,NULL,NULL,'ojs::counter',2,1,259,5,26),('usage_events_20191214.log',1048585,2,1,1,'20191214','201912',NULL,NULL,NULL,NULL,'ojs::counter',1,1,259,5,NULL),('usage_events_20191214.log',1048585,2,2,2,'20191214','201912',NULL,NULL,NULL,NULL,'ojs::counter',1,1,259,5,NULL),('usage_events_20191214.log',1048585,2,4,4,'20191214','201912',NULL,NULL,NULL,NULL,'ojs::counter',1,1,259,5,NULL),('usage_events_20191214.log',1048585,2,6,6,'20191214','201912',NULL,NULL,NULL,NULL,'ojs::counter',1,1,259,5,NULL),('usage_events_20191214.log',1048585,2,7,7,'20191214','201912',NULL,NULL,NULL,NULL,'ojs::counter',1,1,259,5,NULL),('usage_events_20191214.log',259,2,NULL,5,'20191214','201912',NULL,NULL,NULL,NULL,'ojs::counter',1,NULL,NULL,NULL,NULL),('usage_events_20191214.log',515,2,6,38,'20191214','201912',2,NULL,NULL,NULL,'ojs::counter',1,1,259,5,25),('usage_events_20191215.log',256,2,NULL,2,'20191215','201912',NULL,NULL,NULL,NULL,'ojs::counter',4,NULL,NULL,NULL,NULL),('usage_events_20191217.log',515,2,7,40,'20191217','201912',2,NULL,NULL,NULL,'ojs::counter',2,1,259,5,26),('usage_events_20191218.log',256,2,NULL,2,'20191218','201912',NULL,NULL,NULL,NULL,'ojs::counter',1,NULL,NULL,NULL,NULL),('usage_events_20191218.log',1048585,2,1,1,'20191218','201912',NULL,NULL,NULL,NULL,'ojs::counter',2,1,259,5,NULL),('usage_events_20191218.log',1048585,2,2,2,'20191218','201912',NULL,NULL,NULL,NULL,'ojs::counter',1,1,259,5,NULL),('usage_events_20191218.log',1048585,2,3,3,'20191218','201912',NULL,NULL,NULL,NULL,'ojs::counter',1,1,259,5,NULL),('usage_events_20191218.log',1048585,2,4,4,'20191218','201912',NULL,NULL,NULL,NULL,'ojs::counter',1,1,259,5,NULL),('usage_events_20191218.log',1048585,2,6,6,'20191218','201912',NULL,NULL,NULL,NULL,'ojs::counter',1,1,259,5,NULL),('usage_events_20191223.log',256,2,NULL,2,'20191223','201912',NULL,NULL,NULL,NULL,'ojs::counter',2,NULL,NULL,NULL,NULL),('usage_events_20191223.log',1048585,2,2,2,'20191223','201912',NULL,NULL,NULL,NULL,'ojs::counter',1,1,259,5,NULL),('usage_events_20191223.log',1048585,2,4,4,'20191223','201912',NULL,NULL,NULL,NULL,'ojs::counter',1,1,259,5,NULL),('usage_events_20191227.log',256,2,NULL,2,'20191227','201912',NULL,NULL,NULL,NULL,'ojs::counter',3,NULL,NULL,NULL,NULL),('usage_events_20191227.log',259,2,NULL,5,'20191227','201912',NULL,NULL,NULL,NULL,'ojs::counter',1,NULL,NULL,NULL,NULL),('usage_events_20191228.log',256,2,NULL,2,'20191228','201912',NULL,NULL,NULL,NULL,'ojs::counter',1,NULL,NULL,NULL,NULL),('usage_events_20191228.log',1048585,2,7,7,'20191228','201912',NULL,NULL,NULL,NULL,'ojs::counter',2,1,259,5,NULL),('usage_events_20191228.log',259,2,NULL,5,'20191228','201912',NULL,NULL,NULL,NULL,'ojs::counter',4,NULL,NULL,NULL,NULL),('usage_events_20191231.log',256,2,NULL,2,'20191231','201912',NULL,NULL,NULL,NULL,'ojs::counter',1,NULL,NULL,NULL,NULL),('usage_events_20200101.log',1048585,2,1,1,'20200101','202001',NULL,NULL,NULL,NULL,'ojs::counter',1,1,259,5,NULL),('usage_events_20200101.log',1048585,2,2,2,'20200101','202001',NULL,NULL,NULL,NULL,'ojs::counter',1,1,259,5,NULL),('usage_events_20200101.log',1048585,2,6,6,'20200101','202001',NULL,NULL,NULL,NULL,'ojs::counter',1,1,259,5,NULL),('usage_events_20200102.log',256,2,NULL,2,'20200102','202001',NULL,NULL,NULL,NULL,'ojs::counter',2,NULL,NULL,NULL,NULL),('usage_events_20200102.log',1048585,2,2,2,'20200102','202001',NULL,NULL,NULL,NULL,'ojs::counter',2,1,259,5,NULL),('usage_events_20200102.log',1048585,2,4,4,'20200102','202001',NULL,NULL,NULL,NULL,'ojs::counter',1,1,259,5,NULL),('usage_events_20200102.log',515,2,2,35,'20200102','202001',2,NULL,NULL,NULL,'ojs::counter',1,1,259,5,22),('usage_events_20200105.log',256,2,NULL,2,'20200105','202001',NULL,NULL,NULL,NULL,'ojs::counter',1,NULL,NULL,NULL,NULL),('usage_events_20200106.log',256,2,NULL,2,'20200106','202001',NULL,NULL,NULL,NULL,'ojs::counter',4,NULL,NULL,NULL,NULL),('usage_events_20200107.log',256,2,NULL,2,'20200107','202001',NULL,NULL,NULL,NULL,'ojs::counter',1,NULL,NULL,NULL,NULL),('usage_events_20200108.log',256,2,NULL,2,'20200108','202001',NULL,NULL,NULL,NULL,'ojs::counter',1,NULL,NULL,NULL,NULL),('usage_events_20200109.log',256,2,NULL,2,'20200109','202001',NULL,NULL,NULL,NULL,'ojs::counter',1,NULL,NULL,NULL,NULL),('usage_events_20200109.log',259,2,NULL,5,'20200109','202001',NULL,NULL,NULL,NULL,'ojs::counter',1,NULL,NULL,NULL,NULL),('usage_events_20200110.log',256,2,NULL,2,'20200110','202001',NULL,NULL,NULL,NULL,'ojs::counter',1,NULL,NULL,NULL,NULL),('usage_events_20200110.log',1048585,2,1,1,'20200110','202001',NULL,NULL,NULL,NULL,'ojs::counter',1,1,259,5,NULL),('usage_events_20200110.log',1048585,2,2,2,'20200110','202001',NULL,NULL,NULL,NULL,'ojs::counter',1,1,259,5,NULL),('usage_events_20200110.log',1048585,2,4,4,'20200110','202001',NULL,NULL,NULL,NULL,'ojs::counter',1,1,259,5,NULL),('usage_events_20200110.log',1048585,2,6,6,'20200110','202001',NULL,NULL,NULL,NULL,'ojs::counter',1,1,259,5,NULL),('usage_events_20200110.log',1048585,2,7,7,'20200110','202001',NULL,NULL,NULL,NULL,'ojs::counter',1,1,259,5,NULL),('usage_events_20200110.log',259,2,NULL,5,'20200110','202001',NULL,NULL,NULL,NULL,'ojs::counter',2,NULL,NULL,NULL,NULL),('usage_events_20200110.log',515,2,3,28,'20200110','202001',2,NULL,NULL,NULL,'ojs::counter',1,1,259,5,15),('usage_events_20200113.log',256,2,NULL,2,'20200113','202001',NULL,NULL,NULL,NULL,'ojs::counter',2,NULL,NULL,NULL,NULL),('usage_events_20200114.log',256,2,NULL,2,'20200114','202001',NULL,NULL,NULL,NULL,'ojs::counter',2,NULL,NULL,NULL,NULL),('usage_events_20200115.log',256,2,NULL,2,'20200115','202001',NULL,NULL,NULL,NULL,'ojs::counter',2,NULL,NULL,NULL,NULL),('usage_events_20200115.log',1048585,2,2,2,'20200115','202001',NULL,NULL,NULL,NULL,'ojs::counter',4,1,259,5,NULL),('usage_events_20200115.log',515,2,2,35,'20200115','202001',2,NULL,NULL,NULL,'ojs::counter',1,1,259,5,22),('usage_events_20200116.log',256,2,NULL,2,'20200116','202001',NULL,NULL,NULL,NULL,'ojs::counter',1,NULL,NULL,NULL,NULL),('usage_events_20200117.log',515,2,7,40,'20200117','202001',2,NULL,NULL,NULL,'ojs::counter',1,1,259,5,26),('usage_events_20200119.log',256,2,NULL,2,'20200119','202001',NULL,NULL,NULL,NULL,'ojs::counter',2,NULL,NULL,NULL,NULL),('usage_events_20200119.log',259,2,NULL,5,'20200119','202001',NULL,NULL,NULL,NULL,'ojs::counter',1,NULL,NULL,NULL,NULL),('usage_events_20200119.log',515,2,1,29,'20200119','202001',2,NULL,NULL,NULL,'ojs::counter',1,1,259,5,16),('usage_events_20200120.log',256,2,NULL,2,'20200120','202001',NULL,NULL,NULL,NULL,'ojs::counter',1,NULL,NULL,NULL,NULL),('usage_events_20200120.log',515,2,3,28,'20200120','202001',2,NULL,NULL,NULL,'ojs::counter',1,1,259,5,15),('usage_events_20200121.log',256,2,NULL,2,'20200121','202001',NULL,NULL,NULL,NULL,'ojs::counter',2,NULL,NULL,NULL,NULL),('usage_events_20200121.log',259,2,NULL,5,'20200121','202001',NULL,NULL,NULL,NULL,'ojs::counter',1,NULL,NULL,NULL,NULL),('usage_events_20200122.log',256,2,NULL,2,'20200122','202001',NULL,NULL,NULL,NULL,'ojs::counter',1,NULL,NULL,NULL,NULL),('usage_events_20200122.log',1048585,2,1,1,'20200122','202001',NULL,NULL,NULL,NULL,'ojs::counter',1,1,259,5,NULL),('usage_events_20200122.log',1048585,2,2,2,'20200122','202001',NULL,NULL,NULL,NULL,'ojs::counter',1,1,259,5,NULL),('usage_events_20200122.log',1048585,2,4,4,'20200122','202001',NULL,NULL,NULL,NULL,'ojs::counter',1,1,259,5,NULL),('usage_events_20200122.log',1048585,2,6,6,'20200122','202001',NULL,NULL,NULL,NULL,'ojs::counter',1,1,259,5,NULL),('usage_events_20200122.log',1048585,2,7,7,'20200122','202001',NULL,NULL,NULL,NULL,'ojs::counter',1,1,259,5,NULL),('usage_events_20200122.log',259,2,NULL,5,'20200122','202001',NULL,NULL,NULL,NULL,'ojs::counter',2,NULL,NULL,NULL,NULL),('usage_events_20200124.log',256,2,NULL,2,'20200124','202001',NULL,NULL,NULL,NULL,'ojs::counter',1,NULL,NULL,NULL,NULL),('usage_events_20200125.log',256,2,NULL,2,'20200125','202001',NULL,NULL,NULL,NULL,'ojs::counter',1,NULL,NULL,NULL,NULL),('usage_events_20200126.log',256,2,NULL,2,'20200126','202001',NULL,NULL,NULL,NULL,'ojs::counter',1,NULL,NULL,NULL,NULL),('usage_events_20200127.log',256,2,NULL,2,'20200127','202001',NULL,NULL,NULL,NULL,'ojs::counter',1,NULL,NULL,NULL,NULL),('usage_events_20200127.log',259,2,NULL,5,'20200127','202001',NULL,NULL,NULL,NULL,'ojs::counter',1,NULL,NULL,NULL,NULL),('usage_events_20200128.log',256,2,NULL,2,'20200128','202001',NULL,NULL,NULL,NULL,'ojs::counter',2,NULL,NULL,NULL,NULL),('usage_events_20200128.log',259,2,NULL,5,'20200128','202001',NULL,NULL,NULL,NULL,'ojs::counter',1,NULL,NULL,NULL,NULL),('usage_events_20200129.log',256,2,NULL,2,'20200129','202001',NULL,NULL,NULL,NULL,'ojs::counter',1,NULL,NULL,NULL,NULL),('usage_events_20200129.log',259,2,NULL,5,'20200129','202001',NULL,NULL,NULL,NULL,'ojs::counter',1,NULL,NULL,NULL,NULL),('usage_events_20200131.log',515,2,3,28,'20200130','202001',2,NULL,NULL,NULL,'ojs::counter',1,1,259,5,15),('usage_events_20200131.log',515,2,3,28,'20200131','202001',2,NULL,NULL,NULL,'ojs::counter',1,1,259,5,15),('usage_events_20200202.log',256,2,NULL,2,'20200202','202002',NULL,NULL,NULL,NULL,'ojs::counter',1,NULL,NULL,NULL,NULL),('usage_events_20200204.log',256,2,NULL,2,'20200204','202002',NULL,NULL,NULL,NULL,'ojs::counter',1,NULL,NULL,NULL,NULL),('usage_events_20200204.log',259,2,NULL,5,'20200204','202002',NULL,NULL,NULL,NULL,'ojs::counter',1,NULL,NULL,NULL,NULL),('usage_events_20200206.log',256,2,NULL,2,'20200206','202002',NULL,NULL,NULL,NULL,'ojs::counter',1,NULL,NULL,NULL,NULL),('usage_events_20200207.log',1048585,2,1,1,'20200207','202002',NULL,NULL,NULL,NULL,'ojs::counter',1,1,259,5,NULL),('usage_events_20200207.log',1048585,2,2,2,'20200207','202002',NULL,NULL,NULL,NULL,'ojs::counter',1,1,259,5,NULL),('usage_events_20200207.log',1048585,2,4,4,'20200207','202002',NULL,NULL,NULL,NULL,'ojs::counter',1,1,259,5,NULL),('usage_events_20200207.log',1048585,2,6,6,'20200207','202002',NULL,NULL,NULL,NULL,'ojs::counter',1,1,259,5,NULL),('usage_events_20200207.log',1048585,2,7,7,'20200207','202002',NULL,NULL,NULL,NULL,'ojs::counter',1,1,259,5,NULL),('usage_events_20200207.log',259,2,NULL,5,'20200207','202002',NULL,NULL,NULL,NULL,'ojs::counter',1,NULL,NULL,NULL,NULL),('usage_events_20200209.log',256,2,NULL,2,'20200209','202002',NULL,NULL,NULL,NULL,'ojs::counter',1,NULL,NULL,NULL,NULL),('usage_events_20200210.log',259,2,NULL,5,'20200210','202002',NULL,NULL,NULL,NULL,'ojs::counter',1,NULL,NULL,NULL,NULL),('usage_events_20200210.log',515,2,1,29,'20200210','202002',2,NULL,NULL,NULL,'ojs::counter',1,1,259,5,16),('usage_events_20200211.log',256,2,NULL,2,'20200211','202002',NULL,NULL,NULL,NULL,'ojs::counter',1,NULL,NULL,NULL,NULL),('usage_events_20200211.log',1048585,2,1,1,'20200211','202002',NULL,NULL,NULL,NULL,'ojs::counter',1,1,259,5,NULL),('usage_events_20200211.log',1048585,2,2,2,'20200211','202002',NULL,NULL,NULL,NULL,'ojs::counter',1,1,259,5,NULL),('usage_events_20200211.log',1048585,2,4,4,'20200211','202002',NULL,NULL,NULL,NULL,'ojs::counter',1,1,259,5,NULL),('usage_events_20200211.log',1048585,2,6,6,'20200211','202002',NULL,NULL,NULL,NULL,'ojs::counter',1,1,259,5,NULL),('usage_events_20200211.log',1048585,2,7,7,'20200211','202002',NULL,NULL,NULL,NULL,'ojs::counter',1,1,259,5,NULL),('usage_events_20200211.log',259,2,NULL,5,'20200211','202002',NULL,NULL,NULL,NULL,'ojs::counter',2,NULL,NULL,NULL,NULL),('usage_events_20200213.log',256,2,NULL,2,'20200213','202002',NULL,NULL,NULL,NULL,'ojs::counter',1,NULL,NULL,NULL,NULL),('usage_events_20200214.log',259,2,NULL,5,'20200214','202002',NULL,NULL,NULL,NULL,'ojs::counter',1,NULL,NULL,NULL,NULL),('usage_events_20200217.log',256,2,NULL,2,'20200217','202002',NULL,NULL,NULL,NULL,'ojs::counter',1,NULL,NULL,NULL,NULL),('usage_events_20200217.log',259,2,NULL,5,'20200217','202002',NULL,NULL,NULL,NULL,'ojs::counter',1,NULL,NULL,NULL,NULL),('usage_events_20200218.log',256,2,NULL,2,'20200218','202002',NULL,NULL,NULL,NULL,'ojs::counter',1,NULL,NULL,NULL,NULL),('usage_events_20200218.log',1048585,2,2,2,'20200218','202002',NULL,NULL,NULL,NULL,'ojs::counter',1,1,259,5,NULL),('usage_events_20200218.log',1048585,2,3,3,'20200218','202002',NULL,NULL,NULL,NULL,'ojs::counter',2,1,259,5,NULL),('usage_events_20200218.log',1048585,2,6,6,'20200218','202002',NULL,NULL,NULL,NULL,'ojs::counter',1,1,259,5,NULL),('usage_events_20200218.log',1048585,2,7,7,'20200218','202002',NULL,NULL,NULL,NULL,'ojs::counter',1,1,259,5,NULL),('usage_events_20200218.log',259,2,NULL,5,'20200218','202002',NULL,NULL,NULL,NULL,'ojs::counter',1,NULL,NULL,NULL,NULL),('usage_events_20200219.log',1048585,2,1,1,'20200219','202002',NULL,NULL,NULL,NULL,'ojs::counter',1,1,259,5,NULL),('usage_events_20200219.log',515,2,3,28,'20200219','202002',2,NULL,NULL,NULL,'ojs::counter',1,1,259,5,15),('usage_events_20200220.log',256,2,NULL,2,'20200220','202002',NULL,NULL,NULL,NULL,'ojs::counter',2,NULL,NULL,NULL,NULL),('usage_events_20200220.log',1048585,2,1,1,'20200220','202002',NULL,NULL,NULL,NULL,'ojs::counter',1,1,259,5,NULL),('usage_events_20200220.log',1048585,2,2,2,'20200220','202002',NULL,NULL,NULL,NULL,'ojs::counter',1,1,259,5,NULL),('usage_events_20200220.log',1048585,2,6,6,'20200220','202002',NULL,NULL,NULL,NULL,'ojs::counter',1,1,259,5,NULL),('usage_events_20200220.log',1048585,2,7,7,'20200220','202002',NULL,NULL,NULL,NULL,'ojs::counter',1,1,259,5,NULL),('usage_events_20200220.log',259,2,NULL,5,'20200220','202002',NULL,NULL,NULL,NULL,'ojs::counter',3,NULL,NULL,NULL,NULL),('usage_events_20200220.log',515,2,1,29,'20200220','202002',2,NULL,NULL,NULL,'ojs::counter',1,1,259,5,16),('usage_events_20200220.log',515,2,7,40,'20200220','202002',2,NULL,NULL,NULL,'ojs::counter',1,1,259,5,26),('usage_events_20200221.log',1048585,2,1,1,'20200221','202002',NULL,NULL,NULL,NULL,'ojs::counter',1,1,259,5,NULL),('usage_events_20200221.log',1048585,2,2,2,'20200221','202002',NULL,NULL,NULL,NULL,'ojs::counter',1,1,259,5,NULL),('usage_events_20200221.log',1048585,2,4,4,'20200221','202002',NULL,NULL,NULL,NULL,'ojs::counter',1,1,259,5,NULL),('usage_events_20200221.log',1048585,2,6,6,'20200221','202002',NULL,NULL,NULL,NULL,'ojs::counter',1,1,259,5,NULL),('usage_events_20200221.log',1048585,2,7,7,'20200221','202002',NULL,NULL,NULL,NULL,'ojs::counter',1,1,259,5,NULL),('usage_events_20200221.log',259,2,NULL,5,'20200221','202002',NULL,NULL,NULL,NULL,'ojs::counter',1,NULL,NULL,NULL,NULL),('usage_events_20200222.log',256,2,NULL,2,'20200222','202002',NULL,NULL,NULL,NULL,'ojs::counter',1,NULL,NULL,NULL,NULL),('usage_events_20200222.log',515,2,1,29,'20200222','202002',2,NULL,NULL,NULL,'ojs::counter',1,1,259,5,16),('usage_events_20200224.log',256,2,NULL,2,'20200224','202002',NULL,NULL,NULL,NULL,'ojs::counter',2,NULL,NULL,NULL,NULL),('usage_events_20200224.log',1048585,2,4,4,'20200224','202002',NULL,NULL,NULL,NULL,'ojs::counter',1,1,259,5,NULL),('usage_events_20200224.log',259,2,NULL,5,'20200224','202002',NULL,NULL,NULL,NULL,'ojs::counter',1,NULL,NULL,NULL,NULL),('usage_events_20200225.log',1048585,2,3,3,'20200225','202002',NULL,NULL,NULL,NULL,'ojs::counter',3,1,259,5,NULL),('usage_events_20200225.log',515,2,3,28,'20200225','202002',2,NULL,NULL,NULL,'ojs::counter',1,1,259,5,15),('usage_events_20200226.log',1048585,2,1,1,'20200226','202002',NULL,NULL,NULL,NULL,'ojs::counter',1,1,259,5,NULL),('usage_events_20200226.log',1048585,2,2,2,'20200226','202002',NULL,NULL,NULL,NULL,'ojs::counter',1,1,259,5,NULL),('usage_events_20200226.log',1048585,2,7,7,'20200226','202002',NULL,NULL,NULL,NULL,'ojs::counter',2,1,259,5,NULL),('usage_events_20200226.log',259,2,NULL,5,'20200226','202002',NULL,NULL,NULL,NULL,'ojs::counter',1,NULL,NULL,NULL,NULL),('usage_events_20200226.log',515,2,2,35,'20200226','202002',2,NULL,NULL,NULL,'ojs::counter',1,1,259,5,22),('usage_events_20200228.log',256,2,NULL,2,'20200228','202002',NULL,NULL,NULL,NULL,'ojs::counter',2,NULL,NULL,NULL,NULL),('usage_events_20200228.log',1048585,2,3,3,'20200228','202002',NULL,NULL,NULL,NULL,'ojs::counter',1,1,259,5,NULL),('usage_events_20200229.log',1048585,2,1,1,'20200229','202002',NULL,NULL,NULL,NULL,'ojs::counter',1,1,259,5,NULL),('usage_events_20200229.log',1048585,2,2,2,'20200229','202002',NULL,NULL,NULL,NULL,'ojs::counter',1,1,259,5,NULL),('usage_events_20200229.log',1048585,2,4,4,'20200229','202002',NULL,NULL,NULL,NULL,'ojs::counter',1,1,259,5,NULL),('usage_events_20200229.log',515,2,4,36,'20200229','202002',2,NULL,NULL,NULL,'ojs::counter',1,1,259,5,23),('usage_events_20200301.log',1048585,2,6,6,'20200301','202003',NULL,NULL,NULL,NULL,'ojs::counter',1,1,259,5,NULL),('usage_events_20200302.log',256,2,NULL,2,'20200302','202003',NULL,NULL,NULL,NULL,'ojs::counter',2,NULL,NULL,NULL,NULL),('usage_events_20200302.log',259,2,NULL,5,'20200302','202003',NULL,NULL,NULL,NULL,'ojs::counter',2,NULL,NULL,NULL,NULL),('usage_events_20200303.log',256,2,NULL,2,'20200303','202003',NULL,NULL,NULL,NULL,'ojs::counter',10,NULL,NULL,NULL,NULL),('usage_events_20200303.log',1048585,2,1,1,'20200303','202003',NULL,NULL,NULL,NULL,'ojs::counter',1,1,259,5,NULL),('usage_events_20200303.log',1048585,2,2,2,'20200303','202003',NULL,NULL,NULL,NULL,'ojs::counter',1,1,259,5,NULL),('usage_events_20200303.log',1048585,2,3,3,'20200303','202003',NULL,NULL,NULL,NULL,'ojs::counter',3,1,259,5,NULL),('usage_events_20200303.log',1048585,2,6,6,'20200303','202003',NULL,NULL,NULL,NULL,'ojs::counter',1,1,259,5,NULL),('usage_events_20200303.log',1048585,2,7,7,'20200303','202003',NULL,NULL,NULL,NULL,'ojs::counter',1,1,259,5,NULL),('usage_events_20200303.log',259,2,NULL,5,'20200303','202003',NULL,NULL,NULL,NULL,'ojs::counter',1,NULL,NULL,NULL,NULL),('usage_events_20200303.log',515,2,3,28,'20200303','202003',2,NULL,NULL,NULL,'ojs::counter',1,1,259,5,15);

--
