--
-- Host: localhost    Database: ejub1868_ojs534
-- ------------------------------------------------------


--
-- Table structure for table `access_keys`
--

CREATE TABLE `access_keys` (
  `access_key_id` bigint(20) NOT NULL AUTO_INCREMENT,
  `context` varchar(40) NOT NULL,
  `key_hash` varchar(40) NOT NULL,
  `user_id` bigint(20) NOT NULL,
  `assoc_id` bigint(20) DEFAULT NULL,
  `expiry_date` datetime NOT NULL,
  PRIMARY KEY (`access_key_id`),
  KEY `access_keys_hash` (`key_hash`,`user_id`,`context`)
) ENGINE=InnoDB DEFAULT CHARSET=utf8;

--
-- Dumping data for table `access_keys`
--


--
-- Table structure for table `announcement_settings`
--

CREATE TABLE `announcement_settings` (
  `announcement_id` bigint(20) NOT NULL,
  `locale` varchar(5) NOT NULL DEFAULT '',
  `setting_name` varchar(255) NOT NULL,
  `setting_value` text,
  `setting_type` varchar(6) NOT NULL,
  UNIQUE KEY `announcement_settings_pkey` (`announcement_id`,`locale`,`setting_name`),
  KEY `announcement_settings_announcement_id` (`announcement_id`)
) ENGINE=InnoDB DEFAULT CHARSET=utf8;

--
-- Dumping data for table `announcement_settings`
--

INSERT INTO `announcement_settings` VALUES (1,'en_US','description','','string'),(1,'en_US','descriptionShort','<p>Dear Editors, Reviewers, Authors and Readers.</p><p>Due to a change in the organizational structure of the management of the Journal of Midwifery Bestari (Jurnal Kebidanan Bestari) of the Ministry of Health Polytechnic Banjarmasin. Then, We hereby inform You that there are changes to the Journal Manager and Technical Support as follows.</p><p> </p><p>Journal Manager</p><p>Serilaila, M.PH</p><p>Midwifery Department of the Ministry of Health Polytechnic Banjarmasin</p><p><a href=\"mailto:serilaila11@yahoo.co.id\">serilaila11@yahoo.co.id</a></p><p>081905347931</p><p>  </p><p>Journal Technical Support Contact</p><p>Fitria Jannatul Laili, S.Keb., Bd., M.Keb</p><p>Midwifery Department of the Ministry of Health Polytechnic Banjarmasin</p><p><a href=\"mailto:fitria.jlaili@gmail.com\">fitria.jlaili@gmail.com</a></p><p>082225272888</p>','string'),(1,'en_US','title','The Change of Journal Manager and Journal Technical Support','string');

--
-- Table structure for table `announcement_type_settings`
--

CREATE TABLE `announcement_type_settings` (
  `type_id` bigint(20) NOT NULL,
  `locale` varchar(5) NOT NULL DEFAULT '',
  `setting_name` varchar(255) NOT NULL,
  `setting_value` text,
  `setting_type` varchar(6) NOT NULL,
  UNIQUE KEY `announcement_type_settings_pkey` (`type_id`,`locale`,`setting_name`),
  KEY `announcement_type_settings_type_id` (`type_id`)
) ENGINE=InnoDB DEFAULT CHARSET=utf8;

--
-- Dumping data for table `announcement_type_settings`
--


--
-- Table structure for table `announcement_types`
--

CREATE TABLE `announcement_types` (
  `type_id` bigint(20) NOT NULL AUTO_INCREMENT,
  `assoc_type` smallint(6) DEFAULT NULL,
  `assoc_id` bigint(20) NOT NULL,
  PRIMARY KEY (`type_id`),
  KEY `announcement_types_assoc` (`assoc_type`,`assoc_id`)
) ENGINE=InnoDB DEFAULT CHARSET=utf8;

--
-- Dumping data for table `announcement_types`
--


--
-- Table structure for table `announcements`
--

CREATE TABLE `announcements` (
  `announcement_id` bigint(20) NOT NULL AUTO_INCREMENT,
  `assoc_type` smallint(6) DEFAULT NULL,
  `assoc_id` bigint(20) NOT NULL,
  `type_id` bigint(20) DEFAULT NULL,
  `date_expire` datetime DEFAULT NULL,
  `date_posted` datetime NOT NULL,
  PRIMARY KEY (`announcement_id`),
  KEY `announcements_assoc` (`assoc_type`,`assoc_id`)
) ENGINE=InnoDB AUTO_INCREMENT=2 DEFAULT CHARSET=utf8;

--
-- Dumping data for table `announcements`
--

INSERT INTO `announcements` VALUES (1,256,2,0,NULL,'2019-10-04 00:00:00');

--
-- Table structure for table `article_galley_settings`
--

CREATE TABLE `article_galley_settings` (
  `galley_id` bigint(20) NOT NULL,
  `locale` varchar(5) NOT NULL DEFAULT '',
  `setting_name` varchar(255) NOT NULL,
  `setting_value` text,
  `setting_type` varchar(6) NOT NULL,
  UNIQUE KEY `article_galley_settings_pkey` (`galley_id`,`locale`,`setting_name`),
  KEY `article_galley_settings_galley_id` (`galley_id`),
  KEY `article_galley_settings_name_value` (`setting_name`(50),`setting_value`(150))
) ENGINE=InnoDB DEFAULT CHARSET=utf8;

--
-- Dumping data for table `article_galley_settings`
--


--
-- Table structure for table `auth_sources`
--

CREATE TABLE `auth_sources` (
  `auth_id` bigint(20) NOT NULL AUTO_INCREMENT,
  `title` varchar(60) NOT NULL,
  `plugin` varchar(32) NOT NULL,
  `auth_default` tinyint(4) NOT NULL DEFAULT '0',
  `settings` text,
  PRIMARY KEY (`auth_id`)
) ENGINE=InnoDB DEFAULT CHARSET=utf8;

--
-- Dumping data for table `auth_sources`
--


--
-- Table structure for table `author_settings`
--

CREATE TABLE `author_settings` (
  `author_id` bigint(20) NOT NULL,
  `locale` varchar(5) NOT NULL DEFAULT '',
  `setting_name` varchar(255) NOT NULL,
  `setting_value` text,
  `setting_type` varchar(6) NOT NULL,
  UNIQUE KEY `author_settings_pkey` (`author_id`,`locale`,`setting_name`),
  KEY `author_settings_author_id` (`author_id`)
) ENGINE=InnoDB DEFAULT CHARSET=utf8;

--
-- Dumping data for table `author_settings`
--

INSERT INTO `author_settings` VALUES (1,'','orcid','','string'),(1,'en_US','affiliation','Poltekkes Banjarmasin Jurusan Kebidanan','string'),(1,'en_US','biography','','string'),(2,'','orcid','','string'),(2,'en_US','affiliation','Poltekkes Banjarmasin Jurusan Kebidanan','string'),(2,'en_US','biography','','string'),(3,'','orcid','','string'),(3,'en_US','affiliation','Poltekkes Banjarmasin Jurusan Kebidanan','string'),(3,'en_US','biography','','string'),(4,'','orcid','','string'),(4,'en_US','affiliation','Poltekkes Kemenkes Banjarmasin','string'),(4,'en_US','biography','','string'),(5,'','orcid','','string'),(5,'en_US','affiliation','Poltekkes Banjarmasin Jurusan Kebidanan','string'),(5,'en_US','biography','','string'),(6,'','orcid','','string'),(6,'en_US','affiliation','Poltekkes Banjarmasin Jurusan Kebidanan','string'),(6,'en_US','biography','','string'),(7,'','orcid','','string'),(7,'en_US','affiliation','Poltekkes Kemenkes Banjarmasin','string'),(7,'en_US','biography','','string'),(8,'','orcid','','string'),(8,'en_US','affiliation','Poltekkes Banjarmasin Jurusan Kebidanan','string'),(8,'en_US','biography','','string'),(9,'','orcid','','string'),(9,'en_US','affiliation','Poltekkes Banjarmasin Jurusan Kebidanan','string'),(9,'en_US','biography','','string'),(10,'','orcid','','string'),(10,'en_US','affiliation','Poltekkes Banjarmasin Jurusan kebidanan','string'),(10,'en_US','biography','','string'),(11,'','orcid','','string'),(11,'en_US','affiliation','Poltekkes Banjarmasin Jurusan Kebidanan','string'),(11,'en_US','biography','','string'),(12,'','orcid','','string'),(12,'en_US','affiliation','Poltekkes Banjarmasin Jurusan Kebidanan','string'),(12,'en_US','biography','','string'),(13,'','orcid','','string'),(13,'en_US','affiliation','','string'),(13,'en_US','biography','','string'),(14,'','orcid','','string'),(14,'en_US','affiliation','Program Studi Kebidanan, STIKes Kapuas Raya','string'),(14,'en_US','biography','','string'),(15,'','orcid','','string'),(15,'en_US','affiliation','','string'),(15,'en_US','biography','','string'),(16,'','orcid','','string'),(16,'en_US','affiliation','','string'),(16,'en_US','biography','','string'),(17,'','orcid','','string'),(17,'en_US','affiliation','poltekkes kemenkes banjarmasin','string'),(17,'en_US','biography','kebidanan','string'),(18,'','orcid','','string'),(18,'en_US','affiliation','','string'),(18,'en_US','biography','','string'),(19,'','orcid','','string'),(19,'en_US','affiliation','','string'),(19,'en_US','biography','','string'),(20,'','orcid','','string'),(20,'en_US','affiliation','Jurusan Kebidanan Poltekkes Kemenkes Banjarmasin','string'),(20,'en_US','biography','','string'),(21,'','orcid','','string'),(21,'en_US','affiliation','Poltekkes Kemenkes Banjarmasin','string'),(21,'en_US','biography','','string'),(22,'','orcid','','string'),(22,'en_US','affiliation','','string'),(22,'en_US','biography','','string'),(23,'','orcid','','string'),(23,'en_US','affiliation','','string'),(23,'en_US','biography','Kebidanan','string'),(24,'','orcid','','string'),(24,'en_US','affiliation','','string'),(24,'en_US','biography','','string'),(25,'','orcid','','string'),(25,'en_US','affiliation','','string'),(25,'en_US','biography','','string'),(26,'','orcid','','string'),(26,'en_US','affiliation','','string'),(26,'en_US','biography','','string'),(28,'','orcid','','string'),(28,'en_US','affiliation','','string'),(28,'en_US','biography','','string'),(29,'','orcid','','string'),(29,'en_US','affiliation','Poltekkes Kemenkes Banjarmasin','string'),(29,'en_US','biography','','string'),(30,'','orcid','','string'),(30,'en_US','affiliation','','string'),(30,'en_US','biography','','string'),(31,'','orcid','','string'),(31,'en_US','affiliation','Poltekkes Kemenkes Banjarmasin','string'),(31,'en_US','biography','','string'),(33,'','orcid','','string'),(33,'en_US','affiliation','Poltekkes Kemenkes Bengkulu','string'),(33,'en_US','biography','','string'),(34,'','orcid','','string'),(34,'en_US','affiliation','Poltekkes Kemenkes Banjarmasin','string'),(34,'en_US','biography','','string'),(36,'','orcid','','string'),(36,'en_US','affiliation','jurusan kebidanan bjm','string'),(36,'en_US','biography','','string'),(37,'','orcid','','string'),(37,'en_US','affiliation','','string'),(37,'en_US','biography','','string'),(38,'','orcid','http://orcid.org/0000-0001-7995-6221','string'),(38,'en_US','affiliation','','string'),(38,'en_US','biography','','string'),(39,'','orcid','','string'),(39,'en_US','affiliation','','string'),(39,'en_US','biography','tolong bisa diterbitkan artikel ini di jurnal bestari kebidanan bjm','string'),(40,'','orcid','','string'),(40,'en_US','affiliation','','string'),(40,'en_US','biography','','string'),(41,'','orcid','http://orcid.org/0000-0002-0568-5876','string'),(41,'en_US','affiliation','Poltekkes Kemenkes Banjarmasin','string'),(41,'en_US','biography','','string'),(42,'','orcid','http://orcid.org/0000-0002-0568-5876','string'),(42,'en_US','affiliation','Poltekkes Kemenkes Banjarmasin','string'),(42,'en_US','biography','','string'),(43,'','orcid','','string'),(43,'en_US','affiliation','','string'),(43,'en_US','biography','','string'),(43,'id_ID','affiliation','','string'),(43,'id_ID','biography','','string');

--
-- Table structure for table `authors`
--

CREATE TABLE `authors` (
  `author_id` bigint(20) NOT NULL AUTO_INCREMENT,
  `submission_id` bigint(20) NOT NULL,
  `primary_contact` tinyint(4) NOT NULL DEFAULT '0',
  `seq` double NOT NULL DEFAULT '0',
  `first_name` varchar(40) NOT NULL,
  `middle_name` varchar(40) DEFAULT NULL,
  `last_name` varchar(90) NOT NULL,
  `suffix` varchar(40) DEFAULT NULL,
  `country` varchar(90) DEFAULT NULL,
  `email` varchar(90) NOT NULL,
  `url` varchar(2047) DEFAULT NULL,
  `user_group_id` bigint(20) DEFAULT NULL,
  `include_in_browse` tinyint(4) NOT NULL DEFAULT '1',
  PRIMARY KEY (`author_id`),
  KEY `authors_submission_id` (`submission_id`)
) ENGINE=InnoDB AUTO_INCREMENT=44 DEFAULT CHARSET=utf8;

--
-- Dumping data for table `authors`
--

INSERT INTO `authors` VALUES (1,1,1,1,'erni','','setiawati',NULL,'ID','erni.d3.bjm@gmail.com','',14,1),(2,1,0,2,'muhammad','','mukhtar',NULL,'ID','m.mukhtar230@gmail.com','',14,1),(3,2,1,1,'hapisah','','hapisah',NULL,'ID','hapisah476@yahoo.com1','',14,1),(4,2,0,2,'akhmad','','rizani',NULL,'ID','akhmad_rizanid3@gmail.com','',14,1),(5,3,1,1,'nirwana','','perangin2',NULL,'ID','nirwana_perangin2@gmail.com','',14,1),(6,3,0,2,'isnaniah','','isnaniah',NULL,'ID','isnaniah.bjb@gmail.com','',14,1),(7,4,1,1,'noorhayati','','maslani',NULL,'ID','noorhayatim06@gmail.com','',14,1),(8,5,1,1,'suhrawardi','','suhrawardi',NULL,'ID','wardisuhra1@gmail.com','',14,1),(9,5,0,2,'Vonny','','Khresna Dewi',NULL,'ID','v_khresnadewi@yahoo.com','',14,1),(10,5,0,3,'darmayanti','','darmayanti',NULL,'ID','mayadie01@yahoo.co.id','',14,1),(11,6,1,1,'tri','','tunggal',NULL,'ID','trijurbid.bjm@gmail.com','',14,1),(12,7,1,1,'yuniarti','','yuniarti',NULL,'ID','yuniartifaathir@gmail.com','',14,1),(13,8,1,1,'januarsih','','sugeng',NULL,'','januarsih.januarsih@gmail.com','',14,1),(14,9,1,1,'Rizki','','Amartani',NULL,'ID','rizkiamartani@gmail.com','',14,1),(15,10,1,0,'ian','','Fahrian',NULL,'','balimau24@gmail.com','',14,1),(16,11,1,1,'yuniarti','','yuniarti',NULL,'','yuniartifaathir@gmail.com','https://scholar.google.co.id/citations?user=WGZAyfAAAAJ&hl=id',14,1),(17,11,0,2,'zakiah','','zakiah',NULL,'ID','z4kiahsyah@gmail.com','https://scholar.google.co.id/citations?user=oE6xO0AAAJ&hl=id',14,1),(18,12,1,1,'rusmilawaty','','fauji',NULL,'ID','rusmilawaty71@gmail.com','',14,1),(19,12,0,2,'zakiah','','zakiah',NULL,'ID','z4kiahsyah@gmail.com','',14,1),(20,13,1,1,'Suhrawardi','','Suhrawardi',NULL,'ID','wardisuhra1@gmail.com','',14,1),(21,13,0,2,'darmayanti','','darmayanti',NULL,'ID','mayadie01@yahoo.co.id','',14,1),(22,14,1,1,'RUBIATI','','HIPNI',NULL,'ID','rubiatihipni@yahoo.co.id','https://scholar.google.co.id/citations?user=WAMgPVEAAAAJ&hl=id',14,1),(23,15,1,1,'erni','','yuliastuti',NULL,'ID','ernirokhadi74@gmail.com','https://scholar.google.co.id/citations?hl=en&user=Osx_Id4AAAAJ',14,1),(24,15,0,2,'Tut','','Barkinah',NULL,'ID','tutbarkinah@ymail.com','',14,1),(25,16,1,1,'rusmilawaty','','fauji',NULL,'ID','rusmilawaty71@gmail.com','https://scholar.google.co.id/citations?user=CRFqqncAAAAJ&hl=en',14,1),(26,16,0,2,'zakiah','','zakiah',NULL,'ID','z4kiahsyah@gmail.com','https://scholar.google.co.id/citations?user=oE6xO0AAAJ&hl=id',14,1),(28,18,1,1,'Rusmilawaty','Rusmilawaty','Fauzi',NULL,'','rusmilawatyfauzi71@gmail.com','https://scholar.google.co.id/citations?user=CFRqqncAAAAJ&hl=id',14,1),(29,19,1,1,'zakiah','','zakiah',NULL,'','z4kiahsyah@gmail.com','https://scholar.google.com/citations?user=oEX6xO0AAAAJ&hl=id',14,1),(30,18,0,2,'Zakiah','','zakiah',NULL,'','z4kiahsyah@gmail.com','https://scholar.google.co.id/citations?user=oE6xO0AAAJ&hl=id',14,1),(31,19,0,2,'Yuniarti','','Yuniarti',NULL,'ID','yuniartifaathir@gmail.com','https://scholar.google.co.id/citations?user=WGZAyfAAAAJ&hl=id',14,1),(33,21,1,1,'purnama','sari','kurniawati',NULL,'ID','purnama.arif56@gmail.com','',14,1),(34,22,1,1,'zakiah','','zakiah',NULL,'','z4kiahsyah@gmail.com','https://scholar.google.com/citations?user=oEX6xO0AAAAJ&hl=id',14,1),(36,24,1,1,'yuniarti','','yuniarti',NULL,'','yuniartifaathir@gmail.com','https://scholar.google.co.id/citations?user=WGZAyfAAAAJ&hl=id',14,1),(37,25,1,1,'isrowiyatun','','daiyah',NULL,'ID','owizdaiyah1006@gmail.com','https://scholar.google.com/citations?view_op=new_profile&hl=en&authuser=1',14,1),(38,26,1,1,'rubiati','','hipni',NULL,'ID','rubiatihipni@gmail.com','',14,1),(39,25,0,2,'vinaersa','','vinaersa',NULL,'ID','owizdaiyah1006@gmail.com','',14,1),(40,26,0,2,'Nadia','','Anggriyani',NULL,'ID','rubiatihipni@yahoo.co.id','',14,1),(41,27,1,1,'Fitria','Jannatul','Laili',NULL,'ID','fitria.jlaili@gmail.com','',14,1),(42,27,0,2,'Fitria','Jannatul','Laili',NULL,'ID','fitria.jlaili@gmail.com','',14,1),(43,28,1,1,'B','','H',NULL,'','Hh@gmail.com','',14,1);

--
-- Table structure for table `books_for_review`
--

CREATE TABLE `books_for_review` (
  `book_id` bigint(20) NOT NULL AUTO_INCREMENT,
  `journal_id` bigint(20) NOT NULL,
  `status` smallint(6) NOT NULL,
  `author_type` smallint(6) NOT NULL,
  `publisher` varchar(255) NOT NULL,
  `year` smallint(6) NOT NULL,
  `language` varchar(10) NOT NULL DEFAULT 'en',
  `copy` tinyint(4) NOT NULL DEFAULT '0',
  `url` varchar(255) DEFAULT NULL,
  `edition` tinyint(4) DEFAULT NULL,
  `pages` smallint(6) DEFAULT NULL,
  `isbn` varchar(30) DEFAULT NULL,
  `date_created` datetime NOT NULL,
  `date_requested` datetime DEFAULT NULL,
  `date_assigned` datetime DEFAULT NULL,
  `date_mailed` datetime DEFAULT NULL,
  `date_due` datetime DEFAULT NULL,
  `date_submitted` datetime DEFAULT NULL,
  `user_id` bigint(20) DEFAULT NULL,
  `editor_id` bigint(20) DEFAULT NULL,
  `submission_id` bigint(20) DEFAULT NULL,
  `notes` text,
  PRIMARY KEY (`book_id`),
  KEY `bfr_id` (`book_id`)
) ENGINE=InnoDB DEFAULT CHARSET=utf8;

--
-- Dumping data for table `books_for_review`
--


--
-- Table structure for table `books_for_review_authors`
--

CREATE TABLE `books_for_review_authors` (
  `author_id` bigint(20) NOT NULL AUTO_INCREMENT,
  `book_id` bigint(20) NOT NULL,
  `seq` double NOT NULL DEFAULT '0',
  `first_name` varchar(40) NOT NULL,
  `middle_name` varchar(40) DEFAULT NULL,
  `last_name` varchar(90) NOT NULL,
  PRIMARY KEY (`author_id`),
  KEY `bfr_book_id` (`book_id`)
) ENGINE=InnoDB DEFAULT CHARSET=utf8;

--
-- Dumping data for table `books_for_review_authors`
--


--
-- Table structure for table `books_for_review_settings`
--

CREATE TABLE `books_for_review_settings` (
  `book_id` bigint(20) NOT NULL,
  `locale` varchar(5) NOT NULL DEFAULT '',
  `setting_name` varchar(255) NOT NULL,
  `setting_value` text,
  `setting_type` varchar(6) NOT NULL,
  UNIQUE KEY `bfr_settings_pkey` (`book_id`,`locale`,`setting_name`),
  KEY `bfr_settings_book_id` (`book_id`)
) ENGINE=InnoDB DEFAULT CHARSET=utf8;

--
-- Dumping data for table `books_for_review_settings`
--


--
-- Table structure for table `captchas`
--

CREATE TABLE `captchas` (
  `captcha_id` bigint(20) NOT NULL AUTO_INCREMENT,
  `session_id` varchar(40) NOT NULL,
  `value` varchar(20) NOT NULL,
  `date_created` datetime NOT NULL,
  PRIMARY KEY (`captcha_id`)
) ENGINE=InnoDB DEFAULT CHARSET=utf8;

--
-- Dumping data for table `captchas`
--


--
-- Table structure for table `citation_settings`
--

CREATE TABLE `citation_settings` (
  `citation_id` bigint(20) NOT NULL,
  `locale` varchar(5) NOT NULL DEFAULT '',
  `setting_name` varchar(255) NOT NULL,
  `setting_value` text,
  `setting_type` varchar(6) NOT NULL,
  UNIQUE KEY `citation_settings_pkey` (`citation_id`,`locale`,`setting_name`),
  KEY `citation_settings_citation_id` (`citation_id`)
) ENGINE=InnoDB DEFAULT CHARSET=utf8;

--
-- Dumping data for table `citation_settings`
--


--
-- Table structure for table `citations`
--

CREATE TABLE `citations` (
  `citation_id` bigint(20) NOT NULL AUTO_INCREMENT,
  `assoc_type` bigint(20) NOT NULL DEFAULT '0',
  `assoc_id` bigint(20) NOT NULL DEFAULT '0',
  `citation_state` bigint(20) NOT NULL,
  `raw_citation` text,
  `seq` bigint(20) NOT NULL DEFAULT '0',
  `lock_id` varchar(23) DEFAULT NULL,
  PRIMARY KEY (`citation_id`),
  UNIQUE KEY `citations_assoc_seq` (`assoc_type`,`assoc_id`,`seq`),
  KEY `citations_assoc` (`assoc_type`,`assoc_id`)
) ENGINE=InnoDB AUTO_INCREMENT=299 DEFAULT CHARSET=utf8;

--
-- Dumping data for table `citations`
--

INSERT INTO `citations` VALUES (1,257,1,4,'A. Wawan dan Dewi M, 2010, Pengetahuan, Sikap, dan Perilaku Manusia, Nuha Medika, Yogyakarta.',1,NULL),(2,257,1,4,'Azwar, Saifuddin, 2010, Sikap Manusia Teori dan Pengukurannya, Pustaka Pelajar, Yogyakarta.',2,NULL),(3,257,1,4,'Budiarto, Eko, 2001, Biostatika Untuk Kedokteran dan Kesehatan Masyarakat. EGC. Jakarta',3,NULL),(4,257,1,4,'Depkes RI, 2009, Pedoman Umum Manajemen Kelas Ibu, Depkes RI, Jakarta.',4,NULL),(5,257,1,4,'Depkes RI, 2009, Pedoman Pelaksanaan Kelas Ibu Hamil, Depkes RI, Jakarta.',5,NULL),(6,257,1,4,'Depkes RI, 2012, Kelas Ibu Hamil, Tersedia dalam website (http://www.kesehatanibu.depkes.go.id/archives/438) diakses tanggal 9 September 2012.',6,NULL),(7,257,1,4,'Dinkes Kabupaten Tanah Laut, 2011, Laporan Kegiatan KIA, Dinkes Kabupaten Tanah Laut, Pelaihari.',7,NULL),(8,257,1,4,'Dinkes Kabupaten Tanah Laut, 2012, Laporan Kegiatan KIA, Dinkes Kabupaten Tanah Laut, Pelaihari.',8,NULL),(9,257,1,4,'Hidayat, 2007, Metode Penelitian Kebidanan Teknik Analisa Data, Salemba Medika, Jakarta.',9,NULL),(10,257,1,4,'Historyanti, Dyah, 2011, Hubungan Pengetahuan dan Sikap Ibu Hamil Dengan Partisipasi Dalam Kelas Ibu Hamil Di Wilayah Kerja Puskesmas Tembelang, Karya Tulis Ilmiah, Surabaya.',10,NULL),(11,257,1,4,'Kemenkes RI, 2011, Pedoman Pelaksanaan Kelas Ibu Hamil, Kemenkes RI, Jakarta.',11,NULL),(12,257,1,4,'Notoadmodjo, S, 2003, Pendidikan dan Perilaku Kesehatan, Rineka Cipta, Jakarta.',12,NULL),(13,257,1,4,'Notoadmodjo, S, 2005, Metodologi Penelitian Kesehatan, Rineka Cipta, Jakarta.',13,NULL),(14,257,1,4,'Notoadmodjo, S, 2005, Promosi Kesehatan Teori dan Aplikasi, Rineka Cipta, Jakarta.',14,NULL),(15,257,1,4,'Notoadmodjo, S, 2010, Metodologi Penelitian Kesehatan, Rineka Cipta, Jakarta.',15,NULL),(16,257,1,4,'Puskesmas Pelaihari, 2011, Laporan Kegiatan KIA, Puskesmas Pelaihari, Pelaihari.',16,NULL),(17,257,1,4,'Puskesmas Pelaihari, 2012, Laporan Hasil Kegiatan KIA, Puskesmas Pelaihari, Pelaihari.',17,NULL),(18,257,1,4,'Setiawan, A., & Saryono, 2010, Metodologi Penelitian Kebidanan DIII, DIV, S1, dan S2, Nuha Medika, Yogyakarta.',18,NULL),(19,257,1,4,'Syarifudin, B, 2010, Panduan TA Keperawatan dan Kebidanan Dengan SPSS, 2010, Grafindo, Yogyakarta.',19,NULL),(20,257,1,4,'Www.google.com, 2012, Hubungan Pengetahuan dan Motivasi Ibu Hamil Terhadap Senam Hamil dengan Keikutsertaan di Kelas Senam Hamil, Tersedia dalam website (http://alkhanzaworld.files.wordpress.com) diakses tanggal 9 September 2012.',20,NULL),(21,257,2,4,'Ahira A, 2012. Status Kesehatan IbuHamil.Diakses pada Mei 2013',1,NULL),(22,257,2,4,'Amiruddin R, 2007. Evidence Base Epidemiologi Anemia Defisiensi Zat Besi pada Ibu Hamil di Indonesia.Diakses pada Mei 2013.',2,NULL),(23,257,2,4,'BKKBN. 2011.Policy Brief Pusat Penelitian dan Pengembangan Pependudukan - bkkbn dalam Kajian Profil Penduduk Remaja (10-24 thn) seri i no.6/Pusdu-BKKBN/Desember 2011',3,NULL),(24,257,2,4,'Kajian Pernikahan Dini pada Beberapa Provinsi di Indonesia',4,NULL),(25,257,2,4,'BKKBN.2012. Kajian Pernikahan Dini pada Beberapa Provinsi di Indonesia,Diakses pada April 2013.',5,NULL),(26,257,2,4,'Dharmadi dkk, 2012.Penyuluhan Anemia Defisiensi Besi (Adb) Pada Remaja PutriDi Sekolah Menengah Atas Negeri 1 Bangli..Diakses pada Mei 2013',6,NULL),(27,257,2,4,'Karaoglu,L.,Pehlivan,E.,Egri,M.,Deprem,C.,Gunes,G.,Genc,M.,&Temel,I.(2010).The Prevalence Of Nutritional Anemia In Pregnancy In An East Anatolian Province, Turkey. Journal of Biomedical Public Health.',7,NULL),(28,257,2,4,'Kementrian Kesehatan Republik Indonesia.(2012). Pedoman Pelayanan Antenatal Terpadu Edisi Kedua.Direktorat Jenderal Bina Gizi dan Kesehatan Ibu dan Anak. Direktorat Bina Kesehatan Ibu. Jakarta',8,NULL),(29,257,2,4,'KUA Kecamatan Cempaka, 2013. Laporan Bulanan Perkawinan Kecamatan Cempaka, Banjarbaru.',9,NULL),(30,257,2,4,'Proverawati A, 2011. Anemia dan Anemia Kehamilan, Nuha Medika, Yogyakarta.',10,NULL),(31,257,2,4,'Manuaba dkk, 2010.Ilmu Kebidanan, Penyakit Kandungan, dan Keluarga Berencana untuk Pendidikan Bidan, Penerbit Buku Kedokteran EGC, Jakarta.',11,NULL),(32,257,2,4,'Monika, 2012.Anemia pada remaja putri.Diakses pada Mei 2013.',12,NULL),(33,257,2,4,'Notoatmodjo S, 2010. Metodologi Penelitian Kesehatan. Rineka Cipta, Jakarta.',13,NULL),(34,257,2,4,'Nurya K, 2011. Resiko Kehamilan pada Usia Dini (Primi Muda),nurse-carewithlove.blogspot.com/2011/09/resiko-kehamilan-pada-usia-dini-primi.html, Diakses pada Mei 2013.',14,NULL),(35,257,2,4,'Riskesdes, 2010Badan Penelitian Dan Pengembangan Kesehatan Kementerian Kesehatan RI',15,NULL),(36,257,2,4,'Romauli S dan Anna V. 2009.Kesehatan Reproduksi Buat Mahasiswa Kebidanan, Nuha Medika, Jakarta.',16,NULL),(37,257,2,4,'Rukiyah, A, dkk.(2011). Asuhan Kebidanan III (Nifas).Trans Info Media. Jakarta',17,NULL),(38,257,2,4,'Riskesdes , 2013 Badan Penelitian Dan Pengembangan Kesehatan Kementerian Kesehatan RI Tahun',18,NULL),(39,257,2,4,'Saifuddin A.B (ed), 2006. Buku Acuan Nasional Pelayanan Kesehatan Maternal Neonatal, Yayasan Bina Pustaka Sarwono Prawirohardjo, Jakarta.',19,NULL),(40,257,2,4,'Sibagariang E E dkk, 2010. Kesehatan Reproduksi Wanita, CV Trans Info Media, Jakarta.',20,NULL),(41,257,2,4,'Syafrudin. 2012. Kehamilan Remaja : Bahaya Kehamilan pada Usia Muda. materi-paksyaf.blogspot.com/2012/08/kehamilan-remaja.html, Diakses pada Mei 2013.',21,NULL),(42,257,2,4,'UNICEF. 2008. Young People and Family Planning : Teenage Pregnancy. eprints.unicef.ac.ml.,Diakses pada Mei 2013',22,NULL),(43,257,2,4,'Wawan A dan Dewi M, 2010.Teori & Pengukuran Pengetahuan, Sikap, dan Perilaku Manusia, Nuha Medika, Yogyakarta.',23,NULL),(44,257,3,4,'Badan Pengembangan dan pemberdayaan SDM Kesehatan Pusat Pendidikan Tenaga Kesehatan. 2004. Petunjuk Teknis Peyelenggaraan Pendidikan Jenjang Pendidikan Tinggi Tenaga Kesehatan. Jakarta : Diknakes',1,NULL),(45,257,3,4,'Badan Pengembangan dan Pemberdayaan SDM Kesehatan Pusat Pendidikan Tenaga Kesehatan. 2006. Standar Pembelajaran Praktik Kebidanan.Jakarta : Depkes',2,NULL),(46,257,3,4,'Depertemen Kesehatan Republik. 1999. Indonesia Sehat. Jakarta',3,NULL),(47,257,3,4,'Dapertemen Kesehatan Republik Indonesia. 1999. Rencana pembanguanan Kesehatan Menuju Indonesia Sehat 2010. Jakarta : Depkes',4,NULL),(48,257,3,4,'Dapertemen Kesehatan. 2002. Kurikulum Pendidikan Diploma III Kebidanan.Jakarta : Depkes',5,NULL),(49,257,3,4,'Mantja, W. 2002.Manajemen Pendidikan dan Supervisi Pengajaran.Malang : Elineka Media',6,NULL),(50,257,3,4,'Mantja, W. 2007.Profesionalisme Tenaga Kependidikan ; Manajemen Pendidikan dan Supervisi Pengajaran. Kumpulan Karya Tulis Terpublikasi. Malang : Elang Emas',7,NULL),(51,257,4,4,'Pratiwi, H. U. danRahayu E. 2015.PerilakuMengkonsumsi Air PutihDitinjau DariPersepsiTerhadapPerilakuKesehatan, (Online), (http://eprints. Unika.ac.id/11811/1/Perilaku_Mengkonsumsi_Air_Putih_Ditinjau_Dari_Persepsi_Terhadap_Perilaku_Kesehatan.pdf, diakses 3 Februari 2015).',1,NULL),(52,257,5,4,'Azwar, Syaifuddin, 2003, Sikap Manusia, Teori dan Pengukurannya, Pustaka Pelajar, Yogyakarta',1,NULL),(53,257,5,4,'Departemen Kesehatan RI., 2008, Petunjuk Teknis Penggerakan dan Pemberdayaan Masyarakat Dalam Pengembangan Desa Siaga, Jakarta.',2,NULL),(54,257,5,4,'Departemen Kesehatan RI., 2010, Pengembangan Desa dan Kelurahan Siaga Aktif. Jakarta',3,NULL),(55,257,5,4,'Dinas Kesehatan Kabupaten Tapin, 2013, Profil Kesehatan Kabupaten Tapin tahun 2013',4,NULL),(56,257,5,4,'Hurlock,E.B.1993. Psikologi Perkembangan: Suatu pendekatan sepanjang rentang kehidupan (edisi kelima). Erlangga, Jakarta',5,NULL),(57,257,5,4,'Kemenkes, 2010, Peraturan Menteri Kesehatan Republik Indonesia, No. 1464/MENKES/PER/X/2010.',6,NULL),(58,257,5,4,'Notoatmodjo, S.,2003, Pendidikan dan Perilaku Kesehatan, Rineka Cipta, Jakarta.',7,NULL),(59,257,5,4,'Robbins, Stephen P. 2001. Perilaku Organisasi Jilid I, Aditya Media, Yogyakarta',8,NULL),(60,257,5,4,'Soetomo, 2006 Strategi-strategi Pembangunan Masyarakat, Pustaka Pelajar, Yogyakarta.',9,NULL),(61,257,5,4,'Syafrudin & Hamidah, 2007. Kebidanan Komunitas, Buku Kedokteran EGC, Jakarta.',10,NULL),(62,257,6,4,'Ambarwati. ER &Wulandari. D, 2010, AsuhanKebidananNifas, NuhaMedika, Yogyakarta.',1,NULL),(63,257,6,4,'Hidayat. A.A.A, 2007, MetodePenelitian KebidanandanTeknikAnalisis Data,Salemba Medika Jakarta.',2,NULL),(64,257,6,4,'________, 2009, MetodePenelitian Keperawatan danTeknikAnalisis Data,Salemba Medika Jakarta.',3,NULL),(65,257,6,4,'Hasan. I, 2004, Analisis Data Penelitiandenganstatistik. BumiAksara, Jakarta',4,NULL),(66,257,6,4,'Profil Dinas Kesehatan Kabupaten Balangan 2011, Dinas Kesehatan Kabupaten Balangan.',5,NULL),(67,257,6,4,'Kristiyansari. W, 2010, ASI, Menyusui & Sadari, Nuha Medika, Yogjakarta.',6,NULL),(68,257,6,4,'Maryunani, 2009, AsuhanPadaIbudalamMasaNifas (Postpartum), TIM. Jakarta.',7,NULL),(69,257,6,4,'Nisman. WA, dkk, 2011, PanduanPintarIbuMenyusui, AndiBestbook, Yogyakarta.',8,NULL),(70,257,6,4,'Notoatmodjo. S, 2003, Pendidikan dan Prilaku Kesehatan, Rineka Cipta,Jakarta.',9,NULL),(71,257,6,4,'________, 2005,Metodelogi Penelitian Kesehatan,Rineka Cipta, Jakarta.',10,NULL),(72,257,6,4,'_______,2007,',11,NULL),(73,257,6,4,'KesehatanMasyarakatilmudanseni, Rineka Cipta, Jakarta.',12,NULL),(74,257,6,4,'_______, 2010,Metodelogi Penelitian Kesehatan, Rineka Cipta, Jakarta.',13,NULL),(75,257,6,4,'Syafrudin, 2011, Penyuluhan KIA, Trans Info Media, Jakarta.',14,NULL),(76,257,6,4,'Setiawan, 2010, Metode Penelitian Kebidanan DIII, DIV, S1 dan S2, NuhaMedika, Yogyakarta.',15,NULL),(77,257,6,4,'Roesli. U, 2009, MengenalASI Eksklusif, TrubusAgriwidya, Jakarta.',16,NULL),(78,257,6,4,'Wawan. A &Dewi, 2010,Teori&Pengukuran, Sikap, danPrilakuManusia.NuhaMedika, Yogyakarta.',17,NULL),(79,257,7,4,'Suradi R, Tobing HKP. (2007). Bahan bacaan manajemen laktasi. Cetakan ke-3. Jakarta: Program Manajemen Laktasi Perkumpulan Perinatologi Indonesia.',1,NULL),(80,257,7,4,'American Academy of Pediatrics, Work Group on Breastfeeding.(2005). Breastfeeding and the use of human milk. Pediatrics ;115:496–506',2,NULL),(81,257,7,4,'WHO (2004) Exclussive breastfeeding. Available at:<www.CAH-Exclusive Breastfeeding.HTML>',3,NULL),(82,257,7,4,'WHO (2009) Infant and Young Child Feeding: Model Chapter For Textbooks For Medical Students and Allied Health Professionals, Geneva: WHO.',4,NULL),(83,257,7,4,'Morhason-Bello, I. O., Adedokun, B. O. & Ojengbede, O. A. (2009) Social support during childbirth as a catalyst for early breastfeeding initiation for first-time Nigerian mothers. Int Breastfeed J, 4: 16.',5,NULL),(84,257,7,4,'Agampodi, S. B., Agampodi, T. C. & Piyaseeli, U. K. (2007) Breastfeeding practices in a public health field practice area in Sri Lanka: a survival analysis. Int Breastfeed J, 2: 13.',6,NULL),(85,257,7,4,'Kementerian Kesehatan RI. (2013). Profil Kesehatan Indonesia 2012. Jakarta',7,NULL),(86,257,7,4,'Arora, S., McJunkin, C., Wehrer, J. & Kuhn, P. (2000) Major factors influencing breastfeeding rates: Mother\'s perception of father\'s attitude and milk supply. Pediatrics, 106 (5): E67.',8,NULL),(87,257,7,4,'Mattar, C. N., Fok, D. & Chong, Y. S. (2008) Common concerns regarding breastfeeding in a family practice setting. Singapore Med J, 49 (4): 272-279.',9,NULL),(88,257,7,4,'Binns, C., Gilchrist, D., Gracey, M., Zhang, M., Scott, J. & Lee, A. (2004) Factors associated with the initiation of breast-feeding by Aboriginal mothers in Perth. Public Health Nutr, 7 (7): 857-61.',10,NULL),(89,257,7,4,'Kimbro, R. T. (2006) On-the-job moms: work and breastfeeding initiation and duration for a sample of low-income women. Matern Child Health J, 10 (1): 19-26.',11,NULL),(90,257,7,4,'Roesli, U. (2008) Inisiasi Menyusu Dini Plus Asi Eksklusif. Jakarta: Pustaka Bunda.',12,NULL),(91,257,7,4,'Hall Moran, V., Edwards, J., Dykes, F. & Downe, S. (2007) A systematic review of the nature of support for breast-feeding adolescent mothers. Midwifery, 23 (2): 157-71.',13,NULL),(92,257,7,4,'Chen, Y. C., Wu, Y. C. & Chie, W. C. (2006) Effects of work-related factors on the breastfeeding behavior of working mothers in a Taiwanese semiconductor manufacturer: a cross-sectional survey. BMC Public Health, 6: 160.',14,NULL),(93,257,7,4,'Depkes (2008) Manajemen Laktasi. Buku Panduan Bagi Bidan dan Petugas Kesehatan di Puskesmas Jakarta: Dirjen Binkesmas Departemen Kesehatan Republik Indonesia.',15,NULL),(94,257,8,4,'Adiga, U., D’souza V., Kamath A., 2007, Ant ioxidant Activity and Lipid Peroxidation in Preeclampsia, J Chin Med Assoc, 70 (10) : 435 – 438.',1,NULL),(95,257,8,4,'Agarwal A., Gupta S., Sharma R.K., 2005. Review role of oxidative stress in female reproduction, Reproductive Biology and Endocrinology 3 : 28, p. 1-21.',2,NULL),(96,257,8,4,'Basu A. and Penugonda K., 2009, Pomegranate juice: a heart-healthy fruit juice, Emerging Science, Nutrition Reviews®, 67(1):49–56.',3,NULL),(97,257,8,4,'Deshpande, Angkeow P., Huang J., Ozaki M., Iran K., 2000, Rac1 inhibits TNF-α-induced endothelial cell apoptosis: dual regulation by reactive oxygen species, The FASEB Journal, 14 (12) 1705-1714',4,NULL),(98,257,8,4,'El-Bahr S.M., 2013, Biochemistry of free radicals and oxidative stress, Science Inernational 1 (5); 111 – 117.',5,NULL),(99,257,9,4,'Dewi. 2010. Teori Proses dan sikap : Jakarta',1,NULL),(100,257,9,4,'Dinas Kesehatan. 2012. Data Anemia Ibu Hamil. Kabupaten Sintang',2,NULL),(101,257,9,4,'Data Anemia Ibu Hamil. Kabupaten Sintang',3,NULL),(102,257,9,4,'Data Anemia Ibu Hamil. Kabupaten Sintang',4,NULL),(103,257,9,4,'Febriana. 2010. Upaya Perbaikan Gizi Sejak Dalam Kandungan Sampai Lansia : Jakarta',5,NULL),(104,257,9,4,'http://americanpregnancy.org/pragnancy-concerns/anemia-during-pragnancy/ ©2017 American pregnancy assosiation. Web Design',6,NULL),(105,257,9,4,'Indriani, Mita Putri. 2014. Faktor-Faktor yang Berhubungan dengan Kejadian Anemia pada Ibu Hamil di Desa Tanjung Niaga Kecamatan Nanga Pinoh Kabupaten Melawi',7,NULL),(106,257,9,4,'Notoatmodjo, Soekidjo. 2005. Metodologi Penelitian Kesehatan. Jakarta : Rineka Cipta',8,NULL),(107,257,9,4,'Notoatmodjo. 2008. Teori Pengetahuan. Jakarta : Rineka Cipta',9,NULL),(108,257,9,4,'Saminem. 2008. Resiko Komplikasi Kehamilan : Jakarta',10,NULL),(109,257,9,4,'Sarwono. 2009. Teori Kopi Dan Teh : Jakarta',11,NULL),(110,257,9,4,'Teori Defenisi Pola Konsumsi Makan',12,NULL),(111,257,9,4,'Kesehatan Masyartakat. Jakarta : Rineka Cipta',13,NULL),(112,257,9,4,'Promosi Kesehatan dan Ilmu Perilaku. Jakarta : Rineka Cipta',14,NULL),(113,257,9,4,'Saifudin, Abdul Bari, dkk. Buku Acuan Nasional Pelayanan Kesehatan Maternal dan Neonatal, Ed 1, Cet 5. Jakarta : PT. Bina Pustaka Sarwono Prawirohardjo. 2009',15,NULL),(114,257,9,4,'Saryono dan Angraeni, Mekar Dwi. 2013. Metode Penelitian Kualitatif dan Kuantitatif dalam Bidang Kesehatan. Yogyakarta : Nuha Medika',16,NULL),(115,257,9,4,'Slee, Schmidt. 2008. Teori kesehatan',17,NULL),(116,257,9,4,'Survei Demografi dan Kependudukan Indonesia. 2012. Data Kelahiran dan Kematian Ibu : Jakarta',18,NULL),(117,257,11,4,'Suradi R, Tobing HKP. (2007). Bahan bacaan manajemen laktasi. Cetakan ke-3. Jakarta: Program Manajemen Laktasi Perkumpulan Perinatologi Indonesia.',1,NULL),(118,257,11,4,'American Academy of Pediatrics, Work Group on Breastfeeding.(2005). Breastfeeding and the use of human milk. Pediatrics ;115:496–506',2,NULL),(119,257,11,4,'WHO (2004) Exclussive breastfeeding. Available at:<www.CAH-Exclusive Breastfeeding.HTML>',3,NULL),(120,257,11,4,'WHO (2009) Infant and Young Child Feeding: Model Chapter For Textbooks For Medical Students and Allied Health Professionals, Geneva: WHO.',4,NULL),(121,257,11,4,'Morhason-Bello, I. O., Adedokun, B. O. & Ojengbede, O. A. (2009) Social support during childbirth as a catalyst for early breastfeeding initiation for first-time Nigerian mothers. Int Breastfeed J, 4: 16.',5,NULL),(122,257,11,4,'Agampodi, S. B., Agampodi, T. C. & Piyaseeli, U. K. (2007) Breastfeeding practices in a public health field practice area in Sri Lanka: a survival analysis. Int Breastfeed J, 2: 13.',6,NULL),(123,257,11,4,'Kementerian Kesehatan RI. (2013). Profil Kesehatan Indonesia 2012. Jakarta',7,NULL),(124,257,11,4,'Arora, S., McJunkin, C., Wehrer, J. & Kuhn, P. (2000) Major factors influencing breastfeeding rates: Mother\'s perception of father\'s attitude and milk supply. Pediatrics, 106 (5): E67.',8,NULL),(125,257,11,4,'Mattar, C. N., Fok, D. & Chong, Y. S. (2008) Common concerns regarding breastfeeding in a family practice setting. Singapore Med J, 49 (4): 272-279.',9,NULL),(126,257,11,4,'Binns, C., Gilchrist, D., Gracey, M., Zhang, M., Scott, J. & Lee, A. (2004) Factors associated with the initiation of breast-feeding by Aboriginal mothers in Perth. Public Health Nutr, 7 (7): 857-61.',10,NULL),(127,257,11,4,'Kimbro, R. T. (2006) On-the-job moms: work and breastfeeding initiation and duration for a sample of low-income women. Matern Child Health J, 10 (1): 19-26.',11,NULL),(128,257,11,4,'Roesli, U. (2008) Inisiasi Menyusu Dini Plus Asi Eksklusif. Jakarta: Pustaka Bunda.',12,NULL),(129,257,11,4,'Hall Moran, V., Edwards, J., Dykes, F. & Downe, S. (2007) A systematic review of the nature of support for breast-feeding adolescent mothers. Midwifery, 23 (2): 157-71.',13,NULL),(130,257,11,4,'Chen, Y. C., Wu, Y. C. & Chie, W. C. (2006) Effects of work-related factors on the breastfeeding behavior of working mothers in a Taiwanese semiconductor manufacturer: a cross-sectional survey. BMC Public Health, 6: 160.',14,NULL),(131,257,11,4,'Depkes (2008) Manajemen Laktasi. Buku Panduan Bagi Bidan dan Petugas Kesehatan di Puskesmas Jakarta: Dirjen Binkesmas Departemen Kesehatan Republik Indonesia.',15,NULL),(132,257,12,4,'erfghjkl',1,NULL),(133,257,13,4,'Depkes RI. 2009. Pedoman Pelayanan Antenatal Di Tingkat Pelayanan Dasar. Jakarta : Direktorat Bina Kesehatan Keluarga.',1,NULL),(134,257,13,4,'Wiknjosastro. 2011. Ilmu Kebidanan. Yayasan Bina Pusataka Sarwono Prawiroharjo. Jakarta',2,NULL),(135,257,13,4,'Kemenkes, 2016, Profil Kesehatan Indonesia Tahun 2015 tersedia dalam web. www.depkes.go.id diakses Desember 2016.',3,NULL),(136,257,13,4,'Saifuddin, AB (2011) Ilmu Kebidanan Sarwono Prawiroharjo, Bina Pustaka SP, Jakarta',4,NULL),(137,257,13,4,'Depkes RI. 2008. Pedoman Pemantauan Wilayah Setempat Kesehatan Ibu dan Anak (PWS–KIA). Jakarta.',5,NULL),(138,257,13,4,'Niven, N. 2002. Health Psychology: An Introduction for Nurses and Other Health Care Professionals. (alih bahasa). Jakarta: EGC.',6,NULL),(139,257,13,4,'Sofian Amru (2013) Sinopsis Obstetri Rustam Mochtar jilid 1, EGC, Jakarta',7,NULL),(140,257,13,4,'Depkes RI. 2007. Peraturan Kemenkes No.949/Menkes/Per/VIII/2007 Kriteria Sarana Pelayanan Kesehatan',8,NULL),(141,257,13,4,'Widyawati R. (2015) Buku Kebidanan Komunitas. Tersedia dalam http://www.profesibidan.com diakses tanggal 13 Agustus 2017',9,NULL),(142,257,14,4,'Bothamley, Judy dan Maureen Boyle. 2012. Patofisiologi dalam Kebidanan. Jakarta: EGC',1,NULL),(143,257,14,4,'Dien Gusta Anggraini Nursal , Pratiwi Tamela, F. (2015). Faktor risiko kejadian preeklampsia pada ibu hamil di rsup dr. m. djamil padang tahun 2014, 2014, 38–44.',2,NULL),(144,257,14,4,'Dinas Kesehatan Provinsi Kalsel (2016). Profil Kesehatan Provinsi Kalimantan Selatan Tahun 2016. Banjarmasin',3,NULL),(145,257,14,4,'Ditjen Bina Gizi dan KIA Kemenkes RI.2013. Upaya percepatan penurunan angka kematian ibu di Indonesia. Downloud on, June, 09, 2014',4,NULL),(146,257,14,4,'Kandou, P. R. D., Hutabarat, R. A., Suparman, E., Wagey, F., (2016). Karakteristik pasien dengan preeklampsia Kandidat Skripsi Fakultas Kedokteran Universitas Sam Ratulangi Manado World Health Organization',5,NULL),(147,257,14,4,'Lindheimer M.D, Robert J.M, Cunningham F.G, 2009. Chesley’s hypertensive disorders in pregnancy, Third Edition. Elseiver Inc. All rights Reserved.p: 87-103',6,NULL),(148,257,14,4,'Lockwood, C.J., Paidas, M.J. 2000. Preeclampsia and Hypertensive Disorders. In:Complication of Pregnancy fifth ed. Baltimore : Lippincott Wiliams and Wilkins. P. 214-215.',7,NULL),(149,257,14,4,'Maryunani, Anik dan Yulianingsih. 2011. Asuhan Kegawatdaruratan Dalam Kebidanan. Jakarta : CV Trans Info Media.',8,NULL),(150,257,14,4,'Novianti, H. (2016). Pengaruh Usia Dan Paritas Terhadap Kejadian Pre Eklampsia Di RSUD Sidoarjo Abstract :Jurnal Ilmiah Kesehatan, Vol. 9, No, 25–31.',9,NULL),(151,257,14,4,'Pratiwi, I. (2015). Hubungan Paritas Dengan Kejadian Preeklampsia Pada Ibu Hamil Di RSUD WONOSARI. Skripsi.',10,NULL),(152,257,14,4,'Rozikhan. (2007) Faktor-Faktor Risiko Terjadinya Pre-eklampsia Berat di Rumah Sakit Dr. H. Soewondo Kendal. Tesis. Semarang: Universitas Diponegoro.',11,NULL),(153,257,14,4,'Shah, D. A., & Khalil, R. A. 2015. Bioactive factors in uteroplacental and systemic circulation link placental ischemia to generalized vascular dysfunction in hypertensive pregnancy and preeclampsia. Biochemical Pharmacology, 95(4), 211–226.',12,NULL),(154,257,14,4,'Suwanti, Edi Prasetyo Wibowo, & Nur Aini Safitri. (2012) Hubungan Tekanan Darah Dan Paritas Dengan Kejadian Preklampsia Di Ruang Bersalin RSUP NTB Tahun 2012. Media Bina Ilmiah . Volume 8, No. 1, Februari 2014. ISSN No. 1978-3787. Pp 25-30',13,NULL),(155,257,14,4,'WHO. 2011. Recommendations for Prevention and Treatment of Preeclampsia and Eclampsia, WHO Department of Maternal and Child Health, Geneva, Switzerland',14,NULL),(156,257,15,4,'Badan Penelitian dan Pengembangan Kesehatan Kemenkes RI., Riskesdas 2013, Jakarta. 2013.',1,NULL),(157,257,15,4,'Dinas Kesehatan Provinsi Kalsel, Laporan Diare Kabupaten/Kota Provinsi Kalimantan Selatan, Banjarmasin, 2013.',2,NULL),(158,257,15,4,'Dinas Kesehatan Kabupaten Banjar, Laporan diare Kabupaten/Kota Kabupaten Banjar. Kalimantan Selatan,. Kabupaten Banjar, 2013.',3,NULL),(159,257,15,4,'Hidayat AAA., Metode Penelitian Kebidanan dan Teknik Analisa Data, Jakarta,Salemba Medika, 2012.',4,NULL),(160,257,15,4,'Ruswana. 2006. Pelayanan Kesehatan Maternal dan Neonatal. Salemba Medika. Jakarta',5,NULL),(161,257,15,4,'IB Marta. 2000. Hubungan Tingkat Pengetahuan dengan Kejadian Diare di Desa Bedudu. Universitas Indonesia. Jakarta.',6,NULL),(162,257,15,4,'Purbasari, E. 2009. Tingkat Pengetahuan, Sikap dan Perilaku Ibu dalam Penanganan Awal Diare Pada Balita Di Puskesmas Kecamatan Ciputat, Tanggerang Selatan, Banten. Laporan Penelitian Fakultas Dan Ilmu Kesehatan Universitas Negeri Syarif Hidayatullah, Jakarta.',7,NULL),(163,257,15,4,'Lamberti, Laura M et al. “Breastfeeding and the risk for diarrhea morbidity and mortalityâ€, (diunduh 10 November 2018),Tersedia dari URL:HYPERLINK http: //www.biomedcentral.com/1471-2458/11/S3/S15, 2011.',8,NULL),(164,257,15,4,'Rahmadhani,E.P.,Lubis G.,Edison,â€Hubungan Pemberian ASI Eksklusif dengan Angka Kejadian Diare Akut pada Bayi Usia 0-1 Tahun di Puskesmas Kuranji Kota Padangâ€, http://jurnal.fk.unand.ac.id. Jurnal Kesehatan Andalas. 2013.',9,NULL),(165,257,15,4,'Wijayanti, Winda, “Hubungan antara Pemberian ASI Eksklusif dengan Angka Kejadian Diare pada Bayi Umur 0-6 Bulan di Puskesmas Gilingan Kecamatan Banjarsari Surakartaâ€, Skripsi, Universitas Sebelas Maret, Surakarta, 2010.',10,NULL),(166,257,15,4,'Suradi, Rulina, Manfaat ASI dan Menyusui. Jakarta: Fakultas Kedokteran Universitas Indonesia. 2008.',11,NULL),(167,257,15,4,'Hegar, Badriul dan Magdalena Sahetapy, “Air Susu Ibu dan Kesehatan Saluran Cernaâ€, (diunduh 2 November 2017). 2009, Tersedia dari URL:HYPERLINK http: /www.idai.or.id/asi/artikel.asp?q=20091029105942',12,NULL),(168,257,15,4,'Lely, “Peran ASI Eksklusif yang Mengandung Antibodi SIgA terhadap Risiko Diare Akut pada Bayi Usia 1-6 Bulanâ€ 2011 (diunduh 25 Februari 2012) Tersedia dari URL:HYPERLINK http: //www.pps.unud.ac.id/disertasi',13,NULL),(169,257,15,4,'Vivian, Asuhan Neonatus Bayi dan Anak Balita. Salemba Medika, Jakarta, 2012.',14,NULL),(170,257,15,4,'Depkes, RI., Pedoman Pemberantasan Penyakit Diare. Jakarta : Ditjen PPM dan',15,NULL),(171,257,15,4,'PL., 2005.',16,NULL),(172,257,15,4,'Siti A., “hubungan sanitasi lingkungan dan faktor budaya dengan kejadian diare pada anak balita di desa toriyo kecamatan bendosari kabupaten sukoharjo.â€Nurseline Journal Vol.1 No.1,Mei ,2016 http://jurnal.unimus.ac.id/index.ph p/psn12012010/article/view/52',17,NULL),(173,257,15,4,'Karyono., Basirun., & Septiwi, C. “Faktor-Faktor Yang Mempengaruhi Kejadian',18,NULL),(174,257,15,4,'Pasien Diare Pada Anak Di Rsud Majenang Kabupaten Cilacap Tahun 2008â€, Jurnal',19,NULL),(175,257,15,4,'Ilmiah Kesehatan Keperawatan, 5 (1), 2009.',20,NULL),(176,257,15,4,'Agus, S., Handoyo,. & Widiyantis, D.A.K, Analisis Faktor-Faktor Resiko Yang',21,NULL),(177,257,15,4,'Mempengaruhi Kejadian Diare Pada Balita Di Puskesmas Ambal 1 Kecamatan Ambal',22,NULL),(178,257,15,4,'Faktor-Faktor Yang Berhubungan Dengan Kejadian Diare Kabupaten Kebumen. “Jurnal',23,NULL),(179,257,15,4,'Ilmiah Kesehatan Keperawatan, 5 (2), 2009.',24,NULL),(180,257,15,4,'Depkes Rl, Perilaku Hidup Bersih Dan Sehat,Jakarta : Depkes RI. 2010.',25,NULL),(181,257,15,4,'Kemenkes RI., Kurikulum dan Modul Pelatihan Sanitasi Total Berbasis Masyarakat',26,NULL),(182,257,15,4,'(STBM),Jakarta Kementerian Kesehatan RI; 2014.(Online),',27,NULL),(183,257,15,4,'Zubir, Juffrie, M., Dan Wibowo, T. Faktor-Faktor Risiko Kejadian Diare Akut Pada Anak',28,NULL),(184,257,15,4,'-35 Bulan (Batita) Di Kabupaten Bantul, Sains Kesehatan.Vol 19. No 3. Januari 2016.',29,NULL),(185,257,15,4,'Issn 1411-6197 : 319-332; 2006.',30,NULL),(186,257,15,4,'Saktiansyah, ‘Hubungan Sanitasi Lingkungan dengan Kejadian Penyakit Diare pada',31,NULL),(187,257,15,4,'Masyarakat Kawasan Pesisir Kelurahan Nambo Kecamatan Abeli Kota Kendari.’’ Skripsi.',32,NULL),(188,257,15,4,'Universitas Haluoleo, Kendari, 2010.',33,NULL),(189,257,15,4,'Nasili, Thaha, RM dan Seweng, A., Perilaku pencegahan diare anak balita di',34,NULL),(190,257,15,4,'wilayah bantaran kali Kelurahan Bataraguru Kecamatan Wolio Kota Bau-Bau,',35,NULL),(191,257,15,4,'Universitas Sulawesi Tenggara, 2011.',36,NULL),(192,257,15,4,'Sander, M.A, Hubungan Faktor Sosial Budaya dengan Kejadian Diare di Desa',37,NULL),(193,257,15,4,'Candinegoro Kecamatan Winoayu Sidoarjo, Jurnal Medika, Vol 2, No.2 Juli- Desember',38,NULL),(194,257,15,4,':163-193, 2005',39,NULL),(195,257,16,4,'Dinkes Kabupaten Banjar, 2013. Rekapitulasi Imunisasi Pada Bayi dan Balita.',1,NULL),(196,257,16,4,'Efendi, 2011. Kuesioner Pengaruh Faktor Pengetahuan, Dukungan Keluarga Dan Kepercayaan Terhadap Pemberian Imunisasi Hepatitis B (0-7 Hari) Pada Bayi Di Desa Selotong Kecamatan Secanggang Kabupaten Langkat Tahun 2011, tersedia dalam http://rusmanefendi.files.wordpress.com/2011/10/ml-u06-pengaruh-faktor-pengetahuan-dukungan-keluarga5.pdf. diakses tanggal 27 Mei 2014.',2,NULL),(197,257,16,4,'Hariadi, 2011. Penyakit yang Dapat Dicegah dengan Imunisasi, http://cpddokter.com/home/index2.php, diakses tanggal 18 Mei 2014.',3,NULL),(198,257,16,4,'Maryunani, A, 2010. Ilmu Kesehatan Anak Dalam Kebidanan, Trans Info Media, Jakarta.',4,NULL),(199,257,16,4,'Muflihah, 2013. Hubungan Pengetahuan dan Sikap Ibu dengan Pemberian Imunisasi Hepatitis B 0-7 Hari di Wilayah Kerja Puskesmas Lampihong Kabupaten Balangan Tahun 2012.',5,NULL),(200,257,16,4,'Nadia, H, 2011. Gambaran Pengetahuan Ibu Tentang Imunisasi Hepatitis B 0-7 Hari di Wilayah Kerja Puskesmas Pekauman Banjarmasin Tahun 2011',6,NULL),(201,257,16,4,'Notoatmodjo, S, 2007. Promosi Kesehatan dan Ilmu Perilaku, Rineka Cipta, Jakarta.',7,NULL),(202,257,16,4,'Paridawati, dkk, 2013. Faktor Yang Berhubungan Dengan Tindakan Ibu Dalam Pemberian Imunisasi Dasar Pada Bayi Di Wilayah Kerja Puskesmas Bajeng Kecamatan Bajeng Kabupaten Gowa. http://repository.unhas.ac.id/bitstream/handle/123456789/5833/JURNAL%20SKRIPSI.pdf?sequence=1, diakses tanggal 28 Mei 2014.',8,NULL),(203,257,16,4,'Purnawan. 2008. Pengertian Dukungan Keluarga. Diakses dalam',9,NULL),(204,257,16,4,'http://www.psychologymania.com/2008/12/pengertian-dukungan-keluarga.html tanggal 17 Juli 2014',10,NULL),(205,257,16,4,'Ranuh, I.G.N., dkk, 2008. Pedoman Imunisasi Di Indonesia, Badan Penerbit Ikatan Dokter Anak Indonesia, Jakarta.',11,NULL),(206,257,16,4,'Suparyanto, 2011. Konsep Kelengkapan Imunisasi. Diakses dalam http://dr-suparyanto.com/2011/06/konsep-kelengkapan-imunisasi.html tanggal 18 Juli 2014',12,NULL),(207,257,18,4,'Arikunto, S, 2010. Prosedur Penelitian, Rineka Cipta, Jakarta.',1,NULL),(208,257,18,4,'Azwar S, 2011. Sikap Manusia Teori dan Pengukurannya, edisi ke 2, Pustaka Pelajar, Yogyakarta.',2,NULL),(209,257,18,4,'Dinkes Kabupaten Banjar, 2013. Rekapitulasi Imunisasi Pada Bayi dan Balita.',3,NULL),(210,257,18,4,'Efendi, 2011. Kuesioner Pengaruh Faktor Pengetahuan, Dukungan Keluarga Dan Kepercayaan Terhadap Pemberian Imunisasi Hepatitis B (0-7 Hari) Pada Bayi Di Desa Selotong Kecamatan Secanggang Kabupaten Langkat Tahun 2011, tersedia dalam http://rusmanefendi.files.wordpress.com/2011/10/ml-u06-pengaruh-faktor-pengetahuan-dukungan-keluarga5.pdf. diakses tanggal 27 Mei 2014.',4,NULL),(211,257,18,4,'Efendi, F dan Makhfudli, 2009. Keperawatan Kesehatan Komunitas, Salemba Medika, Jakarta.',5,NULL),(212,257,18,4,'Hariadi, 2011. Penyakit yang Dapat Dicegah dengan Imunisasi, http://cpddokter.com/home/index2.php, diakses tanggal 18 Mei 2014.',6,NULL),(213,257,18,4,'Hartono, 2011. Statistik untuk Penelitian, Pustaka Pelajar, Yogyakarta.',7,NULL),(214,257,18,4,'Hidayat, A.A.A., 2007. Metode Penelitian Kebidanan dan Teknik Analisis Data, Salemba Medika, Jakarta.',8,NULL),(215,257,18,4,'Hidayat, A.A.A., 2008. Ilmu Kesehatan Anak untuk Pendidikan Kebidanan,Salemba Medika, Jakarta.',9,NULL),(216,257,18,4,'Marmi dan Kukuh R, 2012. Asuhan Neonatus, Bayi, Balita dan Anak Prasekolah, Pustaka Pelajar, Yogyakarta.',10,NULL),(217,257,18,4,'Maryunani, A, 2010. Ilmu Kesehatan Anak Dalam Kebidanan, Trans Info Media, Jakarta.',11,NULL),(218,257,18,4,'Muflihah, 2013. Hubungan Pengetahuan dan Sikap Ibu dengan Pemberian Imunisasi Hepatitis B 0-7 Hari di Wilayah Kerja Puskesmas Lampihong Kabupaten Balangan Tahun 2012.',12,NULL),(219,257,18,4,'Muscari, M.E., 2005. Keperawatan Pediatrik, EGC, Jakarta.',13,NULL),(220,257,18,4,'Nadia, H, 2011. Gambaran Pengetahuan Ibu Tentang Imunisasi Hepatitis B 0-7 Hari di Wilayah Kerja Puskesmas Pekauman Banjarmasin Tahun 2011',14,NULL),(221,257,18,4,'Notoatmodjo, S, 2010. Metode Penelitian Kesehatan, Rineka Cipta, Jakarta.',15,NULL),(222,257,18,4,'Notoatmodjo, S, 2007. Promosi Kesehatan dan Ilmu Perilaku, Rineka Cipta, Jakarta.',16,NULL),(223,257,18,4,'Nursalam dan Ninuk D.K., 2007. Asuhan Keperawatan pada Pasien Terinfeksi HIV/AIDS, Salemba Medika.',17,NULL),(224,257,18,4,'Proverawati, A dan Citra S. D. A., 2010. Imunisasi dan Vaksinasi,Nuha Medika, Yogyakarta.',18,NULL),(225,257,18,4,'Paridawati, dkk, 2013. Faktor Yang Berhubungan Dengan Tindakan Ibu Dalam Pemberian Imunisasi Dasar Pada Bayi Di Wilayah Kerja Puskesmas Bajeng Kecamatan Bajeng Kabupaten Gowa. http://repository.unhas.ac.id/bitstream/handle/123456789/5833/JURNAL%20SKRIPSI.pdf?sequence=1, diakses tanggal 28 Mei 2014.',19,NULL),(226,257,18,4,'Purnawan. 2008. Pengertian Dukungan Keluarga. Diakses dalam',20,NULL),(227,257,18,4,'http://www.psychologymania.com/2008/12/pengertian-dukungan-keluarga.html tanggal 17 Juli 2014',21,NULL),(228,257,18,4,'Puskemas Karang Intan Kabupaten Banjar, 2011. Imunisasi Pada Bayi dan Balita.',22,NULL),(229,257,19,4,'Ali, M., Emch, M. & Donnay, J. P. (2002) Spatial filtering using a rastergeographic information system: methods for scaling health and environmental data. Health Place, 8(2):85-92.',1,NULL),(230,257,19,4,'Alisjahbana, Armida S. Pedoman Penyusunan Rencana Aksi Percepatan Pencapaian Tujuan MDGs Di daerah (RADMDGs). Kementrian Perencanaan Pembangunan Nasional atau Badan Perencanaan Pembangunan Nasional, 2010.',2,NULL),(231,257,19,4,'Costa A.D., Jhalani S.M., Mahadik V.K., & Diwan V.K. (2008) Managing with maps? The development and institutionalization of a mapbased health management information system in Madya Pradesh, India. Scan J Publict Health, 36:99.',3,NULL),(232,257,19,4,'DepKes RI.2009 Menuju Persalinan yang aman dan Selamat agar Ibu Sehat Bayi Sehat. Pusat Promosi Kesehatan. Departemen Kesehatan RI, 2009',4,NULL),(233,257,19,4,'Ekadinata, A.,Dewi, S., Hadi, Danan, P., Nugroho, Dudy, K., & Johana, F. (2008) Sistem Informasi Geografis untuk Pengelolaan Bentang Lahan Berbasis Sumber Daya alam. World agroforestry Centre.',5,NULL),(234,257,19,4,'Forand, S. P., Talbot, T. O., Druschel, C. & Cross, P. K. (2002) Data quality and the spatial analysis of disease rates: Congenital malformations in New York State. Health Place, 8(3):191-9.',6,NULL),(235,257,19,4,'Juliawanto E. 2008. Faktor-faktor yang Mempengaruhi Keputusan Memilih Penolong Persalinan Oleh Ibu Bersalin di Kecamatan Babul Rahmah Kabupaten Aceh Tenggara. Tesis. Sumatra Utara :FKM USU.',7,NULL),(236,257,19,4,'Niaty. S, 2010, Pengaruh Keikutsertaan dalam Kelas Ibu Hamil terhadap Pemilihan Penolong Persalinandi Wilayah Kerja Puskesmas Mekarwangi Kabupaten Garut Jawa Barat, skripsi FKM-UI, Depok.',8,NULL),(237,257,19,4,'Nurhasni, 2010, Faktor-Faktor yang Mempengaruhi Pemilihan Penolong Persalinan di Wilayah Kerja Puskesmas Cijeruk Kecamatan Cijeruk Kabupaten Bogor, Skripsi FJM-UI, Depok.',9,NULL),(238,257,19,4,'Parenden, RD. Kandou, GD. Pangemanan, JM. Analisis Keputusan Ibu Memilih Penolong Persalinan Di Wilayah Puskesmas Kabila Bone. JIKMU, Vol. 5, No. 2a April 2015.',10,NULL),(239,257,19,4,'Prahasta, E. (2009) Sistem Informasi Geografis: Konsep-Konsep Dasar Perspektif Geodesi & Geomatika. Bandung: Informatika.',11,NULL),(240,257,19,4,'Prawirohardjo, 2009, Buku Acuan Nasional pelayanan Kesehatan Maternal dan Neonatal, Bina Pustaka, Jakarta',12,NULL),(241,257,19,4,'Rosnani, 2011, Budaya dan Faktor-Faktor Lain yang Berhubungan dengan Pemilihan Penolong Persalinandi Wilayah Kerja Puskesmas Rakit Kulim Kecamatan Rakit Kulim Kabupaten Indragiri Hulu Porpinsi Riau, Skripsi FKM-UI, Depok',13,NULL),(242,257,19,4,'Widavvati. Faktor-Faktor yang Berhubungan dengan Pola Pemilihan Penolong Persalinan Pada Ibu Melahirkan Di Wilayah Kerja Puskesmas Kopo Bandung Tahun 2007. Skripsi diterbitkan. Depok: Program Sarjana Kesehatan Masyarakat FKM UI, 2008.',14,NULL),(243,257,19,4,'Zalbawi, 2006, Pemilihan Tenaga Penolong Persalinan, diakses dari http:/www.google.co.id',15,NULL),(244,257,21,4,'Abdiana. 2015. Determinan Kematian Bayi Di Kota Payakumbuh. Jurnal Kesehatan Masyarakat Andalas 9(2) 88-92',1,NULL),(245,257,21,4,'Abdullah.2012. Faktor Risiko Kematian Neonatal Dini di Rumah Sakit Bersalin. Jurnal Kesehatan Masyarakat Nasional 6(6):283-288',2,NULL),(246,257,21,4,'Arinta.2012. Faktor Penyebab Kematian Bayi Di Kabupaten Sidoarjo. Jurnal Biometrika dan Kependudukan 1(1): 33-42',3,NULL),(247,257,21,4,'Arliana. 2013. Faktor yang Berhubungan dengan Penggunaan Metode Kontrasepsi Hormonal pada Akseptor KB di Kelurahan Pasarwajo Kec. Pasarwajo Kab. Buton Sulawesi Tenggara Tahun 2013.Skripsi. Universitas Hasanuddin Makassar',4,NULL),(248,257,21,4,'Astri dkk. 2012. Analisis Faktor Risiko Kematian Neonatal Dini Di Rumah Sakit Khusus Daerah Ibu Dan Anak Pertiwi Kota Makassar Tahun 2011-2012. Bagian Biostatistik/KKB Fakultas Kesehatan Masyarakat Universitas Hasanuddin',5,NULL),(249,257,21,4,'Azizah.2017. Kematian Neonatal Di Kabupaten Grobogan. Higeia Journal Of Public Health Research And Development 1(4):72-85',6,NULL),(250,257,21,4,'BAPPENAS. 2017. SDG’S Indonesia Diakses dalam http://www.sdgsindonesia.or.id/ tanggal 3 Juni 2017 pukul 20.00 WIB',7,NULL),(251,257,21,4,'Bustami dkk. 2015. Faktor Risiko Yang Berhubungan Dengan Kematian Perinatal Di Kabupaten Lampung Utara Tahun 2014. Jurnal Kesehatan Holistik Vol 9, No 3, Juli 2015: 103-108',8,NULL),(252,257,21,4,'Dinas Kesehatan Provinsi Bengkulu. 2015. Profil Kesehatan Provinsi Bengkulu. Bengkulu',9,NULL),(253,257,21,4,'Dinas Kesehatan Provinsi Bengkulu. 2016. Profil Kesehatan Provinsi Bengkulu. Bengkulu',10,NULL),(254,257,21,4,'Djaja.2007. Peran Faktor Sosio-Ekonomi, Biologi dan Pelayanan Kesehatan terhadap Kesakitan dan Kematian Neonatal. Kedokt Indon 59 (8):371-377',11,NULL),(255,257,21,4,'Fitri.dkk.2017. Pengaruh Jarak Kelahiran terhadap Kematian Bayi di Indonesia, Filipina, dan Kamboja (Analisis Data Survei Demografi Kesehatan). Jurnal Epidemiologi Kesehatan Indonesia 1(2): 45-5',12,NULL),(256,257,21,4,'Kemenkes RI. 2010. Pedoman Pelayanan Antenatal Terpadu. Direktur Jenderal Bina Kesehatan Masyarakat Kementerian Kesehatan Republik Indonesia. Jakarta',13,NULL),(257,257,21,4,'Kemenkes, RI. Profil Kesehatan Indonesia 2012. Kementerian Kesehatan Republik Indonseia. Jakarta',14,NULL),(258,257,21,4,'Masitoh dkk. 2014. Asfiksia Faktor Dominan Penyebab Kematian NeonataL. Jurnal Ilmu dan Teknologi Kesehatan, Vol. 1, Nomor 2, Maret 2014, hlm : 163 – 16',15,NULL),(259,257,21,4,'Murwati. 2015. Faktor Ibu, Bayi Dan Budaya Yang Mempengaruhi Kejadian Kematian Bayi Di Puskesmas Pedan. Jurnal Kesehatan VI( 1): 83-88',16,NULL),(260,257,21,4,'Novidaswati. 2014. Hubungan Antara Jenis Persalinan Dengan Tingkat Asfiksia Neonatorum Di Rsud Panembahan Senopati Bantul Tahun 2013. Naskah Publikasi. Program Studi Bidan Pendidik Jenjang DIV Sekolah Tinggi Ilmu Kesehatan ‘Aisyiyah Yogyakarta',17,NULL),(261,257,21,4,'Nurliawati. 2014. Faktor-Faktor Yang Berhubungan Dengan Kematian Neonatus Dini Di Ruang Perinatalogi Rsud Tasikmalaya Tahun 2012. Jurnal Kesehatan Bakti Tunas Husada Volume 11 No.1 Februari 2014',18,NULL),(262,257,21,4,'Pratama. 2013. Analisis Faktor – Faktor Penyebab Kejadian Kematian Neonatus Di Kabupaten Boyolali. Naskah Publikasi. Fakultas Ilmu Kesehatan Universitas Muhammadiyah Surakarta',19,NULL),(263,257,21,4,'Rahmah H. Faktor-faktor yang Berhubungan dengan Kematian Perinatal di Rumah Sakit Umum Daerah Kota Bau-bau Tahu 2009. Skripsi. Universitas Hasanuddin Makassar',20,NULL),(264,257,21,4,'Tyas.Analisis Hubungan Kunjungan Neonatal, Asfiksia danBBLR dengan Kematian Neonatal. Jurnal Biometrika dan Kependudukan 3(2) : 168–174',21,NULL),(265,257,21,4,'World Health Organization (WHO). 2015. Neonatal Death. Diakses dalam http://www.who.int/gho/child_health/mortality/neonatal/en/index1.html tanggal 3 Juni 2017 pukul 20.00 WIB',22,NULL),(266,257,21,4,'Yani.2013. Pelayanan Kesehatan Ibu dan Kematian Neonatal. Jurnal Kesehatan Masyarakat Nasional 7(8) , Maret 2013.373-377',23,NULL),(267,257,24,4,'dapus ini tentang pendahuluan',1,NULL),(268,257,22,4,'copas yg di artikel ke sini',1,NULL),(270,257,25,4,'Arikunto, S. (2006). Prosedur Penelitian dan Pendekatan Praktek. Jakarta : Rineka Cipta',1,NULL),(271,257,25,4,'Azis,M.F. 2002. Skrining Dan Deteksi Dini Kanker Serviks. In : Ramli H.M, et al, eds. Deteksi Dini Kanker. Jakarta : balai penerbit FKUI.',2,NULL),(272,257,25,4,'Bustan,M.N. 2007. Epidemiologi Penyakit Tidak Menular.',3,NULL),(273,257,25,4,'Dahlan, Sopiyudin. 2011. Statistik Untuk Kedokteran Dan Kesehatan. Jakarta : Salemba Medika',4,NULL),(274,257,25,4,'Dewi L. 2014. Faktor-Faktor Yang Berhubungan Dengan Perilaku Wanita Usia Subur Dalam Deteksi Dini Kanker Serviks Dengan Metode Inspeksi Visual Asam Asetat (IVA) Di Wilayah Kerja Puskesmas Tanjung Hulu Pontianak Tiur Tahun 2014.',5,NULL),(275,257,25,4,'http://ejournal.unsri.ac.id diperoleh tanggal 13 November 2016',6,NULL),(276,257,26,4,'Adelia, 2017.Buku Saku Bidan. Jakarta : EGC.',1,NULL),(277,257,26,4,'Ai Yeyeh, Rukiyah dkk. Asuhan kebidanan 1 (kehamilan. Edisi ke 2. Jakarta: Trans Info Media 2011.',2,NULL),(278,257,26,4,'Anggun Chairunisa Chrisna Putri, 2017. Kematian Janin Intra Uterine Fetal Death Dengan Peeklamsia. Desember2017.',3,NULL),(279,257,26,4,'Ani Triana,2012. Pengaruh Kadar Hb Dan Paritas Dengan Kejadian Intra Uterine Fetal',4,NULL),(280,257,26,4,'Ari Setiawan Dan Saryono. Metodologi Penelitian Kebidanan Diii, Div, S1, S2. Yogyakarta : Nulia Medika 2010.',5,NULL),(281,257,26,4,'Ariani, A.P. (2014). Aplikasi Metodologi Penelitian Kebidanan Dan Kesehatan Reproduksi. Yogyakarta : Nuha Medika.',6,NULL),(282,257,26,4,'Badan Pusat Statistik. 2008. Survei Demografis Dan Kesehatan Indonesia (Sdki) 2012. Jakarta : Badan Pusat Statistik.',7,NULL),(283,257,26,4,'Daili, F., 2003. Ilmu penyakit kulit dan kelamin. Jakarta Fakultas Kedokteran Universitas Indonesia.',8,NULL),(284,257,26,4,'Depkes, 2012. Petunjuk Pelaksanaan Penetapan Indikator Enuju Indonesia Sehat 2010.',9,NULL),(285,257,26,4,'Depkes.2012. Asuhan Persalinan Normal. Depkes RI. Jakarta.',10,NULL),(286,257,26,4,'Dewinggga. Helma P. 2014. Gambaran Kejadiana Intra Uterifetal Death (Uifd) Berdasarkan Penyebab Di Rsud Dr. H.Moch Ansari Saleh Banjarmasin, Karya Tulis Ilmiah.',11,NULL),(287,257,26,4,'Dianty Maternity, S.ST.,M.Keb, 2016, hal.158',12,NULL),(288,257,26,4,'Hidayat, A Ai Alimul, 2007. Metode Penelitian Kebidanan Dan Tehnik Analisis Data. Jakarta : Salemba Medika.',13,NULL),(289,257,27,4,'Banjarmasin, P.K., 2019. Poltekkes Kemenkes Banjarmasin. Profil Poltekkes Kemenkes Banjarmasin.www.poltekkes-bjm.ac.id',1,NULL),(290,257,27,4,'Kumorotomo, W., Wirapradja, N.R.D., Imbaruddin, A., 2015. Etika Publik Modul Pendidikan dan Pelatihan Prajabatan Golongan II dan III. Lembaga Administrasi Negara RI, Jakarta.',2,NULL),(291,257,27,4,'Kusumasari, B., Dwiputrianti, S., Allo, E.L., 2015. Akuntabilitas Modul Pendidikan dan Pelatihan Prajabatan Golongan II dan III. Lembaga Administrasi Negara RI, Jakarta.',3,NULL),(292,257,27,4,'Latief, Y., Suryanto, A., Muslim, A.A., 2015. Nasionalisme Modul Pendidikan dan Pelatihan Prajabatan Golongan II dan III. Lembaga Administrasi Negara RI, Jakarta.',4,NULL),(293,257,27,4,'Mahpolah, 2015. STATUTA POLTEKKES KEMENKES BANJARMASIN. Poltekkes Kemenkes Banjarmasin, Banjarbaru.',5,NULL),(294,257,27,4,'Ristekdikti, F., 2019. Forlap Ristekdikti. program studi.',6,NULL),(295,257,27,4,'Tim Penulis KPK, 2014. Anti Korupsi Modul Pendidikan dan Pelatihan Prajabatan Golongan I/II dan III. Lembaga Administrasi Negara RI, Jakarta.',7,NULL),(296,257,27,4,'Utomo, T.W.W., Basseng, Purwana, B.H., 2016. Modul Pelatihan Dasar Calon PNS Habituasi. Lembaga Administrasi Negara RI, Jakarta.',8,NULL),(297,257,27,4,'Yudhoyono, S.B., 2014. Undang-Undang Republik Indonesia Nomor 5 Tahun 2014 tentang Aparatur Sipil Negara. Kementerian Hukum dan Hak Asasi Manusia RI, Jakarta.',9,NULL),(298,257,27,4,'Yuniarsih, T., Taufiq, M., 2015. Komitmen Mutu Modul Pendidikan dan Pelatihan Prajabatan Golongan II dan III. Lembaga Administrasi Negara RI, Jakarta.',10,NULL);

--
-- Table structure for table `comments`
--

CREATE TABLE `comments` (
  `comment_id` bigint(20) NOT NULL AUTO_INCREMENT,
  `submission_id` bigint(20) NOT NULL,
  `parent_comment_id` bigint(20) DEFAULT NULL,
  `num_children` int(11) NOT NULL DEFAULT '0',
  `user_id` bigint(20) DEFAULT NULL,
  `poster_ip` varchar(15) NOT NULL,
  `poster_name` varchar(90) DEFAULT NULL,
  `poster_email` varchar(90) DEFAULT NULL,
  `title` varchar(255) NOT NULL,
  `body` text,
  `date_posted` datetime DEFAULT NULL,
  `date_modified` datetime DEFAULT NULL,
  PRIMARY KEY (`comment_id`),
  KEY `comments_submission_id` (`submission_id`),
  KEY `comments_parent_comment_id` (`parent_comment_id`),
  KEY `comments_user_id` (`user_id`)
) ENGINE=InnoDB DEFAULT CHARSET=utf8;

--
-- Dumping data for table `comments`
--


--
-- Table structure for table `completed_payments`
--

CREATE TABLE `completed_payments` (
  `completed_payment_id` bigint(20) NOT NULL AUTO_INCREMENT,
  `timestamp` datetime NOT NULL,
  `payment_type` bigint(20) NOT NULL,
  `journal_id` bigint(20) NOT NULL,
  `user_id` bigint(20) DEFAULT NULL,
  `assoc_id` bigint(20) DEFAULT NULL,
  `amount` double NOT NULL,
  `currency_code_alpha` varchar(3) DEFAULT NULL,
  `payment_method_plugin_name` varchar(80) DEFAULT NULL,
  PRIMARY KEY (`completed_payment_id`)
) ENGINE=InnoDB DEFAULT CHARSET=utf8;

--
-- Dumping data for table `completed_payments`
--


--
-- Table structure for table `controlled_vocab_entries`
--

CREATE TABLE `controlled_vocab_entries` (
  `controlled_vocab_entry_id` bigint(20) NOT NULL AUTO_INCREMENT,
  `controlled_vocab_id` bigint(20) NOT NULL,
  `seq` double DEFAULT NULL,
  PRIMARY KEY (`controlled_vocab_entry_id`),
  KEY `controlled_vocab_entries_cv_id` (`controlled_vocab_id`,`seq`)
) ENGINE=InnoDB AUTO_INCREMENT=447 DEFAULT CHARSET=utf8;

--
-- Dumping data for table `controlled_vocab_entries`
--

INSERT INTO `controlled_vocab_entries` VALUES (100,100,1),(101,100,2),(102,100,3),(110,101,1),(111,101,2),(112,101,3),(113,101,4),(114,101,5),(115,101,6),(116,101,7),(120,102,1),(121,102,2),(122,102,3),(130,103,1),(131,103,2),(132,103,3),(133,103,4),(134,103,5),(135,103,6),(136,103,7),(137,103,8),(138,103,9),(139,103,10),(140,103,11),(141,103,12),(150,104,1),(151,104,2),(200,200,1),(201,200,2),(202,200,3),(203,200,4),(300,300,1),(301,300,2),(302,300,3),(303,300,4),(304,300,5),(305,300,6),(306,300,7),(310,301,1),(311,301,2),(312,301,3),(313,301,4),(314,301,5),(315,301,6),(316,301,7),(317,304,1),(318,304,2),(319,304,3),(320,305,1),(321,306,1),(322,306,1),(323,307,1),(324,307,2),(325,307,3),(326,308,1),(327,309,1),(328,309,1),(329,310,1),(330,311,1),(331,312,1),(332,312,1),(333,313,1),(334,314,1),(335,315,1),(336,315,1),(337,316,1),(338,316,2),(339,317,1),(340,318,1),(341,318,1),(342,319,1),(343,320,1),(344,321,1),(345,321,1),(346,322,1),(347,322,2),(348,323,1),(349,324,1),(350,324,1),(351,325,1),(352,325,2),(353,325,3),(354,326,1),(355,327,1),(356,327,1),(357,328,1),(358,328,2),(359,328,3),(360,329,1),(361,330,1),(362,330,1),(363,331,1),(364,331,1),(365,332,1),(366,332,2),(367,333,1),(368,334,1),(369,334,1),(370,335,1),(371,336,1),(372,337,1),(373,337,1),(374,338,1),(375,338,2),(376,339,1),(377,340,1),(378,340,1),(379,341,1),(380,341,2),(381,341,3),(382,342,1),(383,343,1),(384,343,1),(385,344,1),(386,344,2),(387,344,3),(388,344,4),(389,345,1),(390,346,1),(391,346,1),(392,347,1),(393,347,2),(394,348,1),(395,349,1),(396,349,1),(397,350,1),(398,350,2),(399,350,3),(400,351,1),(401,352,1),(402,352,1),(403,353,1),(404,353,2),(405,353,3),(406,353,4),(407,353,5),(408,354,1),(409,355,1),(410,355,1),(411,356,1),(412,356,2),(413,356,3),(414,356,4),(415,357,1),(416,358,1),(417,358,1),(418,359,1),(419,359,2),(420,359,3),(421,360,1),(422,361,1),(423,361,1),(424,362,1),(425,362,2),(426,363,1),(427,364,1),(428,364,1),(429,365,1),(430,365,2),(431,365,3),(432,365,4),(433,366,1),(434,367,1),(435,367,1),(436,368,1),(437,369,1),(438,370,1),(439,370,1),(440,371,1),(441,371,2),(442,372,1),(443,373,1),(444,373,1),(445,374,1),(446,374,1);

--
-- Table structure for table `controlled_vocab_entry_settings`
--

CREATE TABLE `controlled_vocab_entry_settings` (
  `controlled_vocab_entry_id` bigint(20) NOT NULL,
  `locale` varchar(5) NOT NULL DEFAULT '',
  `setting_name` varchar(255) NOT NULL,
  `setting_value` text,
  `setting_type` varchar(6) NOT NULL,
  UNIQUE KEY `c_v_e_s_pkey` (`controlled_vocab_entry_id`,`locale`,`setting_name`),
  KEY `c_v_e_s_entry_id` (`controlled_vocab_entry_id`)
) ENGINE=InnoDB DEFAULT CHARSET=utf8;

--
-- Dumping data for table `controlled_vocab_entry_settings`
--

INSERT INTO `controlled_vocab_entry_settings` VALUES (100,'','name','personal','string'),(101,'','name','corporate','string'),(102,'','name','conference','string'),(110,'','description','Author','string'),(110,'','name','aut','string'),(111,'','description','Contributor','string'),(111,'','name','ctb','string'),(112,'','description','Editor','string'),(112,'','name','edt','string'),(113,'','description','Illustrator','string'),(113,'','name','ill','string'),(114,'','description','Photographer','string'),(114,'','name','pht','string'),(115,'','description','Sponsor','string'),(115,'','name','spn','string'),(116,'','description','Translator','string'),(116,'','name','trl','string'),(120,'','name','multimedia','string'),(121,'','name','still image','string'),(122,'','name','text','string'),(130,'','name','article','string'),(131,'','name','book','string'),(132,'','name','conference publication','string'),(133,'','name','issue','string'),(134,'','name','journal','string'),(135,'','name','newspaper','string'),(136,'','name','picture','string'),(137,'','name','review','string'),(138,'','name','periodical','string'),(139,'','name','series','string'),(140,'','name','thesis','string'),(141,'','name','web site','string'),(150,'','name','electronic','string'),(151,'','name','print','string'),(200,'','name','journal','string'),(201,'','name','book','string'),(202,'','name','conf-proc','string'),(203,'','name','thesis','string'),(300,'','name','journal','string'),(301,'','name','issue','string'),(302,'','name','article','string'),(303,'','name','proceeding','string'),(304,'','name','conference','string'),(305,'','name','preprint','string'),(306,'','name','unknown','string'),(310,'','name','book','string'),(311,'','name','bookitem','string'),(312,'','name','proceeding','string'),(313,'','name','conference','string'),(314,'','name','report','string'),(315,'','name','document','string'),(316,'','name','unknown','string'),(317,'en_US','submissionSubject','ibu hamil','string'),(318,'en_US','submissionSubject','AKI','string'),(319,'en_US','submissionSubject','AKB','string'),(320,'en_US','submissionAgency','','string'),(321,'id_ID','submissionLanguage','ind','string'),(322,'en_US','submissionLanguage','ind','string'),(323,'en_US','submissionSubject','Kehamilan Remaja ','string'),(324,'en_US','submissionSubject',' Anemia','string'),(325,'en_US','submissionSubject',' Di Wilayah Puskesmas Cempaka Kota Banjarbaru','string'),(326,'en_US','submissionAgency','','string'),(327,'id_ID','submissionLanguage','','string'),(328,'en_US','submissionLanguage','','string'),(329,'en_US','submissionSubject','Manajemen praktik klinik kebidanan','string'),(330,'en_US','submissionAgency','','string'),(331,'id_ID','submissionLanguage','ind','string'),(332,'en_US','submissionLanguage','ind','string'),(333,'en_US','submissionSubject','air putih','string'),(334,'en_US','submissionAgency','','string'),(335,'id_ID','submissionLanguage','ind','string'),(336,'en_US','submissionLanguage','ind','string'),(337,'en_US','submissionSubject','Kinerja Bidan','string'),(338,'en_US','submissionSubject','Desa Siaga','string'),(339,'en_US','submissionAgency','','string'),(340,'id_ID','submissionLanguage','ind','string'),(341,'en_US','submissionLanguage','ind','string'),(342,'en_US','submissionSubject','asi ekskusif','string'),(343,'en_US','submissionAgency','','string'),(344,'id_ID','submissionLanguage','ind','string'),(345,'en_US','submissionLanguage','ind','string'),(346,'en_US','submissionSubject','ASI','string'),(347,'en_US','submissionSubject',' Pekerjaan Ibu','string'),(348,'en_US','submissionAgency','','string'),(349,'id_ID','submissionLanguage','ind','string'),(350,'en_US','submissionLanguage','ind','string'),(351,'en_US','submissionSubject','SOD','string'),(352,'en_US','submissionSubject',' MDA','string'),(353,'en_US','submissionSubject',' Preeklampsi','string'),(354,'en_US','submissionAgency','','string'),(355,'id_ID','submissionLanguage','en','string'),(356,'en_US','submissionLanguage','en','string'),(357,'en_US','submissionSubject','Anemia','string'),(358,'en_US','submissionSubject',' Pregnancy','string'),(359,'en_US','submissionSubject',' Determinant','string'),(360,'en_US','submissionAgency','','string'),(361,'id_ID','submissionLanguage','en','string'),(362,'en_US','submissionLanguage','en','string'),(363,'id_ID','submissionLanguage','en','string'),(364,'en_US','submissionLanguage','en','string'),(365,'en_US','submissionSubject','ASI','string'),(366,'en_US','submissionSubject',' Pekerjaan Ibu','string'),(367,'en_US','submissionAgency','Poltekkes Kemenkes Banjarmasin','string'),(368,'id_ID','submissionLanguage','ind','string'),(369,'en_US','submissionLanguage','ind','string'),(370,'en_US','submissionSubject','fghjkl','string'),(371,'en_US','submissionAgency','','string'),(372,'id_ID','submissionLanguage','en','string'),(373,'en_US','submissionLanguage','en','string'),(374,'en_US','submissionSubject','Kondisi geografis','string'),(375,'en_US','submissionSubject',' Kepatuhan dan Pemeriksaan kehamilan','string'),(376,'en_US','submissionAgency','','string'),(377,'id_ID','submissionLanguage','en','string'),(378,'en_US','submissionLanguage','en','string'),(379,'en_US','submissionSubject','Preeklampsia','string'),(380,'en_US','submissionSubject',' Paritas','string'),(381,'en_US','submissionSubject',' Pendidikan','string'),(382,'en_US','submissionAgency','','string'),(383,'id_ID','submissionLanguage','en','string'),(384,'en_US','submissionLanguage','en','string'),(385,'en_US','submissionSubject','Diare','string'),(386,'en_US','submissionSubject',' Sanitasi','string'),(387,'en_US','submissionSubject',' ASI','string'),(388,'en_US','submissionSubject','Budaya','string'),(389,'en_US','submissionAgency','','string'),(390,'id_ID','submissionLanguage','en','string'),(391,'en_US','submissionLanguage','en','string'),(392,'en_US','submissionSubject','Dukungan Keluarga','string'),(393,'en_US','submissionSubject',' Imunisasi Hepatitis B','string'),(394,'en_US','submissionAgency','','string'),(395,'id_ID','submissionLanguage','en','string'),(396,'en_US','submissionLanguage','en','string'),(397,'en_US','submissionSubject','Dukungan Keluarga','string'),(398,'en_US','submissionSubject','','string'),(399,'en_US','submissionSubject','Imunisasi Hepatitis B','string'),(400,'en_US','submissionAgency','','string'),(401,'id_ID','submissionLanguage','en','string'),(402,'en_US','submissionLanguage','en','string'),(403,'en_US','submissionSubject','pemilihan penolong persalinan','string'),(404,'en_US','submissionSubject',' umur','string'),(405,'en_US','submissionSubject',' paritas','string'),(406,'en_US','submissionSubject',' jarak ke faslirtas kesehatan','string'),(407,'en_US','submissionSubject',' pendapatan keluarga','string'),(408,'en_US','submissionAgency','','string'),(409,'id_ID','submissionLanguage','ind','string'),(410,'en_US','submissionLanguage','ind','string'),(411,'en_US','submissionSubject','Pendidikan','string'),(412,'en_US','submissionSubject',' Antenatal Care','string'),(413,'en_US','submissionSubject',' Berat Badan Lahir Rendah','string'),(414,'en_US','submissionSubject',' Kematian Neonatal','string'),(415,'en_US','submissionAgency','','string'),(416,'id_ID','submissionLanguage','en','string'),(417,'en_US','submissionLanguage','en','string'),(418,'en_US','submissionSubject','kata kunci','string'),(419,'en_US','submissionSubject',' ibu hamil','string'),(420,'en_US','submissionSubject','','string'),(421,'en_US','submissionAgency','','string'),(422,'id_ID','submissionLanguage','id','string'),(423,'en_US','submissionLanguage','id','string'),(424,'en_US','submissionSubject','bab 1','string'),(425,'en_US','submissionSubject',' pendahuluan','string'),(426,'en_US','submissionAgency','','string'),(427,'id_ID','submissionLanguage','id','string'),(428,'en_US','submissionLanguage','id','string'),(429,'en_US','submissionSubject','Pengetahuan','string'),(430,'en_US','submissionSubject',' sikap','string'),(431,'en_US','submissionSubject',' penyuluhan','string'),(432,'en_US','submissionSubject',' Insepksi Visual Asam Asetat (IVA)','string'),(433,'en_US','submissionAgency','','string'),(434,'id_ID','submissionLanguage','id','string'),(435,'en_US','submissionLanguage','id','string'),(436,'en_US','submissionSubject','Intra Uterine Fetal Death (IUFD)','string'),(437,'en_US','submissionAgency','mandiri','string'),(438,'id_ID','submissionLanguage','en','string'),(439,'en_US','submissionLanguage','en','string'),(440,'en_US','submissionSubject','Laporan','string'),(441,'en_US','submissionSubject',' Aktualisai','string'),(442,'en_US','submissionAgency','Poltekkes Kemenkes Banjarmasin','string'),(443,'id_ID','submissionLanguage','id','string'),(444,'en_US','submissionLanguage','id','string'),(445,'id_ID','submissionLanguage','id','string'),(446,'en_US','submissionLanguage','id','string');

--
-- Table structure for table `controlled_vocabs`
--

CREATE TABLE `controlled_vocabs` (
  `controlled_vocab_id` bigint(20) NOT NULL AUTO_INCREMENT,
  `symbolic` varchar(64) NOT NULL,
  `assoc_type` bigint(20) NOT NULL DEFAULT '0',
  `assoc_id` bigint(20) NOT NULL DEFAULT '0',
  PRIMARY KEY (`controlled_vocab_id`),
  UNIQUE KEY `controlled_vocab_symbolic` (`symbolic`,`assoc_type`,`assoc_id`)
) ENGINE=InnoDB AUTO_INCREMENT=375 DEFAULT CHARSET=utf8;

--
-- Dumping data for table `controlled_vocabs`
--

INSERT INTO `controlled_vocabs` VALUES (303,'category',0,0),(302,'interest',0,0),(103,'mods34-genre-marcgt',0,0),(101,'mods34-name-role-roleTerms-marcrelator',0,0),(100,'mods34-name-types',0,0),(104,'mods34-physicalDescription-form-marcform',0,0),(102,'mods34-typeOfResource',0,0),(200,'nlm30-publication-types',0,0),(301,'openurl10-book-genres',0,0),(300,'openurl10-journal-genres',0,0),(305,'submissionAgency',1048585,1),(308,'submissionAgency',1048585,2),(311,'submissionAgency',1048585,3),(314,'submissionAgency',1048585,4),(317,'submissionAgency',1048585,5),(320,'submissionAgency',1048585,6),(323,'submissionAgency',1048585,7),(326,'submissionAgency',1048585,8),(329,'submissionAgency',1048585,9),(333,'submissionAgency',1048585,11),(336,'submissionAgency',1048585,12),(339,'submissionAgency',1048585,13),(342,'submissionAgency',1048585,14),(345,'submissionAgency',1048585,15),(348,'submissionAgency',1048585,16),(351,'submissionAgency',1048585,18),(354,'submissionAgency',1048585,19),(357,'submissionAgency',1048585,21),(360,'submissionAgency',1048585,22),(363,'submissionAgency',1048585,24),(366,'submissionAgency',1048585,25),(369,'submissionAgency',1048585,26),(372,'submissionAgency',1048585,27),(306,'submissionLanguage',1048585,1),(309,'submissionLanguage',1048585,2),(312,'submissionLanguage',1048585,3),(315,'submissionLanguage',1048585,4),(318,'submissionLanguage',1048585,5),(321,'submissionLanguage',1048585,6),(324,'submissionLanguage',1048585,7),(327,'submissionLanguage',1048585,8),(330,'submissionLanguage',1048585,9),(331,'submissionLanguage',1048585,10),(334,'submissionLanguage',1048585,11),(337,'submissionLanguage',1048585,12),(340,'submissionLanguage',1048585,13),(343,'submissionLanguage',1048585,14),(346,'submissionLanguage',1048585,15),(349,'submissionLanguage',1048585,16),(352,'submissionLanguage',1048585,18),(355,'submissionLanguage',1048585,19),(358,'submissionLanguage',1048585,21),(361,'submissionLanguage',1048585,22),(364,'submissionLanguage',1048585,24),(367,'submissionLanguage',1048585,25),(370,'submissionLanguage',1048585,26),(373,'submissionLanguage',1048585,27),(374,'submissionLanguage',1048585,28),(304,'submissionSubject',1048585,1),(307,'submissionSubject',1048585,2),(310,'submissionSubject',1048585,3),(313,'submissionSubject',1048585,4),(316,'submissionSubject',1048585,5),(319,'submissionSubject',1048585,6),(322,'submissionSubject',1048585,7),(325,'submissionSubject',1048585,8),(328,'submissionSubject',1048585,9),(332,'submissionSubject',1048585,11),(335,'submissionSubject',1048585,12),(338,'submissionSubject',1048585,13),(341,'submissionSubject',1048585,14),(344,'submissionSubject',1048585,15),(347,'submissionSubject',1048585,16),(350,'submissionSubject',1048585,18),(353,'submissionSubject',1048585,19),(356,'submissionSubject',1048585,21),(359,'submissionSubject',1048585,22),(362,'submissionSubject',1048585,24),(365,'submissionSubject',1048585,25),(368,'submissionSubject',1048585,26),(371,'submissionSubject',1048585,27);

--
-- Table structure for table `custom_issue_orders`
--

CREATE TABLE `custom_issue_orders` (
  `issue_id` bigint(20) NOT NULL,
  `journal_id` bigint(20) NOT NULL,
  `seq` double NOT NULL DEFAULT '0',
  UNIQUE KEY `custom_issue_orders_pkey` (`issue_id`)
) ENGINE=InnoDB DEFAULT CHARSET=utf8;

--
-- Dumping data for table `custom_issue_orders`
--

INSERT INTO `custom_issue_orders` VALUES (5,2,2),(6,2,3),(7,2,1);

--
-- Table structure for table `custom_section_orders`
--

CREATE TABLE `custom_section_orders` (
  `issue_id` bigint(20) NOT NULL,
  `section_id` bigint(20) NOT NULL,
  `seq` double NOT NULL DEFAULT '0',
  UNIQUE KEY `custom_section_orders_pkey` (`issue_id`,`section_id`)
) ENGINE=InnoDB DEFAULT CHARSET=utf8;

--
-- Dumping data for table `custom_section_orders`
--


--
-- Table structure for table `data_object_tombstone_oai_set_objects`
--

CREATE TABLE `data_object_tombstone_oai_set_objects` (
  `object_id` bigint(20) NOT NULL AUTO_INCREMENT,
  `tombstone_id` bigint(20) NOT NULL,
  `assoc_type` bigint(20) NOT NULL,
  `assoc_id` bigint(20) NOT NULL,
  PRIMARY KEY (`object_id`),
  KEY `data_object_tombstone_oai_set_objects_tombstone_id` (`tombstone_id`)
) ENGINE=InnoDB AUTO_INCREMENT=11 DEFAULT CHARSET=utf8;

--
-- Dumping data for table `data_object_tombstone_oai_set_objects`
--

INSERT INTO `data_object_tombstone_oai_set_objects` VALUES (9,5,256,2),(10,5,259,1);

--
-- Table structure for table `data_object_tombstone_settings`
--

CREATE TABLE `data_object_tombstone_settings` (
  `tombstone_id` bigint(20) NOT NULL,
  `locale` varchar(5) NOT NULL DEFAULT '',
  `setting_name` varchar(255) NOT NULL,
  `setting_value` text,
  `setting_type` varchar(6) NOT NULL,
  UNIQUE KEY `data_object_tombstone_settings_pkey` (`tombstone_id`,`locale`,`setting_name`),
  KEY `data_object_tombstone_settings_tombstone_id` (`tombstone_id`)
) ENGINE=InnoDB DEFAULT CHARSET=utf8;

--
-- Dumping data for table `data_object_tombstone_settings`
--


--
-- Table structure for table `data_object_tombstones`
--

CREATE TABLE `data_object_tombstones` (
  `tombstone_id` bigint(20) NOT NULL AUTO_INCREMENT,
  `data_object_id` bigint(20) NOT NULL,
  `date_deleted` datetime NOT NULL,
  `set_spec` varchar(255) NOT NULL,
  `set_name` varchar(255) NOT NULL,
  `oai_identifier` varchar(255) NOT NULL,
  PRIMARY KEY (`tombstone_id`),
  KEY `data_object_tombstones_data_object_id` (`data_object_id`)
) ENGINE=InnoDB AUTO_INCREMENT=6 DEFAULT CHARSET=utf8;

--
-- Dumping data for table `data_object_tombstones`
--

INSERT INTO `data_object_tombstones` VALUES (5,5,'2019-03-26 09:19:54','JKB:ART','Artikel','oai:ojs.ejurnalbidanbestari-poltekkesbjm.com:article/5');

--
-- Table structure for table `dataverse_files`
--

CREATE TABLE `dataverse_files` (
  `dvfile_id` bigint(20) NOT NULL AUTO_INCREMENT,
  `supp_id` bigint(20) NOT NULL,
  `submission_id` bigint(20) NOT NULL,
  `study_id` bigint(20) NOT NULL DEFAULT '0',
  `content_source_uri` varchar(255) NOT NULL DEFAULT '',
  PRIMARY KEY (`dvfile_id`),
  KEY `dataverse_files_supp_id` (`supp_id`),
  KEY `dataverse_files_submission_id` (`submission_id`),
  KEY `dataverse_files_study_id` (`study_id`)
) ENGINE=InnoDB DEFAULT CHARSET=utf8;

--
-- Dumping data for table `dataverse_files`
--


--
-- Table structure for table `dataverse_studies`
--

CREATE TABLE `dataverse_studies` (
  `study_id` bigint(20) NOT NULL AUTO_INCREMENT,
  `submission_id` bigint(20) NOT NULL,
  `edit_uri` varchar(255) NOT NULL,
  `edit_media_uri` varchar(255) NOT NULL,
  `statement_uri` varchar(255) NOT NULL,
  `persistent_uri` varchar(255) NOT NULL,
  `data_citation` text,
  PRIMARY KEY (`study_id`),
  KEY `dataverse_studies_submission_id` (`submission_id`)
) ENGINE=InnoDB DEFAULT CHARSET=utf8;

--
-- Dumping data for table `dataverse_studies`
--


--
-- Table structure for table `edit_assignments`
--

CREATE TABLE `edit_assignments` (
  `edit_id` bigint(20) NOT NULL AUTO_INCREMENT,
  `article_id` bigint(20) NOT NULL,
  `editor_id` bigint(20) NOT NULL,
  `can_edit` tinyint(4) NOT NULL DEFAULT '1',
  `can_review` tinyint(4) NOT NULL DEFAULT '1',
  `date_assigned` datetime DEFAULT NULL,
  `date_notified` datetime DEFAULT NULL,
  `date_underway` datetime DEFAULT NULL,
  PRIMARY KEY (`edit_id`),
  KEY `edit_assignments_article_id` (`article_id`),
  KEY `edit_assignments_editor_id` (`editor_id`)
) ENGINE=InnoDB AUTO_INCREMENT=26 DEFAULT CHARSET=utf8;

--
-- Dumping data for table `edit_assignments`
--

INSERT INTO `edit_assignments` VALUES (1,1,1,1,1,'2017-06-05 08:33:59','2017-06-05 08:33:59',NULL),(2,2,1,1,1,'2017-06-05 08:38:58','2017-06-05 08:38:58',NULL),(3,3,1,1,1,'2017-06-05 08:43:41','2017-06-05 08:43:41',NULL),(4,4,1,1,1,'2017-06-05 08:46:35','2017-06-05 08:46:35',NULL),(5,5,1,1,1,'2017-06-05 08:53:02','2017-06-05 08:53:02',NULL),(6,6,1,1,1,'2017-06-05 09:01:48','2017-06-05 09:01:48',NULL),(7,7,1,1,1,'2017-06-05 09:04:36','2017-06-05 09:04:36',NULL),(8,18,28,1,1,'2019-08-02 09:21:18','2019-08-02 09:21:18','2019-08-02 09:28:38'),(9,12,28,1,1,'2019-09-04 09:45:24','2019-09-04 09:45:24','2019-09-04 09:45:25'),(13,22,52,1,1,'2019-09-04 13:47:02','2019-09-04 13:47:02','2019-09-04 13:47:50'),(14,24,51,1,1,'2019-09-04 14:36:28','2019-09-04 14:36:28','2019-09-04 14:40:19'),(15,24,4,1,1,'2019-09-04 14:37:01','2019-09-04 14:37:01',NULL),(16,27,18,1,1,'2019-09-04 14:38:34','2019-09-04 14:38:34',NULL),(17,27,26,1,1,'2019-09-04 14:38:54','2019-09-04 14:38:54','2019-09-04 14:40:18'),(18,27,50,1,1,'2019-09-04 14:39:14','2019-09-04 14:39:14','2019-09-04 14:39:15'),(19,13,52,1,1,'2019-09-05 09:45:30','2019-09-05 09:45:30','2019-09-05 09:45:30'),(20,21,51,1,1,'2019-09-05 09:54:49','2019-09-05 09:54:49','2019-09-05 09:57:29'),(21,26,40,1,1,'2019-09-05 12:32:06','2019-09-05 12:32:06',NULL),(22,26,18,1,1,'2019-09-05 12:32:49','2019-09-05 12:32:49',NULL),(23,16,50,1,1,'2019-09-05 12:38:53','2019-09-05 12:38:53',NULL),(24,11,51,1,1,'2019-10-03 14:46:06','2019-10-03 14:46:06','2019-10-03 14:46:07'),(25,9,41,1,1,'2019-10-03 14:49:40','2019-10-03 14:49:40',NULL);

--
-- Table structure for table `edit_decisions`
--

CREATE TABLE `edit_decisions` (
  `edit_decision_id` bigint(20) NOT NULL AUTO_INCREMENT,
  `submission_id` bigint(20) NOT NULL,
  `round` tinyint(4) NOT NULL,
  `editor_id` bigint(20) NOT NULL,
  `decision` tinyint(4) NOT NULL,
  `date_decided` datetime NOT NULL,
  `review_round_id` bigint(20) DEFAULT NULL,
  `stage_id` bigint(20) DEFAULT NULL,
  PRIMARY KEY (`edit_decision_id`),
  KEY `edit_decisions_submission_id` (`submission_id`),
  KEY `edit_decisions_editor_id` (`editor_id`)
) ENGINE=InnoDB AUTO_INCREMENT=17 DEFAULT CHARSET=utf8;

--
-- Dumping data for table `edit_decisions`
--

INSERT INTO `edit_decisions` VALUES (1,1,1,1,1,'2017-06-05 08:33:59',NULL,3),(2,2,1,1,1,'2017-06-05 08:38:58',NULL,3),(3,3,1,1,1,'2017-06-05 08:43:41',NULL,3),(4,4,1,1,1,'2017-06-05 08:46:35',NULL,3),(5,5,1,1,1,'2017-06-05 08:53:03',NULL,3),(6,6,1,1,1,'2017-06-05 09:01:49',NULL,3),(7,7,1,1,1,'2017-06-05 09:04:36',NULL,3),(8,7,1,13,1,'2017-06-05 10:03:17',NULL,3),(9,18,1,2,2,'2019-08-02 09:50:21',9,3),(10,12,1,28,2,'2019-09-04 10:11:20',4,3),(11,12,1,28,1,'2019-09-04 10:12:45',4,3),(14,22,1,52,2,'2019-09-04 13:58:19',13,3),(15,22,1,52,1,'2019-09-04 14:01:38',13,3),(16,27,1,26,1,'2019-09-04 14:44:05',15,3);

--
-- Table structure for table `email_log`
--

CREATE TABLE `email_log` (
  `log_id` bigint(20) NOT NULL AUTO_INCREMENT,
  `assoc_type` bigint(20) DEFAULT NULL,
  `assoc_id` bigint(20) DEFAULT NULL,
  `sender_id` bigint(20) NOT NULL,
  `date_sent` datetime NOT NULL,
  `ip_address` varchar(39) DEFAULT NULL,
  `event_type` bigint(20) DEFAULT NULL,
  `from_address` varchar(255) DEFAULT NULL,
  `recipients` text,
  `cc_recipients` text,
  `bcc_recipients` text,
  `subject` varchar(255) DEFAULT NULL,
  `body` text,
  PRIMARY KEY (`log_id`),
  KEY `email_log_assoc` (`assoc_type`,`assoc_id`)
) ENGINE=InnoDB AUTO_INCREMENT=73 DEFAULT CHARSET=utf8;

--
-- Dumping data for table `email_log`
--

INSERT INTO `email_log` VALUES (1,1048585,1,3,'2017-06-05 09:07:32','36.67.114.66',NULL,'\"Hj. Zakiah\" <z4kiahsyah@gmail.com>','\"erni setiawati\" <erni.d3.bjm@gmail.com>, \"muhammad mukhtar\" <m.mukhtar230@gmail.com>',NULL,NULL,'[JKB] Hubungan Pengetahuan dan Sikap Ibu Hamil dengan Pelaksanaan  Kelas  Ibu Hamil di Wilayah Kerja Puskesmas Pelaihari Kabupaten Tanah Laut Tahun 2014','The following message is being delivered on behalf of Jurnal Kebidanan Bestari.\r\n________________________________________________________________________\n\n________________________________________________________________________\r\nJurnal Kebidanan Bestari\r\nhttp://www.ejurnalbidanbestari-poltekkesbjm.com/index.php/index/index'),(2,1048585,8,14,'2017-11-15 10:30:43','36.67.117.250',NULL,'\"Hj. Zakiah\" <z4kiahsyah@gmail.com>','\"januarsih sugeng\" <januarsih.januarsih@gmail.com>',NULL,'ejurnalbidbestari.poltekkesbjm@gmail.com','[JKB] Submission Acknowledgement','The following message is being delivered on behalf of Jurnal Kebidanan Bestari.\r\n________________________________________________________________________\njanuarsih sugeng:\n\nThank you for submitting the manuscript, \"EFEK PEMBERIAN EKSTRAK DELIMA MERAH  TERHADAP KADAR SOD DAN MDA PADA KULTUR HUVECs  YANG DIPAPAR PLASMA PREEKLAMPSI\" to JURNAL KEBIDANAN BESTARI. With the online journal management system that we are using, you will be able to track its progress through the editorial process by logging in to the journal web site:\n\nManuscript URL: http://www.ejurnalbidanbestari-poltekkesbjm.com/index.php/JKB/author/submission/8\nUsername: januarsih\n\nIf you have any questions, please contact me. Thank you for considering this journal as a venue for your work.\n\nHj. Zakiah\nJURNAL KEBIDANAN BESTARI\n________________________________________________________________________\r\nJurnal Kebidanan Bestari\r\nhttp://www.ejurnalbidanbestari-poltekkesbjm.com/index.php/index/index'),(3,1048585,9,24,'2018-03-26 15:41:59','36.84.1.152',NULL,'\"Hj. Zakiah\" <z4kiahsyah@gmail.com>','\"Rizki Amartani\" <rizkiamartani@gmail.com>',NULL,'ejurnalbidbestari.poltekkesbjm@gmail.com','[JKB] Submission Acknowledgement','The following message is being delivered on behalf of Jurnal Kebidanan Bestari.\r\n________________________________________________________________________\nRizki Amartani:\n\nThank you for submitting the manuscript, \"DETERMINANT RELATED TO THE INCIDENCE OF ANEMIA ON PREGNANT WOMAN\" to JURNAL KEBIDANAN BESTARI. With the online journal management system that we are using, you will be able to track its progress through the editorial process by logging in to the journal web site:\n\nManuscript URL: http://ejurnalbidanbestari-poltekkesbjm.com/index.php/JKB/author/submission/9\nUsername: rizki_amartani\n\nIf you have any questions, please contact me. Thank you for considering this journal as a venue for your work.\n\nHj. Zakiah\nJURNAL KEBIDANAN BESTARI\n________________________________________________________________________\r\nJurnal Kebidanan Bestari\r\nhttp://www.ejurnalbidanbestari-poltekkesbjm.com/index.php/index/index'),(4,1048585,12,18,'2019-03-26 10:16:26','110.139.120.74',NULL,'\"Hj. Zakiah\" <z4kiahsyah@gmail.com>','\"rusmilawaty fauji\" <rusmilawaty71@gmail.com>',NULL,'ejurnalbidbestari.poltekkesbjm@gmail.com','[JKB] Submission Acknowledgement','The following message is being delivered on behalf of Jurnal Kebidanan Bestari.\r\n________________________________________________________________________\nrusmilawaty fauji:\n\nThank you for submitting the manuscript, \"judul artikel\" to JURNAL KEBIDANAN BESTARI. With the online journal management system that we are using, you will be able to track its progress through the editorial process by logging in to the journal web site:\n\nManuscript URL: http://www.ejurnalbidanbestari-poltekkesbjm.com/index.php/JKB/author/submission/12\nUsername: rusmilawaty\n\nIf you have any questions, please contact me. Thank you for considering this journal as a venue for your work.\n\nHj. Zakiah\nJURNAL KEBIDANAN BESTARI\n________________________________________________________________________\r\nJurnal Kebidanan Bestari\r\nhttp://www.ejurnalbidanbestari-poltekkesbjm.com/index.php/index/index'),(5,1048585,13,6,'2019-03-27 11:50:52','110.139.120.74',NULL,'\"Hj. Zakiah\" <z4kiahsyah@gmail.com>','\"Suhrawardi Suhrawardi\" <wardisuhra1@gmail.com>',NULL,'ejurnalbidbestari.poltekkesbjm@gmail.com','[JKB] Submission Acknowledgement','The following message is being delivered on behalf of Jurnal Kebidanan Bestari.\r\n________________________________________________________________________\nSuhrawardi Suhrawardi:\n\nThank you for submitting the manuscript, \"KEPATUHAN PEMERIKSAAN KEHAMILAN DITINJAU DARI KONDISI GEOGRAFIS DI DAERAH PINGGIRAN SUNGAI MARGASARI KECAMATAN CANDI LARAS UTARA KABUPATEN TAPIN  TAHUN 2017\" to JURNAL KEBIDANAN BESTARI. With the online journal management system that we are using, you will be able to track its progress through the editorial process by logging in to the journal web site:\n\nManuscript URL: http://www.ejurnalbidanbestari-poltekkesbjm.com/index.php/JKB/author/submission/13\nUsername: suhrawardi\n\nIf you have any questions, please contact me. Thank you for considering this journal as a venue for your work.\n\nHj. Zakiah\nJURNAL KEBIDANAN BESTARI\n________________________________________________________________________\r\nJurnal Kebidanan Bestari\r\nhttp://www.ejurnalbidanbestari-poltekkesbjm.com/index.php/index/index'),(6,1048585,14,25,'2019-04-01 09:23:06','180.246.150.54',NULL,'\"Hj. Zakiah\" <z4kiahsyah@gmail.com>','\"Poltekkes Kemenkes Banjarmasin RUBIATI HIPNI\" <rubiatihipni@yahoo.co.id>',NULL,'ejurnalbidbestari.poltekkesbjm@gmail.com','[JKB] Submission Acknowledgement','The following message is being delivered on behalf of Jurnal Kebidanan Bestari.\r\n________________________________________________________________________\nPoltekkes Kemenkes Banjarmasin RUBIATI HIPNI:\n\nThank you for submitting the manuscript, \"HUBUNGAN PARITAS DAN PENDIDIKAN IBU TERHADAP KEJADIAN PREEKLAMPSIA DI RSUD IDAMAN BANJARBARU\" to JURNAL KEBIDANAN BESTARI. With the online journal management system that we are using, you will be able to track its progress through the editorial process by logging in to the journal web site:\n\nManuscript URL: http://www.ejurnalbidanbestari-poltekkesbjm.com/index.php/JKB/author/submission/14\nUsername: rubiati\n\nIf you have any questions, please contact me. Thank you for considering this journal as a venue for your work.\n\nHj. Zakiah\nJURNAL KEBIDANAN BESTARI\n________________________________________________________________________\r\nJurnal Kebidanan Bestari\r\nhttp://www.ejurnalbidanbestari-poltekkesbjm.com/index.php/index/index'),(7,1048585,15,19,'2019-04-11 11:18:44','110.138.126.115',NULL,'\"Hj. Zakiah\" <z4kiahsyah@gmail.com>','\"erni yuliastuti\" <ernirokhadi74@gmail.com>',NULL,'ejurnalbidbestari.poltekkesbjm@gmail.com','[JKB] Submission Acknowledgement','The following message is being delivered on behalf of Jurnal Kebidanan Bestari.\r\n________________________________________________________________________\nerni yuliastuti:\n\nThank you for submitting the manuscript, \"FAKTOR YANG BERHUBUNGAN DENGAN KEJADIAN DIARE PADA BALITA DI WILAYAH KERJA PUSKESMAS MARTAPURA KABUPATEN BANJAR\" to JURNAL KEBIDANAN BESTARI. With the online journal management system that we are using, you will be able to track its progress through the editorial process by logging in to the journal web site:\n\nManuscript URL: http://www.ejurnalbidanbestari-poltekkesbjm.com/index.php/JKB/author/submission/15\nUsername: erniyuliastuti\n\nIf you have any questions, please contact me. Thank you for considering this journal as a venue for your work.\n\nHj. Zakiah\nJURNAL KEBIDANAN BESTARI\n________________________________________________________________________\r\nJurnal Kebidanan Bestari\r\nhttp://www.ejurnalbidanbestari-poltekkesbjm.com/index.php/index/index'),(8,1048585,16,18,'2019-04-11 11:30:27','110.138.126.115',NULL,'\"Hj. Zakiah\" <z4kiahsyah@gmail.com>','\"rusmilawaty fauji\" <rusmilawaty71@gmail.com>',NULL,'ejurnalbidbestari.poltekkesbjm@gmail.com','[JKB] Submission Acknowledgement','The following message is being delivered on behalf of Jurnal Kebidanan Bestari.\r\n________________________________________________________________________\nrusmilawaty fauji:\n\nThank you for submitting the manuscript, \"DUKUNGAN KELUARGA TERHADAP PEMBERIAN IMUNISASI HEPATITIS B 0-7 HARI PADA BAYI KHUSUSNYA DI WILAYAH KERJA PUSKESMAS  KARANG INTAN KABUPATEN BANJAR\" to JURNAL KEBIDANAN BESTARI. With the online journal management system that we are using, you will be able to track its progress through the editorial process by logging in to the journal web site:\n\nManuscript URL: http://www.ejurnalbidanbestari-poltekkesbjm.com/index.php/JKB/author/submission/16\nUsername: rusmilawaty\n\nIf you have any questions, please contact me. Thank you for considering this journal as a venue for your work.\n\nHj. Zakiah\nJURNAL KEBIDANAN BESTARI\n________________________________________________________________________\r\nJurnal Kebidanan Bestari\r\nhttp://www.ejurnalbidanbestari-poltekkesbjm.com/index.php/index/index'),(9,1048585,18,42,'2019-08-02 09:13:05','180.246.148.113',NULL,'\"Hj. Zakiah\" <z4kiahsyah@gmail.com>','\"poltekkes banjarmasin Rusmilawaty Rusmilawaty Fauzi\" <rusmilawatyfauzi71@gmail.com>',NULL,'ejurnalbidbestari.poltekkesbjm@gmail.com','[JKB] Submission Acknowledgement','The following message is being delivered on behalf of Jurnal Kebidanan Bestari.\r\n________________________________________________________________________\npoltekkes banjarmasin Rusmilawaty Rusmilawaty Fauzi:\n\nThank you for submitting the manuscript, \"Dukungan Keluarga Terhadap Pemberian Imunisasi Hepatitis B 0-7 Hari Pada Bayi Khususnya Di Wilayah Kerja Puskesmas Karang Intan Kabupaten Banjar Tahun 2016\" to JURNAL KEBIDANAN BESTARI. With the online journal management system that we are using, you will be able to track its progress through the editorial process by logging in to the journal web site:\n\nManuscript URL: http://www.ejurnalbidanbestari-poltekkesbjm.com/index.php/JKB/author/submission/18\nUsername: rusmilawatyfauzi\n\nIf you have any questions, please contact me. Thank you for considering this journal as a venue for your work.\n\nHj. Zakiah\nJURNAL KEBIDANAN BESTARI\n________________________________________________________________________\r\nJurnal Kebidanan Bestari\r\nhttp://www.ejurnalbidanbestari-poltekkesbjm.com/index.php/index/index'),(10,1048585,18,4,'2019-08-02 09:21:18','180.246.148.113',NULL,'\"Hj. Zakiah\" <z4kiahsyah@gmail.com>','\"serilaila serilaila\" <Serilailahermansyah@gmail.com>',NULL,NULL,'[JKB] Editorial Assignment','The following message is being delivered on behalf of Jurnal Kebidanan Bestari.\r\n________________________________________________________________________\nserilaila serilaila:\r\n\r\nThe submission, \"Dukungan Keluarga Terhadap Pemberian Imunisasi Hepatitis B 0-7 Hari Pada Bayi Khususnya Di Wilayah Kerja Puskesmas Karang Intan Kabupaten Banjar Tahun 2016,\" to JURNAL KEBIDANAN BESTARI has been assigned to you to see through the editorial process in your role as Section Editor.\r\ntolong harus diselesaikan dalam waktu 3 hari\r\nSubmission URL: http://www.ejurnalbidanbestari-poltekkesbjm.com/index.php/JKB/editor/submissionReview/18\r\nUsername: serilaila\r\n\r\nThank you,\r\nRafidah Rafidah\r\nJurusan Kebidanan Poltekkes Kemenkes Banjarmasin\r\nPhone 08125008829\r\nrafidahendro@gmail.com\n________________________________________________________________________\r\nJurnal Kebidanan Bestari\r\nhttp://www.ejurnalbidanbestari-poltekkesbjm.com/index.php/index/index'),(11,1048585,19,40,'2019-08-02 09:33:25','203.78.117.125',NULL,'\"Hj. Zakiah\" <z4kiahsyah@gmail.com>','\"zakiah zakiah\" <z4kiahsyah@gmail.com>',NULL,'ejurnalbidbestari.poltekkesbjm@gmail.com','[JKB] Submission Acknowledgement','The following message is being delivered on behalf of Jurnal Kebidanan Bestari.\r\n________________________________________________________________________\nzakiah zakiah:\n\nThank you for submitting the manuscript, \"ANALISIS FAKTOR  DALAM PEMILIHAN PENOLONG PERSALINAN  DI KECAMATAN SUNGAI TABUK TAHUN 2017\" to JURNAL KEBIDANAN BESTARI. With the online journal management system that we are using, you will be able to track its progress through the editorial process by logging in to the journal web site:\n\nManuscript URL: http://ejurnalbidanbestari-poltekkesbjm.com/index.php/JKB/author/submission/19\nUsername: zakiah\n\nIf you have any questions, please contact me. Thank you for considering this journal as a venue for your work.\n\nHj. Zakiah\nJURNAL KEBIDANAN BESTARI\n________________________________________________________________________\r\nJurnal Kebidanan Bestari\r\nhttp://www.ejurnalbidanbestari-poltekkesbjm.com/index.php/index/index'),(12,1048585,18,42,'2019-08-02 09:39:14','180.246.148.113',NULL,'\"Hj. Zakiah\" <z4kiahsyah@gmail.com>','\"serilaila serilaila\" <Serilailahermansyah@gmail.com>',NULL,NULL,'[JKB] Revised Version Uploaded','The following message is being delivered on behalf of Jurnal Kebidanan Bestari.\r\n________________________________________________________________________\nserilaila serilaila:\n\nA revised version of \"Dukungan Keluarga Terhadap Pemberian Imunisasi Hepatitis B 0-7 Hari Pada Bayi Khususnya Di Wilayah Kerja Puskesmas Karang Intan Kabupaten Banjar Tahun 2016\" has been uploaded by the author poltekkes banjarmasin Rusmilawaty Rusmilawaty Fauzi.\n\nSubmission URL: http://www.ejurnalbidanbestari-poltekkesbjm.com/index.php/JKB/editor/submissionReview/18\n\nHj. Zakiah\nJURNAL KEBIDANAN BESTARI\n________________________________________________________________________\r\nJurnal Kebidanan Bestari\r\nhttp://www.ejurnalbidanbestari-poltekkesbjm.com/index.php/index/index'),(13,1048585,21,46,'2019-08-06 14:29:28','180.246.149.228',NULL,'\"Hj. Zakiah\" <z4kiahsyah@gmail.com>','\"purnama sari kurniawati\" <purnama.arif56@gmail.com>',NULL,'ejurnalbidbestari.poltekkesbjm@gmail.com','[JKB] Submission Acknowledgement','The following message is being delivered on behalf of Jurnal Kebidanan Bestari.\r\n________________________________________________________________________\npurnama sari kurniawati:\n\nThank you for submitting the manuscript, \"Faktor Yang Mempengaruhi Kematian Neonatal Di Kabupaten Seluma\" to JURNAL KEBIDANAN BESTARI. With the online journal management system that we are using, you will be able to track its progress through the editorial process by logging in to the journal web site:\n\nManuscript URL: http://www.ejurnalbidanbestari-poltekkesbjm.com/index.php/JKB/author/submission/21\nUsername: kurniawati\n\nIf you have any questions, please contact me. Thank you for considering this journal as a venue for your work.\n\nHj. Zakiah\nJURNAL KEBIDANAN BESTARI\n________________________________________________________________________\r\nJurnal Kebidanan Bestari\r\nhttp://www.ejurnalbidanbestari-poltekkesbjm.com/index.php/index/index'),(14,1048585,12,28,'2019-09-04 09:52:23','180.246.150.36',NULL,'\"Hj. Zakiah\" <z4kiahsyah@gmail.com>','\"darmayanti darmayanti\" <mayadie01@yahoo.co.id>',NULL,NULL,'[JKB] Article Review Request','The following message is being delivered on behalf of Jurnal Kebidanan Bestari.\r\n________________________________________________________________________\ndarmayanti darmayanti:\r\n\r\nI believe that you would serve as an excellent reviewer of the manuscript, \"judul artikel,\" which has been submitted to JURNAL KEBIDANAN BESTARI. The submission\'s abstract is inserted below, and I hope that you will consider undertaking this important task for us.\r\n\r\nPlease log into the journal web site by 2019-09-11 to indicate whether you will undertake the review or not, as well as to access the submission and to record your review and recommendation. The web site is http://www.ejurnalbidanbestari-poltekkesbjm.com/index.php/JKB\r\n\r\nThe review itself is due 2019-09-18.\r\n\r\nIf you do not have your username and password for the journal\'s web site, you can use this link to reset your password (which will then be emailed to you along with your username). http://www.ejurnalbidanbestari-poltekkesbjm.com/index.php/JKB/login/resetPassword/darmayanti?confirm=b73552c83d44d9c9cd6c19d0279a2c8e27ad7722d3d5aad38b91118c9ae49000%3A1567572729\r\n\r\nSubmission URL: http://www.ejurnalbidanbestari-poltekkesbjm.com/index.php/JKB/reviewer/submission/4\r\n\r\nThank you for considering this request.\r\n\r\nserilaila serilaila\r\nSerilailahermansyah@gmail.com\r\n\r\n\r\n\r\n\"judul artikel\"\r\n\r\nAbstract\r\naoseiafhgbnsad\n________________________________________________________________________\r\nJurnal Kebidanan Bestari\r\nhttp://www.ejurnalbidanbestari-poltekkesbjm.com/index.php/index/index'),(15,1048585,12,2,'2019-09-04 10:03:54','180.246.150.36',NULL,'\"Hj. Zakiah\" <z4kiahsyah@gmail.com>','\"serilaila serilaila\" <Serilailahermansyah@gmail.com>',NULL,NULL,'[JKB] Able to Review','The following message is being delivered on behalf of Jurnal Kebidanan Bestari.\r\n________________________________________________________________________\nserilaila serilaila:\r\n\r\nI am able and willing to review the submission, \"judul artikel,\" for JURNAL KEBIDANAN BESTARI. Thank you for thinking of me, and I plan to have the review completed by its due date, 2019-09-18, if not before.\r\n\r\ndarmayanti darmayanti\n________________________________________________________________________\r\nJurnal Kebidanan Bestari\r\nhttp://www.ejurnalbidanbestari-poltekkesbjm.com/index.php/index/index'),(16,1048585,12,2,'2019-09-04 10:09:20','180.246.150.36',NULL,'\"Hj. Zakiah\" <z4kiahsyah@gmail.com>',NULL,'\"serilaila serilaila\" <Serilailahermansyah@gmail.com>',NULL,'[JKB] Article Review Completed','The following message is being delivered on behalf of Jurnal Kebidanan Bestari.\r\n________________________________________________________________________\nserilaila serilaila:\r\n\r\nI have now completed my review of \"judul artikel\" for JURNAL KEBIDANAN BESTARI, and submitted my recommendation, \"Revisions Required.\"\r\n\r\ndarmayanti darmayanti\n________________________________________________________________________\r\nJurnal Kebidanan Bestari\r\nhttp://www.ejurnalbidanbestari-poltekkesbjm.com/index.php/index/index'),(17,1048585,12,28,'2019-09-04 10:10:23','180.246.150.36',NULL,'\"Hj. Zakiah\" <z4kiahsyah@gmail.com>','\"darmayanti darmayanti\" <mayadie01@yahoo.co.id>',NULL,NULL,'[JKB] Article Review Acknowledgement','The following message is being delivered on behalf of Jurnal Kebidanan Bestari.\r\n________________________________________________________________________\ndarmayanti darmayanti:\r\n\r\nThank you for completing the review of the submission, \"judul artikel,\" for JURNAL KEBIDANAN BESTARI. We appreciate your contribution to the quality of the work that we publish.\r\n\r\nserilaila serilaila\r\nSerilailahermansyah@gmail.com\n________________________________________________________________________\r\nJurnal Kebidanan Bestari\r\nhttp://www.ejurnalbidanbestari-poltekkesbjm.com/index.php/index/index'),(18,1048585,12,28,'2019-09-04 10:11:45','180.246.150.36',NULL,'\"Hj. Zakiah\" <z4kiahsyah@gmail.com>','\"rusmilawaty fauji\" <rusmilawaty71@gmail.com>',NULL,NULL,'[JKB] Editor Decision','The following message is being delivered on behalf of Jurnal Kebidanan Bestari.\r\n________________________________________________________________________\nrusmilawaty fauji:\r\n\r\nWe have reached a decision regarding your submission to JURNAL KEBIDANAN BESTARI, \"judul artikel\".\r\n\r\nOur decision is: Revisions Required\r\n\r\nserilaila serilaila\r\nSerilailahermansyah@gmail.com\n________________________________________________________________________\r\nJurnal Kebidanan Bestari\r\nhttp://www.ejurnalbidanbestari-poltekkesbjm.com/index.php/index/index'),(19,1048585,12,28,'2019-09-04 10:15:31','180.246.150.36',NULL,'\"Hj. Zakiah\" <z4kiahsyah@gmail.com>','\"rusmilawaty fauji\" <rusmilawaty71@gmail.com>',NULL,NULL,'[JKB] Copyediting Review Request','The following message is being delivered on behalf of Jurnal Kebidanan Bestari.\r\n________________________________________________________________________\nrusmilawaty fauji:\r\n\r\nYour submission \"judul artikel\" for JURNAL KEBIDANAN BESTARI has been through the first step of copyediting, and is available for you to review by following these steps.\r\n\r\n1. Click on the Submission URL below.\r\n2. Log into the journal and click on the File that appears in Step 1.\r\n3. Open the downloaded submission.\r\n4. Review the text, including copyediting proposals and Author Queries.\r\n5. Make any copyediting changes that would further improve the text.\r\n6. When completed, upload the file in Step 2.\r\n7. Click on METADATA to check indexing information for completeness and accuracy.\r\n8. Send the COMPLETE email to the editor and copyeditor.\r\n\r\nSubmission URL: http://www.ejurnalbidanbestari-poltekkesbjm.com/index.php/JKB/author/submissionEditing/12\r\nUsername: rusmilawaty\r\n\r\nThis is the last opportunity to make substantial copyediting changes to the submission. The proofreading stage, that follows the preparation of the galleys, is restricted to correcting typographical and layout errors.\r\n\r\nIf you are unable to undertake this work at this time or have any questions, please contact me. Thank you for your contribution to this journal.\r\n\r\nserilaila serilaila\r\nSerilailahermansyah@gmail.com\n________________________________________________________________________\r\nJurnal Kebidanan Bestari\r\nhttp://www.ejurnalbidanbestari-poltekkesbjm.com/index.php/index/index'),(20,1048585,24,26,'2019-09-04 11:22:25','180.246.149.97',NULL,'\"Hj. Zakiah\" <z4kiahsyah@gmail.com>','\"yuniarti yuniarti\" <yuniartifaathir@gmail.com>',NULL,'ejurnalbidbestari.poltekkesbjm@gmail.com','[JKB] Submission Acknowledgement','The following message is being delivered on behalf of Jurnal Kebidanan Bestari.\r\n________________________________________________________________________\nyuniarti yuniarti:\n\nThank you for submitting the manuscript, \"BAB 1 Pendahuluan\" to JURNAL KEBIDANAN BESTARI. With the online journal management system that we are using, you will be able to track its progress through the editorial process by logging in to the journal web site:\n\nManuscript URL: http://www.ejurnalbidanbestari-poltekkesbjm.com/index.php/JKB/author/submission/24\nUsername: yuniarti\n\nIf you have any questions, please contact me. Thank you for considering this journal as a venue for your work.\n\nHj. Zakiah\nJURNAL KEBIDANAN BESTARI\n________________________________________________________________________\r\nJurnal Kebidanan Bestari\r\nhttp://www.ejurnalbidanbestari-poltekkesbjm.com/index.php/index/index'),(22,1048585,22,40,'2019-09-04 11:32:37','180.246.148.6',NULL,'\"Hj. Zakiah\" <z4kiahsyah@gmail.com>','\"zakiah zakiah\" <z4kiahsyah@gmail.com>',NULL,'ejurnalbidbestari.poltekkesbjm@gmail.com','[JKB] Submission Acknowledgement','The following message is being delivered on behalf of Jurnal Kebidanan Bestari.\r\n________________________________________________________________________\nzakiah zakiah:\n\nThank you for submitting the manuscript, \"cobazakiah\" to JURNAL KEBIDANAN BESTARI. With the online journal management system that we are using, you will be able to track its progress through the editorial process by logging in to the journal web site:\n\nManuscript URL: http://www.ejurnalbidanbestari-poltekkesbjm.com/index.php/JKB/author/submission/22\nUsername: zakiah\n\nIf you have any questions, please contact me. Thank you for considering this journal as a venue for your work.\n\nHj. Zakiah\nJURNAL KEBIDANAN BESTARI\n________________________________________________________________________\r\nJurnal Kebidanan Bestari\r\nhttp://www.ejurnalbidanbestari-poltekkesbjm.com/index.php/index/index'),(23,1048585,25,52,'2019-09-04 11:33:16','180.246.151.129',NULL,'\"Hj. Zakiah\" <z4kiahsyah@gmail.com>','\"isro daiyah\" <owizdaiyah1006@gmail.com>',NULL,'ejurnalbidbestari.poltekkesbjm@gmail.com','[JKB] Submission Acknowledgement','The following message is being delivered on behalf of Jurnal Kebidanan Bestari.\r\n________________________________________________________________________\nisro daiyah:\n\nThank you for submitting the manuscript, \"Perbedaan Pengetahuan Dan Sikap Wanita Usia Subur Terhadap Penyuluhan Tentang Pemeriksaan Inspeksi Visual Asam Asetat Sebagai Deteksi Dini Kanker Serviks Di RW 20 Wilayah Kerja Puskesmas Simpang Baru Kota Pekanbaru Tahun 2017\" to JURNAL KEBIDANAN BESTARI. With the online journal management system that we are using, you will be able to track its progress through the editorial process by logging in to the journal web site:\n\nManuscript URL: http://www.ejurnalbidanbestari-poltekkesbjm.com/index.php/JKB/author/submission/25\nUsername: owi\n\nIf you have any questions, please contact me. Thank you for considering this journal as a venue for your work.\n\nHj. Zakiah\nJURNAL KEBIDANAN BESTARI\n________________________________________________________________________\r\nJurnal Kebidanan Bestari\r\nhttp://www.ejurnalbidanbestari-poltekkesbjm.com/index.php/index/index'),(24,1048585,27,51,'2019-09-04 12:33:01','180.246.150.108',NULL,'\"Hj. Zakiah\" <z4kiahsyah@gmail.com>','\"Poltekkes Kemenkes Banjarmasin Fitria Jannatul Laili\" <fitria.jlaili@gmail.com>',NULL,'ejurnalbidbestari.poltekkesbjm@gmail.com','[JKB] Submission Acknowledgement','The following message is being delivered on behalf of Jurnal Kebidanan Bestari.\r\n________________________________________________________________________\nPoltekkes Kemenkes Banjarmasin Fitria Jannatul Laili:\n\nThank you for submitting the manuscript, \"Laporan Aktualisasi\" to JURNAL KEBIDANAN BESTARI. With the online journal management system that we are using, you will be able to track its progress through the editorial process by logging in to the journal web site:\n\nManuscript URL: http://www.ejurnalbidanbestari-poltekkesbjm.com/index.php/JKB/author/submission/27\nUsername: fitriajlaili19\n\nIf you have any questions, please contact me. Thank you for considering this journal as a venue for your work.\n\nHj. Zakiah\nJURNAL KEBIDANAN BESTARI\n________________________________________________________________________\r\nJurnal Kebidanan Bestari\r\nhttp://www.ejurnalbidanbestari-poltekkesbjm.com/index.php/index/index'),(26,1048585,26,50,'2019-09-04 12:50:58','180.246.150.186',NULL,'\"Hj. Zakiah\" <z4kiahsyah@gmail.com>','\"Poltekkes Kemenkes Banjarmasin rubiati hipni\" <rubiatihipni@gmail.com>',NULL,'ejurnalbidbestari.poltekkesbjm@gmail.com','[JKB] Submission Acknowledgement','The following message is being delivered on behalf of Jurnal Kebidanan Bestari.\r\n________________________________________________________________________\nPoltekkes Kemenkes Banjarmasin rubiati hipni:\n\nThank you for submitting the manuscript, \"THE FACTORS OF INCIDENCE OF INTRA UTERINE FETAL DEATH (IUFD) AT IDAMAN BANJARBARU HOSPITAL IN 2017\" to JURNAL KEBIDANAN BESTARI. With the online journal management system that we are using, you will be able to track its progress through the editorial process by logging in to the journal web site:\n\nManuscript URL: http://www.ejurnalbidanbestari-poltekkesbjm.com/index.php/JKB/author/submission/26\nUsername: rubiati80\n\nIf you have any questions, please contact me. Thank you for considering this journal as a venue for your work.\n\nHj. Zakiah\nJURNAL KEBIDANAN BESTARI\n________________________________________________________________________\r\nJurnal Kebidanan Bestari\r\nhttp://www.ejurnalbidanbestari-poltekkesbjm.com/index.php/index/index'),(27,1048585,27,51,'2019-09-04 13:04:41','180.246.150.108',NULL,'\"Hj. Zakiah\" <z4kiahsyah@gmail.com>','\"Hj. Zakiah\" <z4kiahsyah@gmail.com>',NULL,NULL,'[JKB] Revised Version Uploaded','The following message is being delivered on behalf of Jurnal Kebidanan Bestari.\r\n________________________________________________________________________\nHj. Zakiah:\n\nA revised version of \"Laporan Aktualisasi\" has been uploaded by the author Poltekkes Kemenkes Banjarmasin Fitria Jannatul Laili.\n\nSubmission URL: http://www.ejurnalbidanbestari-poltekkesbjm.com/index.php/JKB/editor/submissionReview/27\n\nHj. Zakiah\nJURNAL KEBIDANAN BESTARI\n________________________________________________________________________\r\nJurnal Kebidanan Bestari\r\nhttp://www.ejurnalbidanbestari-poltekkesbjm.com/index.php/index/index'),(28,1048585,26,50,'2019-09-04 13:10:37','180.246.150.186',NULL,'\"Hj. Zakiah\" <z4kiahsyah@gmail.com>','\"Hj. Zakiah\" <z4kiahsyah@gmail.com>',NULL,NULL,'[JKB] Revised Version Uploaded','The following message is being delivered on behalf of Jurnal Kebidanan Bestari.\r\n________________________________________________________________________\nHj. Zakiah:\n\nA revised version of \"THE FACTORS OF INCIDENCE OF INTRA UTERINE FETAL DEATH (IUFD) AT IDAMAN BANJARBARU HOSPITAL IN 2017\" has been uploaded by the author Poltekkes Kemenkes Banjarmasin rubiati hipni.\n\nSubmission URL: http://www.ejurnalbidanbestari-poltekkesbjm.com/index.php/JKB/editor/submissionReview/26\n\nHj. Zakiah\nJURNAL KEBIDANAN BESTARI\n________________________________________________________________________\r\nJurnal Kebidanan Bestari\r\nhttp://www.ejurnalbidanbestari-poltekkesbjm.com/index.php/index/index'),(36,1048585,22,41,'2019-09-04 13:47:02','180.246.150.36',NULL,'\"Hj. Zakiah\" <z4kiahsyah@gmail.com>','\"isro daiyah\" <owizdaiyah1006@gmail.com>',NULL,NULL,'[JKB] Editorial Assignment','The following message is being delivered on behalf of Jurnal Kebidanan Bestari.\r\n________________________________________________________________________\nisro daiyah:\r\n\r\nThe submission, \"cobazakiah,\" to JURNAL KEBIDANAN BESTARI has been assigned to you to see through the editorial process in your role as Section Editor.\r\n\r\nSubmission URL: http://www.ejurnalbidanbestari-poltekkesbjm.com/index.php/JKB/editor/submissionReview/22\r\nUsername: owi\r\n\r\nThank you,\r\npoltekkes banjarmasin serilaila serilaila\r\nPhone 081905347931\r\nserilaila11@yahoo.co.id\n________________________________________________________________________\r\nJurnal Kebidanan Bestari\r\nhttp://www.ejurnalbidanbestari-poltekkesbjm.com/index.php/index/index'),(38,1048585,22,52,'2019-09-04 13:49:10','180.246.150.36',NULL,'\"Hj. Zakiah\" <z4kiahsyah@gmail.com>','\"darmayanti darmayanti\" <mayadie01@yahoo.co.id>',NULL,NULL,'[JKB] Article Review Request','The following message is being delivered on behalf of Jurnal Kebidanan Bestari.\r\n________________________________________________________________________\ndarmayanti darmayanti:\r\n\r\nI believe that you would serve as an excellent reviewer of the manuscript, \"cobazakiah,\" which has been submitted to JURNAL KEBIDANAN BESTARI. The submission\'s abstract is inserted below, and I hope that you will consider undertaking this important task for us.\r\n\r\nPlease log into the journal web site by 2019-09-11 to indicate whether you will undertake the review or not, as well as to access the submission and to record your review and recommendation. The web site is http://www.ejurnalbidanbestari-poltekkesbjm.com/index.php/JKB\r\n\r\nThe review itself is due 2019-09-18.\r\n\r\nIf you do not have your username and password for the journal\'s web site, you can use this link to reset your password (which will then be emailed to you along with your username). http://www.ejurnalbidanbestari-poltekkesbjm.com/index.php/JKB/login/resetPassword/darmayanti?confirm=7aa22e6e76a37c21ac38a9110e3bf7790aae2f5f5932b3a21de1344700ab35da%3A1567586940\r\n\r\nSubmission URL: http://www.ejurnalbidanbestari-poltekkesbjm.com/index.php/JKB/reviewer/submission/6\r\n\r\nThank you for considering this request.\r\n\r\nisro daiyah\r\nowizdaiyah1006@gmail.com\r\n\r\n\r\n\r\n\"cobazakiah\"\r\n\r\nAbstract\r\npercobaan dlama men submition\n________________________________________________________________________\r\nJurnal Kebidanan Bestari\r\nhttp://www.ejurnalbidanbestari-poltekkesbjm.com/index.php/index/index'),(39,1048585,22,2,'2019-09-04 13:51:53','180.246.150.36',NULL,'\"Hj. Zakiah\" <z4kiahsyah@gmail.com>','\"isro daiyah\" <owizdaiyah1006@gmail.com>',NULL,NULL,'[JKB] Able to Review','The following message is being delivered on behalf of Jurnal Kebidanan Bestari.\r\n________________________________________________________________________\nisro daiyah:\r\n\r\nI am able and willing to review the submission, \"cobazakiah,\" for JURNAL KEBIDANAN BESTARI. Thank you for thinking of me, and I plan to have the review completed by its due date, 2019-09-18, if not before.\r\n\r\ndarmayanti darmayanti\n________________________________________________________________________\r\nJurnal Kebidanan Bestari\r\nhttp://www.ejurnalbidanbestari-poltekkesbjm.com/index.php/index/index'),(40,1048585,22,2,'2019-09-04 13:54:11','180.246.150.36',NULL,'\"Hj. Zakiah\" <z4kiahsyah@gmail.com>',NULL,'\"isro daiyah\" <owizdaiyah1006@gmail.com>',NULL,'[JKB] Article Review Completed','The following message is being delivered on behalf of Jurnal Kebidanan Bestari.\r\n________________________________________________________________________\nisro daiyah:\r\n\r\nI have now completed my review of \"cobazakiah\" for JURNAL KEBIDANAN BESTARI, and submitted my recommendation, \"Revisions Required.\"\r\n\r\ndarmayanti darmayanti\n________________________________________________________________________\r\nJurnal Kebidanan Bestari\r\nhttp://www.ejurnalbidanbestari-poltekkesbjm.com/index.php/index/index'),(41,1048585,22,52,'2019-09-04 13:55:19','180.246.150.36',NULL,'\"Hj. Zakiah\" <z4kiahsyah@gmail.com>','\"darmayanti darmayanti\" <mayadie01@yahoo.co.id>',NULL,NULL,'[JKB] Article Review Acknowledgement','The following message is being delivered on behalf of Jurnal Kebidanan Bestari.\r\n________________________________________________________________________\ndarmayanti darmayanti:\r\n\r\nThank you for completing the review of the submission, \"cobazakiah,\" for JURNAL KEBIDANAN BESTARI. We appreciate your contribution to the quality of the work that we publish.\r\n\r\nisro daiyah\r\nowizdaiyah1006@gmail.com\n________________________________________________________________________\r\nJurnal Kebidanan Bestari\r\nhttp://www.ejurnalbidanbestari-poltekkesbjm.com/index.php/index/index'),(42,1048585,22,52,'2019-09-04 13:58:42','222.124.49.110',NULL,'\"Hj. Zakiah\" <z4kiahsyah@gmail.com>','\"zakiah zakiah\" <z4kiahsyah@gmail.com>',NULL,NULL,'[JKB] Editor Decision','The following message is being delivered on behalf of Jurnal Kebidanan Bestari.\r\n________________________________________________________________________\nzakiah zakiah:\r\n\r\nWe have reached a decision regarding your submission to JURNAL KEBIDANAN BESTARI, \"cobazakiah\".\r\n\r\nOur decision is: Revisions Required\r\n\r\nisro daiyah\r\nowizdaiyah1006@gmail.com\n________________________________________________________________________\r\nJurnal Kebidanan Bestari\r\nhttp://www.ejurnalbidanbestari-poltekkesbjm.com/index.php/index/index'),(43,1048585,22,52,'2019-09-04 14:02:07','222.124.49.110',NULL,'\"Hj. Zakiah\" <z4kiahsyah@gmail.com>','\"zakiah zakiah\" <z4kiahsyah@gmail.com>',NULL,NULL,'[JKB] Editor Decision','The following message is being delivered on behalf of Jurnal Kebidanan Bestari.\r\n________________________________________________________________________\nzakiah zakiah:\r\n\r\nWe have reached a decision regarding your submission to JURNAL KEBIDANAN BESTARI, \"cobazakiah\".\r\n\r\nOur decision is to: Accept Submission\r\n\r\nisro daiyah\r\nowizdaiyah1006@gmail.com\n________________________________________________________________________\r\nJurnal Kebidanan Bestari\r\nhttp://www.ejurnalbidanbestari-poltekkesbjm.com/index.php/index/index'),(44,1048585,22,52,'2019-09-04 14:10:04','222.124.49.110',NULL,'\"Hj. Zakiah\" <z4kiahsyah@gmail.com>','\"zakiah zakiah\" <z4kiahsyah@gmail.com>',NULL,NULL,'[JKB] Copyediting Review Request','The following message is being delivered on behalf of Jurnal Kebidanan Bestari.\r\n________________________________________________________________________\nzakiah zakiah:\r\n\r\nYour submission \"cobazakiah\" for JURNAL KEBIDANAN BESTARI has been through the first step of copyediting, and is available for you to review by following these steps.\r\n\r\n1. Click on the Submission URL below.\r\n2. Log into the journal and click on the File that appears in Step 1.\r\n3. Open the downloaded submission.\r\n4. Review the text, including copyediting proposals and Author Queries.\r\n5. Make any copyediting changes that would further improve the text.\r\n6. When completed, upload the file in Step 2.\r\n7. Click on METADATA to check indexing information for completeness and accuracy.\r\n8. Send the COMPLETE email to the editor and copyeditor.\r\n\r\nSubmission URL: http://www.ejurnalbidanbestari-poltekkesbjm.com/index.php/JKB/author/submissionEditing/22\r\nUsername: zakiah\r\n\r\nThis is the last opportunity to make substantial copyediting changes to the submission. The proofreading stage, that follows the preparation of the galleys, is restricted to correcting typographical and layout errors.\r\n\r\nIf you are unable to undertake this work at this time or have any questions, please contact me. Thank you for your contribution to this journal.\r\n\r\nisro daiyah\r\nowizdaiyah1006@gmail.com\n________________________________________________________________________\r\nJurnal Kebidanan Bestari\r\nhttp://www.ejurnalbidanbestari-poltekkesbjm.com/index.php/index/index'),(45,1048585,22,40,'2019-09-04 14:12:46','222.124.49.110',NULL,'\"Hj. Zakiah\" <z4kiahsyah@gmail.com>','\"isro daiyah\" <owizdaiyah1006@gmail.com>','\"isro daiyah\" <owizdaiyah1006@gmail.com>',NULL,'[JKB] Copyediting Review Completed','The following message is being delivered on behalf of Jurnal Kebidanan Bestari.\r\n________________________________________________________________________\nisro daiyah:\r\n\r\nI have now reviewed the copyediting of the manuscript, \"cobazakiah,\" for JURNAL KEBIDANAN BESTARI, and it is ready for the final round of copyediting and preparation for Layout.\r\n\r\nThank you for this contribution to my work,\r\nzakiah zakiah\n________________________________________________________________________\r\nJurnal Kebidanan Bestari\r\nhttp://www.ejurnalbidanbestari-poltekkesbjm.com/index.php/index/index'),(46,1048585,18,26,'2019-09-04 14:32:42','222.124.49.110',NULL,'\"Hj. Zakiah\" <z4kiahsyah@gmail.com>','\"poltekkes banjarmasin Rusmilawaty Rusmilawaty Fauzi\" <rusmilawatyfauzi71@gmail.com>',NULL,NULL,'[JKB] Unsuitable Submission','The following message is being delivered on behalf of Jurnal Kebidanan Bestari.\r\n________________________________________________________________________\npoltekkes banjarmasin Rusmilawaty Rusmilawaty Fauzi:\r\n\r\nAn initial review of \"Dukungan Keluarga Terhadap Pemberian Imunisasi Hepatitis B 0-7 Hari Pada Bayi Khususnya Di Wilayah Kerja Puskesmas Karang Intan Kabupaten Banjar Tahun 2016\" has made it clear that this submission does not fit within the scope and focus of JURNAL KEBIDANAN BESTARI. I recommend that you consult the description of this journal under About, as well as its current contents, to learn more about the work that we publish. You might also consider submitting this manuscript to another, more suitable journal.\r\n\r\nyuniarti yuniarti\r\nPhone 08115128664\r\nyuniartifaathir@gmail.com\n________________________________________________________________________\r\nJurnal Kebidanan Bestari\r\nhttp://www.ejurnalbidanbestari-poltekkesbjm.com/index.php/index/index'),(47,1048585,18,26,'2019-09-04 14:35:22','222.124.49.110',NULL,'\"Hj. Zakiah\" <z4kiahsyah@gmail.com>','\"poltekkes banjarmasin Rusmilawaty Rusmilawaty Fauzi\" <rusmilawatyfauzi71@gmail.com>',NULL,NULL,'[JKB] Unsuitable Submission','The following message is being delivered on behalf of Jurnal Kebidanan Bestari.\r\n________________________________________________________________________\npoltekkes banjarmasin Rusmilawaty Rusmilawaty Fauzi:\r\n\r\nAn initial review of \"Dukungan Keluarga Terhadap Pemberian Imunisasi Hepatitis B 0-7 Hari Pada Bayi Khususnya Di Wilayah Kerja Puskesmas Karang Intan Kabupaten Banjar Tahun 2016\" has made it clear that this submission does not fit within the scope and focus of JURNAL KEBIDANAN BESTARI. I recommend that you consult the description of this journal under About, as well as its current contents, to learn more about the work that we publish. You might also consider submitting this manuscript to another, more suitable journal.\r\n\r\nyuniarti yuniarti\r\nPhone 08115128664\r\nyuniartifaathir@gmail.com\n________________________________________________________________________\r\nJurnal Kebidanan Bestari\r\nhttp://www.ejurnalbidanbestari-poltekkesbjm.com/index.php/index/index'),(48,1048585,24,50,'2019-09-04 14:36:28','222.124.49.110',NULL,'\"Hj. Zakiah\" <z4kiahsyah@gmail.com>','\"Poltekkes Kemenkes Banjarmasin Fitria Jannatul Laili\" <fitria.jlaili@gmail.com>',NULL,NULL,'[JKB] Editorial Assignment','The following message is being delivered on behalf of Jurnal Kebidanan Bestari.\r\n________________________________________________________________________\nPoltekkes Kemenkes Banjarmasin Fitria Jannatul Laili:\r\n\r\nThe submission, \"BAB 1 Pendahuluan,\" to JURNAL KEBIDANAN BESTARI has been assigned to you to see through the editorial process in your role as Section Editor.\r\n\r\nSubmission URL: http://www.ejurnalbidanbestari-poltekkesbjm.com/index.php/JKB/editor/submissionReview/24\r\nUsername: fitriajlaili19\r\n\r\nThank you,\r\nPoltekkes Kemenkes Banjarmasin rubiati hipni\r\nPhone 082353140022\r\nrubiatihipni@gmail.com\n________________________________________________________________________\r\nJurnal Kebidanan Bestari\r\nhttp://www.ejurnalbidanbestari-poltekkesbjm.com/index.php/index/index'),(49,1048585,24,50,'2019-09-04 14:37:01','222.124.49.110',NULL,'\"Hj. Zakiah\" <z4kiahsyah@gmail.com>','\"Rafidah Rafidah\" <rafidahendro@gmail.com>',NULL,NULL,'[JKB] Editorial Assignment','The following message is being delivered on behalf of Jurnal Kebidanan Bestari.\r\n________________________________________________________________________\nRafidah Rafidah:\r\n\r\nThe submission, \"BAB 1 Pendahuluan,\" to JURNAL KEBIDANAN BESTARI has been assigned to you to see through the editorial process in your role as Section Editor.\r\n\r\nSubmission URL: http://www.ejurnalbidanbestari-poltekkesbjm.com/index.php/JKB/editor/submissionReview/24\r\nUsername: rafidah\r\n\r\nThank you,\r\nPoltekkes Kemenkes Banjarmasin rubiati hipni\r\nPhone 082353140022\r\nrubiatihipni@gmail.com\n________________________________________________________________________\r\nJurnal Kebidanan Bestari\r\nhttp://www.ejurnalbidanbestari-poltekkesbjm.com/index.php/index/index'),(50,1048585,27,50,'2019-09-04 14:38:34','222.124.49.110',NULL,'\"Hj. Zakiah\" <z4kiahsyah@gmail.com>','\"rusmilawaty rusmilawaty\" <rusmilawaty71@gmail.com>',NULL,NULL,'[JKB] Editorial Assignment','The following message is being delivered on behalf of Jurnal Kebidanan Bestari.\r\n________________________________________________________________________\nrusmilawaty rusmilawaty:\r\n\r\nThe submission, \"Laporan Aktualisasi,\" to JURNAL KEBIDANAN BESTARI has been assigned to you to see through the editorial process in your role as Section Editor.\r\n\r\nSubmission URL: http://www.ejurnalbidanbestari-poltekkesbjm.com/index.php/JKB/editor/submissionReview/27\r\nUsername: rusmilawaty\r\n\r\nThank you,\r\nPoltekkes Kemenkes Banjarmasin rubiati hipni\r\nPhone 082353140022\r\nrubiatihipni@gmail.com\n________________________________________________________________________\r\nJurnal Kebidanan Bestari\r\nhttp://www.ejurnalbidanbestari-poltekkesbjm.com/index.php/index/index'),(51,1048585,27,50,'2019-09-04 14:38:54','222.124.49.110',NULL,'\"Hj. Zakiah\" <z4kiahsyah@gmail.com>','\"yuniarti yuniarti\" <yuniartifaathir@gmail.com>',NULL,NULL,'[JKB] Editorial Assignment','The following message is being delivered on behalf of Jurnal Kebidanan Bestari.\r\n________________________________________________________________________\nyuniarti yuniarti:\r\n\r\nThe submission, \"Laporan Aktualisasi,\" to JURNAL KEBIDANAN BESTARI has been assigned to you to see through the editorial process in your role as Section Editor.\r\n\r\nSubmission URL: http://www.ejurnalbidanbestari-poltekkesbjm.com/index.php/JKB/editor/submissionReview/27\r\nUsername: yuniarti\r\n\r\nThank you,\r\nPoltekkes Kemenkes Banjarmasin rubiati hipni\r\nPhone 082353140022\r\nrubiatihipni@gmail.com\n________________________________________________________________________\r\nJurnal Kebidanan Bestari\r\nhttp://www.ejurnalbidanbestari-poltekkesbjm.com/index.php/index/index'),(52,1048585,27,50,'2019-09-04 14:40:11','222.124.49.110',NULL,'\"Hj. Zakiah\" <z4kiahsyah@gmail.com>','\"rusmilawaty rusmilawaty\" <rusmilawaty71@gmail.com>',NULL,NULL,'[JKB]','The following message is being delivered on behalf of Jurnal Kebidanan Bestari.\r\n________________________________________________________________________\n\n________________________________________________________________________\r\nJurnal Kebidanan Bestari\r\nhttp://www.ejurnalbidanbestari-poltekkesbjm.com/index.php/index/index'),(53,1048585,27,50,'2019-09-04 14:40:28','222.124.49.110',NULL,'\"Hj. Zakiah\" <z4kiahsyah@gmail.com>','\"yuniarti yuniarti\" <yuniartifaathir@gmail.com>',NULL,NULL,'[JKB]','The following message is being delivered on behalf of Jurnal Kebidanan Bestari.\r\n________________________________________________________________________\n\n________________________________________________________________________\r\nJurnal Kebidanan Bestari\r\nhttp://www.ejurnalbidanbestari-poltekkesbjm.com/index.php/index/index'),(54,1048585,27,50,'2019-09-04 14:40:42','222.124.49.110',NULL,'\"Hj. Zakiah\" <z4kiahsyah@gmail.com>','\"rubiati hipni\" <rubiatihipni@gmail.com>',NULL,NULL,'[JKB]','The following message is being delivered on behalf of Jurnal Kebidanan Bestari.\r\n________________________________________________________________________\n\n________________________________________________________________________\r\nJurnal Kebidanan Bestari\r\nhttp://www.ejurnalbidanbestari-poltekkesbjm.com/index.php/index/index'),(55,1048585,24,18,'2019-09-04 14:42:27','222.124.49.110',NULL,'\"Hj. Zakiah\" <z4kiahsyah@gmail.com>','\"yuniarti yuniarti\" <yuniartifaathir@gmail.com>',NULL,NULL,'[JKB] BAB 1 Pendahuluan','The following message is being delivered on behalf of Jurnal Kebidanan Bestari.\r\n________________________________________________________________________\nyth.......silahkan revisi\n________________________________________________________________________\r\nJurnal Kebidanan Bestari\r\nhttp://www.ejurnalbidanbestari-poltekkesbjm.com/index.php/index/index'),(56,1048585,27,26,'2019-09-04 14:42:53','222.124.49.110',NULL,'\"Hj. Zakiah\" <z4kiahsyah@gmail.com>','\"Fitria Jannatul Laili\" <fitria.jlaili@gmail.com>, \"Fitria Jannatul Laili\" <fitria.jlaili@gmail.com>',NULL,NULL,'[JKB] Laporan Aktualisasi','The following message is being delivered on behalf of Jurnal Kebidanan Bestari.\r\n________________________________________________________________________\n\n________________________________________________________________________\r\nJurnal Kebidanan Bestari\r\nhttp://www.ejurnalbidanbestari-poltekkesbjm.com/index.php/index/index'),(57,1048585,24,18,'2019-09-04 14:43:15','222.124.49.110',NULL,'\"Hj. Zakiah\" <z4kiahsyah@gmail.com>','\"Hapisah Hapisah\" <hapisah476@gmail.com>',NULL,NULL,'[JKB] Article Review Request','The following message is being delivered on behalf of Jurnal Kebidanan Bestari.\r\n________________________________________________________________________\nHapisah Hapisah:\r\n\r\nI believe that you would serve as an excellent reviewer of the manuscript, \"BAB 1 Pendahuluan,\" which has been submitted to JURNAL KEBIDANAN BESTARI. The submission\'s abstract is inserted below, and I hope that you will consider undertaking this important task for us.\r\n\r\nPlease log into the journal web site by 2019-09-11 to indicate whether you will undertake the review or not, as well as to access the submission and to record your review and recommendation. The web site is http://ejurnalbidanbestari-poltekkesbjm.com/index.php/JKB\r\n\r\nThe review itself is due 2019-09-18.\r\n\r\nIf you do not have your username and password for the journal\'s web site, you can use this link to reset your password (which will then be emailed to you along with your username). http://ejurnalbidanbestari-poltekkesbjm.com/index.php/JKB/login/resetPassword/hapisah?confirm=d7617e819edfd900dee9d855c81778deb631dd5982f4230726ffdba2600f8ca9%3A1567590188\r\n\r\nSubmission URL: http://ejurnalbidanbestari-poltekkesbjm.com/index.php/JKB/reviewer/submission/8\r\n\r\nThank you for considering this request.\r\n\r\nrusmilawaty rusmilawaty\r\nPhone 08125022462\r\nrusmilawaty71@gmail.com\r\n\r\n\r\n\r\n\"BAB 1 Pendahuluan\"\r\n\r\nAbstract\r\nisinya memang abstrak\n________________________________________________________________________\r\nJurnal Kebidanan Bestari\r\nhttp://www.ejurnalbidanbestari-poltekkesbjm.com/index.php/index/index'),(58,1048585,27,26,'2019-09-04 14:43:33','222.124.49.110',NULL,'\"Hj. Zakiah\" <z4kiahsyah@gmail.com>','\"darmayanti darmayanti\" <mayadie01@yahoo.co.id>',NULL,NULL,'[JKB] Article Review Request','The following message is being delivered on behalf of Jurnal Kebidanan Bestari.\r\n________________________________________________________________________\ndarmayanti darmayanti:\r\n\r\nI believe that you would serve as an excellent reviewer of the manuscript, \"Laporan Aktualisasi,\" which has been submitted to JURNAL KEBIDANAN BESTARI. The submission\'s abstract is inserted below, and I hope that you will consider undertaking this important task for us.\r\n\r\nPlease log into the journal web site by 2019-09-11 to indicate whether you will undertake the review or not, as well as to access the submission and to record your review and recommendation. The web site is http://www.ejurnalbidanbestari-poltekkesbjm.com/index.php/JKB\r\n\r\nThe review itself is due 2019-09-18.\r\n\r\nIf you do not have your username and password for the journal\'s web site, you can use this link to reset your password (which will then be emailed to you along with your username). http://www.ejurnalbidanbestari-poltekkesbjm.com/index.php/JKB/login/resetPassword/darmayanti?confirm=a31bfcf58d7aaa8918645f7f153e0fea1c7fe26495eb3933ca1991145cf7b41f%3A1567590196\r\n\r\nSubmission URL: http://www.ejurnalbidanbestari-poltekkesbjm.com/index.php/JKB/reviewer/submission/9\r\n\r\nThank you for considering this request.\r\n\r\nyuniarti yuniarti\r\nPhone 08115128664\r\nyuniartifaathir@gmail.com\r\n\r\n\r\n\r\n\"Laporan Aktualisasi\"\r\n\r\nAbstract\r\n\r\nAparatur Sipil Negara yang selanjutnya disebut ASN merupakan pegawai Pemerintah Republik Indonesia yang memiliki peran dan fungsi sebagai pembuat dan pelaksana kebijakan publik, pelayan publik, serta perekat dan pemersatu bangsa. ASN pada dewasa ini dituntut untuk memiliki perilaku yang akuntabilitas, nasionalisme, etika publik, komitmen mutu dan anti korupsi. Masyarakatpun menuntut ASN untuk bekerja profesional dan kompeten. Dalam persaigan global seorang ASN dituntut untuk bekerja efektif, efisien dan inovatif.\r\n\r\nNamun dalam kenyataannya birokrasi kita masih menjadi hambatan dalam pembangunan, yang ditandai dengan masih rendahnya kinerja pelayanan birokrasi dan masih tingginya angka korupsi di Indonesia. Hal ini tergambar dari beberapa laporan kinerja pemerintahan seperti The Global Competitiveness Report 2014-2015 (World Economic Forum, 2014) dimana Indonesia menempati peringkat 37 dari 140 negara, dan laporan Bank Dunia melalui Worlwide Governance Indicators yang menunjukkan bahwa efektivitas pemerintahan (Government Effectiveness) Indonesia masih sangat rendah, dengan nilai indeks di tahun 2014 adalah – 0, 01. Selain itu Indeks Persepsi Korupsi (The Corruption Perceptions Index) Indonesia berdasarkan data dari Transparency International juga masih rendah pada nilai indeks 34 (dari nilai indeks bersih korupsi 100) dan berada pada ranking 107 dari 175 negara pada tahun 2014.\n________________________________________________________________________\r\nJurnal Kebidanan Bestari\r\nhttp://www.ejurnalbidanbestari-poltekkesbjm.com/index.php/index/index'),(59,1048585,27,26,'2019-09-04 14:44:31','222.124.49.110',NULL,'\"Hj. Zakiah\" <z4kiahsyah@gmail.com>','\"Poltekkes Kemenkes Banjarmasin Fitria Jannatul Laili\" <fitria.jlaili@gmail.com>',NULL,NULL,'[JKB] Editor Decision','The following message is being delivered on behalf of Jurnal Kebidanan Bestari.\r\n________________________________________________________________________\nPoltekkes Kemenkes Banjarmasin Fitria Jannatul Laili:\r\n\r\nWe have reached a decision regarding your submission to JURNAL KEBIDANAN BESTARI, \"Laporan Aktualisasi\".\r\n\r\nOur decision is to: Accept Submission\r\n\r\nyuniarti yuniarti\r\nPhone 08115128664\r\nyuniartifaathir@gmail.com\n________________________________________________________________________\r\nJurnal Kebidanan Bestari\r\nhttp://www.ejurnalbidanbestari-poltekkesbjm.com/index.php/index/index'),(60,1048585,27,26,'2019-09-04 14:45:50','222.124.49.110',NULL,'\"Hj. Zakiah\" <z4kiahsyah@gmail.com>','\"Poltekkes Kemenkes Banjarmasin Fitria Jannatul Laili\" <fitria.jlaili@gmail.com>',NULL,NULL,'[JKB] Copyediting Review Request','The following message is being delivered on behalf of Jurnal Kebidanan Bestari.\r\n________________________________________________________________________\nPoltekkes Kemenkes Banjarmasin Fitria Jannatul Laili:\r\n\r\nYour submission \"Laporan Aktualisasi\" for JURNAL KEBIDANAN BESTARI has been through the first step of copyediting, and is available for you to review by following these steps.\r\n\r\n1. Click on the Submission URL below.\r\n2. Log into the journal and click on the File that appears in Step 1.\r\n3. Open the downloaded submission.\r\n4. Review the text, including copyediting proposals and Author Queries.\r\n5. Make any copyediting changes that would further improve the text.\r\n6. When completed, upload the file in Step 2.\r\n7. Click on METADATA to check indexing information for completeness and accuracy.\r\n8. Send the COMPLETE email to the editor and copyeditor.\r\n\r\nSubmission URL: http://www.ejurnalbidanbestari-poltekkesbjm.com/index.php/JKB/author/submissionEditing/27\r\nUsername: fitriajlaili19\r\n\r\nThis is the last opportunity to make substantial copyediting changes to the submission. The proofreading stage, that follows the preparation of the galleys, is restricted to correcting typographical and layout errors.\r\n\r\nIf you are unable to undertake this work at this time or have any questions, please contact me. Thank you for your contribution to this journal.\r\n\r\nyuniarti yuniarti\r\nPhone 08115128664\r\nyuniartifaathir@gmail.com\n________________________________________________________________________\r\nJurnal Kebidanan Bestari\r\nhttp://www.ejurnalbidanbestari-poltekkesbjm.com/index.php/index/index'),(61,1048585,24,51,'2019-09-04 14:52:08','222.124.49.110',NULL,'\"Hj. Zakiah\" <z4kiahsyah@gmail.com>','\"darmayanti darmayanti\" <mayadie01@yahoo.co.id>',NULL,NULL,'[JKB] Article Review Request','The following message is being delivered on behalf of Jurnal Kebidanan Bestari.\r\n________________________________________________________________________\ndarmayanti darmayanti:\r\n\r\nI believe that you would serve as an excellent reviewer of the manuscript, \"BAB 1 Pendahuluan,\" which has been submitted to JURNAL KEBIDANAN BESTARI. The submission\'s abstract is inserted below, and I hope that you will consider undertaking this important task for us.\r\n\r\nPlease log into the journal web site by 2019-09-11 to indicate whether you will undertake the review or not, as well as to access the submission and to record your review and recommendation. The web site is http://www.ejurnalbidanbestari-poltekkesbjm.com/index.php/JKB\r\n\r\nThe review itself is due 2019-09-18.\r\n\r\nIf you do not have your username and password for the journal\'s web site, you can use this link to reset your password (which will then be emailed to you along with your username). http://www.ejurnalbidanbestari-poltekkesbjm.com/index.php/JKB/login/resetPassword/darmayanti?confirm=f12b3d8fb61140430e7308980bb7e197f0e194cb1e069e4ed0a84b26d363b8cf%3A1567590688\r\n\r\nSubmission URL: http://www.ejurnalbidanbestari-poltekkesbjm.com/index.php/JKB/reviewer/submission/10\r\n\r\nThank you for considering this request.\r\n\r\nPoltekkes Kemenkes Banjarmasin Fitria Jannatul Laili\r\nPoltekkes Kemenkes Banjarmasin\r\nPhone 082225272888\r\nfitria.jlaili@gmail.com\r\n\r\n\r\n\r\n\"BAB 1 Pendahuluan\"\r\n\r\nAbstract\r\nisinya memang abstrak\n________________________________________________________________________\r\nJurnal Kebidanan Bestari\r\nhttp://www.ejurnalbidanbestari-poltekkesbjm.com/index.php/index/index'),(62,1048585,24,52,'2019-09-04 14:52:27','180.246.151.129',NULL,'\"Hj. Zakiah\" <z4kiahsyah@gmail.com>','\"darmayanti darmayanti\" <mayadie01@yahoo.co.id>',NULL,NULL,'[JKB] Article Review Request','The following message is being delivered on behalf of Jurnal Kebidanan Bestari.\r\n________________________________________________________________________\ndarmayanti darmayanti:\r\n\r\nI believe that you would serve as an excellent reviewer of the manuscript, \"BAB 1 Pendahuluan,\" which has been submitted to JURNAL KEBIDANAN BESTARI. The submission\'s abstract is inserted below, and I hope that you will consider undertaking this important task for us.\r\n\r\nPlease log into the journal web site by 2019-09-11 to indicate whether you will undertake the review or not, as well as to access the submission and to record your review and recommendation. The web site is http://www.ejurnalbidanbestari-poltekkesbjm.com/index.php/JKB\r\n\r\nThe review itself is due 2019-09-18.\r\n\r\nIf you do not have your username and password for the journal\'s web site, you can use this link to reset your password (which will then be emailed to you along with your username). http://www.ejurnalbidanbestari-poltekkesbjm.com/index.php/JKB/login/resetPassword/darmayanti?confirm=eb238c39c7e444f90c668a9184e40299952fd2e2d1debc189fd2a9c84e59e950%3A1567590726\r\n\r\nSubmission URL: http://www.ejurnalbidanbestari-poltekkesbjm.com/index.php/JKB/reviewer/submission/10\r\n\r\nThank you for considering this request.\r\n\r\nisro daiyah\r\nowizdaiyah1006@gmail.com\r\n\r\n\r\n\r\n\"BAB 1 Pendahuluan\"\r\n\r\nAbstract\r\nisinya memang abstrak\n________________________________________________________________________\r\nJurnal Kebidanan Bestari\r\nhttp://www.ejurnalbidanbestari-poltekkesbjm.com/index.php/index/index'),(63,1048585,24,50,'2019-09-04 14:53:11','222.124.49.110',NULL,'\"Hj. Zakiah\" <z4kiahsyah@gmail.com>','\"darmayanti darmayanti\" <mayadie01@yahoo.co.id>',NULL,NULL,'[JKB] Article Review Request','The following message is being delivered on behalf of Jurnal Kebidanan Bestari.\r\n________________________________________________________________________\ndarmayanti darmayanti:\r\n\r\nI believe that you would serve as an excellent reviewer of the manuscript, \"BAB 1 Pendahuluan,\" which has been submitted to JURNAL KEBIDANAN BESTARI. The submission\'s abstract is inserted below, and I hope that you will consider undertaking this important task for us.\r\n\r\nPlease log into the journal web site by 2019-09-11 to indicate whether you will undertake the review or not, as well as to access the submission and to record your review and recommendation. The web site is http://www.ejurnalbidanbestari-poltekkesbjm.com/index.php/JKB\r\n\r\nThe review itself is due 2019-09-18.\r\n\r\nIf you do not have your username and password for the journal\'s web site, you can use this link to reset your password (which will then be emailed to you along with your username). http://www.ejurnalbidanbestari-poltekkesbjm.com/index.php/JKB/login/resetPassword/darmayanti?confirm=eecfc24e3a60bf6deadcc8c5bd3c3e7c55830e79a07c76d173c9c8e4718661e2%3A1567590738\r\n\r\nSubmission URL: http://www.ejurnalbidanbestari-poltekkesbjm.com/index.php/JKB/reviewer/submission/10\r\n\r\nThank you for considering this request.\r\n\r\nPoltekkes Kemenkes Banjarmasin rubiati hipni\r\nPhone 082353140022\r\nrubiatihipni@gmail.com\r\n\r\n\r\n\r\n\"BAB 1 Pendahuluan\"\r\n\r\nAbstract\r\nisinya memang abstrak\n________________________________________________________________________\r\nJurnal Kebidanan Bestari\r\nhttp://www.ejurnalbidanbestari-poltekkesbjm.com/index.php/index/index'),(64,1048585,24,50,'2019-09-04 14:55:19','222.124.49.110',NULL,'\"Hj. Zakiah\" <z4kiahsyah@gmail.com>','\"darmayanti darmayanti\" <mayadie01@yahoo.co.id>',NULL,NULL,'[JKB] Article Review Request','The following message is being delivered on behalf of Jurnal Kebidanan Bestari.\r\n________________________________________________________________________\ndarmayanti darmayanti:\r\n\r\nI believe that you would serve as an excellent reviewer of the manuscript, \"BAB 1 Pendahuluan,\" which has been submitted to JURNAL KEBIDANAN BESTARI. The submission\'s abstract is inserted below, and I hope that you will consider undertaking this important task for us.\r\n\r\nPlease log into the journal web site by 2019-09-11 to indicate whether you will undertake the review or not, as well as to access the submission and to record your review and recommendation. The web site is http://www.ejurnalbidanbestari-poltekkesbjm.com/index.php/JKB\r\n\r\nThe review itself is due 2019-09-18.\r\n\r\nIf you do not have your username and password for the journal\'s web site, you can use this link to reset your password (which will then be emailed to you along with your username). http://www.ejurnalbidanbestari-poltekkesbjm.com/index.php/JKB/login/resetPassword/darmayanti?confirm=5164082a3d7c5b94d9b7c047b88668830db45140b0c51732fd1caf4dfcb7b8e0%3A1567590799\r\n\r\nSubmission URL: http://www.ejurnalbidanbestari-poltekkesbjm.com/index.php/JKB/reviewer/submission/10\r\n\r\nThank you for considering this request.\r\n\r\nPoltekkes Kemenkes Banjarmasin rubiati hipni\r\nPhone 082353140022\r\nrubiatihipni@gmail.com\r\n\r\n\r\n\r\n\"BAB 1 Pendahuluan\"\r\n\r\nAbstract\r\nisinya memang abstrak\n________________________________________________________________________\r\nJurnal Kebidanan Bestari\r\nhttp://www.ejurnalbidanbestari-poltekkesbjm.com/index.php/index/index'),(65,1048585,14,52,'2019-09-05 09:28:02','125.160.61.2',NULL,'\"Hj. Zakiah\" <z4kiahsyah@gmail.com>','\"Poltekkes Kemenkes Banjarmasin RUBIATI HIPNI\" <rubiatihipni@yahoo.co.id>',NULL,NULL,'[JKB] Unsuitable Submission','The following message is being delivered on behalf of Jurnal Kebidanan Bestari.\r\n________________________________________________________________________\nPoltekkes Kemenkes Banjarmasin RUBIATI HIPNI:\r\n\r\nAn initial review of \"HUBUNGAN PARITAS DAN PENDIDIKAN IBU TERHADAP KEJADIAN PREEKLAMPSIA DI RSUD IDAMAN BANJARBARU\" has made it clear that this submission does not fit within the scope and focus of JURNAL KEBIDANAN BESTARI. I recommend that you consult the description of this journal under About, as well as its current contents, to learn more about the work that we publish. You might also consider submitting this manuscript to another, more suitable journal.\r\n\r\nisro daiyah\r\nowizdaiyah1006@gmail.com\n________________________________________________________________________\r\nJurnal Kebidanan Bestari\r\nhttp://www.ejurnalbidanbestari-poltekkesbjm.com/index.php/index/index'),(66,1048585,25,52,'2019-09-05 09:32:45','125.160.61.2',NULL,'\"Hj. Zakiah\" <z4kiahsyah@gmail.com>','\"isro daiyah\" <owizdaiyah1006@gmail.com>',NULL,NULL,'[JKB] Unsuitable Submission','The following message is being delivered on behalf of Jurnal Kebidanan Bestari.\r\n________________________________________________________________________\nisro daiyah:\r\n\r\nAn initial review of \"Perbedaan Pengetahuan Dan Sikap Wanita Usia Subur Terhadap Penyuluhan Tentang Pemeriksaan Inspeksi Visual Asam Asetat Sebagai Deteksi Dini Kanker Serviks Di RW 20 Wilayah Kerja Puskesmas Simpang Baru Kota Pekanbaru Tahun 2017\" has made it clear that this submission does not fit within the scope and focus of JURNAL KEBIDANAN BESTARI. I recommend that you consult the description of this journal under About, as well as its current contents, to learn more about the work that we publish. You might also consider submitting this manuscript to another, more suitable journal.\r\n\r\nisro daiyah\r\nowizdaiyah1006@gmail.com\n________________________________________________________________________\r\nJurnal Kebidanan Bestari\r\nhttp://www.ejurnalbidanbestari-poltekkesbjm.com/index.php/index/index'),(67,1048585,21,50,'2019-09-05 09:54:48','125.160.61.2',NULL,'\"Hj. Zakiah\" <z4kiahsyah@gmail.com>','\"Poltekkes Kemenkes Banjarmasin Fitria Jannatul Laili\" <fitria.jlaili@gmail.com>',NULL,NULL,'[JKB] Editorial Assignment','The following message is being delivered on behalf of Jurnal Kebidanan Bestari.\r\n________________________________________________________________________\nPoltekkes Kemenkes Banjarmasin Fitria Jannatul Laili:\r\n\r\nThe submission, \"Faktor Yang Mempengaruhi Kematian Neonatal Di Kabupaten Seluma,\" to JURNAL KEBIDANAN BESTARI has been assigned to you to see through the editorial process in your role as Section Editor.\r\n\r\nSubmission URL: http://www.ejurnalbidanbestari-poltekkesbjm.com/index.php/JKB/editor/submissionReview/21\r\nUsername: fitriajlaili19\r\n\r\nThank you,\r\nPoltekkes Kemenkes Banjarmasin rubiati hipni\r\nPhone 082353140022\r\nrubiatihipni@gmail.com\n________________________________________________________________________\r\nJurnal Kebidanan Bestari\r\nhttp://www.ejurnalbidanbestari-poltekkesbjm.com/index.php/index/index'),(68,1048585,26,41,'2019-09-05 12:32:06','125.160.61.2',NULL,'\"Hj. Zakiah\" <z4kiahsyah@gmail.com>','\"zakiah zakiah\" <z4kiahsyah@gmail.com>',NULL,NULL,'[JKB] Editorial Assignment','The following message is being delivered on behalf of Jurnal Kebidanan Bestari.\r\n________________________________________________________________________\nzakiah zakiah:\r\n\r\nThe submission, \"THE FACTORS OF INCIDENCE OF INTRA UTERINE FETAL DEATH (IUFD) AT IDAMAN BANJARBARU HOSPITAL IN 2017,\" to JURNAL KEBIDANAN BESTARI has been assigned to you to see through the editorial process in your role as Section Editor.\r\n\r\nSubmission URL: http://www.ejurnalbidanbestari-poltekkesbjm.com/index.php/JKB/editor/submissionReview/26\r\nUsername: zakiah\r\n\r\nThank you,\r\npoltekkes banjarmasin serilaila serilaila\r\nPhone 081905347931\r\nserilaila11@yahoo.co.id\n________________________________________________________________________\r\nJurnal Kebidanan Bestari\r\nhttp://www.ejurnalbidanbestari-poltekkesbjm.com/index.php/index/index'),(69,1048585,26,41,'2019-09-05 12:32:49','125.160.61.2',NULL,'\"Hj. Zakiah\" <z4kiahsyah@gmail.com>','\"rusmilawaty rusmilawaty\" <rusmilawaty71@gmail.com>',NULL,NULL,'[JKB] Editorial Assignment','The following message is being delivered on behalf of Jurnal Kebidanan Bestari.\r\n________________________________________________________________________\nrusmilawaty rusmilawaty:\r\n\r\nThe submission, \"THE FACTORS OF INCIDENCE OF INTRA UTERINE FETAL DEATH (IUFD) AT IDAMAN BANJARBARU HOSPITAL IN 2017,\" to JURNAL KEBIDANAN BESTARI has been assigned to you to see through the editorial process in your role as Section Editor.\r\n\r\nSubmission URL: http://www.ejurnalbidanbestari-poltekkesbjm.com/index.php/JKB/editor/submissionReview/26\r\nUsername: rusmilawaty\r\n\r\nThank you,\r\npoltekkes banjarmasin serilaila serilaila\r\nPhone 081905347931\r\nserilaila11@yahoo.co.id\n________________________________________________________________________\r\nJurnal Kebidanan Bestari\r\nhttp://www.ejurnalbidanbestari-poltekkesbjm.com/index.php/index/index'),(70,1048585,9,41,'2019-09-05 12:36:31','125.160.61.2',NULL,'\"Hj. Zakiah\" <z4kiahsyah@gmail.com>','\"Rizki Amartani\" <rizkiamartani@gmail.com>',NULL,NULL,'[JKB] DETERMINANT RELATED TO THE INCIDENCE OF ANEMIA ON PREGNANT WOMAN','The following message is being delivered on behalf of Jurnal Kebidanan Bestari.\r\n________________________________________________________________________\nYth Rizki amartani, kami sebagai editor jurnal kebidanan bestari ingin mengkonfirmasi apakah artikel ini mau diproses lebih lanjut atau dihentikan. terimakasih\n________________________________________________________________________\r\nJurnal Kebidanan Bestari\r\nhttp://www.ejurnalbidanbestari-poltekkesbjm.com/index.php/index/index'),(71,1048585,16,41,'2019-09-05 12:38:53','125.160.61.2',NULL,'\"Hj. Zakiah\" <z4kiahsyah@gmail.com>','\"Poltekkes Kemenkes Banjarmasin rubiati hipni\" <rubiatihipni@gmail.com>',NULL,NULL,'[JKB] Editorial Assignment','The following message is being delivered on behalf of Jurnal Kebidanan Bestari.\r\n________________________________________________________________________\nPoltekkes Kemenkes Banjarmasin rubiati hipni:\r\n\r\nThe submission, \"DUKUNGAN KELUARGA TERHADAP PEMBERIAN IMUNISASI HEPATITIS B 0-7 HARI PADA BAYI KHUSUSNYA DI WILAYAH KERJA PUSKESMAS  KARANG INTAN KABUPATEN BANJAR,\" to JURNAL KEBIDANAN BESTARI has been assigned to you to see through the editorial process in your role as Section Editor.\r\n\r\nSubmission URL: http://www.ejurnalbidanbestari-poltekkesbjm.com/index.php/JKB/editor/submissionReview/16\r\nUsername: rubiati80\r\n\r\nThank you,\r\npoltekkes banjarmasin serilaila serilaila\r\nPhone 081905347931\r\nserilaila11@yahoo.co.id\n________________________________________________________________________\r\nJurnal Kebidanan Bestari\r\nhttp://www.ejurnalbidanbestari-poltekkesbjm.com/index.php/index/index'),(72,1048585,9,51,'2019-10-03 14:49:39','110.139.118.38',NULL,'\"Serilaila, M.PH\" <serilaila11@yahoo.co.id>','\"Serilaila Serilaila\" <serilaila11@yahoo.co.id>',NULL,NULL,'[JKB] Editorial Assignment','The following message is being delivered on behalf of Jurnal Kebidanan Bestari.\r\n________________________________________________________________________\nSerilaila Serilaila:\r\n\r\nThe submission, \"DETERMINANT RELATED TO THE INCIDENCE OF ANEMIA ON PREGNANT WOMAN,\" to JURNAL KEBIDANAN BESTARI has been assigned to you to see through the editorial process in your role as Section Editor.\r\n\r\nSubmission URL: http://www.ejurnalbidanbestari-poltekkesbjm.com/index.php/JKB/editor/submissionReview/9\r\nUsername: serilailahermansyah\r\n\r\nThank you,\r\nFitria Jannatul Laili\r\nPoltekkes Kemenkes Banjarmasin\r\nPhone 082225272888\r\nfitria.jlaili@gmail.com\n________________________________________________________________________\r\nJurnal Kebidanan Bestari\r\nhttp://www.ejurnalbidanbestari-poltekkesbjm.com/index.php/index/index');

--
-- Table structure for table `email_log_users`
--

CREATE TABLE `email_log_users` (
  `email_log_id` bigint(20) NOT NULL,
  `user_id` bigint(20) NOT NULL,
  UNIQUE KEY `email_log_user_id` (`email_log_id`,`user_id`)
) ENGINE=InnoDB DEFAULT CHARSET=utf8;

--
-- Dumping data for table `email_log_users`
--

INSERT INTO `email_log_users` VALUES (2,14),(3,24),(4,18),(5,6),(6,25),(7,19),(8,18),(9,42),(10,28),(11,40),(12,28),(13,46),(14,2),(15,28),(17,2),(18,18),(19,18),(20,26),(21,6),(22,40),(23,52),(24,51),(25,41),(26,50),(27,40),(28,40),(29,52),(30,26),(31,6),(32,6),(33,26),(34,41),(35,41),(36,52),(37,6),(38,2),(39,52),(41,2),(42,40),(43,40),(44,40),(45,52),(46,42),(47,42),(48,51),(49,4),(50,18),(51,26),(52,18),(53,26),(54,50),(55,26),(56,51),(57,5),(58,2),(59,51),(60,51),(61,2),(62,2),(63,2),(64,2),(65,25),(66,52),(67,51),(68,40),(69,18),(70,24),(71,50),(72,41);

--
-- Table structure for table `email_templates`
--

CREATE TABLE `email_templates` (
  `email_id` bigint(20) NOT NULL AUTO_INCREMENT,
  `email_key` varchar(64) NOT NULL,
  `assoc_type` bigint(20) DEFAULT '0',
  `assoc_id` bigint(20) DEFAULT '0',
  `enabled` tinyint(4) NOT NULL DEFAULT '1',
  PRIMARY KEY (`email_id`),
  UNIQUE KEY `email_templates_email_key` (`email_key`,`assoc_type`,`assoc_id`),
  KEY `email_templates_assoc` (`assoc_type`,`assoc_id`)
) ENGINE=InnoDB DEFAULT CHARSET=utf8;

--
-- Dumping data for table `email_templates`
--


--
-- Table structure for table `email_templates_data`
--

CREATE TABLE `email_templates_data` (
  `email_key` varchar(64) NOT NULL,
  `locale` varchar(5) NOT NULL DEFAULT 'en_US',
  `assoc_type` bigint(20) DEFAULT '0',
  `assoc_id` bigint(20) DEFAULT '0',
  `subject` varchar(120) NOT NULL,
  `body` text,
  UNIQUE KEY `email_templates_data_pkey` (`email_key`,`locale`,`assoc_type`,`assoc_id`)
) ENGINE=InnoDB DEFAULT CHARSET=utf8;

--
-- Dumping data for table `email_templates_data`
--


--
-- Table structure for table `email_templates_default`
--

CREATE TABLE `email_templates_default` (
  `email_id` bigint(20) NOT NULL AUTO_INCREMENT,
  `email_key` varchar(64) NOT NULL,
  `can_disable` tinyint(4) NOT NULL DEFAULT '1',
  `can_edit` tinyint(4) NOT NULL DEFAULT '1',
  `from_role_id` bigint(20) DEFAULT NULL,
  `to_role_id` bigint(20) DEFAULT NULL,
  PRIMARY KEY (`email_id`),
  KEY `email_templates_default_email_key` (`email_key`)
) ENGINE=InnoDB AUTO_INCREMENT=102 DEFAULT CHARSET=utf8;

--
-- Dumping data for table `email_templates_default`
--

INSERT INTO `email_templates_default` VALUES (1,'NOTIFICATION',0,1,NULL,NULL),(2,'NOTIFICATION_MAILLIST',0,1,NULL,NULL),(3,'NOTIFICATION_MAILLIST_WELCOME',0,1,NULL,NULL),(4,'PASSWORD_RESET_CONFIRM',0,1,NULL,NULL),(5,'PASSWORD_RESET',0,1,NULL,NULL),(6,'USER_REGISTER',0,1,NULL,NULL),(7,'USER_VALIDATE',0,1,NULL,NULL),(8,'REVIEWER_REGISTER',0,1,NULL,NULL),(9,'PUBLISH_NOTIFY',0,1,NULL,NULL),(10,'LOCKSS_EXISTING_ARCHIVE',0,1,NULL,NULL),(11,'LOCKSS_NEW_ARCHIVE',0,1,NULL,NULL),(12,'SUBMISSION_ACK',1,1,NULL,65536),(13,'SUBMISSION_UNSUITABLE',1,1,512,65536),(14,'SUBMISSION_COMMENT',0,1,NULL,NULL),(15,'SUBMISSION_DECISION_REVIEWERS',0,1,512,4096),(16,'EDITOR_ASSIGN',1,1,256,512),(17,'REVIEW_CANCEL',1,1,512,4096),(18,'REVIEW_REQUEST',1,1,512,4096),(19,'REVIEW_REQUEST_SUBSEQUENT',1,1,512,4096),(20,'REVIEW_REQUEST_ONECLICK',1,1,512,4096),(21,'REVIEW_REQUEST_ONECLICK_SUBSEQUENT',1,1,512,4096),(22,'REVIEW_REQUEST_ATTACHED',0,1,512,4096),(23,'REVIEW_REQUEST_ATTACHED_SUBSEQUENT',0,1,512,4096),(24,'REVIEW_CONFIRM',1,1,4096,512),(25,'REVIEW_DECLINE',1,1,4096,512),(26,'REVIEW_COMPLETE',1,1,4096,512),(27,'REVIEW_ACK',1,1,512,4096),(28,'REVIEW_REMIND',0,1,512,4096),(29,'REVIEW_REQUEST_REMIND_AUTO',0,1,NULL,4096),(30,'REVIEW_REQUEST_REMIND_ONECLICK',0,1,512,4096),(31,'REVIEW_REMIND_AUTO',0,1,NULL,4096),(32,'REVIEW_REMIND_ONECLICK',0,1,512,4096),(33,'REVIEW_REMIND_AUTO_ONECLICK',0,1,NULL,4096),(34,'EDITOR_DECISION_ACCEPT',0,1,512,65536),(35,'EDITOR_DECISION_REVISIONS',0,1,512,65536),(36,'EDITOR_DECISION_RESUBMIT',0,1,512,65536),(37,'EDITOR_DECISION_DECLINE',0,1,512,65536),(38,'COPYEDIT_REQUEST',1,1,512,8192),(39,'COPYEDIT_COMPLETE',1,1,8192,65536),(40,'COPYEDIT_ACK',1,1,512,8192),(41,'COPYEDIT_AUTHOR_REQUEST',1,1,512,65536),(42,'COPYEDIT_AUTHOR_COMPLETE',1,1,65536,512),(43,'COPYEDIT_AUTHOR_ACK',1,1,512,65536),(44,'COPYEDIT_FINAL_REQUEST',1,1,512,8192),(45,'COPYEDIT_FINAL_COMPLETE',1,1,8192,512),(46,'COPYEDIT_FINAL_ACK',1,1,512,8192),(47,'LAYOUT_REQUEST',1,1,512,768),(48,'LAYOUT_COMPLETE',1,1,768,512),(49,'LAYOUT_ACK',1,1,512,768),(50,'PROOFREAD_AUTHOR_REQUEST',1,1,512,65536),(51,'PROOFREAD_AUTHOR_COMPLETE',1,1,65536,512),(52,'PROOFREAD_AUTHOR_ACK',1,1,512,65536),(53,'PROOFREAD_REQUEST',1,1,512,12288),(54,'PROOFREAD_COMPLETE',1,1,12288,512),(55,'PROOFREAD_ACK',1,1,512,12288),(56,'PROOFREAD_LAYOUT_REQUEST',1,1,512,768),(57,'PROOFREAD_LAYOUT_COMPLETE',1,1,768,512),(58,'PROOFREAD_LAYOUT_ACK',1,1,512,768),(59,'EMAIL_LINK',0,1,1048576,NULL),(60,'SUBSCRIPTION_NOTIFY',0,1,NULL,1048576),(61,'OPEN_ACCESS_NOTIFY',0,1,NULL,1048576),(62,'SUBSCRIPTION_BEFORE_EXPIRY',0,1,NULL,1048576),(63,'SUBSCRIPTION_AFTER_EXPIRY',0,1,NULL,1048576),(64,'SUBSCRIPTION_AFTER_EXPIRY_LAST',0,1,NULL,1048576),(65,'SUBSCRIPTION_PURCHASE_INDL',0,1,NULL,2097152),(66,'SUBSCRIPTION_PURCHASE_INSTL',0,1,NULL,2097152),(67,'SUBSCRIPTION_RENEW_INDL',0,1,NULL,2097152),(68,'SUBSCRIPTION_RENEW_INSTL',0,1,NULL,2097152),(69,'CITATION_EDITOR_AUTHOR_QUERY',0,1,NULL,NULL),(70,'GIFT_AVAILABLE',0,1,NULL,NULL),(71,'GIFT_USER_REGISTER',0,1,NULL,NULL),(72,'GIFT_USER_LOGIN',0,1,NULL,NULL),(73,'REVISED_VERSION_NOTIFY',1,1,NULL,512),(74,'LUCENE_ARTICLE_INDEXING_ERROR_NOTIFICATION',1,1,NULL,NULL),(75,'LUCENE_JOURNAL_INDEXING_ERROR_NOTIFICATION',1,1,NULL,NULL),(76,'LUCENE_SEARCH_SERVICE_ERROR_NOTIFICATION',1,1,NULL,NULL),(77,'BFR_REVIEW_REMINDER',0,1,256,65536),(78,'BFR_REVIEW_REMINDER_LATE',0,1,256,65536),(79,'BFR_BOOK_ASSIGNED',0,1,256,65536),(80,'BFR_BOOK_DENIED',0,1,256,65536),(81,'BFR_BOOK_REQUESTED',0,1,65536,256),(82,'BFR_BOOK_MAILED',0,1,256,65536),(83,'BFR_REVIEWER_REMOVED',0,1,256,65536),(84,'THESIS_ABSTRACT_CONFIRM',0,1,NULL,NULL),(85,'OFR_REVIEW_REMINDER',0,1,256,65536),(86,'OFR_REVIEW_REMINDER_LATE',0,1,256,65536),(87,'OFR_OBJECT_ASSIGNED',0,1,256,65536),(88,'OFR_OBJECT_DENIED',0,1,256,65536),(89,'OFR_OBJECT_REQUESTED',0,1,65536,256),(90,'OFR_OBJECT_MAILED',0,1,256,65536),(91,'OFR_REVIEWER_REMOVED',0,1,256,65536),(92,'SWORD_DEPOSIT_NOTIFICATION',0,1,NULL,NULL),(93,'PAYPAL_INVESTIGATE_PAYMENT',0,1,NULL,NULL),(94,'MANUAL_PAYMENT_NOTIFICATION',0,1,NULL,NULL),(95,'NOTIFICATION_CENTER_DEFAULT',0,1,NULL,NULL),(96,'REVIEW_REQUEST_REMIND_AUTO',0,1,NULL,4096),(97,'REVIEW_REQUEST_REMIND_AUTO_ONECLICK',0,1,NULL,4096),(98,'EDITOR_DECISION_SEND_TO_EXTERNAL',0,1,513,65536),(99,'EDITOR_DECISION_SEND_TO_PRODUCTION',0,1,513,65536),(100,'SUBMISSION_ACK_NOT_USER',1,1,NULL,65536),(101,'ORCID_COLLECT_AUTHOR_ID',0,1,NULL,NULL);

--
-- Table structure for table `email_templates_default_data`
--

CREATE TABLE `email_templates_default_data` (
  `email_key` varchar(64) NOT NULL,
  `locale` varchar(5) NOT NULL DEFAULT 'en_US',
  `subject` varchar(120) NOT NULL,
  `body` text,
  `description` text,
  UNIQUE KEY `email_templates_default_data_pkey` (`email_key`,`locale`)
) ENGINE=InnoDB DEFAULT CHARSET=utf8;

--
-- Dumping data for table `email_templates_default_data`
--

INSERT INTO `email_templates_default_data` VALUES ('BFR_BOOK_ASSIGNED','en_US','Book for Review: Book Assigned','Dear {$authorName}:<br />\n<br />\nThis email confirms that {$bookForReviewTitle} has been assigned to you for a book review to be completed by {$bookForReviewDueDate}.<br />\n<br />\nPlease ensure that your mailing address in your online user profile is up-to-date. This address will be used to mail a copy of the book to you for the review.<br />\n<br />\nThe mailing address that we currently have on file is:<br />\n{$authorMailingAddress}<br />\n<br />\nIf this address is incomplete or you are no longer at this address, please use the following user profile URL to update your address:<br />\n<br />\nUser Profile URL: <a href=\"{$userProfileUrl}\">{$userProfileUrl}</a><br />\n <br />\nTo submit your book review, please log into the journal website and complete the online article submission process.<br />\n<br />\nSubmission URL: <a href=\"{$submissionUrl}\">{$submissionUrl}</a><br />\n<br />\nPlease feel free to contact me if you have any questions or concerns about this book review.<br />\n<br />\n{$editorialContactSignature}','This email is sent by an editor to a book review author when an editor assigns the book for review to the author.'),('BFR_BOOK_ASSIGNED','id_ID','Buku untuk Review: Buku yang ditugaskan','Kepada {$authorName}:<br />\n<br />\nEmail ini mengkonfirmasi bahwa  {$bookForReviewTitle} telah ditugaskan kepada Anda untuk review buku yang diselesaikan sebelum {$bookForReviewDueDate}.<br />\n<br />\nPastikan alamat surat menyurat Anda di profil pengguna online Anda up-to-date.  Alamat ini akan digunakan untuk mengirimkan buku kepada Anda untuk review. <br />\n<br />\nAlamat surat menyurat yang saat ini kami miliki ada di file:<br />\n{$authorMailingAddress}<br />\n<br />\nJika alamat ini tidak lengkap atau Anda tidak lagi berada di alamat ini, mohon gunakan URL profil pengguna untuk meng-update alamat Anda:<br />\n<br />\nURL Profil Pengguna: <a href=\"{$userProfileUrl}\">{$userProfileUrl}</a><br />\n <br />\nUntuk menyerahkan review buku Anda, log in ke website jurnal dan lengkapi proses penyerahan artikel online. <br />\n<br />\nURL Naskah: <a href=\"{$submissionUrl}\">{$submissionUrl}</a><br />\n<br />\nSilakan hubungi saya jika Anda punya pertanyaan atau kepedulian tentang review buku ini. <br />\n<br />\n{$editorialContactSignature}','Email ini dikirim oleh editor untuk penulis review buku saat editor memberikan buku untuk review kepada penulis. '),('BFR_BOOK_DENIED','en_US','Book for Review','Dear {$authorName}:<br />\n<br />\nUnfortunately, I am not able to assign {$bookForReviewTitle} to you at this time for a book review.<br />\n<br />\nI hope you consider reviewing another book from our listing, either at this time or in the future.<br />\n<br />\n{$editorialContactSignature}','This email is sent by an editor to an interested author when a book is no longer available for review.'),('BFR_BOOK_DENIED','id_ID','Buku untuk Review','Kepada {$authorName}:<br />\n<br />\nSayangnya, saya tidak bisa memberikan {$bookForReviewTitle}kepada Anda sekarang ini untuk review buku.  <br />\n<br />\nSaya harap Anda mempertimbangkan untuk mereview buku lain dari daftar kami, sekarang atau di masa depan. <br />\n<br />\n{$editorialContactSignature}','Email ini dikirim oleh editor kepada penulis yang tertarik saat buku tidak lagi tersedia untuk review. '),('BFR_BOOK_MAILED','en_US','Book for Review: Book Mailed','Dear {$authorName}:<br />\n<br />\nThis email confirms that I have mailed a copy of {$bookForReviewTitle} to the following mailing address from your online user profile:<br />\n{$authorMailingAddress}<br />\n <br />\nTo submit your book review, please log into the journal website and complete the online article submission process.<br />\n<br />\nSubmission URL: <a href=\"{$submissionUrl}\">{$submissionUrl}</a><br />\n<br />\nPlease feel free to contact me if you have any questions or concerns about this book review.<br />\n<br />\n{$editorialContactSignature}','This email is sent by an editor to a book review author when the editor has mailed a copy of the book to the author.'),('BFR_BOOK_MAILED','id_ID','Buku untuk Review: Buku dikirimkan lewat email','Kepada {$authorName}:<br />\n<br />\nEmail ini mengkonfirmasi bahwa saya telah mengirimkan buku {$bookForReviewTitle} ke alamat surat berikut ini dari profil pengguna online Anda:<br />\n{$authorMailingAddress}<br />\n <br />\nUntuk menyerahkan review buku Anda, log in ke website jurnal dan lengkapi proses penyerahan artikel online. <br />\n<br />\nURL Naskah: <a href=\"{$submissionUrl}\">{$submissionUrl}</a><br />\n<br />\nSilakan hubungi saya jika Anda punya pertanyaan atau kepedulian tentan review buku ini. <br />\n<br />\n{$editorialContactSignature}','Email ini dikirim oleh editor kepada penulis review buku saat editor telah mengirimkan satu buku kepada penulis. '),('BFR_BOOK_REQUESTED','en_US','Book for Review: Book Requested','Dear {$editorName}:<br />\n<br />\nI am interested in writing a book review of {$bookForReviewTitle}.<br />\n<br />\nCan you please confirm whether this book is still available for review?<br />\n<br />\n{$authorContactSignature}','This email is sent to an editor by an author interested in writing a book review for a listed book.'),('BFR_BOOK_REQUESTED','id_ID','Buku untuk Review: Buku yang diminta','Kepada{$editorName}:<br />\n<br />\nSaya tertarik menulis review buku {$bookForReviewTitle}.<br />\n<br />\nDapatkah Anda mengkonfirmasi apakah buku ini masih tersedia untuk review? <br />\n<br />\n{$authorContactSignature}','Email ini dikirim kepada editor oleh penulis yang tertarik dalam menulis review buku untuk buku yang ada di daftar. '),('BFR_REVIEWER_REMOVED','en_US','Book for Review','Dear {$authorName}:<br />\n<br />\nThis email confirms that you have been removed as the book reviewer for {$bookForReviewTitle}, which will be made available to other authors interested in reviewing the book.<br />\n<br />\nI hope you consider reviewing another book from our listing, either at this time or in the future.<br />\n<br />\n{$editorialContactSignature}','This email is sent by an editor to an interested author when a book is no longer available for review.'),('BFR_REVIEWER_REMOVED','id_ID','Buku untuk Review','Kepada {$authorName}:<br />\n<br />\nEmail ini mengkonfirmasi bahwa Anda telah dipindahkan sebagai reviewer buku untuk {$bookForReviewTitle}, yang akan menjadi tersedia untuk penulis lain yang tertarik mereview buku. <br />\n<br />\nSaya harap Anda bersedia mereview buku lain dari daftar kamu, baik sekarang maupun lain waktu. <br />\n<br />\n{$editorialContactSignature}','Email ini dikirim oleh editor kepada penulis yang tertarik saat buku tidak lagi tersedia untuk review. '),('BFR_REVIEW_REMINDER','en_US','Book for Review: Due Date Reminder','Dear {$authorName}:<br />\n<br />\nThis is a friendly reminder that your book review of {$bookForReviewTitle} is due {$bookForReviewDueDate}.<br />\n<br />\nTo submit your book review, please log into the journal website and complete the online article submission process. For your convenience, a submission URL has been provided below.<br />\n<br />\nSubmission URL: <a href=\"{$submissionUrl}\">{$submissionUrl}</a><br />\n<br />\nPlease feel free to contact me if you have any questions or concerns about this book review.<br />\n<br />\nThank you for your contribution to the journal and I look forward to receiving your submission.<br />\n<br />\n{$editorialContactSignature}','This is an automatically generated email that is sent to a book for review author as a reminder that the due date for the review is approaching.'),('BFR_REVIEW_REMINDER','id_ID',' Buku untuk Review: Pengingat Tanggal Jatuh Tempo','Kepada{$authorName}:<br />\n<br />\nHanya mengingatkan review buku Anda tentang {$bookForReviewTitle} jatuh tempo tanggal {$bookForReviewDueDate}.<br />\n<br />\nUntuk menyerahkan review buku Anda, silakan log in ke website jurnal dan melengkapi proses penyerahan artikel online. Untuk kenyamanan Anda, URL penyerahan telah disediakan di bawah ini. <br />\n<br />\nURL Naskah: <a href=\"{$submissionUrl}\">{$submissionUrl}</a><br />\n<br />\nSilakan hubungi saya jika Anda mempunyai pertanyaan atau kepedulian tentang review buku ini. <br />\n<br />\nTerima kasih untuk kontribusi Anda untuk jurnal dan saya tidak sabar untuk menerima naskah Anda.<br />\n<br />\n{$editorialContactSignature}','Ini adalah email otomatis yang dikirim ke reviewer sebagai pengingat bahwa tanggal bats akhir untuk review telah dekat. '),('BFR_REVIEW_REMINDER_LATE','en_US','Book for Review: Review Due','Dear {$authorName}:<br />\n<br />\nThis is a friendly reminder that your book review of {$bookForReviewTitle} was due {$bookForReviewDueDate} but has not been received yet.<br />\n<br />\nTo submit your book review, please log into the journal website and complete the online article submission process. For your convenience, a submission URL has been provided below.<br />\n<br />\nSubmission URL: <a href=\"{$submissionUrl}\">{$submissionUrl}</a><br />\n<br />\nPlease feel free to contact me if you have any questions or concerns about this book review.<br />\n<br />\nThank you for your contribution to the journal and I look forward to receiving your submission.<br />\n<br />\n{$editorialContactSignature}','This is an automatically generated email that is sent to a book for review author after the review due date has passed.'),('BFR_REVIEW_REMINDER_LATE','id_ID','Buku untuk Review: Review Jatuh Tempo','Kepada {$authorName}:<br />\n<br />\nHanya mengingatkan review buku Anda tentang {$bookForReviewTitle} telah jatuh tempo tanggal {$bookForReviewDueDate} tetapi belum kami terima.<br />\n<br />\nUntuk menyerahkan review buku Anda, log in ke website jurnal dan lengkapi proses penyerahan artikel online. Untuk kenyamanan Anda, URL naskah telah disediakan di bawah ini. <br />\n<br />\nURL Naskah: <a href=\"{$submissionUrl}\">{$submissionUrl}</a><br />\n<br />\nSilakan hubungi saya jika Anda mempunyai pertanyaan atau kepedulian tentang review buku ini. <br />\n<br />\nTerima kasih untuk kontribusi Anda pada jurnal dan saya menunggu naskah Anda. <br />\n<br />\n{$editorialContactSignature}','Ini adalah email otomatis yang dikirim ke buku untuk penulis review setelah tanggal jatuh tempo review telah lewat.'),('CITATION_EDITOR_AUTHOR_QUERY','en_US','Citation Editing','{$authorFirstName},<br />\n<br />\nCould you please verify or provide us with the proper citation for the following reference from your article, {$submissionTitle}:<br />\n<br />\n{$rawCitation}<br />\n<br />\nThanks!<br />\n<br />\n{$userFirstName}<br />\nCopy-Editor, {$contextName}<br />\n','This email allows copyeditors to request additional information about references from authors.'),('CITATION_EDITOR_AUTHOR_QUERY','id_ID','Pengeditan Sitiran','{$authorFirstName},<br />\n<br />\nDapatkah Anda memverifikasi atau menyediakan Sitiran yang tepat untuk kami untuk referensi berikut ini dari artikel Anda, {$submissionTitle}:<br />\n<br />\n{$rawCitation}<br />\n<br />\nTerima kasih!<br />\n<br />\n{$userFirstName}<br />\nCopy-Editor, {$contextName}<br />\n','Email ini memudahkan copyeditor untuk meminta informasi tambahan tentang referensi dari penulis.'),('COPYEDIT_ACK','en_US','Copyediting Acknowledgement','{$participantName}:<br />\n<br />\nThank you for copyediting the manuscript, \"{$submissionTitle},\" for {$contextName}. It will make an important contribution to the quality of this journal.<br />\n<br />\n{$editorialContactSignature}','This email is sent by the Section Editor to a submission\'s Copyeditor to acknowledge that the Copyeditor has successfully completed the copyediting process and thank them for their contribution.'),('COPYEDIT_ACK','id_ID','Pernyataan Copyediting','{$participantName}:<br />\n<br />\nTerima kasih untuk meng-copyedit manuskrip, \"{$submissionTitle},\" untuk {$contextName}. Ini akan membuat kontribusi penting untuk kualitas jurnal ini. <br />\n<br />\n{$editorialContactSignature}','Email ini dikirim oleh Editor Bagian untuk Copyeditor naskah untuk menyatakan bahwa copyeditor telah menyelesaikan proses copyediting dengn sukses dan berterima kasih  untuk kontribusi mereka. '),('COPYEDIT_AUTHOR_ACK','en_US','Copyediting Review Acknowledgement','{$authorName}:<br />\n<br />\nThank you for reviewing the copyediting of your manuscript, \"{$submissionTitle},\" for {$contextName}. We look forward to publishing this work.<br />\n<br />\n{$editorialContactSignature}','This email is sent by the Section Editor to a submission\'s Author to confirm completion of the Author\'s copyediting process and thank them for their contribution.'),('COPYEDIT_AUTHOR_ACK','id_ID','Pernyataan Review Copyediting','{$authorName}:<br />\n<br />\nTerima kasih telah mereview copyediting manuskrip Anda, \"{$submissionTitle},\" untuk {$contextName}. Kami menunggu untuk menerbitkan karya ini.<br />\n<br />\n{$editorialContactSignature}','Email ini dikirim oleh Editor Bagian kepada Penulis naskah untuk mengkonfirmasi penyelesaian proses copyediting penulis dan berterima kasih untuk kontribusi mereka. '),('COPYEDIT_AUTHOR_COMPLETE','en_US','Copyediting Review Completed','{$editorialContactName}:<br />\n<br />\nI have now reviewed the copyediting of the manuscript, \"{$submissionTitle},\" for {$contextName}, and it is ready for the final round of copyediting and preparation for Layout.<br />\n<br />\nThank you for this contribution to my work,<br />\n{$authorName}','This email is sent by the Author to the Section Editor to notify them that the Author\'s copyediting process has been completed.'),('COPYEDIT_AUTHOR_COMPLETE','id_ID','Review Copyediting Selesai','{$editorialContactName}:<br />\n<br />\nSaya sekarang telah mereview copyediting manuskrip, \"{$submissionTitle},\" untuk {$contextName}, dan siap untuk putaran terakhir copyediting dan persiapan layout. <br />\n<br />\nTerima kasih untuk kontribusi ini untuk karya saya.,<br />\n{$authorName}','Email ini dikirim oleh Penulis kepada Editor Bagian untuk memberitahu mereka bahwa proses copyediting penulis telah selesai.'),('COPYEDIT_AUTHOR_REQUEST','en_US','Copyediting Review Request','{$authorName}:<br />\n<br />\nYour submission \"{$submissionTitle}\" for {$contextName} has been through the first step of copyediting, and is available for you to review by following these steps.<br />\n<br />\n1. Click on the Submission URL below.<br />\n2. Log into the journal and click on the File that appears in Step 1.<br />\n3. Open the downloaded submission.<br />\n4. Review the text, including copyediting proposals and Author Queries.<br />\n5. Make any copyediting changes that would further improve the text.<br />\n6. When completed, upload the file in Step 2.<br />\n7. Click on METADATA to check indexing information for completeness and accuracy.<br />\n8. Send the COMPLETE email to the editor and copyeditor.<br />\n<br />\nSubmission URL: <a href=\"{$submissionUrl}\">{$submissionUrl}</a><br />\nUsername: {$authorUsername}<br />\n<br />\nThis is the last opportunity to make substantial copyediting changes to the submission. The proofreading stage, that follows the preparation of the galleys, is restricted to correcting typographical and layout errors.<br />\n<br />\nIf you are unable to undertake this work at this time or have any questions, please contact me. Thank you for your contribution to this journal.<br />\n<br />\n{$editorialContactSignature}','This email is sent by the Section Editor to a submission\'s Author to request that they proofread the work of the copyeditor. It provides access information for the manuscript and warns that this is the last opportunity the author has to make substantial changes.'),('COPYEDIT_AUTHOR_REQUEST','id_ID','Permintaan Review Copyediting','{$authorName}:<br />\nNaskah Anda \"{$submissionTitle}\" untuk {$contextName} telah melewati langkah pertama copyediting, dan tersedia untuk Anda untuk mereview dengan langkah-langkah berikut ini.<br />\n<br />\n1. Klik URL Penyerahan di bawah ini.<br />\n2. Login ke jurnal dan klik di File yang ditampilkan di langkah 1. <br />\n3. Buka naskah yang telah diunduh.<br />\n4. Review teks ini, termasuk proposal copyedit dan Pertanyaan Penulis.<br />\n5. Buatlah perubahan copyediting apapun yang selanjutnya akan meningkatkan teks. <br />\n6. Saat selesai, upload file tersebut di Langkah 2. <br />\n7. Klik di METADATA untuk mengecek informasi pengindeksan untuk kelengkapan dan keakuratan.<br />\n8. Kirim email LENGKAP kepada editor dan copyeditor.<br />\n<br />\nURL Penyerahan: <a href=\"{$submissionUrl}\">{$submissionUrl}</a><br />\nNama pengguna Penulis: {$authorUsername}<br />\n<br />\nIni adalah kesempatan terbaik untuk membuat perubahan copyediting besar ke naskah. Tahap proofreading, yang mengikuti persiapa galley, terlarang untuk mengoreksi kesalahan layout dan tipografi. <br />\n<br />\nJika Anda tidak dapat bertanggung jawab atas pekerjaan ini saat ini atau mempunyai pertanyaan apapun, silakan hubungi saya. Terima kasih untuk kontribusi Anda kepada jurnal ini. <br />\n<br />\n{$editorialContactSignature}','Email ini dikirimkan oleh Editor Bagian kepada Penulis naskah untuk meminta mereka mem-proofreadi pekerjaan copyeditor. Email ini memberikan informasi akses untuk manuskrip dan memperingatkan bahwa ini adalah kesempatan terakhir penulis harus membuat perubahan besar. '),('COPYEDIT_COMPLETE','en_US','Copyediting Completed','{$editorialContactName}:<br />\n<br />\nWe have now copyedited your submission \"{$submissionTitle}\" for {$contextName}. To review the proposed changes and respond to Author Queries, please follow these steps:<br />\n<br />\n1. Log into the journal using URL below with your username and password (use Forgot link if needed).<br />\n2. Click on the file at 1. Initial Copyedit File to download and open copyedited version.<br />\n3. Review the copyediting, making changes using Track Changes in Word, and answer queries.<br />\n4. Save file to desktop and upload it in 2. Author Copyedit.<br />\n5. Click the email icon under COMPLETE and send email to the editor.<br />\n<br />\nThis is the last opportunity that you have to make substantial changes. You will be asked at a later stage to proofread the galleys, but at that point only minor typographical and layout errors can be corrected.<br />\n<br />\nManuscript URL: <a href=\"{$submissionEditingUrl}\">{$submissionEditingUrl}</a><br />\nUsername: {$authorUsername}<br />\n<br />\nIf you are unable to undertake this work at this time or have any questions,<br />\nplease contact me. Thank you for your contribution to this journal.<br />\n<br />\n{$participantName}',''),('COPYEDIT_COMPLETE','id_ID','Copyediting Selesai','{$editorialContactName}:<br />\n<br />\nKami sekarang telah meng-copyedit naskah Anda \"{$submissionTitle}\" for {$contextName}. Untuk mereview perubahan yang diusulkan dan merespon Pertanyaan Penulis, ikuti langkah-langkah berikut ini: <br />\n<br />\n1. Login ke jurnal dengan menggunakan URL di bawah ini dengan nama pengguna dan kata sandi Anda (gunakan tautan Lupa jika diperlukan). <br />\n2. Klik di file di 1. File Copyedit Awal untuk mengunduh dan membuka versi yang telah di-copyedit. <br />\n3. Review copyediting, membuat perubahan menggunakan Melacak Perubahan di Word, dan menjawab pertanyaan. <br />\n4. Simpan file di desktop dan upload file ini di  2. Copyedit Penulis<br />\n5. Klik ikon email di bawah LENGKAP dan kirimkan email ke editor. <br />\n<br />\nIni adalah kesempatan terakhir Anda harus membuat perubahan besar. Anda akan diminta di tahap selanjutnya untuk proofread galley, tapi saat itu kesalahan layout dan tipografi minor dapat dikoreksi. <br />\n<br />\nURL Manuskrip: <a href=\"{$submissionEditingUrl}\">{$submissionEditingUrl}</a><br />\nNama pengguna Penulis: {$authorUsername}<br />\n<br />\nJika Anda tidak dapat bertanggungjawab atas pekerjaan ini sekarang atau mempunyai pertanyaan apapun, silakan hubungi saya. Terima kasih untuk kontribusi Anda untuk jurnal ini. <br />\n<br />\n{$participantName}',''),('COPYEDIT_FINAL_ACK','en_US','Copyediting Final Review Acknowledgement','{$participantName}:<br />\n<br />\nThank you for completing the copyediting of the manuscript, \"{$submissionTitle},\" for {$contextName}. This preparation of a \"clean copy\" for Layout is an important step in the editorial process.<br />\n<br />\n{$editorialContactSignature}','This email from the Section Editor to the Copyeditor acknowledges completion of the final round of copyediting and thanks them for their contribution.'),('COPYEDIT_FINAL_ACK','id_ID','Pernyataan Review Final Copyediting','{$participantName}:<br />\n<br />\nTerima kasih telah menyelesaikan copyediting manuskrip, \"{$submissionTitle},\" untuk {$contextName}. Persiapan \"salinan bersih\" untuk layout adalah sebuah langkah penting di proses editorial. <br />\n<br />\n{$editorialContactSignature}','Email ini dari Editor Bagian kepada Copyeditor menyatakan putaran terakhir copyediting telah selesai dan berterima kasih  untuk kontribusi mereka. '),('COPYEDIT_FINAL_COMPLETE','en_US','Copyediting Final Review Completed','{$editorialContactName}:<br />\n<br />\nI have now prepared a clean, copyedited version of the manuscript, \"{$submissionTitle},\" for {$contextName}. It is ready for Layout and the preparation of the galleys.<br />\n<br />\n{$participantName}','This email from the Copyeditor to the Section Editor notifies them that the final round of copyediting has been completed and that the layout process may now begin.'),('COPYEDIT_FINAL_COMPLETE','id_ID','Review Final Copyediting Selesai','{$editorialContactName}:<br />\n<br />\nSaya telah menyiapkan versi copyedited manuskrip yang bersih, \"{$submissionTitle},\" untuk {$contextName}. Ini siap untuk galley persiapan dan layout. <br />\n<br />\n{$participantName}','Email ini dari Copyeditor kepada Editor Bagian yang memberitahu mereka bahwa putaran terakhir copyediting telah selesai dan proses layout boleh dimulai. '),('COPYEDIT_FINAL_REQUEST','en_US','Copyediting Final Review','{$participantName}:<br />\n<br />\nThe author and editor have now completed their copyediting review of \"{$submissionTitle}\" for {$contextName}. A \"clean copy\" now needs to be prepared for Layout by going through the following steps.<br />\n1. Click on the Submission URL below.<br />\n2. Log into the journal and click on the File that appears in Step 2.<br />\n3. Open the downloaded file and incorporate all copyedits and query responses.<br />\n4. Save clean file, and upload to Step 3 of Copyediting.<br />\n5. Click on METADATA to check indexing information (saving any corrections).<br />\n6. Send the COMPLETE email to the editor.<br />\n<br />\n{$contextName} URL: <a href=\"{$contextUrl}\">{$contextUrl}</a><br />\nSubmission URL: <a href=\"{$submissionUrl}\">{$submissionUrl}</a><br />\nUsername: {$participantUsername}<br />\n<br />\n{$editorialContactSignature}','This email from the Section Editor to the Copyeditor requests that they perform a final round of copyediting on a submission before it enters the layout process.'),('COPYEDIT_FINAL_REQUEST','id_ID','Review Final Copyediting','{$participantName}:<br />\n<br />\nPenulis dan editor telah menyelesaikan review copyediting mereka tentang \"{$submissionTitle}\" untuk {$contextName}. Salinan yang \"bersih\" perlu disiapkan untuk Layout dengan melewati langkah-langkah di bawah ini. <br />\n<br />\n1. Klik URL Penyerahan di bawah ini. <br />\n2. Login ke jurnal dan klik di File yang ditampilkan di Langkah 2. <br />\n3. Buka file yang sudah diunduh dan mempersatukan seluruh copyedit dan respon pertanyaan. <br />\n4. Simpan file yang bersih, dan upload ke Langkah 3 copyediting.<br />\n5. Klik METADATA untuk mengecek informasi pengindeksan (menyimpan koreksi apapun)<br />\n6. Kirim email LENGKAP kepada editor.<br />\n<br />\n{$contextName} URL: <a href=\"{$contextUrl}\">{$contextUrl}</a><br />\nURL Penyerahan: <a href=\"{$submissionUrl}\">{$submissionUrl}</a><br />\nNama pengguna Copy Editor: {$participantUsername}<br />\n<br />\n{$editorialContactSignature}','Email ini dari Editor Bagian kepada Copyeditor meminta mereka melakukan putaran terakhir copyediting pada naskah sebelum memasuki proses layout.'),('COPYEDIT_REQUEST','en_US','Copyediting Request','{$participantName}:<br />\n<br />\nI would ask that you undertake the copyediting of \"{$submissionTitle}\" for {$contextName} by following these steps.<br />\n1. Click on the Submission URL below.<br />\n2. Log into the journal and click on the File that appears in Step 1.<br />\n3. Consult Copyediting Instructions posted on webpage.<br />\n4. Open the downloaded file and copyedit, while adding Author Queries as needed.<br />\n5. Save copyedited file, and upload to Step 1 of Copyediting.<br />\n6. Send the COMPLETE email to the editor.<br />\n<br />\n{$contextName} URL: <a href=\"{$contextUrl}\">{$contextUrl}</a><br />\nSubmission URL: <a href=\"{$submissionUrl}\">{$submissionUrl}</a><br />\nUsername: {$participantUsername}<br />\n<br />\n{$editorialContactSignature}','This email is sent by a Section Editor to a submission\'s Copyeditor to request that they begin the copyediting process. It provides information about the submission and how to access it.'),('COPYEDIT_REQUEST','id_ID','Copyediting Request','{$participantName}:<br />\n<br />\nSaya meminta Anda bertanggungjawab atas proses copyediting  \"{$submissionTitle}\" untuk{$contextName} dengan mengikuti langkah-langkah berikut.<br />\n1. Klik URL Penyerahan di bawah ini.<br />\n2. Login ke jurnal dan klik di file yang ditampilkan di Langkah 1. <br />\n3. Baca Instruksi Copyediting yang diposting di halaman web. <br />\n4. Buka file yang sudah diunduh dan copyedit, sementara menambahkan Pertanyaan Penulis seperti yang dibutuhkan. <br />\n5. Simpan file yang telah dicopyedit, dan upload ke Langkah 1 copyediting.<br />\n6. Kirim email LENGKAP kepada editor.<br />\n<br />\n{$contextName} URL: <a href=\"{$contextUrl}\">{$contextUrl}</a><br />\nURL Penyerahan: <a href=\"{$submissionUrl}\">{$submissionUrl}</a><br />\nNama pengguna Copy Editor: {$participantUsername}<br />\n<br />\n{$editorialContactSignature}','Email ini dikirim oleh Editor Bagian kepada Copyeditor naskah untuk meminta mereka memulai proses copyediting. Email ini memberikan informasi tentang naskah dan bagaimana mengaksesnya. '),('EDITOR_ASSIGN','en_US','Editorial Assignment','{$editorialContactName}:<br />\n<br />\nThe submission, \"{$submissionTitle},\" to {$contextName} has been assigned to you to see through the editorial process in your role as Section Editor.<br />\n<br />\nSubmission URL: <a href=\"{$submissionUrl}\">{$submissionUrl}</a><br />\nUsername: {$editorUsername}<br />\n<br />\nThank you,<br />\n{$editorialContactSignature}','This email notifies a Section Editor that the Editor has assigned them the task of overseeing a submission through the editing process. It provides information about the submission and how to access the journal site.'),('EDITOR_ASSIGN','id_ID','Tugas Editorial','{$editorialContactName}:<br />\n<br />\nNaskah, \"{$submissionTitle},\" untuk {$contextName} telah ditugaskan kepada Anda untuk has been assigned to you to see through the editorial process in your role as Section Editor.  <br />\n<br />\nURL Penyerahan: <a href=\"{$submissionUrl}\">{$submissionUrl}</a><br />\nNama Pengguna Editor: {$editorUsername}<br />\n<br />\nTerima kasih,<br />\n{$editorialContactSignature}','Email ini memberitahu Editor Bagian bahwa Editor telah memberikan tugas untuk mengawasi naskah dalam proses pengeditan. Email ini memberikan informasi tentang naskah dan bagaimana untuk mengakses situs jurnal.'),('EDITOR_DECISION_ACCEPT','en_US','Editor Decision','{$authorName}:<br />\n<br />\nWe have reached a decision regarding your submission to {$contextName}, \"{$submissionTitle}\".<br />\n<br />\nOur decision is to: Accept Submission<br />\n<br />\n{$editorialContactSignature}<br />\n','This email from the Editor or Section Editor to an Author notifies them of a final \"accept submission\" decision regarding their submission.'),('EDITOR_DECISION_ACCEPT','id_ID','Editor Decision','{$authorName}:<br />\n<br />\nKami telah mengambil keputusan mengenai naskah Anda untuk {$contextName}, \"{$submissionTitle}\".<br />\n<br />\nKeputusan kami adalah:<br />\n<br />\n{$editorialContactSignature}<br />\n','Email ini dari Editor atau Editor Bagian kepada penulis berisi keputusan akhir tentang naskah mereka.'),('EDITOR_DECISION_DECLINE','en_US','Editor Decision','{$authorName}:<br />\n<br />\nWe have reached a decision regarding your submission to {$contextName}, \"{$submissionTitle}\".<br />\n<br />\nOur decision is to: Decline<br />\n<br />\n{$editorialContactSignature}<br />\n','This email from the Editor or Section Editor to an Author notifies them of a final \"decline\" decision regarding their submission.'),('EDITOR_DECISION_DECLINE','id_ID','Keputusan Editor','{$authorName}:<br />\n<br />\nKami telah mengambil keputusan mengenai naskah Anda untuk {$contextName}, \"{$submissionTitle}\".<br />\n<br />\nKeputusan kami adalah:<br />\n<br />\n{$editorialContactSignature}<br />\n','Email ini dari Editor atau Editor Bagian kepada penulis berisi keputusan akhir tentang naskah mereka.'),('EDITOR_DECISION_RESUBMIT','en_US','Editor Decision','{$authorName}:<br />\n<br />\nWe have reached a decision regarding your submission to {$contextName}, \"{$submissionTitle}\".<br />\n<br />\nOur decision is: Resubmit<br />\n<br />\n{$editorialContactSignature}<br />\n','This email from the Editor or Section Editor to an Author notifies them of a final \"resubmit\" decision regarding their submission.'),('EDITOR_DECISION_RESUBMIT','id_ID','Keputusan Editor','{$authorName}:<br />\n<br />\nKami telah mengambil keputusan mengenai naskah Anda untuk  {$contextName}, \"{$submissionTitle}\".<br />\n<br />\nKeputusan kami adalah:<br />\n<br />\n{$editorialContactSignature}<br />\n','Email ini dari Editor atau Editor Bagian kepada penulis berisi keputusan akhir tentang naskah mereka.'),('EDITOR_DECISION_REVISIONS','en_US','Editor Decision','{$authorName}:<br />\n<br />\nWe have reached a decision regarding your submission to {$contextName}, \"{$submissionTitle}\".<br />\n<br />\nOur decision is: Revisions Required<br />\n<br />\n{$editorialContactSignature}<br />\n','This email from the Editor or Section Editor to an Author notifies them of a final \"revisions required\" decision regarding their submission.'),('EDITOR_DECISION_REVISIONS','id_ID','Keputusan Editor','{$authorName}:<br />\n<br />\nKami telah mengambil keputusan mengenai naskah Anda untuk {$contextName}, \"{$submissionTitle}\".<br />\n<br />\nKeputusan kami adalah:<br />\n<br />\n{$editorialContactSignature}<br />\n','Email ini dari Editor atau Editor Bagian kepada penulis berisi keputusan akhir tentang naskah mereka.'),('EDITOR_DECISION_SEND_TO_EXTERNAL','en_US','Editor Decision','{$authorName}:<br />\n<br />\nWe have reached a decision regarding your submission to {$contextName}, &quot;{$submissionTitle}&quot;.<br />\n<br />\nOur decision is to: Send to Review<br />\n<br />\nSubmission URL: {$submissionUrl}<br />\n<br />\n{$editorialContactSignature}<br />\n','This email from the Editor or Section Editor to an Author notifies them that their submission is being sent to an external review.'),('EDITOR_DECISION_SEND_TO_PRODUCTION','en_US','Editor Decision','{$authorName}:<br />\n<br />\nThe editing of your submission, &quot;{$submissionTitle},&quot; is complete.  We are now sending it to production.<br />\n<br />\nSubmission URL: {$submissionUrl}<br />\n<br />\n{$editorialContactSignature}<br />\n','This email from the Editor or Section Editor to an Author notifies them that their submission is being sent to production.'),('EMAIL_LINK','en_US','Article of Possible Interest','Thought you might be interested in seeing \"{$submissionTitle}\" by {$authorName} published in Vol {$volume}, No {$number} ({$year}) of {$contextName} at \"<a href=\"{$articleUrl}\">{$articleUrl}</a>\".','This email template provides a registered reader with the opportunity to send information about an article to somebody who may be interested. It is available via the Reading Tools and must be enabled by the Journal Manager in the Reading Tools Administration page.'),('EMAIL_LINK','id_ID','Artikel tentang Minat yang mungkin','Mungkin Anda tertarik untuk membaca \"{$submissionTitle}\" oleh {$authorName} diterbitkan di Vol {$volume}, No {$number} ({$year}) di {$contextName} di \"<a href=\"{$articleUrl}\">{$articleUrl}</a>\".','Template email ini menyediakan pembaca yang telah terdaftar sebuah kesempatan untuk mengirimkan informasi tentang sebuah artikel untuk seseorang yang mungkin tertarik. Ini tersedia melalui Alat Baca dan harus diaktifkan oleh Manajer Jurnal di halaman Administrasi Alat Baca. '),('GIFT_AVAILABLE','en_US','{$giftNoteTitle}','Dear {$recipientFirstName},<br />\n<br />\n{$buyerFullName} would like to share a gift with you at {$giftJournalName}:<br />\n<br />\n{$giftDetails}<br />\n<br />\n<br />\n{$giftNote}<br />\n<br />\n<br />\nYou will receive a follow-up email that includes login details and instructions for redeeming your gift.<br />\n<br />\nWe hope that you enjoy your gift!<br />\n<br />\n{$giftContactSignature}<br />\n','This email notifies a gift recipient that a gift has been purchased and is available for redemption.'),('GIFT_USER_LOGIN','en_US','Redeem Your Gift: Login Details','Dear {$recipientFirstName},<br />\n<br />\n{$buyerFullName} would like to share a gift with you at {$giftJournalName}:<br />\n<br />\n{$giftDetails}<br />\n<br />\n<br />\nTo redeem your gift, please login to the journal website at <a href=\"{$giftUrl}\">{$giftUrl}</a><br />\n<br />\nYour username: {$username}<br />\n<br />\nWe hope that you enjoy your gift!<br />\n<br />\n{$giftContactSignature}<br />\n','This email notifies a gift recipient of their login details.'),('GIFT_USER_REGISTER','en_US','Redeem Your Gift: Login Details','Dear {$recipientFirstName},<br />\n<br />\n{$buyerFullName} would like to share a gift with you at {$giftJournalName}:<br />\n<br />\n{$giftDetails}<br />\n<br />\n<br />\nTo redeem your gift, please login to the journal website at <a href=\"{$giftUrl}\">{$giftUrl}</a><br />\n<br />\nYour username: {$username}<br />\nYour password: {$password}<br />\n<br />\nOnce logged in, you can change your password at any time.<br />\n<br />\nWe hope that you enjoy your gift!<br />\n<br />\n{$giftContactSignature}<br />\n','This email notifies a gift recipient of their login details for a new account.'),('LAYOUT_ACK','en_US','Layout Acknowledgement','{$participantName}:<br />\n<br />\nThank you for preparing the galleys for the manuscript, \"{$submissionTitle},\" for {$contextName}. This is an important contribution to the publishing process.<br />\n<br />\n{$editorialContactSignature}','This email from the Section Editor to the Layout Editor acknowledges completion of the layout editing process and thanks the layout editor for their contribution.'),('LAYOUT_ACK','id_ID','Pernyataan Layout','{$participantName}:<br />\n<br />\nTerima kasih untuk menyiapkan galley untuk manuskrip, \"{$submissionTitle},\" untuk {$contextName}. Ini adalah kontribusi penting untuk proses penerbitan. <br />\n<br />\n{$editorialContactSignature}',' Email ini dari Editor Bagian kepada Editor Layout yang menyatakan bahwa proses pengeditan layout telah selesai dan berterima kasih untuk kontribusi mereka.'),('LAYOUT_COMPLETE','en_US','Galleys Complete','{$editorialContactName}:<br />\n<br />\nGalleys have now been prepared for the manuscript, \"{$submissionTitle},\" for {$contextName} and are ready for proofreading.<br />\n<br />\nIf you have any questions, please contact me.<br />\n<br />\n{$participantName}','This email from the Layout Editor to the Section Editor notifies them that the layout process has been completed.'),('LAYOUT_COMPLETE','id_ID','Galley Lengkap','{$editorialContactName}:<br />\n<br />\nGalley sekarang telah disiapkan untuk manuskrip, \"{$submissionTitle},\" untuk {$contextName} dan siap untuk proofreading. <br />\n<br />\nJika Anda mempunyai pertanyaan, silakan hubungi saya.<br />\n<br />\n{$participantName}','Email ini dari Editor Layout untuk Editor Bagian yang memberitahu mereka bahwa proses layout telah selesai. '),('LAYOUT_REQUEST','en_US','Request Galleys','{$participantName}:<br />\n<br />\nThe submission \"{$submissionTitle}\" to {$contextName} now needs galleys laid out by following these steps.<br />\n1. Click on the Submission URL below.<br />\n2. Log into the journal and use the Layout Version file to create the galleys according to the journal\'s standards.<br />\n3. Send the COMPLETE email to the editor.<br />\n<br />\n{$contextName} URL: <a href=\"{$contextUrl}\">{$contextUrl}</a><br />\nSubmission URL: <a href=\"{$submissionLayoutUrl}\">{$submissionLayoutUrl}</a><br />\nUsername: {$participantUsername}<br />\n<br />\nIf you are unable to undertake this work at this time or have any questions, please contact me. Thank you for your contribution to this journal.<br />\n<br />\n{$editorialContactSignature}','This email from the Section Editor to the Layout Editor notifies them that they have been assigned the task of performing layout editing on a submission. It provides information about the submission and how to access it.'),('LAYOUT_REQUEST','id_ID','Permintaan Galleys','{$participantName}:<br />\n<br />\nNaskah \"{$submissionTitle}\" ke {$contextName} sekarang membutuhkan galley yang dikeluarkan dengan langkah-langkah berikut ini. <br />\n1. Klik URL Penyerahan di bawah ini.<br />\n2. Login ke jurnal dan gunakan file versi layout untuk membuat galley menurut standar jurnal. <br />\n3. Kirim email LENGKAP kepada editor.<br />\n<br />\n{$contextName} URL: <a href=\"{$contextUrl}\">{$contextUrl}</a><br />\nURL Penyerahan: <a href=\"{$submissionLayoutUrl}\">{$submissionLayoutUrl}</a><br />\nNama pengguna Layout Editor: {$participantUsername}<br />\n<br />\nJika Anda tidak bisa bertanggung jawab atas pekerjaan ini saat ini atau mempunyai pertanyaan apapub, silakan hubungi saya. Terima kasih untuk kontribusi Anda untuk jurnal ini. <br />\n<br />\n{$editorialContactSignature}','Email ini dari Editor Bagian kepada Editor Layout yang memberitahu mereka bahwa mereka telah diberikan tugas untuk melakukan pengeditan layout pada naskah. Email ini memberikan informasi tentang naskah dan bagaimana mengaksesnya. '),('LOCKSS_EXISTING_ARCHIVE','en_US','Archiving Request for {$contextName}','Dear [University Librarian]<br />\n<br />\n{$contextName} <<a href=\"{$contextUrl}\">{$contextUrl}</a>>, is a journal for which a member of your faculty, [name of member], serves as a [title of position]. The journal is seeking to establish a LOCKSS (Lots of Copies Keep Stuff Safe) compliant archive with this and other university libraries.<br />\n<br />\n[Brief description of journal]<br />\n<br />\nThe URL to the LOCKSS Publisher Manifest for our journal is: <a href=\"{$contextUrl}\">{$contextUrl}</a>/gateway/lockss<br />\n<br />\nWe understand that you are already participating in LOCKSS. If we can provide any additional metadata for purposes of registering our journal with your version of LOCKSS, we would be happy to provide it.<br />\n<br />\nThank you,<br />\n{$principalContactSignature}','This email requests the keeper of a LOCKSS archive to consider including this journal in their archive. It provides the URL to the journal\'s LOCKSS Publisher Manifest.'),('LOCKSS_EXISTING_ARCHIVE','id_ID','Permintaan Pengarsipan untuk {$contextName}','Kepada [Pustakawan Universitas]<br />\n<br />\n{$contextName} <<a href=\"{$contextUrl}\">{$contextUrl}</a>>, adalah sebuah jurnal yang anggota fakultas Anda, [name of member], berperan sebagai [nama posisi]. Jurnal akan membuat arsip LOCKSS (Lots of Copies Keep Stuff Safe) dengan ini dan perpustakaan universitas lain.<br />\n<br />\n[Deskripsi singkat tentang jurnal]<br />\n<br />\nURL ke LOCKSS Publisher Manifest untuk jurnal kami: <a href=\"{$contextUrl}\">{$contextUrl}</a>/gateway/lockss<br />\n<br />\nKami mengerti Anda telah berpartisipasi di LOCKSS. Jika kami dapat menyediakan metadata tambahan apapun untuk tujuan mendaftarkan jurnal kami dengan versi Anda tentang LOCKSS, kami akan senang menyediakannya.<br />\n<br />\nTerima kasih,<br />\n{$principalContactSignature}','Email ini meminta penjaga arsip LOCKSS untuk mempertimbangkan memasukkan jurnal ini di arsip mereka. Email ini menyediakan URL ke LOCKSS Publisher Manifest jurnal.'),('LOCKSS_NEW_ARCHIVE','en_US','Archiving Request for {$contextName}','Dear [University Librarian]<br />\n<br />\n{$contextName} <<a href=\"{$contextUrl}\">{$contextUrl}</a>>, is a journal for which a member of your faculty, [name of member] serves as a [title of position]. The journal is seeking to establish a LOCKSS (Lots of Copies Keep Stuff Safe) compliant archive with this and other university libraries.<br />\n<br />\n[Brief description of journal]<br />\n<br />\nThe LOCKSS Program <http://lockss.org/>, an international library/publisher initiative, is a working example of a distributed preservation and archiving repository, additional details are below. The software, which runs on an ordinary personal computer is free; the system is easily brought on-line; very little ongoing maintenance is required.<br />\n<br />\nTo assist in the archiving of our journal, we invite you to become a member of the LOCKSS community, to help collect and preserve titles produced by your faculty and by other scholars worldwide. To do so, please have someone on your staff visit the LOCKSS site for information on how this system operates. I look forward to hearing from you on the feasibility of providing this archiving support for this journal.<br />\n<br />\nThank you,<br />\n{$principalContactSignature}','This email encourages the recipient to participate in the LOCKSS initiative and include this journal in the archive. It provides information about the LOCKSS initiative and ways to become involved.'),('LOCKSS_NEW_ARCHIVE','id_ID','Permintaan Mengarsipkan untuk {$contextName}','Kepada [Pustakawan Universitas]<br />\n<br />\n{$contextName} <<a href=\"{$contextUrl}\">{$contextUrl}</a>>, adalah sebuah jurnal yang anggota fakultas Anda, [name of member] berperan sebagai [nama posisi]. Jurnal akan membuat arsip  LOCKSS (Lots of Copies Keep Stuff Safe) dengan ini dan perpustakaan universitas lain.<br />\n<br />\n[Deskripsi singkat tentang jurnal]<br />\n<br />\nProgram LOCKSS <http://lockss.org/> prakarsa penerbit/ perpustakaan internasional, adalah sebuah contoh bekerja dari repositori pengarsipan dan pemeliharaan, detail tambahan di bawah ini. Perangkat lunak, yang digunakan pada komputer personal biasa, bebas biaya; sistem dengan mudah dibawa online; membutuhkan sedikit perawatan terus menerus.<br />\n<br />\nUntuk membantu mengarsipkan jurnal kami, kami mengundang Anda untuk menjadi anggota komunitas LOCKSS untuk membantu mengoleksi dan memelihara judul yang dihasilkan oleh fakultas Anda dan siswa-siswa lain di seluruh dunia. Untuk melakukannya, utuslah staf Anda untuk mengunjungi situs LOCKSS untuk informasi tentang bagaimana sistem ini beroperasi. Saya menunggu kabar dari Anda tentang kemungkinan untuk menyediakan dukungan pengarsipan ini untuk jurnal ini.   <br />\n<br />\nTerima kasih,<br />\n{$principalContactSignature}','Email ini mendorong penerima untuk berpartisipasi di prakarsa LOCKSS dan memasukkan jurnal ini di arsip. Email ini menyediakan informasi tentang prakarsa LOCKSS dan cara-cara untuk terlibat.  '),('LUCENE_ARTICLE_INDEXING_ERROR_NOTIFICATION','en_US','Article Indexing Error','An indexing error occurred while updating the article index.<br />\n<br />\nThe error message generated by the web service (if any): \"{$error}\"<br />\n<br />\nThis email was generated by Open Journal Systems\' Lucene search plugin.','This email template is used to notify the technical contact\nof a journal that an error occurred during article indexing.'),('LUCENE_JOURNAL_INDEXING_ERROR_NOTIFICATION','en_US','Journal Indexing Error','An indexing error occurred while indexing the journal \"{$contextName}\".<br />\n<br />\nThe error message generated by the web service (if any): \"{$error}\"<br />\n<br />\nThis email was generated by Open Journal Systems\' Lucene search plugin.','This email template is used to notify the technical contact\nof a journal that an error occurred during journal indexing.'),('LUCENE_SEARCH_SERVICE_ERROR_NOTIFICATION','en_US','Journal Search Service Error','An error occurred while someone tried to search the installation \"{$siteName}\".<br />\n<br />\nThe error message generated by the web service (if any): \"{$error}\"<br />\n<br />\nThis email was generated by Open Journal Systems\' Lucene search plugin.','This email template is used to notify the technical contact\nof a journal that an error occurred while trying to access the Solr search service.'),('MANUAL_PAYMENT_NOTIFICATION','ar_IQ','إشعار الدÙع اليدوي','\n			عملية دÙع يدوي بحاجة إلى معالجتها تخص المجلة {$contextName} والمستخدم {$userFullName} (اسم المستخدم &quot;{$userName}&quot;).<br />\n<br />\nالÙقرة التي Ùي النية دÙع المال لها هي &quot;{$itemName}&quot;.<br />\nالكلÙة هي {$itemCost} ({$itemCurrencyCode}).<br />\n<br />\nتم إنشاء رسالة البريد الالكتروني هذه من قبل إضاÙة الدÙع المالي اليدوي لنظام المجلات المÙتوحة.','قالب هذه الرسالة يستعمل لإشعار رئيس تحرير المجلة أو مدير تحريرها بحدوث مطالبة لدÙع المال يدوياً Ùي المجلة.'),('MANUAL_PAYMENT_NOTIFICATION','cs_CZ','Oznámení o manuální platbě','Je třeba zpracovat manuální platbu pro Äasopis {$contextName} a uživatele {$userFullName} (uživatelské jméno &quot;{$userName}&quot;).<br />\n<br />\nPoložka, za kterou je placeno &quot;{$itemName}&quot;.<br />\nCena je {$itemCost} ({$itemCurrencyCode}).<br />\n<br />\nTento email byl vygenerován OJS pluginem Manuální platby.',NULL),('MANUAL_PAYMENT_NOTIFICATION','da_DK','Meddelelse om manuel betaling','Der skal gennemføres en manuel betaling for tidsskriftet {$contextName} og brugeren {$userFullName} (username &quot;{$userName}&quot;).</br>\n</br>\nBetalingen vedrører &quot;{$itemName}&quot;.</br>\nPrisen er {$itemCost} ({$itemCurrencyCode}).</br>\n</br>\nDenne e-mail blev genereret af Open Journal Systems\' plugin for manuelle betalinger','Denne e-mail bruges til at meddele en af tidsskriftschefens kontakter, at der skal foretage en manuel betaling.'),('MANUAL_PAYMENT_NOTIFICATION','de_DE','Benachrichtigung über manuelle Zahlung','Eine manuelle Zahlung ist für die Zeitschrift {$contextName} und den/die Benutzer/in {$userFullName} (Benutzer/innen-Name &quot;{$userName}&quot;) angekündigt worden.<br />\n<br />\nGezahlt werden soll für &quot;{$itemName}&quot;.<br />\nDie Kosten betragen {$itemCost} ({$itemCurrencyCode}).<br />\n<br />\nDiese E-Mail wurde vom OJS-Plugin Manuelle Gebührenzahlung erzeugt.','Diese E-Mail-Vorlage wird genutzt, um eine/n Zeitschriftenverwalter/in darüber zu benachrichtigen, dass eine manuelle Zahlung beantragt worden ist.'),('MANUAL_PAYMENT_NOTIFICATION','en_US','Manual Payment Notification','A manual payment needs to be processed for the journal {$contextName} and the user {$userFullName} (username &quot;{$userName}&quot;).<br />\n<br />\nThe item being paid for is &quot;{$itemName}&quot;.<br />\nThe cost is {$itemCost} ({$itemCurrencyCode}).<br />\n<br />\nThis email was generated by Open Journal Systems\' Manual Payment plugin.','This email template is used to notify a journal manager contact that a manual payment was requested.'),('MANUAL_PAYMENT_NOTIFICATION','es_ES','Notificación de Pago Manual','Un pago manual necesita ser procesado para la revista  {$contextName} y el usuario {$userFullName} (username &quot;{$userName}&quot;).<br />\n<br />\nEl ítem pagado es &quot;{$itemName}&quot;.<br />\nEl precio es {$itemCost} ({$itemCurrencyCode}).<br />\n<br />\nEste correo ha sido generado por el plugin de Pago Manual de  Open Journal Systems.','Este correo se usa para notificar al Gestor de la Revista de que se ha realizado un pago manual.'),('MANUAL_PAYMENT_NOTIFICATION','eu_ES','Eskuzko ordainketaren jakinarazpena','{$userFullName} erabiltzaileak (&quot;{$userName}&quot; erab.-iz.) {$contextName} aldizkarirako egindako eskuzko ordainketa bat prozesatu beharrean dago.<br />\n<br />\nOrdaindu beharreko lana &quot;{$itemName}&quot; da.<br />\nKostua : {$itemCost} ({$itemCurrencyCode}).<br />\n<br />\nMezu hau Open Journal Systems-en Eskuzko ordainketen pluginak sortu du.','Mezu-txantiloi hau aldizkariaren kudeatzaileari eskuzko ordainketa bat eskatu dela jakinarazteko erabiltzen da.'),('MANUAL_PAYMENT_NOTIFICATION','fi_FI','Ilmoitus manuaalisesta maksusta','Käyttäjän {$userFullName} (käyttäjätunnus &quot;{$userName}&quot;) tekemä, julkaisuun {$contextName} kohdistuva manuaalinen maksu on käsiteltävä.<br />\n<br />\nMaksettava kohde on &quot;{$itemName}&quot;.<br />\nHinta: {$itemCost} ({$itemCurrencyCode}).<br />\n<br />\nTämä sähköposti on Open Journal Systemsin Manuaalinen maksu -lisäosan luoma.','This email template is used to notify a journal manager contact that a manual payment was requested.'),('MANUAL_PAYMENT_NOTIFICATION','fr_CA','Avis de paiement manuel','Un paiement manuel doit être traité pour la revue {$contextName} et l\'utilisateur {$userFullName} (nom d\'utilisateur &quot;{$userName}&quot;).<br />\n<br />\nL\'élément facturé est &quot;{$itemName}&quot;.<br />\nLe coût est de {$itemCost} ({$itemCurrencyCode}).<br />\n<br />\nCe courriel a été généré par le plugiciel de paiement manuel du Open Journal Systems.','Ce modèle de courriel est utilisé pour aviser un directeur de revue que le paiement manuel a été demandé.'),('MANUAL_PAYMENT_NOTIFICATION','id_ID',' Pemberitahuan Pembayaran Manual ',' Pembayaran manual harus diproses untuk jurnal dan {$contextName} pengguna {$userFullName} (nama pengguna &quot;{$userName}&quot;).<br />\nThe item being paid for &quot;{$itemName}&quot;. <br />\nBiaya adalah {$itemCost} ({$itemCurrencyCode}). <br />\nSurat elektronik ini dibuat oleh plugin pembayaran manual IOJS.',' Email ini digunakan untuk memberitahukan kontak manajer jurnal bahwa pembayaran manual dibutuhkan.'),('MANUAL_PAYMENT_NOTIFICATION','it_IT','Notifica di pagamento manuale','Bisogna registrare un pagamento offline per  {$contextName}, utente {$userFullName} (username &quot;{$userName}&quot;).<br />\n<br />\nIl pagamento riguarda &quot;{$itemName}&quot;.<br />\nIl costo è {$itemCost} ({$itemCurrencyCode}).<br />\n<br />\nQuesta email è generata automaticamente da Open Journal Systems\' Manual Payment plugin.',NULL),('MANUAL_PAYMENT_NOTIFICATION','nl_NL','Bericht van handmatige betaling','Er moet een handmatige betaling verwerkt worden voor tijdschrift {$contextName} en gebruiker {$userFullName} (gebruikersnaam &quot;{$userName}&quot;).<br />\n<br />\nEr wordt betaald voor &quot;{$itemName}&quot;.<br />\nDe prijs is {$itemCost} ({$itemCurrencyCode}).<br />\n<br />\nDeze e-mail is gegenereerd door de Handmatige betalingen plugin van Open Journal Systems.',NULL),('MANUAL_PAYMENT_NOTIFICATION','pt_BR','Notificação de pagamento manual','É necessário realizar o processamento de um pagamento manual de assinatura da revista {$contextName}, pelo usuário {$userFullName} (login &quot;{$userName}&quot;).<br />\n<br />\nO item adquirido é &quot;{$itemName}&quot;.<br />\nValor em ({$itemCurrencyCode}): {$itemCost}<br />\n<br />\nEsta é uma mensagem automática da ferramenta de Pagamento manual do Open Journal Systems.','Mensagem automática notificando editor-gerente que um pagamento manual foi realizado e exige processamento.'),('MANUAL_PAYMENT_NOTIFICATION','pt_PT','Notificação de pagamento manual','É necessário realizar o processamento de um pagamento manual de assinatura da revista {$contextName} do utilizador {$userFullName} (username &quot;{$userName}&quot;).<br />\n<br />\nO item adquirido é &quot;{$itemName}&quot;.<br />\nO custo é {$itemCost} ({$itemCurrencyCode}).<br />\n<br />\nEsta mensagem foi gerada pelo Plugin de Pagamento Manual do OJS.','Esta mensagem notifica o editor-gestor que um pagamento manual foi realizado e exige processamento.'),('MANUAL_PAYMENT_NOTIFICATION','ru_RU','Уведомление о платеже','Ðеобходимо вручную обработать платеж длÑ журнала «{$contextName}» и пользователÑ {$userFullName} (имÑ пользователÑ «{$userName}»).<br />\n<br />\nОплата вноÑитÑÑ за «{$itemName}».<br />\nСумма {$itemCost} ({$itemCurrencyCode}).<br />\n<br />\nЭто пиÑьмо Ñгенерировано модулем «Ввод оплаты вручную» ÑиÑтемы Open Journal Systems.','Этот шаблон пиÑьма иÑпользуетÑÑ длÑ уведомлениÑ управлÑющего журналом о том, что был запрошен ввод оплаты вручную.'),('MANUAL_PAYMENT_NOTIFICATION','uk_UA','ІнформуваннÑ про платіж','Ðа рахунок журналу {$contextName} кориÑтувачем {$userFullName} (username &quot;{$userName}&quot;) повинен бути перерахований платіж.<br />\n<br />\nЦе плата за &quot;{$itemName}&quot;.<br />\nСума платежу {$itemCost} ({$itemCurrencyCode}).<br />\n<br />\nЦей лиÑт був Ñтворений модулем ручних платежів ÑиÑтеми Open Journal Systems.','Цей шаблон лиÑта викориÑтовуєтьÑÑ длÑ інформуваннÑ менеджера журнала про запит на здійÑненнÑ ручного платежу.'),('MANUAL_PAYMENT_NOTIFICATION','zh_CN','人工支付通知','人工支付需è¦被{$contextName}期刊的{$userFullName}æ¥处ç†（用户å“{$userName}â€）。<br />\n<br />\n<br />\n被支付的项目：“{$itemName}â€；。<br />\n费用：{$itemCost} ({$itemCurrencyCode})。<br />\n<br />\n此邮件是由开放期刊系统的人工支付æ’件生æˆ的。','这å°电å­邮件用æ¥通知期刊管ç†员去处ç†一个人工支付请求。'),('NOTIFICATION','en_US','New notification from {$siteTitle}','You have a new notification from {$siteTitle}:<br />\n<br />\n{$notificationContents}<br />\n<br />\nLink: {$url}<br />\n<br />\n{$principalContactSignature}','The email is sent to registered users that have selected to have this type of notification emailed to them.'),('NOTIFICATION','id_ID','Notifikasi baru dari {$siteTitle}','Anda mempunyai notifikasi baru dari {$siteTitle}:<br />\n<br />\n{$notificationContents}<br />\n<br />\ntautan: {$url}<br />\n<br />\n{$principalContactSignature}','Email ini dikirim untuk pengguna yang telah terdaftar yang memilih untuk menerima tipe notifikasi ini dikirim melalui email kepada mereka. '),('NOTIFICATION_CENTER_DEFAULT','en_US','A message regarding {$contextName}','Please enter your message.','The default (blank) message used in the Notification Center Message Listbuilder.'),('NOTIFICATION_MAILLIST','en_US','New notification from {$contextName}','You have a new notification from {$contextName}:<br />\n--<br />\n{$notificationContents}<br />\n<br />\nLink: {$url}<br />\n--<br />\n<br />\nIf you wish to stop receiving notification emails, please go to {$unsubscribeLink}.<br />\n<br />\n{$principalContactSignature}','This email is sent to unregistered users on the notification mailing list.'),('NOTIFICATION_MAILLIST','id_ID','Notifikasi baru dari {$contextName}','Anda punya notifikasi baru dari {$contextName}:<br />\n--<br />\n{$notificationContents}<br />\n<br />\ntautan: {$url}<br />\n--<br />\n<br />\nJika Anda ingin berhenti menerima email notifikasi, pergilah ke {$unsubscribeLink} dan masukkan alamat email dan kata sandi Anda.<br />\n<br />\n{$principalContactSignature}','Email ini dikirim untuk pengguna yang telah terdaftar di mailing list notifikasi.'),('NOTIFICATION_MAILLIST_WELCOME','en_US','Welcome to the the {$contextName} mailing list!','You have signed up to receive notifications from {$contextName}.<br />\n<br />\nPlease click on this link to confirm your request and add your email address to the mailing list: {$confirmLink}<br />\n<br />\nIf you wish to stop receiving notification emails, please go to {$unsubscribeLink}.<br />\n<br />\n{$principalContactSignature}','This email is sent to an unregistered user who just registered with the notification mailing list.'),('NOTIFICATION_MAILLIST_WELCOME','id_ID','Selamat datang ke  mailing list{$contextName}!','Anda telah sign up untuk menerima notifikasi dari {$contextName}.<br />\n			<br />\nKlik di tautan ini untuk mengkonfirmasi permintaan Anda dan tambahkan alamat email Anda ke mailing list: {$confirmLink}<br />\n<br />\nJika Anda ingin berhenti menerima email notifikasi, pergilah ke {$unsubscribeLink} dan masukkan alamat email dan kata sandi Anda.<br />\n<br />\nKata sandi Anda untuk menon-aktifkan email adalah: {$password}<br />\n<br />\n{$principalContactSignature}','Email ini dikirim ke pengguna yang tidak terdaftar yang baru saja terdaftar dengan mailing list notifikasi.'),('OFR_OBJECT_ASSIGNED','en_US','Object for Review: Object Assigned','Dear {$authorName}:<br />\n<br />\nThis email confirms that {$objectForReviewTitle} has been assigned to you for an object review to be completed by {$objectForReviewDueDate}.<br />\n<br />\nPlease ensure that your mailing address in your online user profile is up-to-date. This address will be used to mail a copy of the object to you for the review.<br />\n<br />\nThe mailing address that we currently have on file is:<br />\n{$authorMailingAddress}<br />\n<br />\nIf this address is incomplete or you are no longer at this address, please use the following user profile URL to update your address:<br />\n<br />\nUser Profile URL: <a href=\"{$userProfileUrl}\">{$userProfileUrl}</a><br />\n <br />\nTo submit your object review, please log into the journal website and complete the online article submission process.<br />\n<br />\nSubmission URL: <a href=\"{$submissionUrl}\">{$submissionUrl}</a><br />\n<br />\nPlease feel free to contact me if you have any questions or concerns about this object review.<br />\n<br />\n{$editorialContactSignature}','This email is sent by an editor to an object review author when an editor assigns the object for review to the author.'),('OFR_OBJECT_DENIED','en_US','Object for Review','Dear {$authorName}:<br />\n<br />\nUnfortunately, I am not able to assign {$objectForReviewTitle} to you at this time for an object review.<br />\n<br />\nI hope you consider reviewing another object from our listing, either at this time or in the future.<br />\n<br />\n{$editorialContactSignature}','This email is sent by an editor to an interested author when an object is no longer available for review.'),('OFR_OBJECT_MAILED','en_US','Object for Review: Object Mailed','Dear {$authorName}:<br />\n<br />\nThis email confirms that I have mailed a copy of {$objectForReviewTitle} to the following mailing address from your online user profile:<br />\n{$authorMailingAddress}<br />\n <br />\nTo submit your object review, please log into the journal website and complete the online article submission process.<br />\n<br />\nSubmission URL: <a href=\"{$submissionUrl}\">{$submissionUrl}</a><br />\n<br />\nPlease feel free to contact me if you have any questions or concerns about this object review.<br />\n<br />\n{$editorialContactSignature}','This email is sent by an editor to an object review author when the editor has mailed a copy of the object to the author.'),('OFR_OBJECT_REQUESTED','en_US','Object for Review: Object Requested','Dear {$editorName}:<br />\n<br />\nI am interested in writing an object review of {$objectForReviewTitle}.<br />\n<br />\nCan you please confirm whether this object is still available for review?<br />\n<br />\n{$authorContactSignature}','This email is sent to an editor by an author interested in writing an object review for a listed object.'),('OFR_REVIEWER_REMOVED','en_US','Object for Review','Dear {$authorName}:<br />\n<br />\nThis email confirms that you have been removed as the object reviewer for {$objectForReviewTitle}.<br />\n<br />\nI hope you consider reviewing another object from our listing, either at this time or in the future.<br />\n<br />\n{$editorialContactSignature}','This email is sent by an editor to an interested author when an object is no longer available for review.'),('OFR_REVIEW_REMINDER','en_US','Object for Review: Due Date Reminder','Dear {$authorName}:<br />\n<br />\nThis is a friendly reminder that your object review of {$objectForReviewTitle} is due {$objectForReviewDueDate}.<br />\n<br />\nTo submit your object review, please log into the journal website and complete the online article submission process. For your convenience, a submission URL has been provided below.<br />\n<br />\nSubmission URL: <a href=\"{$submissionUrl}\">{$submissionUrl}</a><br />\n<br />\nPlease feel free to contact me if you have any questions or concerns about this object review.<br />\n<br />\nThank you for your contribution to the journal and I look forward to receiving your submission.<br />\n<br />\n{$editorialContactSignature}','This is an automatically generated email that is sent to an object for review author as a reminder that the due date for the review is approaching.'),('OFR_REVIEW_REMINDER_LATE','en_US','Object for Review: Review Due','Dear {$authorName}:<br />\n<br />\nThis is a friendly reminder that your object review of {$objectForReviewTitle} was due {$objectForReviewDueDate} but has not been received yet.<br />\n<br />\nTo submit your object review, please log into the journal website and complete the online article submission process. For your convenience, a submission URL has been provided below.<br />\n<br />\nSubmission URL: <a href=\"{$submissionUrl}\">{$submissionUrl}</a><br />\n<br />\nPlease feel free to contact me if you have any questions or concerns about this object review.<br />\n<br />\nThank you for your contribution to the journal and I look forward to receiving your submission.<br />\n<br />\n{$editorialContactSignature}','This is an automatically generated email that is sent to an object for review author after the review due date has passed.'),('OPEN_ACCESS_NOTIFY','en_US','Issue Now Open Access','Readers:<br />\n<br />\n{$contextName} has just made available in an open access format the following issue. We invite you to review the Table of Contents here and then visit our web site (<a href=\"{$contextUrl}\">{$contextUrl}</a>) to review articles and items of interest.<br />\n<br />\nThanks for the continuing interest in our work,<br />\n{$editorialContactSignature}','This email is sent to registered readers who have requested to receive a notification email when an issue becomes open access.'),('OPEN_ACCESS_NOTIFY','id_ID','Akses Terbuka Terbitan Terkini','Pembaca:<br />\n<br />\n{$contextName} telah membuat terbitan berikut ini tersedia di format akses terbuka. Kami mengundang Anda untuk mereview Daftar Isi di sini dan kemudian mengunjungi web site kami(<a href=\"{$contextUrl}\">{$contextUrl}</a>) untuk mereview artikel dan item minat.<br />\n<br />\nTerima kasih untuk melanjutkan minat Anda terhadap karya kami,<br />\n{$editorialContactSignature}','Email ini dikirim untuk pembaca yang telah terdaftar yang ingin menerima email notifikasi saat terbitan menjadi akses terbuka.'),('ORCID_COLLECT_AUTHOR_ID','de_DE','ORCID-Meldung','Liebe/r {$authorName},\n\nSie sind als Co-Autor/in des eingereichten Beitrags \"{$articleTitle}\" bei der Zeitschrift {$journalName} benannt worden. \n\nUm Ihre Autor/innenschaft zu bestätigen, geben Sie bitte Ihren ORCID-iD für diese Einreichung an, indem Sie den unten angegebenen Link aufrufen.\n\n{$authorOrcidUrl}\n\nWenn Sie Fragen dazu haben, melden Sie sich bitte bei mir.\n\n{$editorialContactSignature}\n\n\n','Diese E-Mail-Vorlage wird verwendet, um die ORCID-iDs von Co-Autor/innen einzuholen.'),('ORCID_COLLECT_AUTHOR_ID','en_US','Submission ORCID','Dear {$authorName},\n\nYou have been listed as a co-author on the manuscript submission \"{$articleTitle}\" to {$journalName}. \n\nTo confirm your authorship, please add your ORCID id to this submission by visiting the link provided below.\n\n{$authorOrcidUrl}\n\nIf you have any questions, please contact me.\n\n{$editorialContactSignature}\n\n\n','This email template is used to collect the ORCID id\'s from co-authors.'),('ORCID_COLLECT_AUTHOR_ID','ru_RU','ORCID материала','{$authorName}!\n\nВы были указаны как Ñоавтор материала «{$articleTitle}», отправленного в журнал «{$journalName}». \n\nЧтобы подтвердить Ñвое авторÑтво, пожалуйÑта, добавьте Ñвой идентификатор ORCID к Ñтому материалу, перейдÑ по приведенной ниже ÑÑылке.\n\n{$authorOrcidUrl}\n\nЕÑли у ВаÑ еÑть какие-либо вопроÑы, пожалуйÑта, ÑвÑжитеÑь Ñо мной.\n\n{$editorialContactSignature}\n\n\n','Этот шаблон пиÑьма иÑпользуетÑÑ длÑ Ñбора идентификаторов ORCID Ñ Ñоавторов.'),('PASSWORD_RESET','en_US','Password Reset','Your password has been successfully reset for use with the {$siteTitle} web site. Please retain this username and password, as it is necessary for all work with the journal.<br />\n<br />\nYour username: {$username}<br />\nYour new password: {$password}<br />\n<br />\n{$principalContactSignature}','This email is sent to a registered user when they have successfully reset their password following the process described in the PASSWORD_RESET_CONFIRM email.'),('PASSWORD_RESET','id_ID','Atur Ulang Kata Sandi','Kata sandi Anda telah sukses diatur ulang untuk penggunaan dengan web site {$siteTitle}. Ingatlah nama pengguna dan kata sandi ini karena diperlukan untuk semua pekerjaan di jurnal.<br />\n<br />\nNama pengguna Anda: {$username}<br />\nKata sandi baru Anda: {$password}<br />\n<br />\n{$principalContactSignature}','Email ini dikirim untuk pengguna yang terdaftar saat mereka telah sukses mengatur ulang kata sandi mereka dengan mengikuti proses yang dideskripsikan di email  PASSWORD_RESET_CONFIRM.'),('PASSWORD_RESET_CONFIRM','en_US','Password Reset Confirmation','We have received a request to reset your password for the {$siteTitle} web site.<br />\n<br />\nIf you did not make this request, please ignore this email and your password will not be changed. If you wish to reset your password, click on the below URL.<br />\n<br />\nReset my password: {$url}<br />\n<br />\n{$principalContactSignature}','This email is sent to a registered user when they indicate that they have forgotten their password or are unable to login. It provides a URL they can follow to reset their password.'),('PASSWORD_RESET_CONFIRM','id_ID','Konfirmasi Atur Ulang Kata Sandi','Kami telah menerima permintaan untuk mengatur ulang kata sandi Anda untuk web site {$siteTitle}.<br />\n<br />\nJika Anda tidak membuat permintaan ini, mohon abaikan email ini dan kata sandi Anda tidak akan diganti. Jika Anda ingin mengatur ulang kata sandi Anda, klik di URL di bawah ini. <br />\n<br />\nAtur ulang kata sandi saya: {$url}<br />\n<br />\n{$principalContactSignature}','Email ini dikirimkan untuk pengguna yang telah terdaftar saat mereka menunjukkan bahwa mereka lupa kata sandi mereka atau tidak bisa login. Email ini menyediakan URL yang dapat mereka ikuti untuk mengatur ulang kata sandi mereka.'),('PAYPAL_INVESTIGATE_PAYMENT','ar_IQ','نشاط غير عادي من PayPal','نظام المجلات المÙتوحة قد تعرض إلى نشاط غير عادي يتعلق بآلية دعم المدÙوعات عبر PayPal يخص المجلة {$contextName}. هذا النشاط قد يستدعي المزيد من التحقيق بشأنه ولو يدوياً.<br />\n                       <br />\nهذه الرسالة أنشأتها إضاÙة PayPal لنظام المجلات المÙتوحة.<br />\n<br />\nمعلومات الطرح الكامل للطلب:<br />\n{$postInfo}<br />\n<br />\nمعلومات إضاÙية (لو توÙرت):<br />\n{$additionalInfo}<br />\n<br />\nمتغيرات الملقم:<br />\n{$serverVars}<br />\n','قالب الرسالة الالكترونية هذا يستعمل لإشعار عنوان الاتصال الرئيسي Ùي المجلة بحدوث نشاط مريب من قبل إضاÙة PayPal مما قد يستدعي الالتÙات إليه أو التحقيق بشأنه.'),('PAYPAL_INVESTIGATE_PAYMENT','cs_CZ','Neobvyklá PayPal aktivita','OJS zaznamenal neobvyklou aktivitu v souvislosti s podporou plateb přes PayPal pro Äasopis {$contextName}. Tato aktivita může vyžadovat další kontrolu nebo ruÄní zásah.<br />\n                       <br />\nTento email byl vygenerován OJS pluginem pro PayPal.<br />\n<br />\nKompletní informace k požadavku:<br />\n{$postInfo}<br />\n<br />\nDoplňkové informace (pokud byly uvedeny):<br />\n{$additionalInfo}<br />\n<br />\nProměnné serveru:<br />\n{$serverVars}',NULL),('PAYPAL_INVESTIGATE_PAYMENT','de_DE','Ungewöhnliche PayPal-Aktivität','Open Journal Systems hat eine ungewöhnliche Aktivität in Bezug auf die Unterstützung  von PayPal-Zahlungen für die Zeitschrift {$contextName} festgestellt. Diese Aktivität könnte eine nähere Untersuchung oder ein Eingreifen erfordern.<br />\n<br />\nDiese E-Mail wurde durch das Open Journal Systems-Plugin PayPal-Gebührenzahlung erzeugt.<br />\n<br />\nVolle Informationen zu dieser Anfrage:<br />\n{$postInfo}<br />\n<br />\nZusätzliche Informationen (soweit angegeben):<br />\n{$additionalInfo}<br />\n<br />\nServer vars:<br />\n{$serverVars}<br />\n','Diese E-Mail-Vorlage wird genutzt, um den primären Zeitschriftenkontakt darüber zu benachrichtigen, dass verdächtige Aktivitäten durch das PayPal-PlugIn entdeckt worden sind.'),('PAYPAL_INVESTIGATE_PAYMENT','en_US','Ðезвичайна активніÑть PayPal','СиÑтема Open Journal Systems помітила незвичайну активніÑть у функціонуванні модулÑ платежів PayPal журналу {$contextName}. Може знадобитиÑь подальше вивченнÑ цього питаннÑ або ручне втручаннÑ.<br />\n                       <br />\nЦей лиÑт Ñтворений модулем PayPal ÑиÑтеми Open Journal Systems.<br />\n<br />\nПовна інформаціÑ про запит:<br />\n{$postInfo}<br />\n<br />\nДодаткова інформаціÑ (Ñкщо наÑвна):<br />\n{$additionalInfo}<br />\n<br />\nДані Ñервера:<br />\n{$serverVars}<br />\n','Цей шаблон лиÑта викориÑтовуєтьÑÑ длÑ інформуваннÑ оÑновної контактної оÑоби журналу про виÑвленнÑ модулем PayPal підозрілої активноÑті або активноÑті, що потребує ручного втручаннÑ.'),('PAYPAL_INVESTIGATE_PAYMENT','es_ES','Actividad inusual de PayPal','Open Journal Systems ha notado una actividad inusual relacionada con el soporte de pago de PayPal para la revista {$contextName}.  Esta actividad puede necesitar de mayor investigación o intervención manual.<br />\n<br />\nEste email ha sido generado por el plugin de PayPal de Open Journal Systems.<br />\n<br />\nInformación completa de envío para la solicitud:<br />\n{$postInfo}<br />\n<br />\nInformación adicional (si proporcionada):<br />\n{$additionalInfo}<br />\n<br />\nVariables de servidor:<br />\n{$serverVars}','Esta plantilla de correo es usada para notificar al contacto principal de la revista de que el plugin de PayPal ha detectado actividad sospechosa o actividad que requiere de intervención manual.'),('PAYPAL_INVESTIGATE_PAYMENT','eu_ES','Ezohiko PayPal jarduera','Open Journal Systems-ek ezohiko jarduera sumatu du {$contextName} aldizkariaren PayPal ordainketa-zerbitzuan. Jarduera hori gehiago ikertu beharko da edo eskuz parte hartu beharko da.<br />\n                       <br />\nMezu hau Open Journal Systems-en PayPal pluginak sortu du.<br />\n<br />\nEskaeraren informazio osoa:<br />\n{$postInfo}<br />\n<br />\nInformazio osagarria (eman badute):<br />\n{$additionalInfo}<br />\n<br />\nZerbitzari-aldagaiak:<br />\n{$serverVars}','Mezu-txantiloi hau erabiltzen da aldizkariko kontaktu nagusiari jakinarazteko PayPal pluginak jarduera susmagarria edo eskuz parte hartzea eskatzen duena topatu duela.'),('PAYPAL_INVESTIGATE_PAYMENT','fi_FI','Epätavallinen PayPal-toiminta','Open Journal Systems on havainnut epätavallista toimintaa julkaisun {$contextName} PayPal-maksujen tukeen liittyen. Tämä toiminta saattaa vaatia lisätutkimista tai manuaalista asiaan puuttumista.<br />\n                       <br />\nTämä sähköposti on Open Journal Systemsin PayPal-lisäosan luoma.<br />\n<br />\nPyynnön täydet lähetystiedot :<br />\n{$postInfo}<br />\n<br />\nLisätiedot (mikäli annettu):<br />\n{$additionalInfo}<br />\n<br />\nPalvelimen muuttujat:<br />\n{$serverVars}<br />\n','This email template is used to notify a journal\'s primary contact that suspicious activity or activity requiring manual intervention was encountered by the PayPal plugin.'),('PAYPAL_INVESTIGATE_PAYMENT','fr_CA','Activité inhabituelle de PayPal','L\'Open Journal Systems a remarqué une activité inhabituelle concernant la prise en charge du paiement PayPal pour la revue {$contextName}. Cette activité pourrait nécessiter une attention particulière ou une intervention manuelle.<br />\n                       <br />\nCe courriel a été généré par le plugiciel PayPal du Open Journal Systems.<br />\n<br />\nInformation complète de la demande :<br />\n{$postInfo}<br />\n<br />\nInformation supplémentaire (si fournie) :<br />\n{$additionalInfo}<br />\n<br />\nVariables serveur :<br />\n{$serverVars}<br />\n','Ce modèle de courriel est utilisé pour aviser un contact principal d\'une revue qu\'une activité inhabituelle ou requérant une intervention manuelle a été remarquée par le plugiciel PayPal.'),('PAYPAL_INVESTIGATE_PAYMENT','id_ID',' Kegiatan pembayaran paypal yang tidak biasa ',' IOJS telah menemukan kegiatan yang tidak biasa yang berhubungan dengan bantuan pembayaran paypal untuk jurnal {$contextName}. Kegiatan ini mungkin dibutuhkan investigasi yang lebih lanjut atau intervensi manual. Emai ini diciptakan oleh OJS PayPal plugin.<br />\nInformasi posting penuh untuk permohonan:<br />\n{$postInfo}<br />\nInformasi tambahan (jika tersedia):<br />\n{$additionalInfo}<br />\nVariasi Server :<br />\n{$serverVars}<br />\n',' Email ini digunakan untuk memberitahukan jurnal kontak utama yang mempunyai kegiatan yang mencurigakan atau kegiatan yang membutuhkan intervensi manual yang ditemukan oleh plugin paypal.'),('PAYPAL_INVESTIGATE_PAYMENT','it_IT','Attività PayPal sospetta','Open Journal Systems ha riscontrato un\'attivtà sospetta sul conto PayPal della rivista {$contextName}. Ciò può richiedere ulteriori indagini o un intervento manuale.<br />\n<br />\nQuesta email è stata generata da Open Journal Systems\' PayPal plugin<br />\n<br />\nTutte le informazioni sulla richiesta:<br />\n{$postInfo}<br />\n<br />\nInformazioni aggiuntive (se disponibili):<br />\n{$additionalInfo}<br />\n<br />\nServer vars:<br />\n{$serverVars}',NULL),('PAYPAL_INVESTIGATE_PAYMENT','nl_NL','Ongebruikelijke PayPal activiteit','Open Journal Systems heeft ongebruikelijke activiteit geconstateerd met betrekking tot de PayPal betalingsondersteuning van het tijdschrift {$contextName}. Deze activiteit vraagt om verder onderzoek of handmatige interventie.<br />\n                       <br />\nDeze e-mail is gegenereerd door de PayPal plugin van Open Journal Systems.<br />\n<br />\nVolledige berichtinformatie voor het verzoek:<br />\n{$postInfo}<br />\n<br />\nAdditionele informatie (indien opgegeven):<br />\n{$additionalInfo}<br />\n<br />\nServer variabelen:<br />\n{$serverVars}',NULL),('PAYPAL_INVESTIGATE_PAYMENT','pt_BR','Atividade incomum na conta PayPal','O sistema encontrou atividade incomum relacionada ao suporte a pagamentos via PayPal da revista {$contextName}. <br />\nEsta atividade pode exigir investigação mais profunda ou intervenção manual.<br />\n                       <br />\nEsta é uma mensagem automática da ferramenta de Pagamento via PayPal do Open Journal Systems.<br />\n<br />\nInformações detalhadas da notificação:<br />\n{$postInfo}<br />\n<br />\nInformações adicionais (caso informado):<br />\n{$additionalInfo}<br />\n<br />\nVariáveis do servidor:<br />\n{$serverVars}','Esta mensagem notifica o contato principal da revista sobre atividades suspeitas, ou atividades que exijam intervenção manual, detectadas pelo Plugin de Pagamento via PayPal.'),('PAYPAL_INVESTIGATE_PAYMENT','pt_PT','Actividade incomum na conta PayPal','O sistema OJS encontrou actividade incomum relacionada ao suporte a pagamentos via PayPal, para a revista {$contextName}. Esta actividade pode exigir investigação mais profunda ou intervenção manual.<br />\n                       <br />\nEsta mensagem foi gerada pelo Plugin PayPal do OJS.<br />\n<br />\nInformações detalhadas da notificação:<br />\n{$postInfo}<br />\n<br />\nInformações adicionais (caso informado):<br />\n{$additionalInfo}<br />\n<br />\nVariáveis do Servidor:<br />\n{$serverVars}','Esta mensagem notifica o contacto principal da revista sobre actividades suspeitas, ou atividades que exijam intervenção manual, detectadas pelo Plugin de Pagamento via PayPal.'),('PAYPAL_INVESTIGATE_PAYMENT','ru_RU','ÐеобычнаÑ активноÑть PayPal','СиÑтема Open Journal Systems обнаружила необычную активноÑть, ÑвÑзанную Ñ поддержкой платежей через PayPal длÑ журнала «{$contextName}». Эта активноÑть может требовать дополнительного изучениÑ или вмешательÑтва в ручном режиме.<br />\n                       <br />\nЭто пиÑьмо было Ñгенерировано модулем «Платежи через PayPal» ÑиÑтемы Open Journal Systems.<br />\n<br />\nПолнаÑ информациÑ длÑ запроÑа:<br />\n{$postInfo}<br />\n<br />\nДополнительнаÑ информациÑ (еÑли еÑть):<br />\n{$additionalInfo}<br />\n<br />\nПеременные Ñервера:<br />\n{$serverVars}<br />\n','Этот шаблон пиÑьма иÑпользуетÑÑ длÑ уведомлениÑ контактного лица редакции о том, что была зарегиÑтрирована подозрительнаÑ активноÑть или активноÑть, требующаÑ вмешательÑтва в ручном режиме, вызваннаÑ модулем «Платежи через PayPal».'),('PAYPAL_INVESTIGATE_PAYMENT','zh_CN','ä¸正常的PayPal活动','开放期刊系统é‡到ä¸正常的活动，是关于{$contextName}期刊的PayPal支付支æŒ。此活动肯需è¦进一步调查或者人工干预。<br />\n<br />\n此电å­邮件是由开放期刊系统的PayPalæ’件生æˆ的。<br />\n<br />\n全部信æ¯：<br />\n{$postInfo}<br />\n<br />\n附加信æ¯（如果æ供）：<br />\n{$additionalInfo}<br />\n<br />\næœ务器增值ç»销商<br />\n{$serverVars}','这å°电å­邮件模æ¿用于通知期刊主è¦è”系人，PayPalæ’件碰到å¯疑活动或者活动需è¦人工支æŒ。'),('PROOFREAD_ACK','en_US','Proofreading Acknowledgement','{$proofreaderName}:<br />\n<br />\nThank you for proofreading the galleys for the manuscript, \"{$submissionTitle},\" for {$contextName}. This work makes an important contribution to the quality of this journal.<br />\n<br />\n{$editorialContactSignature}','This email from the Section Editor to the Proofreader confirms completion of the proofreader\'s proofreading process and thanks them for their contribution.'),('PROOFREAD_ACK','id_ID','Proofreading Acknowledgement','{$proofreaderName}:<br />\n<br />\nTerima kasih telah mem-proofreading galley untuk manuskrip, \"{$submissionTitle},\" untuk {$contextName}. Pekerjaan ini memberikan kontribusi penting pada kualitas jurnal ini. <br />\n<br />\n{$editorialContactSignature}','Email ini dari Editor Bagian untuk Proofreader mengkonfirmasi penyelesaian proses proofreading dan berterima kasih  untuk kontribusi mereka. '),('PROOFREAD_AUTHOR_ACK','en_US','Proofreading Acknowledgement (Author)','{$authorName}:<br />\n<br />\nThank you for proofreading the galleys for your manuscript, \"{$submissionTitle},\" in {$contextName}. We are looking forward to publishing your work shortly.<br />\n<br />\nIf you subscribe to our notification service, you will receive an email of the Table of Contents as soon as it is published. If you have any questions, please contact me.<br />\n<br />\n{$editorialContactSignature}','This email from the Section Editor to the Author acknowledges completion of the initial proofreading process and thanks them for their contribution.'),('PROOFREAD_AUTHOR_ACK','id_ID','Pernyataan Proofreading (Penulis)','{$authorName}:<br />\n<br />\nTerima kasih telah mem-proofreading galley untuk manuskrip Anda, \"{$submissionTitle},\" di {$contextName}. Kami menunggu untuk menerbitkan karya kami dalam waktu dekat ini. <br />\n<br />\nJika Anda berlangganan layanan notifikasi kami, Anda akan menerima email tentang Daftar Isi secepat Daftar Isi itu diterbitkan. Jika Anda mempunyai pertanyaa, silakan hubungi saya. <br />\n<br />\n{$editorialContactSignature}','Email ini dari Editor Bagian untuk Penulis menyatakan bahwa proses proofreading awal telah selesai dan berterima kasih  untuk kontribusi mereka.'),('PROOFREAD_AUTHOR_COMPLETE','en_US','Proofreading Completed (Author)','{$editorialContactName}:<br />\n<br />\nI have completed proofreading the galleys for my manuscript, \"{$submissionTitle},\" for {$contextName}. The galleys are now ready to have any final corrections made by the Proofreader and Layout Editor.<br />\n<br />\n{$authorName}','This email from the Author to the Proofreader and Editor notifies them that the Author\'s round of proofreading is complete and that details can be found in the article comments.'),('PROOFREAD_AUTHOR_COMPLETE','id_ID','Proofreading Selesai (Penulis)','{$editorialContactName}:<br />\n<br />\nSaya telah menyelesaikan proofreading galley untuk manuskrip saya, \"{$submissionTitle},\" untuk {$contextName}. Galley sekarang siap untuk mendapatkan koreksi final oleh Proofreader dan Editor Layout.<br />\n<br />\n{$authorName}','Email ini dari Penulis untuk Proofreader dan Editor yang memberitahu mereka bahwa putaran proofreading Penulis telah selesai dan detail dapat ditemukan di komentar artikel.'),('PROOFREAD_AUTHOR_REQUEST','en_US','Proofreading Request (Author)','{$authorName}:<br />\n<br />\nYour submission \"{$submissionTitle}\" to {$contextName} now needs to be proofread by folllowing these steps.<br />\n1. Click on the Submission URL below.<br />\n2. Log into the journal and view PROOFING INSTRUCTIONS<br />\n3. Click on VIEW PROOF in Layout and proof the galley in the one or more formats used.<br />\n4. Enter corrections (typographical and format) in Proofreading Corrections.<br />\n5. Save and email corrections to Layout Editor and Proofreader.<br />\n6. Send the COMPLETE email to the editor.<br />\n<br />\nSubmission URL: <a href=\"{$submissionUrl}\">{$submissionUrl}</a><br />\nUsername: {$authorUsername}<br />\n<br />\n{$editorialContactSignature}','This email from the Section Editor to the Author notifies them that an article\'s galleys are ready for proofreading. It provides information about the article and how to access it.'),('PROOFREAD_AUTHOR_REQUEST','id_ID','Permintaan Proofreading (Penulis)','{$authorName}:<br />\n<br />\nNaskah Anda \"{$submissionTitle}\" untuk {$contextName} sekarang perlu di-proofread dengan mengikuti langkah-langkah berikut ini.<br />\n1. Klik di URL Penyerahan berikut ini.<br />\n2. Login ke jurnal dan lihar INSTRUKSI PROOFING .<br />\n3. Klik di LIHAT PROOF di Layout dan galley proof di satu atau lebih format yang digunakan. <br />\n4. Masukkan koreksi (tipografi dan format) dalam koreksi proofreading.<br />\n5. Simpan dan kirimkan email tentang koreksi ke Editor Layout dan Proofreader.<br />\n6. Kirim email LENGKAP kepada editor.<br />\n<br />\nURL Penyerahan: <a href=\"{$submissionUrl}\">{$submissionUrl}</a><br />\nNama pengguna Penulis: {$authorUsername}<br />\n<br />\n{$editorialContactSignature}','Email ini dari Editor Bagian untuk Penulis yang memberitahu mereka bahwa galley artikel siap untuk di-proofreading. Email ini memberikan informasi tentang artikel dan bagaimana mengaksesnya.'),('PROOFREAD_COMPLETE','en_US','Proofreading Completed','{$editorialContactName}:<br />\n<br />\nI have completed proofreading the galleys for the manuscript, \"{$submissionTitle},\" for {$contextName}. The galleys are now ready to have any final corrections made by the Layout Editor.<br />\n<br />\n{$proofreaderName}','This email from the Proofreader to the Section Editor notifies them that the Proofreader has completed the proofreading process.'),('PROOFREAD_COMPLETE','id_ID','Proofreading Selesai','{$editorialContactName}:<br />\n<br />\nSaya telah menyelesaikan proses proofreading galley untuk manuskrip, \"{$submissionTitle},\" untuk {$contextName}. Galley sekarang siap untuk koreksi final yang dibuat oleh Editor Layout. <br />\n<br />\n{$proofreaderName}','Email ini dari Proofreader untuk Editor Bagian yang memberitahu mereka bahwa Proofreader telah menyelesaikan proses proofreading. '),('PROOFREAD_LAYOUT_ACK','en_US','Proofreading Acknowledgement (Layout Editor)','{$participantName}:<br />\n<br />\nThank you for completing the proofreading corrections for the galleys associated with the manuscript, \"{$submissionTitle},\" for {$contextName}. This represents an important contribution to the work of this journal.<br />\n<br />\n{$editorialContactSignature}','This email from the Section Editor to the Layout Editor acknowledges completion of the final stage of proofreading and thanks them for their contribution.'),('PROOFREAD_LAYOUT_ACK','id_ID','Pernyataan Proofreading (Editor Layout)','{$participantName}:<br />\n<br />\nTerima kasih untuk menyelesaikan koreksi proofreading untuk galley yang diasosiasikan dengan manuskrip, \"{$submissionTitle},\" untuk {$contextName}. Ini mewakili kontribusi penting untuk karya jurnal ini. <br />\n<br />\n{$editorialContactSignature}','Email dari Editor Bagian untuk Editor Layout menyatakan bahwa tahap akhir proofreading telah selesai dan berterima kasih untuk kontribusi mereka. '),('PROOFREAD_LAYOUT_COMPLETE','en_US','Proofreading Completed (Layout Editor)','{$editorialContactName}:<br />\n<br />\nThe galleys have now been corrected, following their proofreading, for the manuscript, \"{$submissionTitle},\" for {$contextName}. This piece is now ready to publish.<br />\n<br />\n{$participantName}','This email from the Layout Editor to the Section Editor notifies them that the final stage of proofreading has been completed and the article is now ready to publish.'),('PROOFREAD_LAYOUT_COMPLETE','id_ID','Proofreading Selesai (Editor Layout)','{$editorialContactName}:<br />\n<br />\nGalley sekarang telah dikoreksi, mengikuti proofreading mereka, untuk manuskrip, \"{$submissionTitle},\" untuk {$contextName}. Bagian ini sekarang siap untuk diterbitkan.<br />\n<br />\n{$participantName}','Email ini dari Editor Layout untuk Editor Bagian yang memberitahu mereka bahwa tahap akhir proofreading telah selesai dan artikel sekarang siap untuk diterbitkan. '),('PROOFREAD_LAYOUT_REQUEST','en_US','Proofreading Request (Layout Editor)','{$participantName}:<br />\n<br />\nThe submission \"{$submissionTitle}\" to {$contextName} has been proofread by the author and proofreader, and any corrections should now be made by following these steps.<br />\n1. Click on the Submission URL below.<br />\n2. Log into the journal consult Proofreading Corrections to create corrected galleys.<br />\n3. Upload the revised galleys.<br />\n4. Send the COMPLETE email in Proofreading Step 3 to the editor.<br />\n<br />\n{$contextName} URL: <a href=\"{$contextUrl}\">{$contextUrl}</a><br />\nSubnmission URL: <a href=\"{$submissionUrl}\">{$submissionUrl}</a><br />\nUsername: {$participantUsername}<br />\n<br />\nIf you are unable to undertake this work at this time or have any questions, please contact me. Thank you for your contribution to this journal.<br />\n<br />\n{$editorialContactSignature}','This email from the Section Editor to the Layout Editor notifies them that an article\'s galleys are ready for final proofreading. It provides information on the article and how to access it.'),('PROOFREAD_LAYOUT_REQUEST','id_ID','Permintaan Proofreading (Editor Layout)','{$participantName}:<br />\n<br />\nNaskah \"{$submissionTitle}\" untuk {$contextName} telah diproofread oleh penulis dan proofreader, dan koreksi apapun harus dibuat dengan mengikuti langkah-langkah berikut ini. <br />\n1. Klik di URL Penyerahan di bawah ini. <br />\n2. Login ke jurnal baca Koreksi Proofreading untuk membuat galley yang dikoreksi. <br />\n3. Upload galley yang telah direvisi.<br />\n4. Kirim email LENGKAP di Proofreading Langkah 3 kepada editor.<br />\n<br />\n{$contextName} URL: <a href=\"{$contextUrl}\">{$contextUrl}</a><br />\nURL Penyerahan: <a href=\"{$submissionUrl}\">{$submissionUrl}</a><br />\nNama pengguna Layout Editor: {$participantUsername}<br />\n<br />\nJika Anda tidak bisa bertanggung jawab atas pekerjaan ini saat ini atau mempunyai pertanyaan, silakan hubungi saya. Terima kasih atas kontribusi Anda untuk jurnal ini. <br />\n<br />\n{$editorialContactSignature}','Email ini dari Editor Bagian untuk Editor Layout yang memberitahu mereka bahwa galley artikel siap untuk proofreading final. Email ini memberikan informasi tentang artikel dan bagaimana mengaksesnya. '),('PROOFREAD_REQUEST','en_US','Proofreading Request','{$proofreaderName}:<br />\n<br />\nThe submission \"{$submissionTitle}\" to {$contextName} now needs to be proofread by following these steps.<br />\n1. Click on the Submission URL below.<br />\n2. Log into the journal and view PROOFING INSTRUCTIONS.<br />\n3. Click on VIEW PROOF in Layout and proof the galley in the one or more formats used.<br />\n4. Enter corrections (typographical and format) in Proofreading Corrections.<br />\n5. Save and email corrections to Layout Editor.<br />\n6. Send the COMPLETE email to the editor.<br />\n<br />\nManuscript URL: <a href=\"{$submissionUrl}\">{$submissionUrl}</a><br />\nUsername: {$proofreaderUsername}<br />\n<br />\nIf you are unable to undertake this work at this time or have any questions, please contact me. Thank you for your contribution to this journal.<br />\n<br />\n{$editorialContactSignature}','This email from the Section Editor to the Proofreader requests that they perform proofreading of an article\'s galleys. It provides information about the article and how to access it.'),('PROOFREAD_REQUEST','id_ID','Pemintaan Proofreading','{$proofreaderName}:<br />\n<br />\nNaskah \"{$submissionTitle}\"  untuk {$contextName} sekarang perlu di-proofread dengan langkah-langkah berikut ini.<br />\n1. Klik di URL Penyerahan di bawah ini.<br />\n2. Login ke jurnal dan lihat INSTRUKSI PROOFING. <br />\n3. Klik di LIHAT PROOF di Layout dan proof galley di satu atau lebih format yang digunakan.  <br />\n4. Masukkan koreksi (tipografi dan format) di Koreksi Proofreading.<br />\n5. Simpan dan kirimkan email tentang koreksi kepada Editor Layout.<br />\n6. Kirim email LENGKAP kepada editor.<br />\n<br />\nURL Manuskrip: <a href=\"{$submissionUrl}\">{$submissionUrl}</a><br />\nNama pengguna Proofreader: {$proofreaderUsername}<br />\n<br />\nJika Anda tidak bisa bertanggung jawab atas pekerjaan ini atau mempunyai pertanyaan, silakan hubungi saya. Terima kasih untuk kontribusi Anda untuk jurnal ini.<br />\n<br />\n{$editorialContactSignature}','Email ini dari Editor Bagian untuk Proofreader meminta bahwa mereka melakukan proofreading terhadap galley artikel. Email ini memberikan informasi tentang artikel dan bagaimana mengaksesnya. '),('PUBLISH_NOTIFY','en_US','New Issue Published','Readers:<br />\n<br />\n{$contextName} has just published its latest issue at <a href=\"{$contextUrl}\">{$contextUrl}</a>. We invite you to review the Table of Contents here and then visit our web site to review articles and items of interest.<br />\n<br />\nThanks for the continuing interest in our work,<br />\n{$editorialContactSignature}','This email is sent to registered readers via the \"Notify Users\" link in the Editor\'s User Home. It notifies readers of a new issue and invites them to visit the journal at a supplied URL.'),('PUBLISH_NOTIFY','id_ID','tTerbitan Baru diterbitkan','Pembaca:<br />\n<br />\n{$contextName} baru saja menerbitkan terbitan terbarunya di <a href=\"{$contextUrl}\">{$contextUrl}</a>. Kami mengundang Anda untuk mereview Daftar Isi dan kemudian mengunjungi web site kami untuk mereivew artikel dan item minat.<br />\n<br />\nTerima kasih untuk melanjutkan minat pada pekerjaan kami,<br />\n{$editorialContactSignature}','Email ini dikirim untuk pembaca yang terdaftar melalui tautan \"Beritahu Pengguna\"  di User Home Editor. Email ini memberitahu pembaca tentang terbitan baru dan mengundang mereka untuk mengunjungi jurnal di URL yang telah disediakan. '),('REVIEWER_REGISTER','en_US','Registration as Reviewer with {$contextName}','In light of your expertise, we have taken the liberty of registering your name in the reviewer database for {$contextName}. This does not entail any form of commitment on your part, but simply enables us to approach you with a submission to possibly review. On being invited to review, you will have an opportunity to see the title and abstract of the paper in question, and you\'ll always be in a position to accept or decline the invitation. You can also ask at any point to have your name removed from this reviewer list.<br />\n<br />\nWe are providing you with a username and password, which is used in all interactions with the journal through its website. You may wish, for example, to update your profile, including your reviewing interests.<br />\n<br />\nUsername: {$username}<br />\nPassword: {$password}<br />\n<br />\nThank you,<br />\n{$principalContactSignature}','This email is sent to a newly registered reviewer to welcome them to the system and provide them with a record of their username and password.'),('REVIEWER_REGISTER','id_ID','Pendaftaran sebagai Reviewer dengan {$contextName}','Untuk alasan keahlian Anda, kami telah berinisiatif mendaftarkan nama Anda di database reviewer untuk {$contextName}. Ini tidak memerlukan bentuk komitmen apapun di pihak Anda, tapi hanya memudahkan kami untuk mendekati Anda dengan naskah untuk direview. Saat diundang untuk mereview, Anda akan mempunyai kesempatan untuk melihat judul dan abtrak makalah dalam pertanyaan, dan Anda akan selalu berada dalam posisi untuk menerima atau menolak undangan. Anda dapat juga meminta kapanpun agar nama Anda dipindahkan dari daftar reviewer. <br />\n<br />\nKami menyediakan Anda dengan nama pengguna dan kata sandi, yang digunakan di semua interaksi dengan jurnal di websitenya. Anda bisa, sebagai contoh, untuk mengupdate profil Anda, termasuk minat mereview Anda.  <br />\n<br />\nNama pengguna: {$username}<br />\nKata sandi: {$password}<br />\n<br />\nTerima kasih,<br />\n{$principalContactSignature}','Email ini dikirim untuk pengguna yang baru terdaftar untuk menyambut mereka ke sistem dan menyediakan catatan nama pengguna dan kata sandi mereka. '),('REVIEW_ACK','en_US','Article Review Acknowledgement','{$reviewerName}:<br />\n<br />\nThank you for completing the review of the submission, \"{$submissionTitle},\" for {$contextName}. We appreciate your contribution to the quality of the work that we publish.<br />\n<br />\n{$editorialContactSignature}','This email is sent by a Section Editor to confirm receipt of a completed review and thank the reviewer for their contributions.'),('REVIEW_ACK','id_ID','Pernyataan Review Artikel','{$reviewerName}:<br />\n<br />\nTerima kasih telah menyelesaikan review naskah, \"{$submissionTitle},\" untuk {$contextName}. Kami menghargai kontribusi Anda untuk kualitas karya yang kami terbitkan. <br />\n<br />\n{$editorialContactSignature}','Email ini dikirim oleh Editor Bagian untuk mengkonfirmasi kuitansi review yang telah selesai dan berterima kasih kepada Reviewer untuk kontribusi mereka.'),('REVIEW_CANCEL','en_US','Request for Review Cancelled','{$reviewerName}:<br />\n<br />\nWe have decided at this point to cancel our request for you to review the submission, \"{$submissionTitle},\" for {$contextName}. We apologize for any inconvenience this may cause you and hope that we will be able to call on you to assist with this journal\'s review process in the future.<br />\n<br />\nIf you have any questions, please contact me.<br />\n<br />\n{$editorialContactSignature}','This email is sent by the Section Editor to a Reviewer who has a submission review in progress to notify them that the review has been cancelled.'),('REVIEW_CANCEL','id_ID','Permintaan Review dibatalkan','{$reviewerName}:<br />\n<br />\nKami telah memutuskan saat ini untuk membatalkan permintaan kami untuk Anda mereview naskah, \"{$submissionTitle},\" untuk {$contextName}. Kami meminta maaf untuk ketidaknyamanan ini dan kami harap bisa menghubungi Anda untuk membantu proses review jurnal ini di masa depan. <br />\n<br />\nJika Anda mempunyai pertanyaan, silakan hubungi saya. <br />\n<br />\n{$editorialContactSignature}','Email ini dikirim oleh Editor Bagian untuk Reviewer yang sedang mereview naskah untuk memberitahu mereka bahwa review dibatalkan. '),('REVIEW_COMPLETE','en_US','Article Review Completed','{$editorialContactName}:<br />\n<br />\nI have now completed my review of \"{$submissionTitle}\" for {$contextName}, and submitted my recommendation, \"{$recommendation}.\"<br />\n<br />\n{$reviewerName}','This email is sent by a Reviewer to the Section Editor to notify them that a review has been completed and the comments and recommendations have been recorded on the journal web site.'),('REVIEW_COMPLETE','id_ID','Review Artikel Selesai','{$editorialContactName}:<br />\n<br />\nSaya telah menyelesaikan review saya tentang \"{$submissionTitle}\" untuk {$contextName}, dan menyerahkan rekomendasi saya, \"{$recommendation}.\"<br />\n<br />\n{$reviewerName}','Email ini dikirim oleh Reviewer untuk Editor Bagian untuk memberitahu mereka bahwa review telah selesai dan komentar serta rekomendasi telah dicatat di web site jurnal. '),('REVIEW_CONFIRM','en_US','Able to Review','Editors:<br />\n<br />\nI am able and willing to review the submission, \"{$submissionTitle},\" for {$contextName}. Thank you for thinking of me, and I plan to have the review completed by its due date, {$reviewDueDate}, if not before.<br />\n<br />\n{$reviewerName}','This email is sent by a Reviewer to the Section Editor in response to a review request to notify the Section Editor that the review request has been accepted and will be completed by the specified date.'),('REVIEW_CONFIRM','id_ID','Bisa mereview','{$editorialContactName}:<br />\n<br />\nSaya bisa dan bersedia mereview naskah, \"{$submissionTitle},\" untuk {$contextName}. Terima kasih untuk memikirkan saya, dan saya berencana untuk menyelesaikan review sebelum tanggal jatuh temponya, {$reviewDueDate}, jika tidak sebelumnya.<br />\n<br />\n{$reviewerName}','Email ini dikirim oleh Reviewer untuk Editor Bagian sebagai respon pada permintaan review untuk memberitahu Editor Bagian yang permintaan reviewnya telah diterima dan akan diselesaikan sebelum tanggal yang ditentukan. '),('REVIEW_DECLINE','en_US','Unable to Review','Editors:<br />\n<br />\nI am afraid that at this time I am unable to review the submission, \"{$submissionTitle},\" for {$contextName}. Thank you for thinking of me, and another time feel free to call on me.<br />\n<br />\n{$reviewerName}','This email is sent by a Reviewer to the Section Editor in response to a review request to notify the Section Editor that the review request has been declined.'),('REVIEW_DECLINE','id_ID','Tidak bisa mereview','{$editorialContactName}:<br />\n<br />\nSaya khawatir saat ini saya tidak bisa mereview naskah, \"{$submissionTitle},\" untuk {$contextName}. Terima kasih untuk memikirkan saya dan di waktu yang lain silakan hubungi saya.<br />\n<br />\n{$reviewerName}','Email ini dikriim oleh Reviewer untuk Editor Bagian sebagai respon pada permintaan review untuk memberitahu Editor Bagian yang permintaan reviewnya telah ditolak. .'),('REVIEW_REMIND','en_US','Submission Review Reminder','{$reviewerName}:<br />\n<br />\nJust a gentle reminder of our request for your review of the submission, \"{$submissionTitle},\" for {$contextName}. We were hoping to have this review by {$reviewDueDate}, and would be pleased to receive it as soon as you are able to prepare it.<br />\n<br />\nIf you do not have your username and password for the journal\'s web site, you can use this link to reset your password (which will then be emailed to you along with your username). <a href=\"{$passwordResetUrl}\">{$passwordResetUrl}</a><br />\n<br />\nSubmission URL: <a href=\"{$submissionReviewUrl}\">{$submissionReviewUrl}</a><br />\n<br />\nPlease confirm your ability to complete this vital contribution to the work of the journal. I look forward to hearing from you.<br />\n<br />\n{$editorialContactSignature}','This email is sent by a Section Editor to remind a reviewer that their review is due.'),('REVIEW_REMIND','id_ID','Pengingat Review Naskah','{$reviewerName}:<br />\n<br />\nHanya sebagai pengingat tentang permintaan kami untuk review naskah Anda, \"{$submissionTitle},\"  untuk  {$contextName}.  Kami berharap memiliki review ini sebelum tanggal {$reviewDueDate}, dan akan senang untuk menerimanya secepat Anda bisa menyiapkan review ini.<br />\n<br />\nJika Anda tidak punya nama pengguna dan kata sandi untuk web site jurnal, Anda dapat menggunakan tautan ini untuk mengatur ulang kata sandi Anda (yang kemudian akan diemail kepada Anda beserta nama pengguna Anda). <a href=\"{$passwordResetUrl}\">{$passwordResetUrl}</a><br />\n<br />\nURL Penyerahan: <a href=\"{$submissionReviewUrl}\">{$submissionReviewUrl}</a><br />\n<br />\nMohon konfirmasi kemampuan Anda untuk menyelesaikan kontribusi vital ini untuk pekerjaan jurnal. Saya menunggu kabar dari Anda. <br />\n<br />\n{$editorialContactSignature}','Email ini dikirim oleh Editor Bagian untuk Editor untuk mengingatkan Reviewer bahwa review mereka jatuh tempo.'),('REVIEW_REMIND_AUTO','en_US','Automated Submission Review Reminder','{$reviewerName}:<br />\n<br />\nJust a gentle reminder of our request for your review of the submission, \"{$submissionTitle},\" for {$contextName}. We were hoping to have this review by {$reviewDueDate}, and this email has been automatically generated and sent with the passing of that date. We would still be pleased to receive it as soon as you are able to prepare it.<br />\n<br />\nIf you do not have your username and password for the journal\'s web site, you can use this link to reset your password (which will then be emailed to you along with your username). <a href=\"{$passwordResetUrl}\">{$passwordResetUrl}</a><br />\n<br />\nSubmission URL: <a href=\"{$submissionReviewUrl}\">{$submissionReviewUrl}</a><br />\n<br />\nPlease confirm your ability to complete this vital contribution to the work of the journal. I look forward to hearing from you.<br />\n<br />\n{$editorialContactSignature}','This email is automatically sent when a reviewer\'s due date elapses (see Review Options under Journal Setup, Step 2) and one-click reviewer access is disabled. Scheduled tasks must be enabled and configured (see the site configuration file).'),('REVIEW_REMIND_AUTO','id_ID','Pengingat Review Naskah Otomatis','{$reviewerName}:<br />\n<br />\nHanya sebagai pengingat tentang permintaan kami untuk review naskah Anda, \"{$submissionTitle},\"  untuk  {$contextName}.  Kami berharap memiliki review ini sebelum tanggal {$reviewDueDate}, dan email ini secara otomasti dihasilkan dan dikirim setelah melewati tanggal tersebut. Kami masih akan senang untuk menerimanya secepat Anda bisa menyiapkan review ini. <br />\n<br />\n<br />\nJika Anda tidak punya nama pengguna dan kata sandi untuk web site jurnal, Anda dapat menggunakan tautan ini untuk mengatur ulang kata sandi Anda (yang kemudian akan diemail kepada Anda beserta nama pengguna Anda). <a href=\"{$passwordResetUrl}\">{$passwordResetUrl}</a><br />\n<br />\n<br />\nURL Penyerahan: <a href=\"{$submissionReviewUrl}\">{$submissionReviewUrl}</a><br />\n<br />\nMohon konfirmasi kemampuan Anda untuk menyelesaikan kontribusi vital ini untuk pekerjaan jurnal. Saya menunggu kabar dari Anda. <br />\n<br />\n{$editorialContactSignature}','Email ini secara otomatis terkirim saat tanggal jatuh tempo review sudah berlalu (lihat Pilihan Review di bawah Setup Jurnal, Langkah 2) dan akses Reviewer satu-klik tidak aktifkan. Tugas yang dijadwalkan harus diaktifkan dan dikonfigurasi (lihat file konfigurasi situs). '),('REVIEW_REMIND_AUTO_ONECLICK','en_US','Automated Submission Review Reminder','{$reviewerName}:<br />\n<br />\nJust a gentle reminder of our request for your review of the submission, \"{$submissionTitle},\" for {$contextName}. We were hoping to have this review by {$reviewDueDate}, and this email has been automatically generated and sent with the passing of that date. We would still be pleased to receive it as soon as you are able to prepare it.<br />\n<br />\nSubmission URL: <a href=\"{$submissionReviewUrl}\">{$submissionReviewUrl}</a><br />\n<br />\nPlease confirm your ability to complete this vital contribution to the work of the journal. I look forward to hearing from you.<br />\n<br />\n{$editorialContactSignature}','This email is automatically sent when a reviewer\'s due date elapses (see Review Options under Journal Setup, Step 2) and one-click reviewer access is enabled. Scheduled tasks must be enabled and configured (see the site configuration file).'),('REVIEW_REMIND_AUTO_ONECLICK','id_ID','Pengingat Review Naskah Otomatis','{$reviewerName}:<br />\n<br />\nHanya sebagai pengingat tentang permintaan kami untuk mereview naskah Anda, \"{$submissionTitle},\"  untuk  {$contextName}.  Kami berharap memiliki review ini sebelum tanggal {$reviewDueDate}, dan email ini secara otomatis dihasilkan dan dikirim setelah melewati tanggal tersebut. Kami masih akan senang untuk menerimanya secepat Anda bisa menyiapkan review ini. <br />\n<br />\nURL Penyerahan: <a href=\"{$submissionReviewUrl}\">{$submissionReviewUrl}</a><br />\n<br />\nMohon konfirmasi kemampuan Anda untuk menyelesaikan kontribusi vital ini untuk pekerjaan jurnal. Saya menunggu kabar dari Anda. <br />\n<br />\n<br />\n{$editorialContactSignature}','Email ini secara otomatis terkirim saat tanggal jatuh tempo review berlalu (lihat Pilihan Review di bawah Setup Jurnal, Langkah 2) dan akses Reviewer satu-klik diaktifkan. Tugas yang dijadwalkan harus diaktifkan dan dikonfigurasi (lihat file konfigurasi situs). '),('REVIEW_REMIND_ONECLICK','en_US','Submission Review Reminder','{$reviewerName}:<br />\n<br />\nJust a gentle reminder of our request for your review of the submission, \"{$submissionTitle},\" for {$contextName}. We were hoping to have this review by {$reviewDueDate}, and would be pleased to receive it as soon as you are able to prepare it.<br />\n<br />\nSubmission URL: <a href=\"{$submissionReviewUrl}\">{$submissionReviewUrl}</a><br />\n<br />\nPlease confirm your ability to complete this vital contribution to the work of the journal. I look forward to hearing from you.<br />\n<br />\n{$editorialContactSignature}','This email is sent by a Section Editor to remind a reviewer that their review is due.'),('REVIEW_REMIND_ONECLICK','id_ID','Pengingat Review Naskah','{$reviewerName}:<br />\n<br />\nHanya sebagai pengingat tentang permintaan kami untuk review naskah Anda, \"{$submissionTitle},\"  untuk  {$contextName}.  Kami berharap memiliki review ini sebelum tanggal {$reviewDueDate}, dan akan senang untuk menerimanya secepat Anda bisa menyiapkan review ini.<br />\n<br />\nURL Penyerahan: <a href=\"{$submissionReviewUrl}\">{$submissionReviewUrl}</a><br />\n<br />\nMohon konfirmasi kemampuan Anda untuk menyelesaikan kontribusi vital ini untuk pekerjaan jurnal. Saya menunggu kabar dari Anda. <br />\n<br />\n{$editorialContactSignature}','Email ini akan dikirimkan oleh Editor Bagian untuk mengingatkan Reviewer bahwa review mereka memasuki jatuh tempo.'),('REVIEW_REQUEST','en_US','Article Review Request','{$reviewerName}:<br />\n<br />\nI believe that you would serve as an excellent reviewer of the manuscript, \"{$submissionTitle},\" which has been submitted to {$contextName}. The submission\'s abstract is inserted below, and I hope that you will consider undertaking this important task for us.<br />\n<br />\nPlease log into the journal web site by {$responseDueDate} to indicate whether you will undertake the review or not, as well as to access the submission and to record your review and recommendation. The web site is <a href=\"{$contextUrl}\">{$contextUrl}</a><br />\n<br />\nThe review itself is due {$reviewDueDate}.<br />\n<br />\nIf you do not have your username and password for the journal\'s web site, you can use this link to reset your password (which will then be emailed to you along with your username). <a href=\"{$passwordResetUrl}\">{$passwordResetUrl}</a><br />\n<br />\nSubmission URL: <a href=\"{$submissionReviewUrl}\">{$submissionReviewUrl}</a><br />\n<br />\nThank you for considering this request.<br />\n<br />\n{$editorialContactSignature}<br />\n<br />\n<br />\n<br />\n\"{$submissionTitle}\"<br />\n<br />\n{$abstractTermIfEnabled}<br />\n{$submissionAbstract}','This email from the Section Editor to a Reviewer requests that the reviewer accept or decline the task of reviewing a submission. It provides information about the submission such as the title and abstract, a review due date, and how to access the submission itself. This message is used when the Standard Review Process is selected in Journal Setup, Step 2. (Otherwise see REVIEW_REQUEST_ATTACHED.)'),('REVIEW_REQUEST','id_ID','Permintaan Review Artikel','{$reviewerName}:<br />\n<br />\nSaya yakin Anda dapat menjadi reviewer handal manuskrip, \"{$submissionTitle},\" yang telah diserahkan ke {$contextName}. Abstrak naskah disertakan di bawah ini, dan saya harap Anda mempertimbangkan untuk mengambil tugas penting ini untuk kami. <br />\n<br />\n<br />\nMohon login ke web site jurnal sebelum tanggal {$responseDueDate} untuk menunjukkan apakah Anda akan mengambil Review ini atau tidak, serta untuk mengakses naskah dan mencatat Review dan rekomendasi Anda. Web sitenya adalah <a href=\"{$contextUrl}\">{$contextUrl}</a><br />\n<br />\nReview jatuh tempo tanggal {$reviewDueDate}.<br />\n<br />\nJika Anda tidak punya nama pengguna dan kata sandi untuk web site jurnal, Anda dapat menggunakan tautan ini untuk mengatur ulang kata sandi Anda (yang kemudian akan diemail kepada Anda beserta nama pengguna Anda). <br />\n<br />\n<a href=\"{$passwordResetUrl}\">{$passwordResetUrl}</a><br />\n<br />\nURL Penyerahan: <a href=\"{$submissionReviewUrl}\">{$submissionReviewUrl}</a><br />\n<br />\nTerima kasih untuk mempertimbangkan permintaan ini.<br />\n<br />\n{$editorialContactSignature}<br />\n<br />\n<br />\n<br />\n\"{$submissionTitle}\"<br />\n<br />\n{$abstractTermIfEnabled}<br />\n{$submissionAbstract}','Email ini dari Editor Bagian untuk Reviewer yang meminta Reviewer untuk menerima atau menolak tugas mereview naskah. Email ini memberikan informasi tentang naskah seperti judul dan abstrak, tanggal jatuh tempo review, dan bagaimana mengakses naskah itu sendiri. Pesan ini digunakan saat proses review standar dipilih di Setup Jurnal, Langkah 2. (Jika tidak, lihat  REVIEW_REQUEST_ATTACHED.)'),('REVIEW_REQUEST_ATTACHED','en_US','Article Review Request','{$reviewerName}:<br />\n<br />\nI believe that you would serve as an excellent reviewer of the manuscript, \"{$submissionTitle},\" and I am asking that you consider undertaking this important task for us. The Review Guidelines for this journal are appended below, and the submission is attached to this email. Your review of the submission, along with your recommendation, should be emailed to me by {$reviewDueDate}.<br />\n<br />\nPlease indicate in a return email by {$responseDueDate} whether you are able and willing to do the review.<br />\n<br />\nThank you for considering this request.<br />\n<br />\n{$editorialContactSignature}<br />\n<br />\n<br />\nReview Guidelines<br />\n<br />\n{$reviewGuidelines}<br />\n','This email is sent by the Section Editor to a Reviewer to request that they accept or decline the task of reviewing a submission. It includes the submission as an attachment. This message is used when the Email-Attachment Review Process is selected in Journal Setup, Step 2. (Otherwise see REVIEW_REQUEST.)'),('REVIEW_REQUEST_ATTACHED','id_ID','Permintaan Review Artikel','{$reviewerName}:<br />\n<br />\nSaya yakin Anda akan berperan sebagai Reviewer handal manuskrip, \"{$submissionTitle},\" dan saya meminta Anda untuk mempertimbangkan tugas penting ini untuk kami. Petunjuk Review untuk jurnal ini dilampirkan di bawah ini, dan naskah dilampirkan di email ini. Review naskah, beserta rekomendasi Anda harus diemail ke saya sebelum tanggal {$reviewDueDate}.<br />\n<br />\nMohon tunjukkan di email balasan sebelum {$responseDueDate} apakah Anda bisa atau bersedia melakukan review.<br />\n<br />\nTerima kasih untuk mempertimbangkan permintaan ini.<br />\n<br />\n{$editorialContactSignature}<br />\n<br />\n<br />\nPetunjuk Review<br />\n<br />\n{$reviewGuidelines}<br />\n','Email ini dikirim oleh Editor Bagian untuk Reviewer yang meminta mereka menerima atau menolak tugas mereview naskah. Naskah disertakan di lampiran. Pesan ini digunakan saat proses review lampiran-email dipilih di Setup Jurnal, Langkah 2. (jika tidak lihat REVIEW_REQUEST.)'),('REVIEW_REQUEST_ATTACHED_SUBSEQUENT','en_US','Article Review Request','{$reviewerName}:<br />\n<br />\nThis regards the manuscript \"{$submissionTitle},\" which is under consideration by {$contextName}.<br />\n<br />\nFollowing the review of the previous version of the manuscript, the authors have now submitted a revised version of their paper. We would appreciate it if you could help evaluate it.<br />\n<br />\nThe Review Guidelines for this journal are appended below, and the submission is attached to this email. Your review of the submission, along with your recommendation, should be emailed to me by {$reviewDueDate}.<br />\n<br />\nPlease indicate in a return email by {$responseDueDate} whether you are able and willing to do the review.<br />\n<br />\nThank you for considering this request.<br />\n<br />\n{$editorialContactSignature}<br />\n<br />\n<br />\nReview Guidelines<br />\n<br />\n{$reviewGuidelines}<br />\n','This email is sent by the Section Editor to a Reviewer to request that they accept or decline the task of reviewing a submission for a second or greater round of review. It includes the submission as an attachment. This message is used when the Email-Attachment Review Process is selected in Journal Setup, Step 2. (Otherwise see REVIEW_REQUEST_SUBSEQUENT.)'),('REVIEW_REQUEST_ONECLICK','en_US','Article Review Request','{$reviewerName}:<br />\n<br />\nI believe that you would serve as an excellent reviewer of the manuscript, \"{$submissionTitle},\" which has been submitted to {$contextName}. The submission\'s abstract is inserted below, and I hope that you will consider undertaking this important task for us.<br />\n<br />\nPlease log into the journal web site by {$responseDueDate} to indicate whether you will undertake the review or not, as well as to access the submission and to record your review and recommendation.<br />\n<br />\nThe review itself is due {$reviewDueDate}.<br />\n<br />\nSubmission URL: <a href=\"{$submissionReviewUrl}\">{$submissionReviewUrl}</a><br />\n<br />\nThank you for considering this request.<br />\n<br />\n{$editorialContactSignature}<br />\n<br />\n<br />\n<br />\n\"{$submissionTitle}\"<br />\n<br />\n{$abstractTermIfEnabled}<br />\n{$submissionAbstract}','This email from the Section Editor to a Reviewer requests that the reviewer accept or decline the task of reviewing a submission. It provides information about the submission such as the title and abstract, a review due date, and how to access the submission itself. This message is used when the Standard Review Process is selected in Journal Setup, Step 2, and one-click reviewer access is enabled.'),('REVIEW_REQUEST_ONECLICK','id_ID','Permintaan Review Artikel','{$reviewerName}:<br />\n<br />\nSaya yakin Anda akan berperan sebagai Reviewer handal manuskrip, \"{$submissionTitle},\" yang telah diserahkan ke {$contextName}. Abstrak naskah disertakan di bawah ini, dan saya harap Anda akan mempertimbangkan untuk mengambil tugas penting ini untuk kami.<br />\n<br />\nLogin ke web site jurnal sebelum tanggal {$responseDueDate} untuk menunjukkan apakah Anda akan mengambil review atau tidak, serta untuk mengakses naskah dan mencatat review dan rekomendasi Anda.<br />\n<br />\nReview jatuh tempo sebelum tanggal {$reviewDueDate}.<br />\n<br />\nURL Penyerahan: <a href=\"{$submissionReviewUrl}\">{$submissionReviewUrl}</a><br />\n<br />\nTerima kasih untuk mempertimbangkan permintaan ini.<br />\n<br />\n{$editorialContactSignature}<br />\n<br />\n<br />\n<br />\n\"{$submissionTitle}\"<br />\n<br />\n{$abstractTermIfEnabled}<br />\n{$submissionAbstract}','Email ini dari Editor Bagian untuk Reviewer yang meminta Reviewer untuk menerima atau menolak tugas mereview naskah. Email ini memberikan informasi tentang naskah seperti judul dan abstrak, tanggal jatuh tempo tijauan, dan bagaimana mengakses naskah itu sendiri. Pesan ini digunakan saat proses review standar dipilih di Setup Jurnal, Langkah 2 dan akses Reviewer satu kali klik dapat digunakan. '),('REVIEW_REQUEST_ONECLICK_SUBSEQUENT','en_US','Article Review Request','{$reviewerName}:<br />\n<br />\nThis regards the manuscript \"{$submissionTitle},\" which is under consideration by {$contextName}.<br />\n<br />\nFollowing the review of the previous version of the manuscript, the authors have now submitted a revised version of their paper. We would appreciate it if you could help evaluate it.<br />\n<br />\nPlease log into the journal web site by {$responseDueDate} to indicate whether you will undertake the review or not, as well as to access the submission and to record your review and recommendation.<br />\n<br />\nThe review itself is due {$reviewDueDate}.<br />\n<br />\nSubmission URL: <a href=\"{$submissionReviewUrl}\">{$submissionReviewUrl}</a><br />\n<br />\nThank you for considering this request.<br />\n<br />\n{$editorialContactSignature}<br />\n<br />\n<br />\n<br />\n\"{$submissionTitle}\"<br />\n<br />\n{$abstractTermIfEnabled}<br />\n{$submissionAbstract}','This email from the Section Editor to a Reviewer requests that the reviewer accept or decline the task of reviewing a submission for a second or greater round of review. It provides information about the submission such as the title and abstract, a review due date, and how to access the submission itself. This message is used when the Standard Review Process is selected in Journal Setup, Step 2, and one-click reviewer access is enabled.'),('REVIEW_REQUEST_REMIND_AUTO','en_US','Article Review Request','{$reviewerName}:<br />\nJust a gentle reminder of our request for your review of the submission, &quot;{$submissionTitle},&quot; for {$contextName}. We were hoping to have your response by {$responseDueDate}, and this email has been automatically generated and sent with the passing of that date.\n<br />\nI believe that you would serve as an excellent reviewer of the manuscript. The submission\'s abstract is inserted below, and I hope that you will consider undertaking this important task for us.<br />\n<br />\nPlease log into the journal web site to indicate whether you will undertake the review or not, as well as to access the submission and to record your review and recommendation. The web site is <a href=\"{$contextUrl}\">{$contextUrl}</a><br />\n<br />\nThe review itself is due {$reviewDueDate}.<br />\n<br />\nIf you do not have your username and password for the journal\'s web site, you can use this link to reset your password (which will then be emailed to you along with your username). <a href=\"{$passwordResetUrl}\">{$passwordResetUrl}</a><br />\n<br />\nSubmission URL: <a href=\"{$submissionReviewUrl}\">{$submissionReviewUrl}</a><br />\n<br />\nThank you for considering this request.<br />\n<br />\n{$editorialContactSignature}<br />\n<br />\n&quot;{$submissionTitle}&quot;<br />\n<br />\n{$submissionAbstract}','This email is automatically sent when a reviewer\'s confirmation due date elapses (see Review Options under Settings > Workflow > Review) and one-click reviewer access is disabled. Scheduled tasks must be enabled and configured (see the site configuration file).'),('REVIEW_REQUEST_REMIND_AUTO','id_ID','Permintaan Review Artikel','{$reviewerName}:<br />\n<br />\nSaya yakin Anda dapat menjadi reviewer handal manuskrip, \"{$submissionTitle},\" yang telah diserahkan ke {$contextName}. Abstrak naskah disertakan di bawah ini, dan saya harap Anda mempertimbangkan untuk mengambil tugas penting ini untuk kami. <br />\n<br />\n<br />\nMohon login ke web site jurnal sebelum tanggal {$responseDueDate} untuk menunjukkan apakah Anda akan mengambil Review ini atau tidak, serta untuk mengakses naskah dan mencatat Review dan rekomendasi Anda. Web sitenya adalah <a href=\"{$contextUrl}\">{$contextUrl}</a><br />\n<br />\nReview jatuh tempo tanggal {$reviewDueDate}.<br />\n<br />\nJika Anda tidak punya nama pengguna dan kata sandi untuk web site jurnal, Anda dapat menggunakan tautan ini untuk mengatur ulang kata sandi Anda (yang kemudian akan diemail kepada Anda beserta nama pengguna Anda). <br />\n<br />\n<a href=\"{$passwordResetUrl}\">{$passwordResetUrl}</a><br />\n<br />\nURL Penyerahan: <a href=\"{$submissionReviewUrl}\">{$submissionReviewUrl}</a><br />\n<br />\nTerima kasih untuk mempertimbangkan permintaan ini.<br />\n<br />\n{$editorialContactSignature}<br />\n<br />\n<br />\n<br />\n\"{$submissionTitle}\"<br />\n<br />\n{$abstractTermIfEnabled}<br />\n{$submissionAbstract}','Email ini dari Editor Bagian untuk Reviewer yang meminta Reviewer untuk menerima atau menolak tugas mereview naskah. Email ini memberikan informasi tentang naskah seperti judul dan abstrak, tanggal jatuh tempo review, dan bagaimana mengakses naskah itu sendiri. Pesan ini digunakan saat proses review standar dipilih di Setup Jurnal, Langkah 2. (Jika tidak, lihat  REVIEW_REQUEST_REMIND_AUTO_ATTACHED.)'),('REVIEW_REQUEST_REMIND_AUTO_ONECLICK','en_US','Article Review Request','{$reviewerName}:<br />\nJust a gentle reminder of our request for your review of the submission, &quot;{$submissionTitle},&quot; for {$contextName}. We were hoping to have your response by {$responseDueDate}, and this email has been automatically generated and sent with the passing of that date. \n<br />\nI believe that you would serve as an excellent reviewer of the manuscript. The submission\'s abstract is inserted below, and I hope that you will consider undertaking this important task for us.<br />\n<br />\nPlease log into the journal web site to indicate whether you will undertake the review or not, as well as to access the submission and to record your review and recommendation.<br />\n<br />\nThe review itself is due {$reviewDueDate}.<br />\n<br />\nSubmission URL: <a href=\"{$submissionReviewUrl}\">{$submissionReviewUrl}</a><br />\n<br />\nThank you for considering this request.<br />\n<br />\n{$editorialContactSignature}<br />\n<br />\n&quot;{$submissionTitle}&quot;<br />\n<br />\n{$submissionAbstract}','This email is automatically sent when a reviewer\'s confirmation due date elapses (see Review Options under Settings > Workflow > Review) and one-click reviewer access is enabled. Scheduled tasks must be enabled and configured (see the site configuration file).'),('REVIEW_REQUEST_REMIND_AUTO_ONECLICK','id_ID','Permintaan Review Artikel','{$reviewerName}:<br />\n<br />\nSaya yakin Anda akan berperan sebagai Reviewer handal manuskrip, \"{$submissionTitle},\" yang telah diserahkan ke {$contextName}. Abstrak naskah disertakan di bawah ini, dan saya harap Anda akan mempertimbangkan untuk mengambil tugas penting ini untuk kami.<br />\n<br />\nLogin ke web site jurnal sebelum tanggal {$responseDueDate} untuk menunjukkan apakah Anda akan mengambil review atau tidak, serta untuk mengakses naskah dan mencatat review dan rekomendasi Anda.<br />\n<br />\nReview jatuh tempo sebelum tanggal {$reviewDueDate}.<br />\n<br />\nURL Penyerahan: <a href=\"{$submissionReviewUrl}\">{$submissionReviewUrl}</a><br />\n<br />\nTerima kasih untuk mempertimbangkan permintaan ini.<br />\n<br />\n{$editorialContactSignature}<br />\n<br />\n<br />\n<br />\n\"{$submissionTitle}\"<br />\n<br />\n{$abstractTermIfEnabled}<br />\n{$submissionAbstract}','Email ini dari Editor Bagian untuk Reviewer yang meminta Reviewer untuk menerima atau menolak tugas mereview naskah. Email ini memberikan informasi tentang naskah seperti judul dan abstrak, tanggal jatuh tempo tijauan, dan bagaimana mengakses naskah itu sendiri. Pesan ini digunakan saat proses review standar dipilih di Setup Jurnal, Langkah 2 dan akses Reviewer satu kali klik dapat digunakan. '),('REVIEW_REQUEST_SUBSEQUENT','en_US','Article Review Request','{$reviewerName}:<br />\n<br />\nThis regards the manuscript \"{$submissionTitle},\" which is under consideration by {$contextName}.<br />\n<br />\nFollowing the review of the previous version of the manuscript, the authors have now submitted a revised version of their paper. We would appreciate it if you could help evaluate it.<br />\n<br />\nPlease log into the journal web site by {$responseDueDate} to indicate whether you will undertake the review or not, as well as to access the submission and to record your review and recommendation. The web site is <a href=\"{$contextUrl}\">{$contextUrl}</a><br />\n<br />\nThe review itself is due {$reviewDueDate}.<br />\n<br />\nIf you do not have your username and password for the journal\'s web site, you can use this link to reset your password (which will then be emailed to you along with your username). <a href=\"{$passwordResetUrl}\">{$passwordResetUrl}</a><br />\n<br />\nSubmission URL: <a href=\"{$submissionReviewUrl}\">{$submissionReviewUrl}</a><br />\n<br />\nThank you for considering this request.<br />\n<br />\n{$editorialContactSignature}<br />\n<br />\n<br />\n<br />\n\"{$submissionTitle}\"<br />\n<br />\n{$abstractTermIfEnabled}<br />\n{$submissionAbstract}','This email from the Section Editor to a Reviewer requests that the reviewer accept or decline the task of reviewing a submission for a second or greater round of review. It provides information about the submission such as the title and abstract, a review due date, and how to access the submission itself. This message is used when the Standard Review Process is selected in Journal Setup, Step 2. (Otherwise see REVIEW_REQUEST_ATTACHED_SUBSEQUENT.)'),('REVISED_VERSION_NOTIFY','en_US','Revised Version Uploaded','{$editorialContactName}:<br />\n<br />\nA revised version of \"{$submissionTitle}\" has been uploaded by the author {$authorName}.<br />\n<br />\nSubmission URL: <a href=\"{$submissionUrl}\">{$submissionUrl}</a><br />\n<br />\n{$editorialContactSignature}','This email is automatically sent to the assigned editor when author uploads a revised version of an article.'),('SUBMISSION_ACK','en_US','Submission Acknowledgement','{$authorName}:<br />\n<br />\nThank you for submitting the manuscript, \"{$submissionTitle}\" to {$contextName}. With the online journal management system that we are using, you will be able to track its progress through the editorial process by logging in to the journal web site:<br />\n<br />\nManuscript URL: <a href=\"{$submissionUrl}\">{$submissionUrl}</a><br />\nUsername: {$authorUsername}<br />\n<br />\nIf you have any questions, please contact me. Thank you for considering this journal as a venue for your work.<br />\n<br />\n{$editorialContactSignature}','This email, when enabled, is automatically sent to an author when he or she completes the process of submitting a manuscript to the journal. It provides information about tracking the submission through the process and thanks the author for the submission.'),('SUBMISSION_ACK','id_ID','Pernyataan Naskah','{$authorName}:<br />\n<br />\nTerima kasih untuk menyerahkan manuskrip, \"{$submissionTitle}\" untuk {$contextName}. Dengan sistem manajemen jurnal online yang kami gunakan, Anda akan bisa melacak kemajuan naskah dalam proses editorial dengan login ke web site jurnal:<br />\n<br />\nURL Manuskrip: <a href=\"{$submissionUrl}\">{$submissionUrl}</a><br />\nNama pengguna Penulis: {$authorUsername}<br />\n<br />\nJika Anda mempunyai pertanyaan, silakan hubungi saya. Terima kasih untuk mempertimbangkan jurnal ini sebagai tempat untuk karya Anda. <br />\n<br />\n{$editorialContactSignature}','Email ini, saat sudah bisa, secara otomatis terkirim ke penulis saat dia menyelesaikan proses penyerahan manuskrip ke jurnal. Email ini memberikan informasi tentang pelacakan naskah dalam proses dan berterima kasih pada penulis untuk penyerahan ini. '),('SUBMISSION_ACK_NOT_USER','ca_ES','Justificant de recepció de la tramesa','Hola,<br />\n<br />\n{$submitterName} ha tramès el manuscrit «{$submissionTitle}» a {$contextName}. <br />\n<br />\nSi teniu cap pregunta, contacteu amb mi. Gràcies per tenir en compte aquesta publicació per desenvolupar la vostra feina.<br />\n<br />\n{$editorialContactSignature}','Aquest correu electrònic, quan està habilitat, s\'envia automàticament als altres autors/ores que no són usuaris/àries a l\'OMP especificats durant el procés de tramesa.'),('SUBMISSION_ACK_NOT_USER','en_US','Submission Acknowledgement','Hello,<br />\n<br />\n{$submitterName} has submitted the manuscript, &quot;{$submissionTitle}&quot; to {$contextName}. <br />\n<br />\nIf you have any questions, please contact me. Thank you for considering this journal as a venue for your work.<br />\n<br />\n{$editorialContactSignature}','This email, when enabled, is automatically sent to the other authors who are not users within OJS specified during the submission process.'),('SUBMISSION_ACK_NOT_USER','pt_BR','Agradecimento pela submissão','Olá,<br />\n<br />\n{$submitterName} submeteu o manuscrito &quot;{$submissionTitle}&quot; à editora {$contextName}. <br />\n<br />\nEm caso de dúvidas, entre em contato. Agradecemos por considerar nossa editora como um veículo para seus trabalhos.<br />\n<br />\n{$editorialContactSignature}','Quando habilitada, esta mensagem é enviada automaticamente aos coautores informados durante o processo de submissão, que não estão cadastrados no OMP.'),('SUBMISSION_COMMENT','en_US','Submission Comment','{$name}:<br />\n<br />\n{$commentName} has added a comment to the submission, \"{$submissionTitle}\" in {$contextName}:<br />\n<br />\n{$comments}','This email notifies the various people involved in a submission\'s editing process that a new comment has been posted.'),('SUBMISSION_COMMENT','id_ID','Komentar Naskah','{$name}:<br />\n<br />\n{$commentName} telah menambahkan komentar ke naskah, \"{$submissionTitle}\" di {$contextName}:<br />\n<br />\n{$comments}','Email ini memberitahu berbagai orang yang terlibat di proses pengeditan naskah bahwa komentar baru telah diposting. '),('SUBMISSION_DECISION_REVIEWERS','en_US','Decision on \"{$submissionTitle}\"','As one of the reviewers for the submission, \"{$submissionTitle},\" to {$contextName}, I am sending you the reviews and editorial decision sent to the author of this piece. Thank you again for your important contribution to this process.<br />\n<br />\n{$editorialContactSignature}<br />\n<br />\n{$comments}','This email notifies the reviewers of a submission that the review process has been completed. It includes information about the article and the decision reached, and thanks the reviewers for their contributions.'),('SUBMISSION_DECISION_REVIEWERS','id_ID','Keputusan di \"{$submissionTitle}\"','Sebagai salah satu reveiwer untuk naskah, \"{$submissionTitle},\" untuk {$contextName}, saya mengirim Anda Review dan keputusan editorial yang dikirimkan untuk penulis bagian ini. Terima kasih lagi untuk kontribusi penting Anda untuk proses ini. <br />\n <br />\n{$editorialContactSignature}<br />\n<br />\n{$comments}','Email ini memberitahu reviewer naskah bahwa proses Review telah selesai, termasuk informasi tentang artikel dan keputusan yang telah dibuat, dan terima kasih kepada reveiwer untuk kontribusi mereka. '),('SUBMISSION_UNSUITABLE','en_US','Unsuitable Submission','{$authorName}:<br />\n<br />\nAn initial review of \"{$submissionTitle}\" has made it clear that this submission does not fit within the scope and focus of {$contextName}. I recommend that you consult the description of this journal under About, as well as its current contents, to learn more about the work that we publish. You might also consider submitting this manuscript to another, more suitable journal.<br />\n<br />\n{$editorialContactSignature}',''),('SUBMISSION_UNSUITABLE','id_ID','Naskah yang tidak cocok','{$authorName}:<br />\n<br />\nReview awal \"{$submissionTitle}\" telah memutuskan naskah ini tidak cocok dengan ruang lingkup dan fokus {$contextName}. Saya merekomendasikan Anda untuk melihat lagi deskripsi jurnal di bawah Tentang, serta kontennya yang sekarang, untuk mempelajari lebih jauh tentang karya yang kami terbitkan. Anda juga dapat mempertimbangkan untuk menyerahkan manuskrip ini ke jurnal lain yang lebih cocok. <br />\n{$editorialContactSignature}',''),('SUBSCRIPTION_AFTER_EXPIRY','en_US','Subscription Expired','{$subscriberName}:<br />\n<br />\nYour {$contextName} subscription has expired.<br />\n<br />\n{$subscriptionType}<br />\nExpiry date: {$expiryDate}<br />\n<br />\nTo renew your subscription, please go to the journal website. You are able to log in to the system with your username, \"{$username}\".<br />\n<br />\nIf you have any questions, please feel free to contact me.<br />\n<br />\n{$subscriptionContactSignature}','This email notifies a subscriber that their subscription has expired. It provides the journal\'s URL along with instructions for access.'),('SUBSCRIPTION_AFTER_EXPIRY','id_ID','Langganan Berakhir','{$subscriberName}:<br />\n<br />\nLangganan {$contextName} Anda telah berakhir.<br />\n<br />\n{$subscriptionType}<br />\nTanggal Berakhir: {$expiryDate}<br />\n<br />\nUntuk memperbarui langganan Anda, pergi ke website jurnal. Anda bisa login ke sistem dengan nama pengguna Anda, \"{$username}\".<br />\n<br />\nJika Anda mempunyai pertanyaan, silakan hubungi saya.<br />\n<br />\n{$subscriptionContactSignature}','Email ini memberitahu pelanggan bahwa langganan mereka telah berakhir. Email ini menyediakan URL jurnal bersama dengan instruksi untuk akses.'),('SUBSCRIPTION_AFTER_EXPIRY_LAST','en_US','Subscription Expired - Final Reminder','{$subscriberName}:<br />\n<br />\nYour {$contextName} subscription has expired.<br />\nPlease note that this is the final reminder that will be emailed to you.<br />\n<br />\n{$subscriptionType}<br />\nExpiry date: {$expiryDate}<br />\n<br />\nTo renew your subscription, please go to the journal website. You are able to log in to the system with your username, \"{$username}\".<br />\n<br />\nIf you have any questions, please feel free to contact me.<br />\n<br />\n{$subscriptionContactSignature}','This email notifies a subscriber that their subscription has expired. It provides the journal\'s URL along with instructions for access.'),('SUBSCRIPTION_AFTER_EXPIRY_LAST','id_ID','Langganan Berakhir Pengingat Akhir','{$subscriberName}:<br />\n<br />\nLangganan {$contextName} Anda telah berakhir.<br />\nPerhatikan bahwa ini adalah pengingat akhir yang akan diemail kepada Anda. <br />\n<br />\n{$subscriptionType}<br />\nTanggal Berakhir: {$expiryDate}<br />\n<br />\nUntuk memperbarui langganan Anda, pergi ke website jurnal. Anda bisa login ke sistem dengan nama pengguna Anda, \"{$username}\".<br />\n<br />\nJika Anda mempunyai pertanyaan, silakan hubungi saya.<br />\n<br />\n{$subscriptionContactSignature}','Email ini memberitahu pelanggan bahwa langganan mereka telah berakhir. Email ini menyediakan URL jurnal bersama dengan instruksi untuk akses. '),('SUBSCRIPTION_BEFORE_EXPIRY','en_US','Notice of Subscription Expiry','{$subscriberName}:<br />\n<br />\nYour {$contextName} subscription is about to expire.<br />\n<br />\n{$subscriptionType}<br />\nExpiry date: {$expiryDate}<br />\n<br />\nTo ensure the continuity of your access to this journal, please go to the journal website and renew your subscription. You are able to log in to the system with your username, \"{$username}\".<br />\n<br />\nIf you have any questions, please feel free to contact me.<br />\n<br />\n{$subscriptionContactSignature}','This email notifies a subscriber that their subscription will soon expire. It provides the journal\'s URL along with instructions for access.'),('SUBSCRIPTION_BEFORE_EXPIRY','id_ID','Pemberitahuan Masa Berakhir Langganan','{$subscriberName}:<br />\n<br />\nLangganan {$contextName} Anda akan segera berakhir.<br />\n<br />\n{$subscriptionType}<br />\nTanggal Berakhir: {$expiryDate}<br />\n<br />\nUntuk memastikan kesinambungan akses Anda ke jurnal ini, pergi ke website jurnal dan perbarui langganan Anda. Anda bisa login ke sistem dengan nama pengguna Anda, \"{$username}\".<br />\n<br />\nJika Anda mempunyai pertanyaan, silakan hubungi saya.<br />\n<br />\n{$subscriptionContactSignature}','Email ini memberitahu pelanggan bahwa langganan mereka akan segera berakkhir. Email ini menyediakan URL jurnal bersama dengan instruksi untuk akses. '),('SUBSCRIPTION_NOTIFY','en_US','Subscription Notification','{$subscriberName}:<br />\n<br />\nYou have now been registered as a subscriber in our online journal management system for {$contextName}, with the following subscription:<br />\n<br />\n{$subscriptionType}<br />\n<br />\nTo access content that is available only to subscribers, simply log in to the system with your username, \"{$username}\".<br />\n<br />\nOnce you have logged in to the system you can change your profile details and password at any point.<br />\n<br />\nPlease note that if you have an institutional subscription, there is no need for users at your institution to log in, since requests for subscription content will be automatically authenticated by the system.<br />\n<br />\nIf you have any questions, please feel free to contact me.<br />\n<br />\n{$subscriptionContactSignature}','This email notifies a registered reader that the Manager has created a subscription for them. It provides the journal\'s URL along with instructions for access.'),('SUBSCRIPTION_NOTIFY','id_ID','Notifikasi Langganan','{$subscriberName}:<br />\n<br />\nAnda sekarang telah didaftar sebagai pelanggan di sistem manajemen jurnal online kami untuk  {$contextName}, dengan langganan sebagai berikut:<br />\n<br />\n{$subscriptionType}<br />\n<br />\nUntuk mengakses konten yang tersedia hanya untuk pelanggan, hanya login ke sistem dengan nama pengguna Anda, \"{$username}\".<br />\n<br />\nSaat Anda telah login ke sistem, Anda dapat mengganti detail profil dan kata sandi kapanpun. <br />\n<br />\nPerhatikan bahwa jika Anda mempunyai langganan institusional,  pengguna di institusi Anda tidak perlu login karena permintaan untuk konten langganan akan secara otomatis disahkan oleh sistem. <br />\n<br />\nJika Anda mempunyai pertanyaan, silakan hubungi saya.<br />\n<br />\n{$subscriptionContactSignature}','Email ini memberitahu pembaca yang telah terdaftar bahwa Manajer telah membuat langganan untuk mereka. Email ini memberikan informasi tentang URL jurnal  bersama dengan instruksi untuk akses.'),('SUBSCRIPTION_PURCHASE_INDL','en_US','Subscription Purchase: Individual','An individual subscription has been purchased online for {$contextName} with the following details.<br />\n<br />\nSubscription Type:<br />\n{$subscriptionType}<br />\n<br />\nUser:<br />\n{$userDetails}<br />\n<br />\nMembership Information (if provided):<br />\n{$membership}<br />\n<br />\nTo view or edit this subscription, please use the following URL.<br />\n<br />\nSubscription URL: <a href=\"{$subscriptionUrl}\">{$subscriptionUrl}</a><br />\n','This email notifies the Subscription Manager that an individual subscription has been purchased online. It provides summary information about the subscription and a quick access link to the purchased subscription.'),('SUBSCRIPTION_PURCHASE_INDL','id_ID','Pembelian Langganan: Individu','Langganan individu telah dibeli online untuk {$contextName} dengan detail berikut ini.<br />\n<br />\nTipe Langganan:<br />\n{$subscriptionType}<br />\n<br />\nPengguna:<br />\n{$userDetails}<br />\n<br />\nInformasi Keanggotaan (Jika tersedia):<br />\n{$membership}<br />\n<br />\nUntuk melihat atau mengedit langganan ini, gunakan URL berikut ini.<br />\n<br />\nURL Langganan: <a href=\"{$subscriptionUrl}\">{$subscriptionUrl}</a><br />\n','Email ini memberitahu Manajer Langganan bahwa langganan individu telah dibeli online. Email ini memberikan informasi ringkasan tentang langganan dan tautan akses cepat ke langganan yang dibeli.'),('SUBSCRIPTION_PURCHASE_INSTL','en_US','Subscription Purchase: Institutional','An institutional subscription has been purchased online for {$contextName} with the following details. To activate this subscription, please use the provided Subscription URL and set the subscription status to \'Active\'.<br />\n<br />\nSubscription Type:<br />\n{$subscriptionType}<br />\n<br />\nInstitution:<br />\n{$institutionName}<br />\n{$institutionMailingAddress}<br />\n<br />\nDomain (if provided):<br />\n{$domain}<br />\n<br />\nIP Ranges (if provided):<br />\n{$ipRanges}<br />\n<br />\nContact Person:<br />\n{$userDetails}<br />\n<br />\nMembership Information (if provided):<br />\n{$membership}<br />\n<br />\nTo view or edit this subscription, please use the following URL.<br />\n<br />\nSubscription URL: <a href=\"{$subscriptionUrl}\">{$subscriptionUrl}</a><br />\n','This email notifies the Subscription Manager that an institutional subscription has been purchased online. It provides summary information about the subscription and a quick access link to the purchased subscription.'),('SUBSCRIPTION_PURCHASE_INSTL','id_ID','Beli Langganan: Institusi','Langganan Insititusi telah dibeli online untuk {$contextName} dengan detail berikut ini. Untuk mengaktifkan langganan ini, gunakan URL langganan yang telah disediakan dan atur status langganan menjadi \'Aktif\'.  <br />\n<br />\nTipe Langganan:<br />\n{$subscriptionType}<br />\n<br />\nInstitusi:<br />\n{$institutionName}<br />\n{$institutionMailingAddress}<br />\n<br />\nDomain (jika tersedia):<br />\n{$domain}<br />\n<br />\nIP Ranges (jika tersedia):<br />\n{$ipRanges}<br />\n<br />\nContact Person:<br />\n{$userDetails}<br />\n<br />\nInformasi Keanggotaan (jika tersedia):<br />\n{$membership}<br />\n<br />\nUntuk melihat atau mengedit langganan ini, gunakan URL berikut ini.<br />\n<br />\nURL Langganan: <a href=\"{$subscriptionUrl}\">{$subscriptionUrl}</a><br />\n','Email ini memberitahu Manajer Langganan bahwa langganan institusional telah dibeli online. Email ini memberikan informasi ringkasan tentang langganan dan tautan akses cepat ke langganan yang telah dibeli.'),('SUBSCRIPTION_RENEW_INDL','en_US','Subscription Renewal: Individual','An individual subscription has been renewed online for {$contextName} with the following details.<br />\n<br />\nSubscription Type:<br />\n{$subscriptionType}<br />\n<br />\nUser:<br />\n{$userDetails}<br />\n<br />\nMembership Information (if provided):<br />\n{$membership}<br />\n<br />\nTo view or edit this subscription, please use the following URL.<br />\n<br />\nSubscription URL: <a href=\"{$subscriptionUrl}\">{$subscriptionUrl}</a><br />\n','This email notifies the Subscription Manager that an individual subscription has been renewed online. It provides summary information about the subscription and a quick access link to the renewed subscription.'),('SUBSCRIPTION_RENEW_INDL','id_ID','Pembaruan Langganan: Individu','Langganan individu telah diperbarui online untuk {$contextName} dengan detail berikut ini.<br />\n<br />\nTipe Langganan:<br />\n{$subscriptionType}<br />\n<br />\nPengguna:<br />\n{$userDetails}<br />\n<br />\nInformasi Keanggotaan (jika tersedia):<br />\n{$membership}<br />\n<br />\nUntuk melihat atau mengedit langganan ini, gunakan URL berikut ini.<br />\n<br />\nURL Langganan: <a href=\"{$subscriptionUrl}\">{$subscriptionUrl}</a><br />\n','Email ini memberitahu Manajer Langganan bahwa langganan institusional telah dibeli online. Email ini memberikan informasi ringkasan tentang langganan dan tautan akses cepat ke langganan yang telah dibeli.'),('SUBSCRIPTION_RENEW_INSTL','en_US','Subscription Renewal: Institutional','An institutional subscription has been renewed online for {$contextName} with the following details.<br />\n<br />\nSubscription Type:<br />\n{$subscriptionType}<br />\n<br />\nInstitution:<br />\n{$institutionName}<br />\n{$institutionMailingAddress}<br />\n<br />\nDomain (if provided):<br />\n{$domain}<br />\n<br />\nIP Ranges (if provided):<br />\n{$ipRanges}<br />\n<br />\nContact Person:<br />\n{$userDetails}<br />\n<br />\nMembership Information (if provided):<br />\n{$membership}<br />\n<br />\nTo view or edit this subscription, please use the following URL.<br />\n<br />\nSubscription URL: <a href=\"{$subscriptionUrl}\">{$subscriptionUrl}</a><br />\n','This email notifies the Subscription Manager that an institutional subscription has been renewed online. It provides summary information about the subscription and a quick access link to the renewed subscription.'),('SUBSCRIPTION_RENEW_INSTL','id_ID','Pembaruan Langganan: Institusional','Langganan Institusional telah diperbarui online untuk {$contextName} dengan detail berikut ini.<br />\n<br />\nTipe Langganan:<br />\n{$subscriptionType}<br />\n<br />\nInstitusi:<br />\n{$institutionName}<br />\n{$institutionMailingAddress}<br />\n<br />\nDomain (jika tersedia):<br />\n{$domain}<br />\n<br />\nIP Ranges (jika tersedia):<br />\n{$ipRanges}<br />\n<br />\nContact Person:<br />\n{$userDetails}<br />\n<br />\nInformasi Keanggotaan (jika tersedia):<br />\n{$membership}<br />\n<br />\nUntuk melihat atau mengedit langganan ini, gunakan URL berikut ini.<br />\n<br />\nURL Langganan: <a href=\"{$subscriptionUrl}\">{$subscriptionUrl}</a><br />\n','Email ini memberitahu Manajer Langganan bahwa langganan institusional telah dibeli online. Email ini memberikan informasi ringkasan tentang langganan dan tautan akses cepat ke langganan yang telah dibeli.'),('SWORD_DEPOSIT_NOTIFICATION','en_US','Deposit Notification','Congratulations on the acceptance of your submission, \"{$submissionTitle}\", for publication in {$contextName}. If you choose, you may automatically deposit your submission in one or more repositories.<br />\n<br />\nGo to <a href=\"{$swordDepositUrl}\">{$swordDepositUrl}</a> to proceed.<br />\n<br />\nThis email was generated by Open Journal Systems\' SWORD deposit plugin.','This email template is used to notify an author of optional deposit points for SWORD deposits.'),('SWORD_DEPOSIT_NOTIFICATION','id_ID','Notifikasi Deposit','Selamat atas diterimanya naskah Anda, \"{$submissionTitle}\", untuk penerbitan di  {$contextName}. Jika Anda memilih, Anda boleh secara otomatis menyimpan naskah Anda di satu repositori atau lebih.  <br />\n<br />\nPergi ke <a href=\"{$swordDepositUrl}\">{$swordDepositUrl}</a> untuk melanjutkan.<br />\n<br />\nEmail ini dihasilkan oleh Plugin deposit SWORD Open Journal System.','Template email ini digunakan untuk memberitahu penulis poin deposit opsional untuk SWORD deposits.'),('THESIS_ABSTRACT_CONFIRM','en_US','Thesis Abstract Submission','This email was automatically generated by the {$contextName} thesis abstract submission form.<br />\n<br />\nPlease confirm that the submitted information is correct. Upon receiving your confirmation, the abstract will be published in the online edition of the journal.<br />\n<br />\nSimply reply to {$thesisName} ({$thesisEmail}) with the contents of this message and your confirmation, as well as any recommended clarifications or corrections.<br />\n<br />\nThank you.<br />\n<br />\n<br />\nTitle : {$title} <br />\nAuthor : {$studentName}<br />\nDegree : {$degree}<br />\nDegree Name: {$degreeName}<br />\nDepartment : {$department}<br />\nUniversity : {$university}<br />\nAcceptance Date : {$dateApproved}<br />\nSupervisor : {$supervisorName}<br />\n<br />\nAbstract<br />\n--------<br />\n{$abstract}<br />\n<br />\n{$thesisContactSignature}','This email template is used to confirm a thesis abstract submission by a student. It is sent to the student\'s supervisor, who is asked to confirm the details of the submitted thesis abstract.'),('THESIS_ABSTRACT_CONFIRM','id_ID','Penyerahan Abstrak Tesis','Email ini secara otomatis dihasilkan oleh formulir penyerahan abstrak tesis{$contextName}.<br />\n<br />\nKonfirmasi bahwa informasi yang diserahkan benar. Saat menerima konfirmasi Anda, abstrak akan diterbitkan di edisi online jurnal.<br />\n<br />\nBalas ke {$thesisName} ({$thesisEmail}) dengan konten pesan ini dan konfirmasi Anda, serta koreksi atau klarifikasi yang direkomendasikan.  <br />\n<br />\nTerima kasih.<br />\n<br />\n<br />\nJudul : {$title} <br />\nPenulis : {$studentName}<br />\nGelar : {$degree}<br />\nNama Gelar: {$degreeName}<br />\nDepartemen : {$department}<br />\nUniversitas : {$university}<br />\nData Penerimaan : {$dateApproved}<br />\nSupervisor : {$supervisorName}<br />\n<br />\nAbstrak<br />\n--------<br />\n{$abstract}<br />\n<br />\n{$thesisContactSignature}','Template email ini digunakan untuk mengkonfirmasi penyerahan abstrak tesis oleh siswa. Ini dikirim ke supervisor penulis, yang diminta untuk mengkonfirmasi detail abstrak tesis yang diserahkan. '),('USER_REGISTER','en_US','Journal Registration','{$userFullName}<br />\n<br />\nYou have now been registered as a user with {$contextName}. We have included your username and password in this email, which are needed for all work with this journal through its website. At any point, you can ask to be removed from the journal\'s list of users by contacting me.<br />\n<br />\nUsername: {$username}<br />\nPassword: {$password}<br />\n<br />\nThank you,<br />\n{$principalContactSignature}','This email is sent to a newly registered user to welcome them to the system and provide them with a record of their username and password.'),('USER_REGISTER','id_ID','Pendaftaran Jurnal','{$userFullName}<br />\n<br />\nAnda sekarang telah terdaftar sebagai pengguna dengan {$contextName}. Kami telah memasukkan nama pengguna dan kata sandi Anda di email ini, yang dibutuhkan untuk semua pekerjaan dengan jurnal ini di dalam websitenya. Kapanpun, Anda dapat meminta untuk dipindahkan dari daftar pengguna jurnal dengan menghubungi saya. <br />\n<br />\nNama pengguna: {$username}<br />\nKata Sandi: {$password}<br />\n<br />\nTerima kasih,<br />\n{$principalContactSignature}','Email ini dikirim untuk pengguna yang baru terdaftar untuk menyambut mereka ke sistem dan menyediakan catatan nama pengguna dan kata sandi mereka.'),('USER_VALIDATE','en_US','Validate Your Account','{$userFullName}<br />\n<br />\nYou have created an account with {$contextName}, but before you can start using it, you need to validate your email account. To do this, simply follow the link below:<br />\n<br />\n<a href=\"{$activateUrl}\">{$activateUrl}</a><br />\n<br />\nThank you,<br />\n{$principalContactSignature}','This email is sent to a newly registered user to validate their email account.'),('USER_VALIDATE','id_ID','Validasikan Akun Anda','{$userFullName}<br />\n<br />\nAnda telah membuat satu akun dengan {$contextName}, tapi sebelum Anda dapat mulai menggunakannya, Anda perlu memvalidasi akun email Anda/ untuk melakukan ini, ikutilah tautan di bawah ini. <br />\n<br />\n<a href=\"{$activateUrl}\">{$activateUrl}</a><br />\n<br />\nTerima kasih,<br />\n{$principalContactSignature}','Email ini dikirim untuk pengguna yang baru terdaftar untuk menyambut mereka ke sistem dan menyediakan catatan nama pengguna dan kata sandi mereka. ');

--
